This is the mail archive of the gcc-testresults@gcc.gnu.org mailing list for the GCC project.


Index Nav: [Date Index] [Subject Index] [Author Index] [Thread Index]
Message Nav: [Date Prev] [Date Next] [Thread Prev] [Thread Next]
Other format: [Raw text]

Results for 4.7.0 20111104 (experimental) [trunk revision 180959] (GCC) testsuite on i386-pc-rtems4.11


LAST_UPDATED: Fri Nov  4 15:27:05 UTC 2011 (revision 180959)

Target is i386-pc-rtems4.11
Host   is x86_64-unknown-linux-gnu

		=== gcc tests ===


Running target rtems-i386-qemu
FAIL: gcc.c-torture/execute/builtins/20010124-1.c compilation,  -O2 -flto -fuse-linker-plugin -fno-fat-lto-objects 
UNRESOLVED: gcc.c-torture/execute/builtins/20010124-1.c execution,  -O2 -flto -fuse-linker-plugin -fno-fat-lto-objects 
FAIL: gcc.c-torture/execute/builtins/fprintf.c compilation,  -O2 -flto -fuse-linker-plugin -fno-fat-lto-objects 
UNRESOLVED: gcc.c-torture/execute/builtins/fprintf.c execution,  -O2 -flto -fuse-linker-plugin -fno-fat-lto-objects 
FAIL: gcc.c-torture/execute/builtins/memchr.c compilation,  -O2 -flto -fuse-linker-plugin -fno-fat-lto-objects 
UNRESOLVED: gcc.c-torture/execute/builtins/memchr.c execution,  -O2 -flto -fuse-linker-plugin -fno-fat-lto-objects 
FAIL: gcc.c-torture/execute/builtins/memcmp.c compilation,  -O2 -flto -fuse-linker-plugin -fno-fat-lto-objects 
UNRESOLVED: gcc.c-torture/execute/builtins/memcmp.c execution,  -O2 -flto -fuse-linker-plugin -fno-fat-lto-objects 
FAIL: gcc.c-torture/execute/builtins/memcpy-chk.c compilation,  -O2 -flto -fuse-linker-plugin -fno-fat-lto-objects 
UNRESOLVED: gcc.c-torture/execute/builtins/memcpy-chk.c execution,  -O2 -flto -fuse-linker-plugin -fno-fat-lto-objects 
FAIL: gcc.c-torture/execute/builtins/memmove-2.c compilation,  -O2 -flto -fuse-linker-plugin -fno-fat-lto-objects 
UNRESOLVED: gcc.c-torture/execute/builtins/memmove-2.c execution,  -O2 -flto -fuse-linker-plugin -fno-fat-lto-objects 
FAIL: gcc.c-torture/execute/builtins/memmove-chk.c compilation,  -O2 -flto -fuse-linker-plugin -fno-fat-lto-objects 
UNRESOLVED: gcc.c-torture/execute/builtins/memmove-chk.c execution,  -O2 -flto -fuse-linker-plugin -fno-fat-lto-objects 
FAIL: gcc.c-torture/execute/builtins/memmove.c compilation,  -O2 -flto -fuse-linker-plugin -fno-fat-lto-objects 
UNRESOLVED: gcc.c-torture/execute/builtins/memmove.c execution,  -O2 -flto -fuse-linker-plugin -fno-fat-lto-objects 
FAIL: gcc.c-torture/execute/builtins/memops-asm.c compilation,  -O2 -flto -fuse-linker-plugin -fno-fat-lto-objects 
UNRESOLVED: gcc.c-torture/execute/builtins/memops-asm.c execution,  -O2 -flto -fuse-linker-plugin -fno-fat-lto-objects 
FAIL: gcc.c-torture/execute/builtins/mempcpy-chk.c compilation,  -O2 -flto -fuse-linker-plugin -fno-fat-lto-objects 
UNRESOLVED: gcc.c-torture/execute/builtins/mempcpy-chk.c execution,  -O2 -flto -fuse-linker-plugin -fno-fat-lto-objects 
FAIL: gcc.c-torture/execute/builtins/memset-chk.c compilation,  -O2 -flto -fuse-linker-plugin -fno-fat-lto-objects 
UNRESOLVED: gcc.c-torture/execute/builtins/memset-chk.c execution,  -O2 -flto -fuse-linker-plugin -fno-fat-lto-objects 
FAIL: gcc.c-torture/execute/builtins/memset.c compilation,  -O2 -flto -fuse-linker-plugin -fno-fat-lto-objects 
UNRESOLVED: gcc.c-torture/execute/builtins/memset.c execution,  -O2 -flto -fuse-linker-plugin -fno-fat-lto-objects 
FAIL: gcc.c-torture/execute/builtins/pr22237.c compilation,  -O2 -flto -fuse-linker-plugin -fno-fat-lto-objects 
UNRESOLVED: gcc.c-torture/execute/builtins/pr22237.c execution,  -O2 -flto -fuse-linker-plugin -fno-fat-lto-objects 
FAIL: gcc.c-torture/execute/builtins/pr23484-chk.c compilation,  -O2 -flto -fuse-linker-plugin -fno-fat-lto-objects 
UNRESOLVED: gcc.c-torture/execute/builtins/pr23484-chk.c execution,  -O2 -flto -fuse-linker-plugin -fno-fat-lto-objects 
FAIL: gcc.c-torture/execute/builtins/snprintf-chk.c compilation,  -O2 -flto -fuse-linker-plugin -fno-fat-lto-objects 
UNRESOLVED: gcc.c-torture/execute/builtins/snprintf-chk.c execution,  -O2 -flto -fuse-linker-plugin -fno-fat-lto-objects 
FAIL: gcc.c-torture/execute/builtins/sprintf-chk.c compilation,  -O2 -flto -fuse-linker-plugin -fno-fat-lto-objects 
UNRESOLVED: gcc.c-torture/execute/builtins/sprintf-chk.c execution,  -O2 -flto -fuse-linker-plugin -fno-fat-lto-objects 
FAIL: gcc.c-torture/execute/builtins/sprintf.c compilation,  -O2 -flto -fuse-linker-plugin -fno-fat-lto-objects 
UNRESOLVED: gcc.c-torture/execute/builtins/sprintf.c execution,  -O2 -flto -fuse-linker-plugin -fno-fat-lto-objects 
FAIL: gcc.c-torture/execute/builtins/stpcpy-chk.c compilation,  -O2 -flto -fuse-linker-plugin -fno-fat-lto-objects 
UNRESOLVED: gcc.c-torture/execute/builtins/stpcpy-chk.c execution,  -O2 -flto -fuse-linker-plugin -fno-fat-lto-objects 
FAIL: gcc.c-torture/execute/builtins/strcat-chk.c compilation,  -O2 -flto -fuse-linker-plugin -fno-fat-lto-objects 
UNRESOLVED: gcc.c-torture/execute/builtins/strcat-chk.c execution,  -O2 -flto -fuse-linker-plugin -fno-fat-lto-objects 
FAIL: gcc.c-torture/execute/builtins/strcat.c compilation,  -O2 -flto -fuse-linker-plugin -fno-fat-lto-objects 
UNRESOLVED: gcc.c-torture/execute/builtins/strcat.c execution,  -O2 -flto -fuse-linker-plugin -fno-fat-lto-objects 
FAIL: gcc.c-torture/execute/builtins/strchr.c compilation,  -O2 -flto -fuse-linker-plugin -fno-fat-lto-objects 
UNRESOLVED: gcc.c-torture/execute/builtins/strchr.c execution,  -O2 -flto -fuse-linker-plugin -fno-fat-lto-objects 
FAIL: gcc.c-torture/execute/builtins/strcmp.c compilation,  -O2 -flto -fuse-linker-plugin -fno-fat-lto-objects 
UNRESOLVED: gcc.c-torture/execute/builtins/strcmp.c execution,  -O2 -flto -fuse-linker-plugin -fno-fat-lto-objects 
FAIL: gcc.c-torture/execute/builtins/strcpy-2.c compilation,  -O2 -flto -fuse-linker-plugin -fno-fat-lto-objects 
UNRESOLVED: gcc.c-torture/execute/builtins/strcpy-2.c execution,  -O2 -flto -fuse-linker-plugin -fno-fat-lto-objects 
FAIL: gcc.c-torture/execute/builtins/strcpy-chk.c compilation,  -O2 -flto -fuse-linker-plugin -fno-fat-lto-objects 
UNRESOLVED: gcc.c-torture/execute/builtins/strcpy-chk.c execution,  -O2 -flto -fuse-linker-plugin -fno-fat-lto-objects 
FAIL: gcc.c-torture/execute/builtins/strcpy.c compilation,  -O2 -flto -fuse-linker-plugin -fno-fat-lto-objects 
UNRESOLVED: gcc.c-torture/execute/builtins/strcpy.c execution,  -O2 -flto -fuse-linker-plugin -fno-fat-lto-objects 
FAIL: gcc.c-torture/execute/builtins/strlen-2.c compilation,  -O2 -flto -fuse-linker-plugin -fno-fat-lto-objects 
UNRESOLVED: gcc.c-torture/execute/builtins/strlen-2.c execution,  -O2 -flto -fuse-linker-plugin -fno-fat-lto-objects 
FAIL: gcc.c-torture/execute/builtins/strlen-3.c compilation,  -O2 -flto -fuse-linker-plugin -fno-fat-lto-objects 
UNRESOLVED: gcc.c-torture/execute/builtins/strlen-3.c execution,  -O2 -flto -fuse-linker-plugin -fno-fat-lto-objects 
FAIL: gcc.c-torture/execute/builtins/strlen.c compilation,  -O2 -flto -fuse-linker-plugin -fno-fat-lto-objects 
UNRESOLVED: gcc.c-torture/execute/builtins/strlen.c execution,  -O2 -flto -fuse-linker-plugin -fno-fat-lto-objects 
FAIL: gcc.c-torture/execute/builtins/strncat-chk.c compilation,  -O2 -flto -fuse-linker-plugin -fno-fat-lto-objects 
UNRESOLVED: gcc.c-torture/execute/builtins/strncat-chk.c execution,  -O2 -flto -fuse-linker-plugin -fno-fat-lto-objects 
FAIL: gcc.c-torture/execute/builtins/strncmp-2.c compilation,  -O2 -flto -fuse-linker-plugin -fno-fat-lto-objects 
UNRESOLVED: gcc.c-torture/execute/builtins/strncmp-2.c execution,  -O2 -flto -fuse-linker-plugin -fno-fat-lto-objects 
FAIL: gcc.c-torture/execute/builtins/strncmp.c compilation,  -O2 -flto -fuse-linker-plugin -fno-fat-lto-objects 
UNRESOLVED: gcc.c-torture/execute/builtins/strncmp.c execution,  -O2 -flto -fuse-linker-plugin -fno-fat-lto-objects 
FAIL: gcc.c-torture/execute/builtins/strncpy-chk.c compilation,  -O2 -flto -fuse-linker-plugin -fno-fat-lto-objects 
UNRESOLVED: gcc.c-torture/execute/builtins/strncpy-chk.c execution,  -O2 -flto -fuse-linker-plugin -fno-fat-lto-objects 
FAIL: gcc.c-torture/execute/builtins/strncpy.c compilation,  -O2 -flto -fuse-linker-plugin -fno-fat-lto-objects 
UNRESOLVED: gcc.c-torture/execute/builtins/strncpy.c execution,  -O2 -flto -fuse-linker-plugin -fno-fat-lto-objects 
FAIL: gcc.c-torture/execute/builtins/strstr-asm.c compilation,  -O2 -flto -fuse-linker-plugin -fno-fat-lto-objects 
UNRESOLVED: gcc.c-torture/execute/builtins/strstr-asm.c execution,  -O2 -flto -fuse-linker-plugin -fno-fat-lto-objects 
FAIL: gcc.c-torture/execute/builtins/strstr.c compilation,  -O2 -flto -fuse-linker-plugin -fno-fat-lto-objects 
UNRESOLVED: gcc.c-torture/execute/builtins/strstr.c execution,  -O2 -flto -fuse-linker-plugin -fno-fat-lto-objects 
FAIL: gcc.c-torture/execute/builtins/vsnprintf-chk.c compilation,  -O2 -flto -fuse-linker-plugin -fno-fat-lto-objects 
UNRESOLVED: gcc.c-torture/execute/builtins/vsnprintf-chk.c execution,  -O2 -flto -fuse-linker-plugin -fno-fat-lto-objects 
FAIL: gcc.c-torture/execute/builtins/vsprintf-chk.c compilation,  -O2 -flto -fuse-linker-plugin -fno-fat-lto-objects 
UNRESOLVED: gcc.c-torture/execute/builtins/vsprintf-chk.c execution,  -O2 -flto -fuse-linker-plugin -fno-fat-lto-objects 
FAIL: gcc.c-torture/execute/20050316-1.c compilation,  -O0  (internal compiler error)
UNRESOLVED: gcc.c-torture/execute/20050316-1.c execution,  -O0 
FAIL: gcc.c-torture/execute/20050316-1.c compilation,  -O1  (internal compiler error)
UNRESOLVED: gcc.c-torture/execute/20050316-1.c execution,  -O1 
FAIL: gcc.c-torture/execute/20050316-1.c compilation,  -O2  (internal compiler error)
UNRESOLVED: gcc.c-torture/execute/20050316-1.c execution,  -O2 
FAIL: gcc.c-torture/execute/20050316-1.c compilation,  -O3 -fomit-frame-pointer  (internal compiler error)
UNRESOLVED: gcc.c-torture/execute/20050316-1.c execution,  -O3 -fomit-frame-pointer 
FAIL: gcc.c-torture/execute/20050316-1.c compilation,  -O3 -g  (internal compiler error)
UNRESOLVED: gcc.c-torture/execute/20050316-1.c execution,  -O3 -g 
FAIL: gcc.c-torture/execute/20050316-1.c compilation,  -Os  (internal compiler error)
UNRESOLVED: gcc.c-torture/execute/20050316-1.c execution,  -Os 
FAIL: gcc.c-torture/execute/20050316-1.c compilation,  -O2 -flto -fno-use-linker-plugin -flto-partition=none  (internal compiler error)
UNRESOLVED: gcc.c-torture/execute/20050316-1.c execution,  -O2 -flto -fno-use-linker-plugin -flto-partition=none 
FAIL: gcc.c-torture/execute/20050316-3.c compilation,  -O0  (internal compiler error)
UNRESOLVED: gcc.c-torture/execute/20050316-3.c execution,  -O0 
FAIL: gcc.c-torture/execute/20050316-3.c compilation,  -O1  (internal compiler error)
UNRESOLVED: gcc.c-torture/execute/20050316-3.c execution,  -O1 
FAIL: gcc.c-torture/execute/20050316-3.c compilation,  -O2  (internal compiler error)
UNRESOLVED: gcc.c-torture/execute/20050316-3.c execution,  -O2 
FAIL: gcc.c-torture/execute/20050316-3.c compilation,  -O3 -fomit-frame-pointer  (internal compiler error)
UNRESOLVED: gcc.c-torture/execute/20050316-3.c execution,  -O3 -fomit-frame-pointer 
FAIL: gcc.c-torture/execute/20050316-3.c compilation,  -O3 -g  (internal compiler error)
UNRESOLVED: gcc.c-torture/execute/20050316-3.c execution,  -O3 -g 
FAIL: gcc.c-torture/execute/20050316-3.c compilation,  -Os  (internal compiler error)
UNRESOLVED: gcc.c-torture/execute/20050316-3.c execution,  -Os 
FAIL: gcc.c-torture/execute/20050316-3.c compilation,  -O2 -flto -fno-use-linker-plugin -flto-partition=none  (internal compiler error)
UNRESOLVED: gcc.c-torture/execute/20050316-3.c execution,  -O2 -flto -fno-use-linker-plugin -flto-partition=none 
FAIL: gcc.c-torture/execute/20101011-1.c execution,  -O0 
FAIL: gcc.c-torture/execute/20101011-1.c execution,  -O1 
FAIL: gcc.c-torture/execute/20101011-1.c execution,  -O2 
FAIL: gcc.c-torture/execute/20101011-1.c execution,  -O3 -fomit-frame-pointer 
FAIL: gcc.c-torture/execute/20101011-1.c execution,  -O3 -g 
FAIL: gcc.c-torture/execute/20101011-1.c execution,  -Os 
FAIL: gcc.c-torture/execute/20101011-1.c execution,  -O2 -flto -fno-use-linker-plugin -flto-partition=none 
FAIL: gcc.c-torture/execute/20101011-1.c execution,  -O2 -flto -fuse-linker-plugin -fno-fat-lto-objects 
FAIL: gcc.c-torture/execute/memcpy-1.c execution,  -O0 
FAIL: gcc.c-torture/execute/memcpy-1.c execution,  -O1 
FAIL: gcc.c-torture/execute/memcpy-1.c execution,  -O2 
FAIL: gcc.c-torture/execute/memcpy-1.c execution,  -O3 -fomit-frame-pointer 
FAIL: gcc.c-torture/execute/memcpy-1.c execution,  -O3 -fomit-frame-pointer -funroll-loops 
FAIL: gcc.c-torture/execute/memcpy-1.c execution,  -O3 -fomit-frame-pointer -funroll-all-loops -finline-functions 
FAIL: gcc.c-torture/execute/memcpy-1.c execution,  -O3 -g 
FAIL: gcc.c-torture/execute/memcpy-1.c execution,  -Os 
FAIL: gcc.c-torture/execute/memcpy-1.c execution,  -O2 -flto -fno-use-linker-plugin -flto-partition=none 
FAIL: gcc.c-torture/execute/memcpy-1.c execution,  -O2 -flto -fuse-linker-plugin -fno-fat-lto-objects 
FAIL: gcc.c-torture/execute/pr28982b.c execution,  -O0 
WARNING: program timed out.
FAIL: gcc.c-torture/execute/pr28982b.c execution,  -O1 
FAIL: gcc.c-torture/execute/pr28982b.c execution,  -O2 
FAIL: gcc.c-torture/execute/pr28982b.c execution,  -O3 -fomit-frame-pointer 
FAIL: gcc.c-torture/execute/pr28982b.c execution,  -O3 -fomit-frame-pointer -funroll-loops 
FAIL: gcc.c-torture/execute/pr28982b.c execution,  -O3 -fomit-frame-pointer -funroll-all-loops -finline-functions 
FAIL: gcc.c-torture/execute/pr28982b.c execution,  -O3 -g 
FAIL: gcc.c-torture/execute/pr28982b.c execution,  -Os 
FAIL: gcc.c-torture/execute/pr28982b.c execution,  -O2 -flto -fno-use-linker-plugin -flto-partition=none 
FAIL: gcc.c-torture/execute/pr28982b.c execution,  -O2 -flto -fuse-linker-plugin -fno-fat-lto-objects 
FAIL: gcc.c-torture/execute/scal-to-vec1.c execution,  -O0 
FAIL: gcc.c-torture/execute/scal-to-vec1.c execution,  -O1 
FAIL: gcc.c-torture/execute/scal-to-vec1.c execution,  -O2 
FAIL: gcc.c-torture/execute/scal-to-vec1.c execution,  -O3 -fomit-frame-pointer 
FAIL: gcc.c-torture/execute/scal-to-vec1.c execution,  -O3 -fomit-frame-pointer -funroll-loops 
FAIL: gcc.c-torture/execute/scal-to-vec1.c execution,  -O3 -fomit-frame-pointer -funroll-all-loops -finline-functions 
FAIL: gcc.c-torture/execute/scal-to-vec1.c execution,  -O3 -g 
FAIL: gcc.c-torture/execute/scal-to-vec1.c execution,  -Os 
FAIL: gcc.c-torture/execute/scal-to-vec1.c execution,  -O2 -flto -fno-use-linker-plugin -flto-partition=none 
FAIL: gcc.c-torture/execute/scal-to-vec1.c execution,  -O2 -flto -fuse-linker-plugin -fno-fat-lto-objects 
FAIL: gcc.c-torture/execute/simd-6.c compilation,  -O0  (internal compiler error)
UNRESOLVED: gcc.c-torture/execute/simd-6.c execution,  -O0 
FAIL: gcc.c-torture/execute/simd-6.c compilation,  -O1  (internal compiler error)
UNRESOLVED: gcc.c-torture/execute/simd-6.c execution,  -O1 
FAIL: gcc.c-torture/execute/simd-6.c compilation,  -O2  (internal compiler error)
UNRESOLVED: gcc.c-torture/execute/simd-6.c execution,  -O2 
FAIL: gcc.c-torture/execute/simd-6.c compilation,  -O3 -fomit-frame-pointer  (internal compiler error)
UNRESOLVED: gcc.c-torture/execute/simd-6.c execution,  -O3 -fomit-frame-pointer 
FAIL: gcc.c-torture/execute/simd-6.c compilation,  -O3 -g  (internal compiler error)
UNRESOLVED: gcc.c-torture/execute/simd-6.c execution,  -O3 -g 
FAIL: gcc.c-torture/execute/simd-6.c compilation,  -Os  (internal compiler error)
UNRESOLVED: gcc.c-torture/execute/simd-6.c execution,  -Os 
FAIL: gcc.c-torture/execute/simd-6.c compilation,  -O2 -flto -fno-use-linker-plugin -flto-partition=none  (internal compiler error)
UNRESOLVED: gcc.c-torture/execute/simd-6.c execution,  -O2 -flto -fno-use-linker-plugin -flto-partition=none 
FAIL: gcc.dg/compat/union-m128-1 c_compat_x_tst.o-c_compat_y_tst.o execute 
FAIL: gcc.dg/compat/vector-1 c_compat_x_tst.o compile,  (internal compiler error)
FAIL: gcc.dg/compat/vector-1 c_compat_y_tst.o compile,  (internal compiler error)
UNRESOLVED: gcc.dg/compat/vector-1 c_compat_x_tst.o-c_compat_y_tst.o link 
UNRESOLVED: gcc.dg/compat/vector-1 c_compat_x_tst.o-c_compat_y_tst.o execute 
FAIL: gcc.dg/compat/vector-1a c_compat_x_tst.o compile,  (internal compiler error)
FAIL: gcc.dg/compat/vector-1a c_compat_y_tst.o compile,  (internal compiler error)
UNRESOLVED: gcc.dg/compat/vector-1a c_compat_x_tst.o-c_compat_y_tst.o link 
UNRESOLVED: gcc.dg/compat/vector-1a c_compat_x_tst.o-c_compat_y_tst.o execute 
FAIL: gcc.dg/compat/vector-2a c_compat_x_tst.o-c_compat_y_tst.o execute 
FAIL: gcc.dg/debug/dwarf2/global-used-types.c scan-assembler-times DIE \\\\(0x[^\\n]*\\\\) DW_TAG_enumeration_type 1
FAIL: gcc.dg/debug/dwarf2/global-used-types.c scan-assembler-times DIE \\\\(0x[^\\n]*\\\\) DW_TAG_enumerator 2
FAIL: gcc.dg/debug/dwarf2/global-used-types.c scan-assembler-times ascii "a.0"[\\t ]+[^\\n]*DW_AT_name 1
FAIL: gcc.dg/debug/dwarf2/global-used-types.c scan-assembler-times ascii "b.0"[\\t ]+[^\\n]*DW_AT_name 1
FAIL: gcc.dg/debug/dwarf2/inline2.c scan-assembler-times \\\\(DIE \\\\([^\\n]*\\\\) DW_TAG_inlined_subroutine 6
FAIL: gcc.dg/debug/dwarf2/inline2.c scan-assembler-times \\\\(DIE \\\\([^\\n]*\\\\) DW_TAG_lexical_block 6
FAIL: gcc.dg/debug/dwarf2/inline2.c scan-assembler-times (?:byte|data1)[^\\n]*0x3[^\\n]* DW_AT_inline 3
FAIL: gcc.dg/debug/dwarf2/inline3.c scan-assembler-times  DW_AT_const_value 1
FAIL: gcc.dg/debug/dwarf2/pr37726.c scan-assembler-times "parm[^\\n]*"[^\\n]*DW_AT_name 2
FAIL: gcc.dg/debug/dwarf2/pr37726.c scan-assembler-times "var[^\\n]*"[^\\n]*DW_AT_name 2
FAIL: gcc.dg/debug/dwarf2/pr41445-1.c scan-assembler DW_TAG_variable[^\\\\r\\\\n]*[\\\\r\\\\n]+[^\\\\r\\\\n]*"varh[^\\\\r\\\\n]*DW_AT_name([^\\\\r\\\\n]*[\\\\r\\\\n]+[^\\\\r\\\\n]*DW_AT_)*[^\\\\r\\\\n]*[\\\\r\\\\n]+[^\\\\r\\\\n]*[^0-9a-fA-FxX](0x)?8[^0-9a-fA-FxX][^\\\\r\\\\n]*DW_AT_decl_line
FAIL: gcc.dg/debug/dwarf2/pr41445-1.c scan-assembler DW_TAG_variable[^\\\\r\\\\n]*[\\\\r\\\\n]+[^\\\\r\\\\n]*"vari[^\\\\r\\\\n]*DW_AT_name([^\\\\r\\\\n]*[\\\\r\\\\n]+[^\\\\r\\\\n]*DW_AT_)*[^\\\\r\\\\n]*[\\\\r\\\\n]+[^\\\\r\\\\n]*[^0-9a-fA-FxX](0xc|12)[^0-9a-fA-FxX][^\\\\r\\\\n]*DW_AT_decl_line
FAIL: gcc.dg/debug/dwarf2/pr41445-1.c scan-assembler DW_TAG_variable[^\\\\r\\\\n]*[\\\\r\\\\n]+[^\\\\r\\\\n]*"varj[^\\\\r\\\\n]*DW_AT_name([^\\\\r\\\\n]*[\\\\r\\\\n]+[^\\\\r\\\\n]*DW_AT_)*[^\\\\r\\\\n]*[\\\\r\\\\n]+[^\\\\r\\\\n]*[^0-9a-fA-FxX](0xd|13)[^0-9a-fA-FxX][^\\\\r\\\\n]*DW_AT_decl_line
FAIL: gcc.dg/debug/dwarf2/pr41445-2.c scan-assembler DW_TAG_variable[^\\\\r\\\\n]*[\\\\r\\\\n]+[^\\\\r\\\\n]*"varh[^\\\\r\\\\n]*DW_AT_name([^\\\\r\\\\n]*[\\\\r\\\\n]+[^\\\\r\\\\n]*DW_AT_)*[^\\\\r\\\\n]*[\\\\r\\\\n]+[^\\\\r\\\\n]*[^0-9a-fA-FxX](0x)?8[^0-9a-fA-FxX][^\\\\r\\\\n]*DW_AT_decl_line
FAIL: gcc.dg/debug/dwarf2/pr41445-2.c scan-assembler DW_TAG_variable[^\\\\r\\\\n]*[\\\\r\\\\n]+[^\\\\r\\\\n]*"vari[^\\\\r\\\\n]*DW_AT_name([^\\\\r\\\\n]*[\\\\r\\\\n]+[^\\\\r\\\\n]*DW_AT_)*[^\\\\r\\\\n]*[\\\\r\\\\n]+[^\\\\r\\\\n]*[^0-9a-fA-FxX](0xc|12)[^0-9a-fA-FxX][^\\\\r\\\\n]*DW_AT_decl_line
FAIL: gcc.dg/debug/dwarf2/pr41445-2.c scan-assembler DW_TAG_variable[^\\\\r\\\\n]*[\\\\r\\\\n]+[^\\\\r\\\\n]*"varj[^\\\\r\\\\n]*DW_AT_name([^\\\\r\\\\n]*[\\\\r\\\\n]+[^\\\\r\\\\n]*DW_AT_)*[^\\\\r\\\\n]*[\\\\r\\\\n]+[^\\\\r\\\\n]*[^0-9a-fA-FxX](0xd|13)[^0-9a-fA-FxX][^\\\\r\\\\n]*DW_AT_decl_line
FAIL: gcc.dg/debug/dwarf2/pr41445-3.c scan-assembler DW_TAG_variable[^\\\\r\\\\n]*[\\\\r\\\\n]+[^\\\\r\\\\n]*"varh[^\\\\r\\\\n]*DW_AT_name([^\\\\r\\\\n]*[\\\\r\\\\n]+[^\\\\r\\\\n]*DW_AT_)*[^\\\\r\\\\n]*[\\\\r\\\\n]+[^\\\\r\\\\n]*[^0-9a-fA-FxX](0x)?8[^0-9a-fA-FxX][^\\\\r\\\\n]*DW_AT_decl_line
FAIL: gcc.dg/debug/dwarf2/pr41445-3.c scan-assembler DW_TAG_variable[^\\\\r\\\\n]*[\\\\r\\\\n]+[^\\\\r\\\\n]*"vari[^\\\\r\\\\n]*DW_AT_name([^\\\\r\\\\n]*[\\\\r\\\\n]+[^\\\\r\\\\n]*DW_AT_)*[^\\\\r\\\\n]*[\\\\r\\\\n]+[^\\\\r\\\\n]*[^0-9a-fA-FxX](0xc|12)[^0-9a-fA-FxX][^\\\\r\\\\n]*DW_AT_decl_line
FAIL: gcc.dg/debug/dwarf2/pr41445-3.c scan-assembler DW_TAG_variable[^\\\\r\\\\n]*[\\\\r\\\\n]+[^\\\\r\\\\n]*"varj[^\\\\r\\\\n]*DW_AT_name([^\\\\r\\\\n]*[\\\\r\\\\n]+[^\\\\r\\\\n]*DW_AT_)*[^\\\\r\\\\n]*[\\\\r\\\\n]+[^\\\\r\\\\n]*[^0-9a-fA-FxX](0xd|13)[^0-9a-fA-FxX][^\\\\r\\\\n]*DW_AT_decl_line
FAIL: gcc.dg/debug/dwarf2/pr41445-4.c scan-assembler DW_TAG_variable[^\\\\r\\\\n]*[\\\\r\\\\n]+[^\\\\r\\\\n]*"varh[^\\\\r\\\\n]*DW_AT_name([^\\\\r\\\\n]*[\\\\r\\\\n]+[^\\\\r\\\\n]*DW_AT_)*[^\\\\r\\\\n]*[\\\\r\\\\n]+[^\\\\r\\\\n]*[^0-9a-fA-FxX](0x)?8[^0-9a-fA-FxX][^\\\\r\\\\n]*DW_AT_decl_line
FAIL: gcc.dg/debug/dwarf2/pr41445-4.c scan-assembler DW_TAG_variable[^\\\\r\\\\n]*[\\\\r\\\\n]+[^\\\\r\\\\n]*"vari[^\\\\r\\\\n]*DW_AT_name([^\\\\r\\\\n]*[\\\\r\\\\n]+[^\\\\r\\\\n]*DW_AT_)*[^\\\\r\\\\n]*[\\\\r\\\\n]+[^\\\\r\\\\n]*[^0-9a-fA-FxX](0xc|12)[^0-9a-fA-FxX][^\\\\r\\\\n]*DW_AT_decl_line
FAIL: gcc.dg/debug/dwarf2/pr41445-4.c scan-assembler DW_TAG_variable[^\\\\r\\\\n]*[\\\\r\\\\n]+[^\\\\r\\\\n]*"varj[^\\\\r\\\\n]*DW_AT_name([^\\\\r\\\\n]*[\\\\r\\\\n]+[^\\\\r\\\\n]*DW_AT_)*[^\\\\r\\\\n]*[\\\\r\\\\n]+[^\\\\r\\\\n]*[^0-9a-fA-FxX](0xd|13)[^0-9a-fA-FxX][^\\\\r\\\\n]*DW_AT_decl_line
FAIL: gcc.dg/debug/dwarf2/pr41445-5.c scan-assembler DW_TAG_variable[^\\\\r\\\\n]*[\\\\r\\\\n]+[^\\\\r\\\\n]*"vari[^\\\\r\\\\n]*DW_AT_name([^\\\\r\\\\n]*[\\\\r\\\\n]+[^\\\\r\\\\n]*DW_AT_)*[^\\\\r\\\\n]*[\\\\r\\\\n]+[^\\\\r\\\\n]*[^0-9a-fA-FxX](0x)?7[^0-9a-fA-FxX][^\\\\r\\\\n]*DW_AT_decl_line
FAIL: gcc.dg/debug/dwarf2/pr41445-5.c scan-assembler DW_TAG_variable[^\\\\r\\\\n]*[\\\\r\\\\n]+[^\\\\r\\\\n]*"varj[^\\\\r\\\\n]*DW_AT_name([^\\\\r\\\\n]*[\\\\r\\\\n]+[^\\\\r\\\\n]*DW_AT_)*[^\\\\r\\\\n]*[\\\\r\\\\n]+[^\\\\r\\\\n]*[^0-9a-fA-FxX](0xa|10)[^0-9a-fA-FxX][^\\\\r\\\\n]*DW_AT_decl_line
FAIL: gcc.dg/debug/dwarf2/pr41445-6.c scan-assembler DW_TAG_variable[^\\\\r\\\\n]*[\\\\r\\\\n]+[^\\\\r\\\\n]*"vari[^\\\\r\\\\n]*DW_AT_name([^\\\\r\\\\n]*[\\\\r\\\\n]+[^\\\\r\\\\n]*DW_AT_)*[^\\\\r\\\\n]*[\\\\r\\\\n]+[^\\\\r\\\\n]*[^0-9a-fA-FxX](0x)?7[^0-9a-fA-FxX][^\\\\r\\\\n]*DW_AT_decl_line
FAIL: gcc.dg/debug/dwarf2/pr41445-6.c scan-assembler DW_TAG_variable[^\\\\r\\\\n]*[\\\\r\\\\n]+[^\\\\r\\\\n]*"varj[^\\\\r\\\\n]*DW_AT_name([^\\\\r\\\\n]*[\\\\r\\\\n]+[^\\\\r\\\\n]*DW_AT_)*[^\\\\r\\\\n]*[\\\\r\\\\n]+[^\\\\r\\\\n]*[^0-9a-fA-FxX](0xa|10)[^0-9a-fA-FxX][^\\\\r\\\\n]*DW_AT_decl_line
FAIL: gcc.dg/debug/dwarf2/pr47939-1.c scan-assembler DW_TAG_typedef[^\\\\r\\\\n]*[\\\\r\\\\n]+[^\\\\r\\\\n]*(DW_AT_name: "Harry_t"|"Harry_t.."[^\\\\r\\\\n]*DW_AT_name)
FAIL: gcc.dg/debug/dwarf2/pr47939-2.c scan-assembler DW_TAG_typedef[^\\\\r\\\\n]*[\\\\r\\\\n]+[^\\\\r\\\\n]*(DW_AT_name: "Harry_t"|"Harry_t.."[^\\\\r\\\\n]*DW_AT_name)
FAIL: gcc.dg/debug/dwarf2/pr47939-3.c scan-assembler DW_TAG_typedef[^\\\\r\\\\n]*[\\\\r\\\\n]+[^\\\\r\\\\n]*(DW_AT_name: "Harry_t"|"Harry_t.."[^\\\\r\\\\n]*DW_AT_name)
FAIL: gcc.dg/debug/dwarf2/pr47939-4.c scan-assembler DW_TAG_typedef[^\\\\r\\\\n]*[\\\\r\\\\n]+[^\\\\r\\\\n]*(DW_AT_name: "Harry_t"|"Harry_t.."[^\\\\r\\\\n]*DW_AT_name)
FAIL: gcc.dg/debug/dwarf2/struct-loc1.c scan-assembler DW_TAG_structure_type[^\\\\r\\\\n]*[\\\\r\\\\n]+[^\\\\r\\\\n]*"foo[^\\\\r\\\\n]*DW_AT_name([^\\\\r\\\\n]*[\\\\r\\\\n]+[^\\\\r\\\\n]*DW_AT_)*[^\\\\r\\\\n]*[\\\\r\\\\n]+[^\\\\r\\\\n]*[^0-9a-fA-FxX](0x)?6[^0-9a-fA-FxX][^\\\\r\\\\n]*DW_AT_decl_line
FAIL: gcc.dg/pr32912-1.c execution test
FAIL: gcc.dg/pr36584.c execution test
FAIL: gcc.dg/pr37544.c execution test
FAIL: gcc.dg/pr46309.c scan-tree-dump-times reassoc1 "Optimizing range tests a_[0-9]*.D. -.1, 1. and -.2, 2. and -.3, 3. and -.4, 4.[
FAIL: gcc.dg/pr46309.c scan-tree-dump-times reassoc1 "Optimizing range tests a_[0-9]*.D. -.1, 1. and -.3, 3.[
FAIL: gcc.dg/pr46309.c scan-tree-dump-times reassoc1 "Optimizing range tests a_[0-9]*.D. -.1, 1. and -.2, 2.[
FAIL: gcc.dg/pr46309.c scan-tree-dump-times reassoc1 "Optimizing range tests a_[0-9]*.D. -.0, 31. and -.64, 95.[
FAIL: gcc.dg/pr46309.c scan-tree-dump-times reassoc1 "Optimizing range tests a_[0-9]*.D. -.128, 159. and -.192, 223.[
FAIL: gcc.dg/pr46309.c scan-tree-dump-times reassoc2 "Optimizing range tests D.[0-9]*_[0-9]* -.0, 31. and -.128, 159.[
FAIL: gcc.dg/vshift-1.c (test for excess errors)
WARNING: gcc.dg/vshift-1.c compilation failed to produce executable
FAIL: gcc.dg/vshift-2.c (test for excess errors)
WARNING: gcc.dg/vshift-2.c compilation failed to produce executable
FAIL: gcc.dg/vshift-3.c (test for excess errors)
WARNING: gcc.dg/vshift-3.c compilation failed to produce executable
FAIL: gcc.dg/vshift-4.c (test for excess errors)
WARNING: gcc.dg/vshift-4.c compilation failed to produce executable
WARNING: program timed out.
FAIL: gcc.dg/graphite/run-id-1.c execution test
WARNING: program timed out.
FAIL: gcc.dg/graphite/interchange-7.c execution test
FAIL: gcc.dg/torture/fp-int-convert-float128-timode.c  -O0  (test for excess errors)
WARNING: gcc.dg/torture/fp-int-convert-float128-timode.c  -O0  compilation failed to produce executable
FAIL: gcc.dg/torture/fp-int-convert-float128-timode.c  -O1  (test for excess errors)
WARNING: gcc.dg/torture/fp-int-convert-float128-timode.c  -O1  compilation failed to produce executable
FAIL: gcc.dg/torture/fp-int-convert-float128-timode.c  -O2  (test for excess errors)
WARNING: gcc.dg/torture/fp-int-convert-float128-timode.c  -O2  compilation failed to produce executable
FAIL: gcc.dg/torture/fp-int-convert-float128-timode.c  -O3 -fomit-frame-pointer  (test for excess errors)
WARNING: gcc.dg/torture/fp-int-convert-float128-timode.c  -O3 -fomit-frame-pointer  compilation failed to produce executable
FAIL: gcc.dg/torture/fp-int-convert-float128-timode.c  -O3 -g  (test for excess errors)
WARNING: gcc.dg/torture/fp-int-convert-float128-timode.c  -O3 -g  compilation failed to produce executable
FAIL: gcc.dg/torture/fp-int-convert-float128-timode.c  -Os  (test for excess errors)
WARNING: gcc.dg/torture/fp-int-convert-float128-timode.c  -Os  compilation failed to produce executable
FAIL: gcc.dg/torture/fp-int-convert-float128-timode.c  -O2 -flto -fno-use-linker-plugin -flto-partition=none  (test for excess errors)
WARNING: gcc.dg/torture/fp-int-convert-float128-timode.c  -O2 -flto -fno-use-linker-plugin -flto-partition=none  compilation failed to produce executable
FAIL: gcc.dg/torture/fp-int-convert-float128-timode.c  -O2 -flto -fuse-linker-plugin -fno-fat-lto-objects  (test for excess errors)
WARNING: gcc.dg/torture/fp-int-convert-float128-timode.c  -O2 -flto -fuse-linker-plugin -fno-fat-lto-objects  compilation failed to produce executable
FAIL: gcc.dg/torture/fp-int-convert-float128.c  -O0  (test for excess errors)
WARNING: gcc.dg/torture/fp-int-convert-float128.c  -O0  compilation failed to produce executable
FAIL: gcc.dg/torture/fp-int-convert-float128.c  -O1  (test for excess errors)
WARNING: gcc.dg/torture/fp-int-convert-float128.c  -O1  compilation failed to produce executable
FAIL: gcc.dg/torture/fp-int-convert-float128.c  -O2  (test for excess errors)
WARNING: gcc.dg/torture/fp-int-convert-float128.c  -O2  compilation failed to produce executable
FAIL: gcc.dg/torture/fp-int-convert-float128.c  -O3 -fomit-frame-pointer  (test for excess errors)
WARNING: gcc.dg/torture/fp-int-convert-float128.c  -O3 -fomit-frame-pointer  compilation failed to produce executable
FAIL: gcc.dg/torture/fp-int-convert-float128.c  -O3 -g  (test for excess errors)
WARNING: gcc.dg/torture/fp-int-convert-float128.c  -O3 -g  compilation failed to produce executable
FAIL: gcc.dg/torture/fp-int-convert-float128.c  -Os  (test for excess errors)
WARNING: gcc.dg/torture/fp-int-convert-float128.c  -Os  compilation failed to produce executable
FAIL: gcc.dg/torture/fp-int-convert-float128.c  -O2 -flto -fno-use-linker-plugin -flto-partition=none  (test for excess errors)
WARNING: gcc.dg/torture/fp-int-convert-float128.c  -O2 -flto -fno-use-linker-plugin -flto-partition=none  compilation failed to produce executable
FAIL: gcc.dg/torture/fp-int-convert-float128.c  -O2 -flto -fuse-linker-plugin -fno-fat-lto-objects  (test for excess errors)
WARNING: gcc.dg/torture/fp-int-convert-float128.c  -O2 -flto -fuse-linker-plugin -fno-fat-lto-objects  compilation failed to produce executable
UNRESOLVED: gcc.dg/torture/ipa-pta-1.c  -O2 -flto -fuse-linker-plugin -fno-fat-lto-objects  scan-ipa-dump pta "bar.arg0 = { test4.arg0 test3.arg0 test2.arg0 test1.arg0 }"
FAIL: gcc.dg/torture/pr16104-1.c  -O1  execution test
UNRESOLVED: gcc.dg/torture/pr23821.c  -O2 -flto -fuse-linker-plugin -fno-fat-lto-objects  scan-tree-dump ivcanon "Added canonical iv"
FAIL: gcc.dg/torture/pr35771-1.c  -O0  execution test
FAIL: gcc.dg/torture/pr35771-1.c  -O1  execution test
FAIL: gcc.dg/torture/pr35771-1.c  -O2  execution test
FAIL: gcc.dg/torture/pr35771-1.c  -O3 -fomit-frame-pointer  execution test
FAIL: gcc.dg/torture/pr35771-1.c  -O3 -g  execution test
FAIL: gcc.dg/torture/pr35771-1.c  -Os  execution test
FAIL: gcc.dg/torture/pr35771-1.c  -O2 -flto -fno-use-linker-plugin -flto-partition=none  execution test
FAIL: gcc.dg/torture/pr35771-1.c  -O2 -flto -fuse-linker-plugin -fno-fat-lto-objects  execution test
FAIL: gcc.dg/torture/pr35771-2.c  -O0  execution test
FAIL: gcc.dg/torture/pr35771-2.c  -O1  execution test
FAIL: gcc.dg/torture/pr35771-2.c  -O2  execution test
FAIL: gcc.dg/torture/pr35771-2.c  -O3 -fomit-frame-pointer  execution test
FAIL: gcc.dg/torture/pr35771-2.c  -O3 -g  execution test
FAIL: gcc.dg/torture/pr35771-2.c  -Os  execution test
FAIL: gcc.dg/torture/pr35771-2.c  -O2 -flto -fno-use-linker-plugin -flto-partition=none  execution test
FAIL: gcc.dg/torture/pr35771-2.c  -O2 -flto -fuse-linker-plugin -fno-fat-lto-objects  execution test
FAIL: gcc.dg/torture/pr35771-3.c  -O0  execution test
FAIL: gcc.dg/torture/pr35771-3.c  -O1  execution test
FAIL: gcc.dg/torture/pr35771-3.c  -O2  execution test
FAIL: gcc.dg/torture/pr35771-3.c  -O3 -fomit-frame-pointer  execution test
FAIL: gcc.dg/torture/pr35771-3.c  -O3 -g  execution test
FAIL: gcc.dg/torture/pr35771-3.c  -Os  execution test
FAIL: gcc.dg/torture/pr35771-3.c  -O2 -flto -fno-use-linker-plugin -flto-partition=none  execution test
FAIL: gcc.dg/torture/pr35771-3.c  -O2 -flto -fuse-linker-plugin -fno-fat-lto-objects  execution test
UNRESOLVED: gcc.dg/torture/pr39074-2.c  -O2 -flto -fuse-linker-plugin -fno-fat-lto-objects  scan-tree-dump alias "y.._., points-to vars: { i }"
UNRESOLVED: gcc.dg/torture/pr39074.c  -O2 -flto -fuse-linker-plugin -fno-fat-lto-objects  scan-tree-dump alias "y.._., points-to vars: { i }"
UNRESOLVED: gcc.dg/torture/pr42898-2.c  -O2 -flto -fuse-linker-plugin -fno-fat-lto-objects  scan-tree-dump-times optimized "\\*ptr" 1
UNRESOLVED: gcc.dg/torture/pr42898.c  -O2 -flto -fuse-linker-plugin -fno-fat-lto-objects  scan-tree-dump-times optimized "\\*ptr" 1
UNRESOLVED: gcc.dg/torture/pr45704.c  -O2 -flto -fuse-linker-plugin -fno-fat-lto-objects  scan-tree-dump-times optimized "={v}" 1
UNRESOLVED: gcc.dg/torture/pr50472.c  -O2 -flto -fuse-linker-plugin -fno-fat-lto-objects  scan-tree-dump-not optimized "return 1"
UNRESOLVED: gcc.dg/torture/pta-callused-1.c  -O2 -flto -fuse-linker-plugin -fno-fat-lto-objects  scan-tree-dump alias "p.._., points-to vars: { i j }"
UNRESOLVED: gcc.dg/torture/pta-escape-1.c  -O2 -flto -fuse-linker-plugin -fno-fat-lto-objects  scan-tree-dump alias "ESCAPED = {[^
UNRESOLVED: gcc.dg/torture/pta-ptrarith-1.c  -O2 -flto -fuse-linker-plugin -fno-fat-lto-objects  scan-tree-dump alias "ESCAPED = {[^
UNRESOLVED: gcc.dg/torture/pta-ptrarith-2.c  -O2 -flto -fuse-linker-plugin -fno-fat-lto-objects  scan-tree-dump alias "= { i j }"
UNRESOLVED: gcc.dg/torture/pta-ptrarith-3.c  -O2 -flto -fuse-linker-plugin -fno-fat-lto-objects  scan-tree-dump alias "q_., points-to vars: { i j k }"
UNRESOLVED: gcc.dg/torture/ssa-pta-fn-1.c  -O2 -flto -fuse-linker-plugin -fno-fat-lto-objects  scan-tree-dump alias "q_const_., points-to non-local, points-to vars: { i }"
UNRESOLVED: gcc.dg/torture/ssa-pta-fn-1.c  -O2 -flto -fuse-linker-plugin -fno-fat-lto-objects  scan-tree-dump alias "q_pure_., points-to non-local, points-to escaped, points-to vars: { i }"
UNRESOLVED: gcc.dg/torture/ssa-pta-fn-1.c  -O2 -flto -fuse-linker-plugin -fno-fat-lto-objects  scan-tree-dump alias "q_normal_., points-to non-local, points-to escaped, points-to vars: { }"
FAIL: gcc.dg/torture/va-arg-25.c  -O0  execution test
FAIL: gcc.dg/torture/va-arg-25.c  -O1  execution test
FAIL: gcc.dg/torture/va-arg-25.c  -O2  execution test
FAIL: gcc.dg/torture/va-arg-25.c  -O3 -fomit-frame-pointer  execution test
FAIL: gcc.dg/torture/va-arg-25.c  -O3 -g  execution test
FAIL: gcc.dg/torture/va-arg-25.c  -Os  execution test
FAIL: gcc.dg/torture/va-arg-25.c  -O2 -flto -fno-use-linker-plugin -flto-partition=none  execution test
FAIL: gcc.dg/torture/va-arg-25.c  -O2 -flto -fuse-linker-plugin -fno-fat-lto-objects  execution test
FAIL: gcc.dg/torture/vec-cvt-1.c  -O0  (test for excess errors)
WARNING: gcc.dg/torture/vec-cvt-1.c  -O0  compilation failed to produce executable
FAIL: gcc.dg/torture/vec-cvt-1.c  -O1  (test for excess errors)
WARNING: gcc.dg/torture/vec-cvt-1.c  -O1  compilation failed to produce executable
FAIL: gcc.dg/torture/vec-cvt-1.c  -O2  (test for excess errors)
WARNING: gcc.dg/torture/vec-cvt-1.c  -O2  compilation failed to produce executable
FAIL: gcc.dg/torture/vec-cvt-1.c  -O3 -fomit-frame-pointer  (test for excess errors)
WARNING: gcc.dg/torture/vec-cvt-1.c  -O3 -fomit-frame-pointer  compilation failed to produce executable
FAIL: gcc.dg/torture/vec-cvt-1.c  -O3 -fomit-frame-pointer -funroll-loops  (test for excess errors)
WARNING: gcc.dg/torture/vec-cvt-1.c  -O3 -fomit-frame-pointer -funroll-loops  compilation failed to produce executable
FAIL: gcc.dg/torture/vec-cvt-1.c  -O3 -fomit-frame-pointer -funroll-all-loops -finline-functions  (test for excess errors)
WARNING: gcc.dg/torture/vec-cvt-1.c  -O3 -fomit-frame-pointer -funroll-all-loops -finline-functions  compilation failed to produce executable
FAIL: gcc.dg/torture/vec-cvt-1.c  -O3 -g  (test for excess errors)
WARNING: gcc.dg/torture/vec-cvt-1.c  -O3 -g  compilation failed to produce executable
FAIL: gcc.dg/torture/vec-cvt-1.c  -Os  (test for excess errors)
WARNING: gcc.dg/torture/vec-cvt-1.c  -Os  compilation failed to produce executable
FAIL: gcc.dg/torture/vec-cvt-1.c  -O2 -flto -fno-use-linker-plugin -flto-partition=none  (test for excess errors)
WARNING: gcc.dg/torture/vec-cvt-1.c  -O2 -flto -fno-use-linker-plugin -flto-partition=none  compilation failed to produce executable
FAIL: gcc.dg/torture/vec-cvt-1.c  -O2 -flto -fuse-linker-plugin -fno-fat-lto-objects  (test for excess errors)
WARNING: gcc.dg/torture/vec-cvt-1.c  -O2 -flto -fuse-linker-plugin -fno-fat-lto-objects  compilation failed to produce executable
FAIL: gcc.dg/torture/vector-1.c  -O0  execution test
FAIL: gcc.dg/torture/vector-1.c  -O1  execution test
FAIL: gcc.dg/torture/vector-2.c  -O0  execution test
FAIL: gcc.dg/torture/vector-2.c  -O1  execution test
FAIL: gcc.dg/torture/vector-2.c  -O2  execution test
FAIL: gcc.dg/torture/vector-2.c  -O3 -fomit-frame-pointer  execution test
FAIL: gcc.dg/torture/vector-2.c  -O3 -g  execution test
FAIL: gcc.dg/torture/vector-2.c  -Os  execution test
FAIL: gcc.dg/torture/vector-2.c  -O2 -flto -fno-use-linker-plugin -flto-partition=none  execution test
FAIL: gcc.dg/torture/vector-2.c  -O2 -flto -fuse-linker-plugin -fno-fat-lto-objects  execution test
FAIL: gcc.dg/torture/stackalign/alloca-2.c  -O0  execution test
FAIL: gcc.dg/torture/stackalign/alloca-2.c  -O1  execution test
FAIL: gcc.dg/torture/stackalign/alloca-2.c  -O2  execution test
FAIL: gcc.dg/torture/stackalign/alloca-2.c  -O3 -fomit-frame-pointer  execution test
FAIL: gcc.dg/torture/stackalign/alloca-2.c  -O3 -g  execution test
FAIL: gcc.dg/torture/stackalign/alloca-2.c  -Os  execution test
FAIL: gcc.dg/torture/stackalign/alloca-2.c  -O2 -flto -fno-use-linker-plugin -flto-partition=none  execution test
FAIL: gcc.dg/torture/stackalign/alloca-3.c  -O0  execution test
FAIL: gcc.dg/torture/stackalign/alloca-3.c  -O1  execution test
FAIL: gcc.dg/torture/stackalign/alloca-3.c  -O2  execution test
FAIL: gcc.dg/torture/stackalign/alloca-3.c  -O3 -fomit-frame-pointer  execution test
FAIL: gcc.dg/torture/stackalign/alloca-3.c  -O3 -g  execution test
FAIL: gcc.dg/torture/stackalign/alloca-3.c  -Os  execution test
FAIL: gcc.dg/torture/stackalign/alloca-3.c  -O2 -flto -fno-use-linker-plugin -flto-partition=none  execution test
FAIL: gcc.dg/torture/stackalign/push-1.c  -O0  execution test
FAIL: gcc.dg/torture/stackalign/push-1.c  -O1  execution test
FAIL: gcc.dg/torture/stackalign/push-1.c  -O2  execution test
FAIL: gcc.dg/torture/stackalign/push-1.c  -O3 -fomit-frame-pointer  execution test
FAIL: gcc.dg/torture/stackalign/push-1.c  -O3 -g  execution test
FAIL: gcc.dg/torture/stackalign/push-1.c  -Os  execution test
FAIL: gcc.dg/torture/stackalign/push-1.c  -O2 -flto -fno-use-linker-plugin -flto-partition=none  execution test
FAIL: gcc.dg/torture/stackalign/push-1.c  -O2 -flto -fuse-linker-plugin -fno-fat-lto-objects  execution test
FAIL: gcc.dg/torture/stackalign/vararg-3.c  -O0  execution test
FAIL: gcc.dg/torture/stackalign/vararg-3.c  -O1  execution test
FAIL: gcc.dg/torture/stackalign/vararg-3.c  -O2  execution test
FAIL: gcc.dg/torture/stackalign/vararg-3.c  -O3 -fomit-frame-pointer  execution test
FAIL: gcc.dg/torture/stackalign/vararg-3.c  -O3 -g  execution test
FAIL: gcc.dg/torture/stackalign/vararg-3.c  -Os  execution test
FAIL: gcc.dg/torture/stackalign/vararg-3.c  -O2 -flto -fno-use-linker-plugin -flto-partition=none  execution test
FAIL: gcc.dg/torture/stackalign/vararg-3.c  -O2 -flto -fuse-linker-plugin -fno-fat-lto-objects  execution test
FAIL: gcc.dg/torture/stackalign/alloca-2.c  -O0  execution test
FAIL: gcc.dg/torture/stackalign/alloca-2.c  -O1  execution test
FAIL: gcc.dg/torture/stackalign/alloca-2.c  -O2  execution test
FAIL: gcc.dg/torture/stackalign/alloca-2.c  -O3 -fomit-frame-pointer  execution test
FAIL: gcc.dg/torture/stackalign/alloca-2.c  -O3 -g  execution test
FAIL: gcc.dg/torture/stackalign/alloca-2.c  -Os  execution test
FAIL: gcc.dg/torture/stackalign/alloca-2.c  -O2 -flto -fno-use-linker-plugin -flto-partition=none  execution test
FAIL: gcc.dg/torture/stackalign/alloca-3.c  -O0  execution test
FAIL: gcc.dg/torture/stackalign/alloca-3.c  -O1  execution test
FAIL: gcc.dg/torture/stackalign/alloca-3.c  -O2  execution test
FAIL: gcc.dg/torture/stackalign/alloca-3.c  -O3 -fomit-frame-pointer  execution test
FAIL: gcc.dg/torture/stackalign/alloca-3.c  -O3 -g  execution test
FAIL: gcc.dg/torture/stackalign/alloca-3.c  -Os  execution test
FAIL: gcc.dg/torture/stackalign/alloca-3.c  -O2 -flto -fno-use-linker-plugin -flto-partition=none  execution test
FAIL: gcc.dg/torture/stackalign/push-1.c  -O0  execution test
FAIL: gcc.dg/torture/stackalign/push-1.c  -O1  execution test
FAIL: gcc.dg/torture/stackalign/push-1.c  -O2  execution test
FAIL: gcc.dg/torture/stackalign/push-1.c  -O3 -fomit-frame-pointer  execution test
FAIL: gcc.dg/torture/stackalign/push-1.c  -O3 -g  execution test
FAIL: gcc.dg/torture/stackalign/push-1.c  -Os  execution test
FAIL: gcc.dg/torture/stackalign/push-1.c  -O2 -flto -fno-use-linker-plugin -flto-partition=none  execution test
FAIL: gcc.dg/torture/stackalign/push-1.c  -O2 -flto -fuse-linker-plugin -fno-fat-lto-objects  execution test
FAIL: gcc.dg/torture/stackalign/vararg-3.c  -O0  execution test
FAIL: gcc.dg/torture/stackalign/vararg-3.c  -O1  execution test
FAIL: gcc.dg/torture/stackalign/vararg-3.c  -O2  execution test
FAIL: gcc.dg/torture/stackalign/vararg-3.c  -O3 -fomit-frame-pointer  execution test
FAIL: gcc.dg/torture/stackalign/vararg-3.c  -O3 -g  execution test
FAIL: gcc.dg/torture/stackalign/vararg-3.c  -Os  execution test
FAIL: gcc.dg/torture/stackalign/vararg-3.c  -O2 -flto -fno-use-linker-plugin -flto-partition=none  execution test
FAIL: gcc.dg/torture/stackalign/vararg-3.c  -O2 -flto -fuse-linker-plugin -fno-fat-lto-objects  execution test
FAIL: gcc.dg/torture/stackalign/alloca-2.c  -O0  execution test
FAIL: gcc.dg/torture/stackalign/alloca-2.c  -O1  execution test
FAIL: gcc.dg/torture/stackalign/alloca-2.c  -O2  execution test
FAIL: gcc.dg/torture/stackalign/alloca-2.c  -O3 -fomit-frame-pointer  execution test
FAIL: gcc.dg/torture/stackalign/alloca-2.c  -O3 -g  execution test
FAIL: gcc.dg/torture/stackalign/alloca-2.c  -Os  execution test
FAIL: gcc.dg/torture/stackalign/alloca-2.c  -O2 -flto -fno-use-linker-plugin -flto-partition=none  execution test
FAIL: gcc.dg/torture/stackalign/alloca-3.c  -O0  execution test
FAIL: gcc.dg/torture/stackalign/alloca-3.c  -O1  execution test
FAIL: gcc.dg/torture/stackalign/alloca-3.c  -O2  execution test
FAIL: gcc.dg/torture/stackalign/alloca-3.c  -O3 -fomit-frame-pointer  execution test
FAIL: gcc.dg/torture/stackalign/alloca-3.c  -O3 -g  execution test
FAIL: gcc.dg/torture/stackalign/alloca-3.c  -Os  execution test
FAIL: gcc.dg/torture/stackalign/alloca-3.c  -O2 -flto -fno-use-linker-plugin -flto-partition=none  execution test
FAIL: gcc.dg/torture/stackalign/push-1.c  -O0  execution test
FAIL: gcc.dg/torture/stackalign/push-1.c  -O1  execution test
FAIL: gcc.dg/torture/stackalign/push-1.c  -O2  execution test
FAIL: gcc.dg/torture/stackalign/push-1.c  -O3 -fomit-frame-pointer  execution test
FAIL: gcc.dg/torture/stackalign/push-1.c  -O3 -g  execution test
FAIL: gcc.dg/torture/stackalign/push-1.c  -Os  execution test
FAIL: gcc.dg/torture/stackalign/push-1.c  -O2 -flto -fno-use-linker-plugin -flto-partition=none  execution test
FAIL: gcc.dg/torture/stackalign/push-1.c  -O2 -flto -fuse-linker-plugin -fno-fat-lto-objects  execution test
FAIL: gcc.dg/torture/stackalign/vararg-3.c  -O0  execution test
FAIL: gcc.dg/torture/stackalign/vararg-3.c  -O1  execution test
FAIL: gcc.dg/torture/stackalign/vararg-3.c  -O2  execution test
FAIL: gcc.dg/torture/stackalign/vararg-3.c  -O3 -fomit-frame-pointer  execution test
FAIL: gcc.dg/torture/stackalign/vararg-3.c  -O3 -g  execution test
FAIL: gcc.dg/torture/stackalign/vararg-3.c  -Os  execution test
FAIL: gcc.dg/torture/stackalign/vararg-3.c  -O2 -flto -fno-use-linker-plugin -flto-partition=none  execution test
FAIL: gcc.dg/torture/stackalign/vararg-3.c  -O2 -flto -fuse-linker-plugin -fno-fat-lto-objects  execution test
FAIL: gcc.dg/torture/stackalign/alloca-2.c  -O0  execution test
FAIL: gcc.dg/torture/stackalign/alloca-2.c  -O1  execution test
FAIL: gcc.dg/torture/stackalign/alloca-2.c  -O2  execution test
FAIL: gcc.dg/torture/stackalign/alloca-2.c  -O3 -fomit-frame-pointer  execution test
FAIL: gcc.dg/torture/stackalign/alloca-2.c  -O3 -g  execution test
FAIL: gcc.dg/torture/stackalign/alloca-2.c  -Os  execution test
FAIL: gcc.dg/torture/stackalign/alloca-2.c  -O2 -flto -fno-use-linker-plugin -flto-partition=none  execution test
FAIL: gcc.dg/torture/stackalign/alloca-3.c  -O0  execution test
FAIL: gcc.dg/torture/stackalign/alloca-3.c  -O1  execution test
FAIL: gcc.dg/torture/stackalign/alloca-3.c  -O2  execution test
FAIL: gcc.dg/torture/stackalign/alloca-3.c  -O3 -fomit-frame-pointer  execution test
FAIL: gcc.dg/torture/stackalign/alloca-3.c  -O3 -g  execution test
FAIL: gcc.dg/torture/stackalign/alloca-3.c  -Os  execution test
FAIL: gcc.dg/torture/stackalign/alloca-3.c  -O2 -flto -fno-use-linker-plugin -flto-partition=none  execution test
FAIL: gcc.dg/torture/stackalign/push-1.c  -O0  execution test
FAIL: gcc.dg/torture/stackalign/push-1.c  -O1  execution test
FAIL: gcc.dg/torture/stackalign/push-1.c  -O2  execution test
FAIL: gcc.dg/torture/stackalign/push-1.c  -O3 -fomit-frame-pointer  execution test
FAIL: gcc.dg/torture/stackalign/push-1.c  -O3 -g  execution test
FAIL: gcc.dg/torture/stackalign/push-1.c  -Os  execution test
FAIL: gcc.dg/torture/stackalign/push-1.c  -O2 -flto -fno-use-linker-plugin -flto-partition=none  execution test
FAIL: gcc.dg/torture/stackalign/push-1.c  -O2 -flto -fuse-linker-plugin -fno-fat-lto-objects  execution test
FAIL: gcc.dg/torture/stackalign/vararg-3.c  -O0  execution test
FAIL: gcc.dg/torture/stackalign/vararg-3.c  -O1  execution test
FAIL: gcc.dg/torture/stackalign/vararg-3.c  -O2  execution test
FAIL: gcc.dg/torture/stackalign/vararg-3.c  -O3 -fomit-frame-pointer  execution test
FAIL: gcc.dg/torture/stackalign/vararg-3.c  -O3 -g  execution test
FAIL: gcc.dg/torture/stackalign/vararg-3.c  -Os  execution test
FAIL: gcc.dg/torture/stackalign/vararg-3.c  -O2 -flto -fno-use-linker-plugin -flto-partition=none  execution test
FAIL: gcc.dg/torture/stackalign/vararg-3.c  -O2 -flto -fuse-linker-plugin -fno-fat-lto-objects  execution test
FAIL: gcc.dg/tree-ssa/ssa-dom-thread-4.c scan-tree-dump-times dom1 "Threaded" 3
FAIL: gcc.dg/tree-ssa/vrp47.c scan-tree-dump-times dom1 "x[^ ]* & y" 1
FAIL: gcc.dg/vect/costmodel/i386/costmodel-vect-31.c execution test
FAIL: gcc.dg/vect/costmodel/i386/costmodel-vect-68.c execution test
FAIL: gcc.dg/vect/costmodel/i386/costmodel-vect-reduc-1char.c execution test
FAIL: gcc.dg/vect/costmodel/i386/costmodel-fast-math-vect-pr29925.c execution test
FAIL: gcc.dg/vect/pr18400.c execution test
FAIL: gcc.dg/vect/pr20122.c execution test
FAIL: gcc.dg/vect/pr30784.c execution test
FAIL: gcc.dg/vect/pr31699.c execution test
FAIL: gcc.dg/vect/pr36493.c execution test
FAIL: gcc.dg/vect/pr37539.c execution test
FAIL: gcc.dg/vect/pr43430-1.c execution test
FAIL: gcc.dg/vect/pr44507.c execution test
FAIL: gcc.dg/vect/pr45902.c execution test
FAIL: gcc.dg/vect/pr46009.c execution test
FAIL: gcc.dg/vect/pr48172.c execution test
FAIL: gcc.dg/vect/pr48377.c execution test
FAIL: gcc.dg/vect/pr49771.c execution test
FAIL: gcc.dg/vect/vect-100.c execution test
FAIL: gcc.dg/vect/vect-103.c execution test
FAIL: gcc.dg/vect/vect-105.c execution test
FAIL: gcc.dg/vect/vect-106.c execution test
FAIL: gcc.dg/vect/vect-107.c execution test
FAIL: gcc.dg/vect/vect-108.c execution test
FAIL: gcc.dg/vect/vect-109.c execution test
FAIL: gcc.dg/vect/vect-11.c execution test
FAIL: gcc.dg/vect/vect-112.c execution test
FAIL: gcc.dg/vect/vect-113.c execution test
FAIL: gcc.dg/vect/vect-114.c execution test
FAIL: gcc.dg/vect/vect-115.c execution test
FAIL: gcc.dg/vect/vect-116.c execution test
FAIL: gcc.dg/vect/vect-117.c execution test
FAIL: gcc.dg/vect/vect-11a.c execution test
FAIL: gcc.dg/vect/vect-12.c execution test
FAIL: gcc.dg/vect/vect-13.c execution test
FAIL: gcc.dg/vect/vect-14.c execution test
FAIL: gcc.dg/vect/vect-15.c execution test
FAIL: gcc.dg/vect/vect-17.c execution test
FAIL: gcc.dg/vect/vect-18.c execution test
FAIL: gcc.dg/vect/vect-19.c execution test
FAIL: gcc.dg/vect/vect-2.c execution test
FAIL: gcc.dg/vect/vect-20.c execution test
FAIL: gcc.dg/vect/vect-21.c execution test
FAIL: gcc.dg/vect/vect-22.c execution test
FAIL: gcc.dg/vect/vect-25.c execution test
FAIL: gcc.dg/vect/vect-26.c execution test
FAIL: gcc.dg/vect/vect-27.c execution test
FAIL: gcc.dg/vect/vect-28.c execution test
FAIL: gcc.dg/vect/vect-29.c execution test
FAIL: gcc.dg/vect/vect-3.c execution test
FAIL: gcc.dg/vect/vect-30.c execution test
FAIL: gcc.dg/vect/vect-31.c execution test
FAIL: gcc.dg/vect/vect-32.c execution test
FAIL: gcc.dg/vect/vect-34.c execution test
FAIL: gcc.dg/vect/vect-35.c execution test
FAIL: gcc.dg/vect/vect-36.c execution test
FAIL: gcc.dg/vect/vect-38.c execution test
FAIL: gcc.dg/vect/vect-4.c execution test
FAIL: gcc.dg/vect/vect-40.c execution test
FAIL: gcc.dg/vect/vect-42.c execution test
FAIL: gcc.dg/vect/vect-44.c execution test
FAIL: gcc.dg/vect/vect-46.c execution test
FAIL: gcc.dg/vect/vect-48.c execution test
FAIL: gcc.dg/vect/vect-5.c execution test
FAIL: gcc.dg/vect/vect-50.c execution test
FAIL: gcc.dg/vect/vect-52.c execution test
FAIL: gcc.dg/vect/vect-54.c execution test
FAIL: gcc.dg/vect/vect-56.c execution test
FAIL: gcc.dg/vect/vect-58.c execution test
FAIL: gcc.dg/vect/vect-6.c execution test
FAIL: gcc.dg/vect/vect-60.c execution test
FAIL: gcc.dg/vect/vect-62.c execution test
FAIL: gcc.dg/vect/vect-64.c execution test
FAIL: gcc.dg/vect/vect-65.c execution test
FAIL: gcc.dg/vect/vect-66.c execution test
FAIL: gcc.dg/vect/vect-67.c execution test
FAIL: gcc.dg/vect/vect-68.c execution test
FAIL: gcc.dg/vect/vect-7.c execution test
FAIL: gcc.dg/vect/vect-70.c execution test
FAIL: gcc.dg/vect/vect-72.c execution test
FAIL: gcc.dg/vect/vect-73.c execution test
FAIL: gcc.dg/vect/vect-74.c execution test
FAIL: gcc.dg/vect/vect-75.c execution test
FAIL: gcc.dg/vect/vect-76.c execution test
FAIL: gcc.dg/vect/vect-77-alignchecks.c execution test
FAIL: gcc.dg/vect/vect-77-global.c execution test
FAIL: gcc.dg/vect/vect-77.c execution test
FAIL: gcc.dg/vect/vect-78-alignchecks.c execution test
FAIL: gcc.dg/vect/vect-78-global.c execution test
FAIL: gcc.dg/vect/vect-78.c execution test
FAIL: gcc.dg/vect/vect-8.c execution test
FAIL: gcc.dg/vect/vect-80.c execution test
FAIL: gcc.dg/vect/vect-85.c execution test
FAIL: gcc.dg/vect/vect-86.c execution test
FAIL: gcc.dg/vect/vect-87.c execution test
FAIL: gcc.dg/vect/vect-88.c execution test
FAIL: gcc.dg/vect/vect-89.c execution test
FAIL: gcc.dg/vect/vect-9.c execution test
FAIL: gcc.dg/vect/vect-92.c execution test
FAIL: gcc.dg/vect/vect-93.c execution test
FAIL: gcc.dg/vect/vect-95.c execution test
FAIL: gcc.dg/vect/vect-96.c execution test
FAIL: gcc.dg/vect/vect-97.c execution test
FAIL: gcc.dg/vect/vect-99.c execution test
FAIL: gcc.dg/vect/vect-align-1.c execution test
FAIL: gcc.dg/vect/vect-align-2.c execution test
FAIL: gcc.dg/vect/vect-all.c execution test
FAIL: gcc.dg/vect/vect-complex-1.c execution test
FAIL: gcc.dg/vect/vect-complex-2.c execution test
FAIL: gcc.dg/vect/vect-complex-4.c execution test
FAIL: gcc.dg/vect/vect-complex-5.c execution test
FAIL: gcc.dg/vect/vect-cond-1.c execution test
FAIL: gcc.dg/vect/vect-cond-10.c execution test
FAIL: gcc.dg/vect/vect-cond-3.c execution test
FAIL: gcc.dg/vect/vect-cond-4.c execution test
FAIL: gcc.dg/vect/vect-cond-6.c execution test
FAIL: gcc.dg/vect/vect-cond-7.c execution test
FAIL: gcc.dg/vect/vect-cond-8.c execution test
FAIL: gcc.dg/vect/vect-cond-9.c execution test
FAIL: gcc.dg/vect/vect-cselim-1.c execution test
FAIL: gcc.dg/vect/vect-double-reduc-1.c execution test
FAIL: gcc.dg/vect/vect-double-reduc-2.c execution test
FAIL: gcc.dg/vect/vect-double-reduc-3.c execution test
FAIL: gcc.dg/vect/vect-double-reduc-4.c execution test
FAIL: gcc.dg/vect/vect-double-reduc-5.c execution test
FAIL: gcc.dg/vect/vect-double-reduc-6.c execution test
FAIL: gcc.dg/vect/vect-double-reduc-7.c execution test
FAIL: gcc.dg/vect/vect-float-extend-1.c execution test
FAIL: gcc.dg/vect/vect-float-truncate-1.c execution test
FAIL: gcc.dg/vect/vect-floatint-conversion-1.c execution test
FAIL: gcc.dg/vect/vect-floatint-conversion-2.c execution test
FAIL: gcc.dg/vect/vect-ifcvt-16.c execution test
FAIL: gcc.dg/vect/vect-ifcvt-17.c execution test
FAIL: gcc.dg/vect/vect-ifcvt-2.c execution test
FAIL: gcc.dg/vect/vect-ifcvt-3.c execution test
FAIL: gcc.dg/vect/vect-ifcvt-4.c execution test
FAIL: gcc.dg/vect/vect-ifcvt-5.c execution test
FAIL: gcc.dg/vect/vect-ifcvt-6.c execution test
FAIL: gcc.dg/vect/vect-ifcvt-7.c execution test
FAIL: gcc.dg/vect/vect-ifcvt-9.c execution test
FAIL: gcc.dg/vect/vect-intfloat-conversion-1.c execution test
FAIL: gcc.dg/vect/vect-intfloat-conversion-2.c execution test
FAIL: gcc.dg/vect/vect-intfloat-conversion-3.c execution test
FAIL: gcc.dg/vect/vect-intfloat-conversion-4a.c execution test
FAIL: gcc.dg/vect/vect-intfloat-conversion-4b.c execution test
FAIL: gcc.dg/vect/vect-iv-1.c execution test
FAIL: gcc.dg/vect/vect-iv-10.c execution test
FAIL: gcc.dg/vect/vect-iv-2.c execution test
FAIL: gcc.dg/vect/vect-iv-3.c execution test
FAIL: gcc.dg/vect/vect-iv-4.c execution test
FAIL: gcc.dg/vect/vect-iv-6.c execution test
FAIL: gcc.dg/vect/vect-iv-8.c execution test
FAIL: gcc.dg/vect/vect-iv-8a.c execution test
FAIL: gcc.dg/vect/vect-iv-9.c execution test
FAIL: gcc.dg/vect/vect-multitypes-1.c execution test
FAIL: gcc.dg/vect/vect-multitypes-10.c execution test
FAIL: gcc.dg/vect/vect-multitypes-11.c execution test
FAIL: gcc.dg/vect/vect-multitypes-12.c execution test
FAIL: gcc.dg/vect/vect-multitypes-13.c execution test
FAIL: gcc.dg/vect/vect-multitypes-14.c execution test
FAIL: gcc.dg/vect/vect-multitypes-15.c execution test
FAIL: gcc.dg/vect/vect-multitypes-16.c execution test
FAIL: gcc.dg/vect/vect-multitypes-17.c execution test
FAIL: gcc.dg/vect/vect-multitypes-2.c execution test
FAIL: gcc.dg/vect/vect-multitypes-3.c execution test
FAIL: gcc.dg/vect/vect-multitypes-4.c execution test
FAIL: gcc.dg/vect/vect-multitypes-5.c execution test
FAIL: gcc.dg/vect/vect-multitypes-6.c execution test
FAIL: gcc.dg/vect/vect-multitypes-7.c execution test
FAIL: gcc.dg/vect/vect-multitypes-8.c execution test
FAIL: gcc.dg/vect/vect-multitypes-9.c execution test
FAIL: gcc.dg/vect/vect-nest-cycle-1.c execution test
FAIL: gcc.dg/vect/vect-nest-cycle-2.c execution test
FAIL: gcc.dg/vect/vect-nest-cycle-3.c execution test
FAIL: gcc.dg/vect/vect-outer-2.c execution test
FAIL: gcc.dg/vect/vect-outer-2a.c execution test
FAIL: gcc.dg/vect/vect-outer-2c.c execution test
FAIL: gcc.dg/vect/vect-outer-3.c execution test
FAIL: gcc.dg/vect/vect-outer-3a.c execution test
FAIL: gcc.dg/vect/vect-outer-3b.c execution test
FAIL: gcc.dg/vect/vect-outer-3c.c execution test
FAIL: gcc.dg/vect/vect-outer-4.c execution test
FAIL: gcc.dg/vect/vect-outer-4d.c execution test
FAIL: gcc.dg/vect/vect-outer-4f.c execution test
FAIL: gcc.dg/vect/vect-outer-4g.c execution test
FAIL: gcc.dg/vect/vect-outer-4i.c execution test
FAIL: gcc.dg/vect/vect-outer-4k.c execution test
FAIL: gcc.dg/vect/vect-outer-4l.c execution test
FAIL: gcc.dg/vect/vect-outer-4m.c execution test
FAIL: gcc.dg/vect/vect-outer-5.c execution test
FAIL: gcc.dg/vect/vect-outer-6.c execution test
FAIL: gcc.dg/vect/vect-outer-fir-lb.c execution test
FAIL: gcc.dg/vect/vect-outer-fir.c execution test
FAIL: gcc.dg/vect/vect-over-widen-1.c execution test
FAIL: gcc.dg/vect/vect-over-widen-2.c execution test
FAIL: gcc.dg/vect/vect-over-widen-3.c execution test
FAIL: gcc.dg/vect/vect-over-widen-4.c execution test
FAIL: gcc.dg/vect/vect-peel-1.c execution test
FAIL: gcc.dg/vect/vect-peel-2.c execution test
FAIL: gcc.dg/vect/vect-peel-3.c execution test
FAIL: gcc.dg/vect/vect-peel-4.c execution test
FAIL: gcc.dg/vect/vect-reduc-1.c execution test
FAIL: gcc.dg/vect/vect-reduc-10.c execution test
FAIL: gcc.dg/vect/vect-reduc-1char.c execution test
FAIL: gcc.dg/vect/vect-reduc-1short.c execution test
FAIL: gcc.dg/vect/vect-reduc-2.c execution test
FAIL: gcc.dg/vect/vect-reduc-2char.c execution test
FAIL: gcc.dg/vect/vect-reduc-2short.c execution test
FAIL: gcc.dg/vect/vect-reduc-3.c execution test
FAIL: gcc.dg/vect/vect-reduc-7.c execution test
FAIL: gcc.dg/vect/vect-reduc-8.c execution test
FAIL: gcc.dg/vect/vect-reduc-9.c execution test
FAIL: gcc.dg/vect/vect-reduc-dot-s16a.c execution test
FAIL: gcc.dg/vect/vect-reduc-dot-s16b.c execution test
FAIL: gcc.dg/vect/vect-reduc-dot-s8a.c execution test
FAIL: gcc.dg/vect/vect-reduc-dot-s8c.c execution test
FAIL: gcc.dg/vect/vect-reduc-dot-u16a.c execution test
FAIL: gcc.dg/vect/vect-reduc-dot-u16b.c execution test
FAIL: gcc.dg/vect/vect-reduc-dot-u8a.c execution test
FAIL: gcc.dg/vect/vect-reduc-dot-u8b.c execution test
FAIL: gcc.dg/vect/vect-reduc-pattern-1a.c execution test
FAIL: gcc.dg/vect/vect-reduc-pattern-1b.c execution test
FAIL: gcc.dg/vect/vect-reduc-pattern-1c.c execution test
FAIL: gcc.dg/vect/vect-reduc-pattern-2a.c execution test
FAIL: gcc.dg/vect/vect-reduc-pattern-2b.c execution test
FAIL: gcc.dg/vect/vect-shift-1.c execution test
FAIL: gcc.dg/vect/vect-shift-2.c execution test
FAIL: gcc.dg/vect/vect-shift-3.c execution test
FAIL: gcc.dg/vect/vect-strided-a-mult.c execution test
FAIL: gcc.dg/vect/vect-strided-a-u16-i2.c execution test
FAIL: gcc.dg/vect/vect-strided-a-u16-i4.c execution test
FAIL: gcc.dg/vect/vect-strided-a-u16-mult.c execution test
FAIL: gcc.dg/vect/vect-strided-a-u32-mult.c execution test
FAIL: gcc.dg/vect/vect-strided-a-u8-i2-gap.c execution test
FAIL: gcc.dg/vect/vect-strided-a-u8-i8-gap7.c execution test
FAIL: gcc.dg/vect/vect-strided-float.c execution test
FAIL: gcc.dg/vect/vect-strided-mult-char-ls.c execution test
FAIL: gcc.dg/vect/vect-strided-mult.c execution test
FAIL: gcc.dg/vect/vect-strided-same-dr.c execution test
FAIL: gcc.dg/vect/vect-strided-store-a-u8-i2.c execution test
FAIL: gcc.dg/vect/vect-strided-store-u16-i4.c execution test
FAIL: gcc.dg/vect/vect-strided-store-u32-i2.c execution test
FAIL: gcc.dg/vect/vect-strided-u16-i2.c execution test
FAIL: gcc.dg/vect/vect-strided-u16-i4.c execution test
FAIL: gcc.dg/vect/vect-strided-u32-i4.c execution test
FAIL: gcc.dg/vect/vect-strided-u32-i8.c execution test
FAIL: gcc.dg/vect/vect-strided-u32-mult.c execution test
FAIL: gcc.dg/vect/vect-strided-u8-i2-gap.c execution test
FAIL: gcc.dg/vect/vect-strided-u8-i2.c execution test
FAIL: gcc.dg/vect/vect-strided-u8-i8-gap4-unknown.c execution test
FAIL: gcc.dg/vect/vect-strided-u8-i8-gap7.c execution test
FAIL: gcc.dg/vect/vect-strided-u8-i8.c execution test
FAIL: gcc.dg/vect/vect-vfa-01.c execution test
FAIL: gcc.dg/vect/vect-vfa-02.c execution test
FAIL: gcc.dg/vect/vect-vfa-03.c execution test
FAIL: gcc.dg/vect/vect-vfa-slp.c execution test
FAIL: gcc.dg/vect/vect-widen-mult-const-s16.c execution test
FAIL: gcc.dg/vect/vect-widen-mult-const-u16.c execution test
FAIL: gcc.dg/vect/vect-widen-mult-half-u8.c execution test
FAIL: gcc.dg/vect/vect-widen-mult-half.c execution test
FAIL: gcc.dg/vect/vect-widen-mult-s16.c execution test
FAIL: gcc.dg/vect/vect-widen-mult-s8.c execution test
FAIL: gcc.dg/vect/vect-widen-mult-sum.c execution test
FAIL: gcc.dg/vect/vect-widen-mult-u16.c execution test
FAIL: gcc.dg/vect/vect-widen-mult-u8.c execution test
FAIL: gcc.dg/vect/vect-widen-shift-s16.c execution test
FAIL: gcc.dg/vect/vect-widen-shift-s8.c execution test
FAIL: gcc.dg/vect/vect-widen-shift-u16.c execution test
FAIL: gcc.dg/vect/vect-widen-shift-u8.c execution test
FAIL: gcc.dg/vect/slp-1.c execution test
FAIL: gcc.dg/vect/slp-10.c execution test
FAIL: gcc.dg/vect/slp-11a.c execution test
FAIL: gcc.dg/vect/slp-11b.c execution test
FAIL: gcc.dg/vect/slp-11c.c execution test
FAIL: gcc.dg/vect/slp-12a.c execution test
FAIL: gcc.dg/vect/slp-12b.c execution test
FAIL: gcc.dg/vect/slp-12c.c execution test
FAIL: gcc.dg/vect/slp-13.c execution test
FAIL: gcc.dg/vect/slp-14.c execution test
FAIL: gcc.dg/vect/slp-15.c execution test
FAIL: gcc.dg/vect/slp-16.c execution test
FAIL: gcc.dg/vect/slp-17.c execution test
FAIL: gcc.dg/vect/slp-18.c execution test
FAIL: gcc.dg/vect/slp-19a.c execution test
FAIL: gcc.dg/vect/slp-19b.c execution test
FAIL: gcc.dg/vect/slp-19c.c execution test
FAIL: gcc.dg/vect/slp-2.c execution test
FAIL: gcc.dg/vect/slp-20.c execution test
FAIL: gcc.dg/vect/slp-21.c execution test
FAIL: gcc.dg/vect/slp-22.c execution test
FAIL: gcc.dg/vect/slp-23.c execution test
FAIL: gcc.dg/vect/slp-24.c execution test
FAIL: gcc.dg/vect/slp-25.c execution test
FAIL: gcc.dg/vect/slp-28.c execution test
FAIL: gcc.dg/vect/slp-3.c execution test
FAIL: gcc.dg/vect/slp-33.c execution test
FAIL: gcc.dg/vect/slp-34.c execution test
FAIL: gcc.dg/vect/slp-35.c execution test
FAIL: gcc.dg/vect/slp-4.c execution test
FAIL: gcc.dg/vect/slp-5.c execution test
FAIL: gcc.dg/vect/slp-6.c execution test
FAIL: gcc.dg/vect/slp-7.c execution test
FAIL: gcc.dg/vect/slp-8.c execution test
FAIL: gcc.dg/vect/slp-9.c execution test
FAIL: gcc.dg/vect/slp-multitypes-1.c execution test
FAIL: gcc.dg/vect/slp-multitypes-10.c execution test
FAIL: gcc.dg/vect/slp-multitypes-11.c execution test
FAIL: gcc.dg/vect/slp-multitypes-12.c execution test
FAIL: gcc.dg/vect/slp-multitypes-2.c execution test
FAIL: gcc.dg/vect/slp-multitypes-3.c execution test
FAIL: gcc.dg/vect/slp-multitypes-4.c execution test
FAIL: gcc.dg/vect/slp-multitypes-5.c execution test
FAIL: gcc.dg/vect/slp-multitypes-6.c execution test
FAIL: gcc.dg/vect/slp-multitypes-7.c execution test
FAIL: gcc.dg/vect/slp-multitypes-8.c execution test
FAIL: gcc.dg/vect/slp-multitypes-9.c execution test
FAIL: gcc.dg/vect/slp-perm-1.c execution test
FAIL: gcc.dg/vect/slp-perm-2.c execution test
FAIL: gcc.dg/vect/slp-perm-3.c execution test
FAIL: gcc.dg/vect/slp-perm-5.c execution test
FAIL: gcc.dg/vect/slp-perm-6.c execution test
FAIL: gcc.dg/vect/slp-perm-7.c execution test
FAIL: gcc.dg/vect/slp-perm-8.c execution test
FAIL: gcc.dg/vect/slp-perm-9.c execution test
FAIL: gcc.dg/vect/slp-reduc-1.c execution test
FAIL: gcc.dg/vect/slp-reduc-2.c execution test
FAIL: gcc.dg/vect/slp-reduc-3.c execution test
FAIL: gcc.dg/vect/slp-reduc-4.c execution test
FAIL: gcc.dg/vect/slp-reduc-5.c execution test
FAIL: gcc.dg/vect/slp-reduc-6.c execution test
FAIL: gcc.dg/vect/slp-widen-mult-half.c execution test
FAIL: gcc.dg/vect/slp-widen-mult-s16.c execution test
FAIL: gcc.dg/vect/slp-widen-mult-u8.c execution test
FAIL: gcc.dg/vect/bb-slp-1.c execution test
FAIL: gcc.dg/vect/bb-slp-10.c execution test
FAIL: gcc.dg/vect/bb-slp-13.c execution test
FAIL: gcc.dg/vect/bb-slp-15.c execution test
FAIL: gcc.dg/vect/bb-slp-16.c execution test
FAIL: gcc.dg/vect/bb-slp-17.c execution test
FAIL: gcc.dg/vect/bb-slp-18.c execution test
FAIL: gcc.dg/vect/bb-slp-2.c execution test
FAIL: gcc.dg/vect/bb-slp-20.c execution test
FAIL: gcc.dg/vect/bb-slp-21.c execution test
FAIL: gcc.dg/vect/bb-slp-22.c execution test
FAIL: gcc.dg/vect/bb-slp-23.c execution test
FAIL: gcc.dg/vect/bb-slp-24.c execution test
FAIL: gcc.dg/vect/bb-slp-25.c execution test
FAIL: gcc.dg/vect/bb-slp-26.c execution test
FAIL: gcc.dg/vect/bb-slp-27.c execution test
FAIL: gcc.dg/vect/bb-slp-28.c execution test
FAIL: gcc.dg/vect/bb-slp-29.c execution test
FAIL: gcc.dg/vect/bb-slp-3.c execution test
FAIL: gcc.dg/vect/bb-slp-5.c execution test
FAIL: gcc.dg/vect/bb-slp-6.c execution test
FAIL: gcc.dg/vect/bb-slp-8.c execution test
FAIL: gcc.dg/vect/bb-slp-8b.c execution test
FAIL: gcc.dg/vect/bb-slp-9.c execution test
FAIL: gcc.dg/vect/pr18400.c -flto execution test
FAIL: gcc.dg/vect/pr20122.c -flto execution test
FAIL: gcc.dg/vect/pr30784.c -flto execution test
FAIL: gcc.dg/vect/pr31699.c -flto execution test
FAIL: gcc.dg/vect/pr36493.c -flto execution test
FAIL: gcc.dg/vect/pr37539.c -flto execution test
FAIL: gcc.dg/vect/pr43430-1.c -flto execution test
FAIL: gcc.dg/vect/pr45902.c -flto execution test
FAIL: gcc.dg/vect/pr46009.c -flto execution test
FAIL: gcc.dg/vect/pr48172.c -flto execution test
FAIL: gcc.dg/vect/pr48377.c -flto execution test
FAIL: gcc.dg/vect/pr49771.c -flto execution test
FAIL: gcc.dg/vect/vect-100.c -flto execution test
FAIL: gcc.dg/vect/vect-103.c -flto execution test
FAIL: gcc.dg/vect/vect-105.c -flto execution test
FAIL: gcc.dg/vect/vect-106.c -flto execution test
FAIL: gcc.dg/vect/vect-107.c -flto execution test
FAIL: gcc.dg/vect/vect-108.c -flto execution test
FAIL: gcc.dg/vect/vect-109.c -flto execution test
FAIL: gcc.dg/vect/vect-11.c -flto execution test
FAIL: gcc.dg/vect/vect-112.c -flto execution test
FAIL: gcc.dg/vect/vect-113.c -flto execution test
FAIL: gcc.dg/vect/vect-114.c -flto execution test
FAIL: gcc.dg/vect/vect-115.c -flto execution test
FAIL: gcc.dg/vect/vect-116.c -flto execution test
FAIL: gcc.dg/vect/vect-117.c -flto execution test
FAIL: gcc.dg/vect/vect-11a.c -flto execution test
FAIL: gcc.dg/vect/vect-12.c -flto execution test
FAIL: gcc.dg/vect/vect-13.c -flto execution test
FAIL: gcc.dg/vect/vect-14.c -flto execution test
FAIL: gcc.dg/vect/vect-15.c -flto execution test
FAIL: gcc.dg/vect/vect-17.c -flto execution test
FAIL: gcc.dg/vect/vect-18.c -flto execution test
FAIL: gcc.dg/vect/vect-19.c -flto execution test
FAIL: gcc.dg/vect/vect-2.c -flto execution test
FAIL: gcc.dg/vect/vect-20.c -flto execution test
FAIL: gcc.dg/vect/vect-21.c -flto execution test
FAIL: gcc.dg/vect/vect-22.c -flto execution test
FAIL: gcc.dg/vect/vect-25.c -flto execution test
FAIL: gcc.dg/vect/vect-26.c -flto execution test
FAIL: gcc.dg/vect/vect-27.c -flto execution test
FAIL: gcc.dg/vect/vect-28.c -flto execution test
FAIL: gcc.dg/vect/vect-29.c -flto execution test
FAIL: gcc.dg/vect/vect-3.c -flto execution test
FAIL: gcc.dg/vect/vect-30.c -flto execution test
FAIL: gcc.dg/vect/vect-31.c -flto execution test
FAIL: gcc.dg/vect/vect-32.c -flto execution test
FAIL: gcc.dg/vect/vect-34.c -flto execution test
FAIL: gcc.dg/vect/vect-35.c -flto execution test
FAIL: gcc.dg/vect/vect-36.c -flto execution test
FAIL: gcc.dg/vect/vect-38.c -flto execution test
FAIL: gcc.dg/vect/vect-4.c -flto execution test
FAIL: gcc.dg/vect/vect-40.c -flto execution test
FAIL: gcc.dg/vect/vect-42.c -flto execution test
FAIL: gcc.dg/vect/vect-44.c -flto execution test
FAIL: gcc.dg/vect/vect-46.c -flto execution test
FAIL: gcc.dg/vect/vect-48.c -flto execution test
FAIL: gcc.dg/vect/vect-5.c -flto execution test
FAIL: gcc.dg/vect/vect-50.c -flto execution test
FAIL: gcc.dg/vect/vect-52.c -flto execution test
FAIL: gcc.dg/vect/vect-54.c -flto execution test
FAIL: gcc.dg/vect/vect-56.c -flto execution test
FAIL: gcc.dg/vect/vect-58.c -flto execution test
FAIL: gcc.dg/vect/vect-6.c -flto execution test
FAIL: gcc.dg/vect/vect-60.c -flto execution test
FAIL: gcc.dg/vect/vect-62.c -flto execution test
FAIL: gcc.dg/vect/vect-64.c -flto execution test
FAIL: gcc.dg/vect/vect-65.c -flto execution test
FAIL: gcc.dg/vect/vect-66.c -flto execution test
FAIL: gcc.dg/vect/vect-67.c -flto execution test
FAIL: gcc.dg/vect/vect-68.c -flto execution test
FAIL: gcc.dg/vect/vect-7.c -flto execution test
FAIL: gcc.dg/vect/vect-70.c -flto execution test
FAIL: gcc.dg/vect/vect-72.c -flto execution test
FAIL: gcc.dg/vect/vect-73.c -flto execution test
FAIL: gcc.dg/vect/vect-74.c -flto execution test
FAIL: gcc.dg/vect/vect-75.c -flto execution test
FAIL: gcc.dg/vect/vect-76.c -flto execution test
FAIL: gcc.dg/vect/vect-77-alignchecks.c -flto execution test
FAIL: gcc.dg/vect/vect-77-global.c -flto execution test
FAIL: gcc.dg/vect/vect-77.c -flto execution test
FAIL: gcc.dg/vect/vect-78-alignchecks.c -flto execution test
FAIL: gcc.dg/vect/vect-78-global.c -flto execution test
FAIL: gcc.dg/vect/vect-78.c -flto execution test
FAIL: gcc.dg/vect/vect-8.c -flto execution test
FAIL: gcc.dg/vect/vect-80.c -flto execution test
FAIL: gcc.dg/vect/vect-85.c -flto execution test
FAIL: gcc.dg/vect/vect-86.c -flto execution test
FAIL: gcc.dg/vect/vect-87.c -flto execution test
FAIL: gcc.dg/vect/vect-88.c -flto execution test
FAIL: gcc.dg/vect/vect-89.c -flto execution test
FAIL: gcc.dg/vect/vect-9.c -flto execution test
FAIL: gcc.dg/vect/vect-92.c -flto execution test
FAIL: gcc.dg/vect/vect-93.c -flto execution test
FAIL: gcc.dg/vect/vect-95.c -flto execution test
FAIL: gcc.dg/vect/vect-96.c -flto execution test
FAIL: gcc.dg/vect/vect-97.c -flto execution test
FAIL: gcc.dg/vect/vect-99.c -flto execution test
FAIL: gcc.dg/vect/vect-align-1.c -flto execution test
FAIL: gcc.dg/vect/vect-align-2.c -flto execution test
FAIL: gcc.dg/vect/vect-all.c -flto execution test
FAIL: gcc.dg/vect/vect-complex-1.c -flto execution test
FAIL: gcc.dg/vect/vect-complex-2.c -flto execution test
FAIL: gcc.dg/vect/vect-complex-4.c -flto execution test
FAIL: gcc.dg/vect/vect-cond-1.c -flto execution test
FAIL: gcc.dg/vect/vect-cond-10.c -flto execution test
FAIL: gcc.dg/vect/vect-cond-3.c -flto execution test
FAIL: gcc.dg/vect/vect-cond-4.c -flto execution test
FAIL: gcc.dg/vect/vect-cond-6.c -flto execution test
FAIL: gcc.dg/vect/vect-cond-7.c -flto execution test
FAIL: gcc.dg/vect/vect-cond-8.c -flto execution test
FAIL: gcc.dg/vect/vect-cond-9.c -flto execution test
FAIL: gcc.dg/vect/vect-cselim-1.c -flto execution test
FAIL: gcc.dg/vect/vect-cselim-2.c -flto execution test
FAIL: gcc.dg/vect/vect-double-reduc-1.c -flto execution test
FAIL: gcc.dg/vect/vect-double-reduc-2.c -flto execution test
FAIL: gcc.dg/vect/vect-double-reduc-3.c -flto execution test
FAIL: gcc.dg/vect/vect-double-reduc-4.c -flto execution test
FAIL: gcc.dg/vect/vect-double-reduc-5.c -flto execution test
FAIL: gcc.dg/vect/vect-double-reduc-6.c -flto execution test
FAIL: gcc.dg/vect/vect-double-reduc-7.c -flto execution test
FAIL: gcc.dg/vect/vect-float-extend-1.c -flto execution test
FAIL: gcc.dg/vect/vect-float-truncate-1.c -flto execution test
FAIL: gcc.dg/vect/vect-floatint-conversion-1.c -flto execution test
FAIL: gcc.dg/vect/vect-floatint-conversion-2.c -flto execution test
FAIL: gcc.dg/vect/vect-ifcvt-16.c -flto execution test
FAIL: gcc.dg/vect/vect-ifcvt-17.c -flto execution test
FAIL: gcc.dg/vect/vect-ifcvt-2.c -flto execution test
FAIL: gcc.dg/vect/vect-ifcvt-3.c -flto execution test
FAIL: gcc.dg/vect/vect-ifcvt-4.c -flto execution test
FAIL: gcc.dg/vect/vect-ifcvt-5.c -flto execution test
FAIL: gcc.dg/vect/vect-ifcvt-6.c -flto execution test
FAIL: gcc.dg/vect/vect-ifcvt-7.c -flto execution test
FAIL: gcc.dg/vect/vect-ifcvt-9.c -flto execution test
FAIL: gcc.dg/vect/vect-intfloat-conversion-1.c -flto execution test
FAIL: gcc.dg/vect/vect-intfloat-conversion-2.c -flto execution test
FAIL: gcc.dg/vect/vect-intfloat-conversion-3.c -flto execution test
FAIL: gcc.dg/vect/vect-intfloat-conversion-4a.c -flto execution test
FAIL: gcc.dg/vect/vect-intfloat-conversion-4b.c -flto execution test
FAIL: gcc.dg/vect/vect-iv-1.c -flto execution test
FAIL: gcc.dg/vect/vect-iv-10.c -flto execution test
FAIL: gcc.dg/vect/vect-iv-2.c -flto execution test
FAIL: gcc.dg/vect/vect-iv-3.c -flto execution test
FAIL: gcc.dg/vect/vect-iv-4.c -flto execution test
FAIL: gcc.dg/vect/vect-iv-6.c -flto execution test
FAIL: gcc.dg/vect/vect-iv-7.c -flto execution test
FAIL: gcc.dg/vect/vect-iv-8.c -flto execution test
FAIL: gcc.dg/vect/vect-iv-8a.c -flto execution test
FAIL: gcc.dg/vect/vect-iv-9.c -flto execution test
FAIL: gcc.dg/vect/vect-multitypes-1.c -flto execution test
FAIL: gcc.dg/vect/vect-multitypes-10.c -flto execution test
FAIL: gcc.dg/vect/vect-multitypes-11.c -flto execution test
FAIL: gcc.dg/vect/vect-multitypes-12.c -flto execution test
FAIL: gcc.dg/vect/vect-multitypes-13.c -flto execution test
FAIL: gcc.dg/vect/vect-multitypes-14.c -flto execution test
FAIL: gcc.dg/vect/vect-multitypes-15.c -flto execution test
FAIL: gcc.dg/vect/vect-multitypes-16.c -flto execution test
FAIL: gcc.dg/vect/vect-multitypes-17.c -flto execution test
FAIL: gcc.dg/vect/vect-multitypes-2.c -flto execution test
FAIL: gcc.dg/vect/vect-multitypes-3.c -flto execution test
FAIL: gcc.dg/vect/vect-multitypes-4.c -flto execution test
FAIL: gcc.dg/vect/vect-multitypes-5.c -flto execution test
FAIL: gcc.dg/vect/vect-multitypes-6.c -flto execution test
FAIL: gcc.dg/vect/vect-multitypes-7.c -flto execution test
FAIL: gcc.dg/vect/vect-multitypes-8.c -flto execution test
FAIL: gcc.dg/vect/vect-multitypes-9.c -flto execution test
FAIL: gcc.dg/vect/vect-nest-cycle-1.c -flto execution test
FAIL: gcc.dg/vect/vect-nest-cycle-2.c -flto execution test
FAIL: gcc.dg/vect/vect-nest-cycle-3.c -flto execution test
FAIL: gcc.dg/vect/vect-outer-2.c -flto execution test
FAIL: gcc.dg/vect/vect-outer-2a.c -flto execution test
FAIL: gcc.dg/vect/vect-outer-2c.c -flto execution test
FAIL: gcc.dg/vect/vect-outer-3.c -flto execution test
FAIL: gcc.dg/vect/vect-outer-3a.c -flto execution test
FAIL: gcc.dg/vect/vect-outer-3b.c -flto execution test
FAIL: gcc.dg/vect/vect-outer-3c.c -flto execution test
FAIL: gcc.dg/vect/vect-outer-4.c -flto execution test
FAIL: gcc.dg/vect/vect-outer-4d.c -flto execution test
FAIL: gcc.dg/vect/vect-outer-4f.c -flto execution test
FAIL: gcc.dg/vect/vect-outer-4g.c -flto execution test
FAIL: gcc.dg/vect/vect-outer-4i.c -flto execution test
FAIL: gcc.dg/vect/vect-outer-4k.c -flto execution test
FAIL: gcc.dg/vect/vect-outer-4l.c -flto execution test
FAIL: gcc.dg/vect/vect-outer-4m.c -flto execution test
FAIL: gcc.dg/vect/vect-outer-5.c -flto execution test
FAIL: gcc.dg/vect/vect-outer-6.c -flto execution test
FAIL: gcc.dg/vect/vect-outer-fir-lb.c -flto execution test
FAIL: gcc.dg/vect/vect-outer-fir.c -flto execution test
FAIL: gcc.dg/vect/vect-over-widen-1.c -flto execution test
FAIL: gcc.dg/vect/vect-over-widen-2.c -flto execution test
FAIL: gcc.dg/vect/vect-over-widen-3.c -flto execution test
FAIL: gcc.dg/vect/vect-over-widen-4.c -flto execution test
FAIL: gcc.dg/vect/vect-peel-1.c -flto execution test
FAIL: gcc.dg/vect/vect-peel-2.c -flto execution test
FAIL: gcc.dg/vect/vect-peel-3.c -flto execution test
FAIL: gcc.dg/vect/vect-peel-4.c -flto execution test
FAIL: gcc.dg/vect/vect-reduc-1.c -flto execution test
FAIL: gcc.dg/vect/vect-reduc-10.c -flto execution test
FAIL: gcc.dg/vect/vect-reduc-1char.c -flto execution test
FAIL: gcc.dg/vect/vect-reduc-1short.c -flto execution test
FAIL: gcc.dg/vect/vect-reduc-2.c -flto execution test
FAIL: gcc.dg/vect/vect-reduc-2char.c -flto execution test
FAIL: gcc.dg/vect/vect-reduc-2short.c -flto execution test
FAIL: gcc.dg/vect/vect-reduc-3.c -flto execution test
FAIL: gcc.dg/vect/vect-reduc-7.c -flto execution test
FAIL: gcc.dg/vect/vect-reduc-8.c -flto execution test
FAIL: gcc.dg/vect/vect-reduc-9.c -flto execution test
FAIL: gcc.dg/vect/vect-reduc-dot-s16a.c -flto execution test
FAIL: gcc.dg/vect/vect-reduc-dot-s16b.c -flto execution test
FAIL: gcc.dg/vect/vect-reduc-dot-s8a.c -flto execution test
FAIL: gcc.dg/vect/vect-reduc-dot-s8c.c -flto execution test
FAIL: gcc.dg/vect/vect-reduc-dot-u16a.c -flto execution test
FAIL: gcc.dg/vect/vect-reduc-dot-u16b.c -flto execution test
FAIL: gcc.dg/vect/vect-reduc-dot-u8a.c -flto execution test
FAIL: gcc.dg/vect/vect-reduc-dot-u8b.c -flto execution test
FAIL: gcc.dg/vect/vect-reduc-pattern-1a.c -flto execution test
FAIL: gcc.dg/vect/vect-reduc-pattern-1b.c -flto execution test
FAIL: gcc.dg/vect/vect-reduc-pattern-1c.c -flto execution test
FAIL: gcc.dg/vect/vect-reduc-pattern-2a.c -flto execution test
FAIL: gcc.dg/vect/vect-reduc-pattern-2b.c -flto execution test
FAIL: gcc.dg/vect/vect-shift-1.c -flto execution test
FAIL: gcc.dg/vect/vect-shift-2.c -flto execution test
FAIL: gcc.dg/vect/vect-shift-3.c -flto execution test
FAIL: gcc.dg/vect/vect-strided-a-mult.c -flto execution test
FAIL: gcc.dg/vect/vect-strided-a-u16-i2.c -flto execution test
FAIL: gcc.dg/vect/vect-strided-a-u16-i4.c -flto execution test
FAIL: gcc.dg/vect/vect-strided-a-u16-mult.c -flto execution test
FAIL: gcc.dg/vect/vect-strided-a-u32-mult.c -flto execution test
FAIL: gcc.dg/vect/vect-strided-a-u8-i2-gap.c -flto execution test
FAIL: gcc.dg/vect/vect-strided-a-u8-i8-gap7.c -flto execution test
FAIL: gcc.dg/vect/vect-strided-float.c -flto execution test
FAIL: gcc.dg/vect/vect-strided-mult-char-ls.c -flto execution test
FAIL: gcc.dg/vect/vect-strided-mult.c -flto execution test
FAIL: gcc.dg/vect/vect-strided-same-dr.c -flto execution test
FAIL: gcc.dg/vect/vect-strided-store-a-u8-i2.c -flto execution test
FAIL: gcc.dg/vect/vect-strided-store-u16-i4.c -flto execution test
FAIL: gcc.dg/vect/vect-strided-store-u32-i2.c -flto execution test
FAIL: gcc.dg/vect/vect-strided-u16-i2.c -flto execution test
FAIL: gcc.dg/vect/vect-strided-u16-i4.c -flto execution test
FAIL: gcc.dg/vect/vect-strided-u32-i4.c -flto execution test
FAIL: gcc.dg/vect/vect-strided-u32-i8.c -flto execution test
FAIL: gcc.dg/vect/vect-strided-u32-mult.c -flto execution test
FAIL: gcc.dg/vect/vect-strided-u8-i2-gap.c -flto execution test
FAIL: gcc.dg/vect/vect-strided-u8-i2.c -flto execution test
FAIL: gcc.dg/vect/vect-strided-u8-i8-gap4-unknown.c -flto execution test
FAIL: gcc.dg/vect/vect-strided-u8-i8-gap7.c -flto execution test
FAIL: gcc.dg/vect/vect-strided-u8-i8.c -flto execution test
FAIL: gcc.dg/vect/vect-vfa-01.c -flto execution test
FAIL: gcc.dg/vect/vect-vfa-02.c -flto execution test
FAIL: gcc.dg/vect/vect-vfa-03.c -flto execution test
FAIL: gcc.dg/vect/vect-vfa-slp.c -flto execution test
FAIL: gcc.dg/vect/vect-widen-mult-const-s16.c -flto execution test
FAIL: gcc.dg/vect/vect-widen-mult-const-u16.c -flto execution test
FAIL: gcc.dg/vect/vect-widen-mult-half-u8.c -flto execution test
FAIL: gcc.dg/vect/vect-widen-mult-half.c -flto execution test
FAIL: gcc.dg/vect/vect-widen-mult-s16.c -flto execution test
FAIL: gcc.dg/vect/vect-widen-mult-s8.c -flto execution test
FAIL: gcc.dg/vect/vect-widen-mult-sum.c -flto execution test
FAIL: gcc.dg/vect/vect-widen-mult-u16.c -flto execution test
FAIL: gcc.dg/vect/vect-widen-mult-u8.c -flto execution test
FAIL: gcc.dg/vect/vect-widen-shift-s16.c -flto execution test
FAIL: gcc.dg/vect/vect-widen-shift-s8.c -flto execution test
FAIL: gcc.dg/vect/vect-widen-shift-u16.c -flto execution test
FAIL: gcc.dg/vect/vect-widen-shift-u8.c -flto execution test
FAIL: gcc.dg/vect/slp-1.c -flto execution test
FAIL: gcc.dg/vect/slp-10.c -flto execution test
FAIL: gcc.dg/vect/slp-11a.c -flto execution test
FAIL: gcc.dg/vect/slp-11b.c -flto execution test
FAIL: gcc.dg/vect/slp-11c.c -flto execution test
FAIL: gcc.dg/vect/slp-12a.c -flto execution test
FAIL: gcc.dg/vect/slp-12b.c -flto execution test
FAIL: gcc.dg/vect/slp-12c.c -flto execution test
FAIL: gcc.dg/vect/slp-13.c -flto execution test
FAIL: gcc.dg/vect/slp-14.c -flto execution test
FAIL: gcc.dg/vect/slp-15.c -flto execution test
FAIL: gcc.dg/vect/slp-16.c -flto execution test
FAIL: gcc.dg/vect/slp-17.c -flto execution test
FAIL: gcc.dg/vect/slp-18.c -flto execution test
FAIL: gcc.dg/vect/slp-19a.c -flto execution test
FAIL: gcc.dg/vect/slp-19b.c -flto execution test
FAIL: gcc.dg/vect/slp-19c.c -flto execution test
FAIL: gcc.dg/vect/slp-2.c -flto execution test
FAIL: gcc.dg/vect/slp-20.c -flto execution test
FAIL: gcc.dg/vect/slp-21.c -flto execution test
FAIL: gcc.dg/vect/slp-22.c -flto execution test
FAIL: gcc.dg/vect/slp-23.c -flto execution test
FAIL: gcc.dg/vect/slp-24.c -flto execution test
FAIL: gcc.dg/vect/slp-25.c -flto execution test
FAIL: gcc.dg/vect/slp-28.c -flto execution test
FAIL: gcc.dg/vect/slp-3.c -flto execution test
FAIL: gcc.dg/vect/slp-33.c -flto execution test
FAIL: gcc.dg/vect/slp-34.c -flto execution test
FAIL: gcc.dg/vect/slp-35.c -flto execution test
FAIL: gcc.dg/vect/slp-4.c -flto execution test
FAIL: gcc.dg/vect/slp-5.c -flto execution test
FAIL: gcc.dg/vect/slp-6.c -flto execution test
FAIL: gcc.dg/vect/slp-7.c -flto execution test
FAIL: gcc.dg/vect/slp-8.c -flto execution test
FAIL: gcc.dg/vect/slp-9.c -flto execution test
FAIL: gcc.dg/vect/slp-multitypes-1.c -flto execution test
FAIL: gcc.dg/vect/slp-multitypes-10.c -flto execution test
FAIL: gcc.dg/vect/slp-multitypes-11.c -flto execution test
FAIL: gcc.dg/vect/slp-multitypes-12.c -flto execution test
FAIL: gcc.dg/vect/slp-multitypes-2.c -flto execution test
FAIL: gcc.dg/vect/slp-multitypes-3.c -flto execution test
FAIL: gcc.dg/vect/slp-multitypes-4.c -flto execution test
FAIL: gcc.dg/vect/slp-multitypes-5.c -flto execution test
FAIL: gcc.dg/vect/slp-multitypes-6.c -flto execution test
FAIL: gcc.dg/vect/slp-multitypes-7.c -flto execution test
FAIL: gcc.dg/vect/slp-multitypes-8.c -flto execution test
FAIL: gcc.dg/vect/slp-multitypes-9.c -flto execution test
FAIL: gcc.dg/vect/slp-perm-1.c -flto execution test
FAIL: gcc.dg/vect/slp-perm-2.c -flto execution test
FAIL: gcc.dg/vect/slp-perm-3.c -flto execution test
FAIL: gcc.dg/vect/slp-perm-5.c -flto execution test
FAIL: gcc.dg/vect/slp-perm-6.c -flto execution test
FAIL: gcc.dg/vect/slp-perm-7.c -flto execution test
FAIL: gcc.dg/vect/slp-perm-8.c -flto execution test
FAIL: gcc.dg/vect/slp-perm-9.c -flto execution test
FAIL: gcc.dg/vect/slp-reduc-1.c -flto execution test
FAIL: gcc.dg/vect/slp-reduc-2.c -flto execution test
FAIL: gcc.dg/vect/slp-reduc-3.c -flto execution test
FAIL: gcc.dg/vect/slp-reduc-4.c -flto execution test
FAIL: gcc.dg/vect/slp-reduc-5.c -flto execution test
FAIL: gcc.dg/vect/slp-reduc-6.c -flto execution test
FAIL: gcc.dg/vect/slp-widen-mult-half.c -flto execution test
FAIL: gcc.dg/vect/slp-widen-mult-s16.c -flto execution test
FAIL: gcc.dg/vect/slp-widen-mult-u8.c -flto execution test
FAIL: gcc.dg/vect/bb-slp-1.c -flto execution test
FAIL: gcc.dg/vect/bb-slp-16.c -flto execution test
FAIL: gcc.dg/vect/bb-slp-24.c -flto execution test
FAIL: gcc.dg/vect/bb-slp-25.c -flto execution test
FAIL: gcc.dg/vect/bb-slp-26.c -flto execution test
FAIL: gcc.dg/vect/bb-slp-27.c -flto execution test
FAIL: gcc.dg/vect/bb-slp-28.c -flto execution test
FAIL: gcc.dg/vect/bb-slp-29.c -flto execution test
FAIL: gcc.dg/vect/bb-slp-3.c -flto execution test
FAIL: gcc.dg/vect/bb-slp-5.c -flto execution test
FAIL: gcc.dg/vect/bb-slp-6.c -flto execution test
FAIL: gcc.dg/vect/bb-slp-7.c -flto execution test
FAIL: gcc.dg/vect/bb-slp-8.c -flto execution test
FAIL: gcc.dg/vect/bb-slp-8a.c -flto execution test
FAIL: gcc.dg/vect/bb-slp-8b.c -flto execution test
FAIL: gcc.dg/vect/bb-slp-9.c -flto execution test
FAIL: gcc.dg/vect/no-vfa-pr29145.c execution test
FAIL: gcc.dg/vect/no-vfa-vect-43.c execution test
FAIL: gcc.dg/vect/no-vfa-vect-49.c execution test
FAIL: gcc.dg/vect/no-vfa-vect-53.c execution test
FAIL: gcc.dg/vect/no-vfa-vect-57.c execution test
FAIL: gcc.dg/vect/no-vfa-vect-61.c execution test
FAIL: gcc.dg/vect/no-vfa-vect-depend-1.c execution test
FAIL: gcc.dg/vect/no-vfa-vect-dv-2.c execution test
FAIL: gcc.dg/vect/fast-math-vect-complex-3.c execution test
FAIL: gcc.dg/vect/fast-math-vect-pr29925.c execution test
FAIL: gcc.dg/vect/fast-math-vect-reduc-5.c execution test
FAIL: gcc.dg/vect/fast-math-vect-reduc-7.c execution test
FAIL: gcc.dg/vect/fast-math-vect-reduc-9.c execution test
FAIL: gcc.dg/vect/wrapv-vect-7.c execution test
FAIL: gcc.dg/vect/wrapv-vect-reduc-2char.c execution test
FAIL: gcc.dg/vect/wrapv-vect-reduc-2short.c execution test
FAIL: gcc.dg/vect/wrapv-vect-reduc-dot-s8b.c execution test
FAIL: gcc.dg/vect/wrapv-vect-reduc-pattern-2c.c execution test
FAIL: gcc.dg/vect/no-section-anchors-vect-31.c execution test
FAIL: gcc.dg/vect/no-section-anchors-vect-34.c execution test
FAIL: gcc.dg/vect/no-section-anchors-vect-36.c execution test
FAIL: gcc.dg/vect/no-section-anchors-vect-64.c execution test
FAIL: gcc.dg/vect/no-section-anchors-vect-65.c execution test
FAIL: gcc.dg/vect/no-section-anchors-vect-66.c execution test
FAIL: gcc.dg/vect/no-section-anchors-vect-68.c execution test
FAIL: gcc.dg/vect/no-section-anchors-vect-69.c execution test
FAIL: gcc.dg/vect/no-section-anchors-vect-outer-4h.c execution test
FAIL: gcc.dg/vect/no-trapping-math-2.c execution test
FAIL: gcc.dg/vect/no-trapping-math-vect-111.c execution test
FAIL: gcc.dg/vect/no-trapping-math-vect-ifcvt-11.c execution test
FAIL: gcc.dg/vect/no-trapping-math-vect-ifcvt-12.c execution test
FAIL: gcc.dg/vect/no-trapping-math-vect-ifcvt-13.c execution test
FAIL: gcc.dg/vect/no-trapping-math-vect-ifcvt-14.c execution test
FAIL: gcc.dg/vect/no-trapping-math-vect-ifcvt-15.c execution test
FAIL: gcc.dg/vect/no-scevccp-vect-iv-1.c execution test
FAIL: gcc.dg/vect/no-scevccp-outer-10.c execution test
FAIL: gcc.dg/vect/no-scevccp-outer-10a.c execution test
FAIL: gcc.dg/vect/no-scevccp-outer-10b.c execution test
FAIL: gcc.dg/vect/no-scevccp-outer-11.c execution test
FAIL: gcc.dg/vect/no-scevccp-outer-12.c execution test
FAIL: gcc.dg/vect/no-scevccp-outer-13.c execution test
FAIL: gcc.dg/vect/no-scevccp-outer-14.c execution test
FAIL: gcc.dg/vect/no-scevccp-outer-15.c execution test
FAIL: gcc.dg/vect/no-scevccp-outer-16.c execution test
FAIL: gcc.dg/vect/no-scevccp-outer-17.c execution test
FAIL: gcc.dg/vect/no-scevccp-outer-18.c execution test
FAIL: gcc.dg/vect/no-scevccp-outer-19.c execution test
FAIL: gcc.dg/vect/no-scevccp-outer-20.c execution test
FAIL: gcc.dg/vect/no-scevccp-outer-21.c execution test
FAIL: gcc.dg/vect/no-scevccp-outer-22.c execution test
FAIL: gcc.dg/vect/no-scevccp-outer-3.c execution test
FAIL: gcc.dg/vect/no-scevccp-outer-4.c execution test
FAIL: gcc.dg/vect/no-scevccp-outer-5.c execution test
FAIL: gcc.dg/vect/no-scevccp-outer-6-global.c execution test
FAIL: gcc.dg/vect/no-scevccp-outer-6.c execution test
FAIL: gcc.dg/vect/no-scevccp-outer-7.c execution test
FAIL: gcc.dg/vect/no-scevccp-outer-8.c execution test
FAIL: gcc.dg/vect/no-scevccp-outer-9.c execution test
FAIL: gcc.dg/vect/no-scevccp-outer-9a.c execution test
FAIL: gcc.dg/vect/no-scevccp-outer-9b.c execution test
FAIL: gcc.dg/vect/no-scevccp-noreassoc-outer-3.c execution test
FAIL: gcc.dg/vect/no-scevccp-noreassoc-outer-4.c execution test
FAIL: gcc.dg/vect/no-scevccp-noreassoc-outer-5.c execution test
FAIL: gcc.dg/vect/no-scevccp-noreassoc-slp-reduc-7.c execution test
FAIL: gcc.dg/vect/no-scevccp-slp-30.c execution test
FAIL: gcc.dg/vect/no-scevccp-slp-31.c execution test
FAIL: gcc.dg/vect/no-tree-dom-vect-bug.c execution test
FAIL: gcc.dg/vect/no-tree-pre-slp-29.c execution test
FAIL: gcc.dg/vect/if-cvt-stores-vect-ifcvt-18.c execution test
FAIL: gcc.dg/vect/O3-slp-reduc-10.c execution test
FAIL: gcc.dg/vect/O3-vect-pr34223.c execution test
FAIL: gcc.dg/vect/no-tree-reassoc-bb-slp-12.c execution test
FAIL: gcc.target/i386/20060512-1.c execution test
FAIL: gcc.target/i386/20060512-3.c execution test
FAIL: gcc.target/i386/387-3.c scan-assembler fldpi
FAIL: gcc.target/i386/387-4.c scan-assembler fldpi
FAIL: gcc.target/i386/abi-1.c scan-assembler-times xmm0 1
FAIL: gcc.target/i386/avx-mul-1.c (test for excess errors)
WARNING: gcc.target/i386/avx-mul-1.c compilation failed to produce executable
FAIL: gcc.target/i386/avx2-mul-1.c (test for excess errors)
WARNING: gcc.target/i386/avx2-mul-1.c compilation failed to produce executable
FAIL: gcc.target/i386/avx2-vshift-1.c (test for excess errors)
WARNING: gcc.target/i386/avx2-vshift-1.c compilation failed to produce executable
FAIL: gcc.target/i386/brokensqrt.c execution test
XPASS: gcc.target/i386/builtin-apply-mmx.c execution test
FAIL: gcc.target/i386/combine-mul.c scan-assembler-not 12345
FAIL: gcc.target/i386/fastcall-sseregparm.c execution test
FAIL: gcc.target/i386/float128-1.c (test for excess errors)
WARNING: gcc.target/i386/float128-1.c compilation failed to produce executable
FAIL: gcc.target/i386/float128-2.c (test for excess errors)
WARNING: gcc.target/i386/float128-2.c compilation failed to produce executable
FAIL: gcc.target/i386/fpprec-1.c execution test
FAIL: gcc.target/i386/pr13685.c execution test
FAIL: gcc.target/i386/pr22076.c scan-assembler-times movq 3
FAIL: gcc.target/i386/pr22076.c scan-assembler-not movl
FAIL: gcc.target/i386/pr22152.c scan-assembler-times movq[ \\\\t]+[^\\n]*%mm 1
FAIL: gcc.target/i386/pr35767-1.c execution test
FAIL: gcc.target/i386/pr35767-1d.c execution test
FAIL: gcc.target/i386/pr35767-1i.c execution test
FAIL: gcc.target/i386/pr35767-2.c execution test
FAIL: gcc.target/i386/pr35767-2d.c execution test
FAIL: gcc.target/i386/pr35767-2i.c execution test
FAIL: gcc.target/i386/pr36578-1.c execution test
FAIL: gcc.target/i386/pr36578-2.c execution test
FAIL: gcc.target/i386/pr37216.c execution test
FAIL: gcc.target/i386/pr39315-2.c execution test
FAIL: gcc.target/i386/pr39315-4.c execution test
FAIL: gcc.target/i386/pr39445.c execution test
FAIL: gcc.target/i386/pr40809.c execution test
FAIL: gcc.target/i386/pr42542-1.c execution test
FAIL: gcc.target/i386/pr42542-2.c execution test
FAIL: gcc.target/i386/pr42542-3.c execution test
FAIL: gcc.target/i386/pr42881.c execution test
FAIL: gcc.target/i386/pr44948-2a.c execution test
FAIL: gcc.target/i386/pr46419.c execution test
FAIL: gcc.target/i386/pr46880.c execution test
FAIL: gcc.target/i386/sse-10.c execution test
FAIL: gcc.target/i386/sse-11.c execution test
FAIL: gcc.target/i386/sse-17.c execution test
FAIL: gcc.target/i386/sse-18.c execution test
FAIL: gcc.target/i386/sse-3.c execution test
FAIL: gcc.target/i386/sse-6.c execution test
FAIL: gcc.target/i386/sse-addps-1.c execution test
FAIL: gcc.target/i386/sse-addss-1.c execution test
FAIL: gcc.target/i386/sse-andnps-1.c execution test
FAIL: gcc.target/i386/sse-andps-1.c execution test
FAIL: gcc.target/i386/sse-copysignf-vec.c execution test
FAIL: gcc.target/i386/sse-cvtsi2ss-1.c execution test
FAIL: gcc.target/i386/sse-cvtss2si-1.c execution test
FAIL: gcc.target/i386/sse-divps-1.c execution test
FAIL: gcc.target/i386/sse-divss-1.c execution test
FAIL: gcc.target/i386/sse-init-v4sf-1.c execution test
FAIL: gcc.target/i386/sse-maxps-1.c execution test
FAIL: gcc.target/i386/sse-maxss-1.c execution test
FAIL: gcc.target/i386/sse-minps-1.c execution test
FAIL: gcc.target/i386/sse-minss-1.c execution test
FAIL: gcc.target/i386/sse-movaps-1.c execution test
FAIL: gcc.target/i386/sse-movaps-2.c execution test
FAIL: gcc.target/i386/sse-movhlps-1.c execution test
FAIL: gcc.target/i386/sse-movhps-1.c execution test
FAIL: gcc.target/i386/sse-movhps-2.c execution test
FAIL: gcc.target/i386/sse-movlhps-1.c execution test
FAIL: gcc.target/i386/sse-movmskps-1.c execution test
FAIL: gcc.target/i386/sse-movntps-1.c execution test
FAIL: gcc.target/i386/sse-movss-1.c execution test
FAIL: gcc.target/i386/sse-movss-3.c execution test
FAIL: gcc.target/i386/sse-movups-1.c execution test
FAIL: gcc.target/i386/sse-movups-2.c execution test
FAIL: gcc.target/i386/sse-mulps-1.c execution test
FAIL: gcc.target/i386/sse-mulss-1.c execution test
FAIL: gcc.target/i386/sse-orps-1.c execution test
FAIL: gcc.target/i386/sse-rcpps-1.c execution test
FAIL: gcc.target/i386/sse-recip-vec.c execution test
FAIL: gcc.target/i386/sse-recip.c execution test
FAIL: gcc.target/i386/sse-rsqrtps-1.c execution test
FAIL: gcc.target/i386/sse-sqrtps-1.c execution test
FAIL: gcc.target/i386/sse-subps-1.c execution test
FAIL: gcc.target/i386/sse-subss-1.c execution test
FAIL: gcc.target/i386/sse-unpckhps-1.c execution test
FAIL: gcc.target/i386/sse-unpcklps-1.c execution test
FAIL: gcc.target/i386/sse-xorps-1.c execution test
FAIL: gcc.target/i386/sse2-addpd-1.c execution test
FAIL: gcc.target/i386/sse2-addsd-1.c execution test
FAIL: gcc.target/i386/sse2-andnpd-1.c execution test
FAIL: gcc.target/i386/sse2-andpd-1.c execution test
FAIL: gcc.target/i386/sse2-copysign-vec.c execution test
FAIL: gcc.target/i386/sse2-cvt-1.c execution test
FAIL: gcc.target/i386/sse2-cvtdq2pd-1.c execution test
FAIL: gcc.target/i386/sse2-cvtdq2ps-1.c execution test
FAIL: gcc.target/i386/sse2-cvtpd2dq-1.c execution test
FAIL: gcc.target/i386/sse2-cvtpd2ps-1.c execution test
FAIL: gcc.target/i386/sse2-cvtps2dq-1.c execution test
FAIL: gcc.target/i386/sse2-cvtps2pd-1.c execution test
FAIL: gcc.target/i386/sse2-cvtsd2si-1.c execution test
FAIL: gcc.target/i386/sse2-cvtsd2ss-1.c execution test
FAIL: gcc.target/i386/sse2-cvtsi2sd-1.c execution test
FAIL: gcc.target/i386/sse2-cvtss2sd-1.c execution test
FAIL: gcc.target/i386/sse2-cvttpd2dq-1.c execution test
FAIL: gcc.target/i386/sse2-cvttps2dq-1.c execution test
FAIL: gcc.target/i386/sse2-divpd-1.c execution test
FAIL: gcc.target/i386/sse2-divsd-1.c execution test
FAIL: gcc.target/i386/sse2-extract-1.c execution test
FAIL: gcc.target/i386/sse2-init-v16qi-1.c execution test
FAIL: gcc.target/i386/sse2-init-v4si-1.c execution test
FAIL: gcc.target/i386/sse2-init-v8hi-1.c execution test
FAIL: gcc.target/i386/sse2-insvhi.c execution test
FAIL: gcc.target/i386/sse2-lrint-vec.c execution test
FAIL: gcc.target/i386/sse2-lrintf-vec.c execution test
FAIL: gcc.target/i386/sse2-maskmovdqu.c execution test
FAIL: gcc.target/i386/sse2-maxpd-1.c execution test
FAIL: gcc.target/i386/sse2-maxsd-1.c execution test
FAIL: gcc.target/i386/sse2-minpd-1.c execution test
FAIL: gcc.target/i386/sse2-minsd-1.c execution test
FAIL: gcc.target/i386/sse2-movapd-1.c execution test
FAIL: gcc.target/i386/sse2-movapd-2.c execution test
FAIL: gcc.target/i386/sse2-movd-1.c execution test
FAIL: gcc.target/i386/sse2-movdqa-1.c execution test
FAIL: gcc.target/i386/sse2-movdqa-2.c execution test
FAIL: gcc.target/i386/sse2-movdqu-1.c execution test
FAIL: gcc.target/i386/sse2-movdqu-2.c execution test
FAIL: gcc.target/i386/sse2-movhpd-1.c execution test
FAIL: gcc.target/i386/sse2-movhpd-2.c execution test
FAIL: gcc.target/i386/sse2-movlpd-1.c execution test
FAIL: gcc.target/i386/sse2-movlpd-2.c execution test
FAIL: gcc.target/i386/sse2-movmskpd-1.c execution test
FAIL: gcc.target/i386/sse2-movntdq-1.c execution test
FAIL: gcc.target/i386/sse2-movntpd-1.c execution test
FAIL: gcc.target/i386/sse2-movq-1.c execution test
FAIL: gcc.target/i386/sse2-movsd-1.c execution test
FAIL: gcc.target/i386/sse2-movupd-1.c execution test
FAIL: gcc.target/i386/sse2-movupd-2.c execution test
FAIL: gcc.target/i386/sse2-mul-1.c (test for excess errors)
WARNING: gcc.target/i386/sse2-mul-1.c compilation failed to produce executable
FAIL: gcc.target/i386/sse2-mulpd-1.c execution test
FAIL: gcc.target/i386/sse2-mulsd-1.c execution test
FAIL: gcc.target/i386/sse2-orpd-1.c execution test
FAIL: gcc.target/i386/sse2-packssdw-1.c execution test
FAIL: gcc.target/i386/sse2-packsswb-1.c execution test
FAIL: gcc.target/i386/sse2-packuswb-1.c execution test
FAIL: gcc.target/i386/sse2-paddb-1.c execution test
FAIL: gcc.target/i386/sse2-paddd-1.c execution test
FAIL: gcc.target/i386/sse2-paddq-1.c execution test
FAIL: gcc.target/i386/sse2-paddsb-1.c execution test
FAIL: gcc.target/i386/sse2-paddsw-1.c execution test
FAIL: gcc.target/i386/sse2-paddusb-1.c execution test
FAIL: gcc.target/i386/sse2-paddusw-1.c execution test
FAIL: gcc.target/i386/sse2-paddw-1.c execution test
FAIL: gcc.target/i386/sse2-pand-1.c execution test
FAIL: gcc.target/i386/sse2-pandn-1.c execution test
FAIL: gcc.target/i386/sse2-pavgb-1.c execution test
FAIL: gcc.target/i386/sse2-pavgw-1.c execution test
FAIL: gcc.target/i386/sse2-pcmpeqb-1.c execution test
FAIL: gcc.target/i386/sse2-pcmpeqd-1.c execution test
FAIL: gcc.target/i386/sse2-pcmpeqw-1.c execution test
FAIL: gcc.target/i386/sse2-pcmpgtb-1.c execution test
FAIL: gcc.target/i386/sse2-pcmpgtd-1.c execution test
FAIL: gcc.target/i386/sse2-pcmpgtw-1.c execution test
FAIL: gcc.target/i386/sse2-pinsrw.c execution test
FAIL: gcc.target/i386/sse2-pmaddwd-1.c execution test
FAIL: gcc.target/i386/sse2-pmaxsw-1.c execution test
FAIL: gcc.target/i386/sse2-pmaxub-1.c execution test
FAIL: gcc.target/i386/sse2-pminsw-1.c execution test
FAIL: gcc.target/i386/sse2-pminub-1.c execution test
FAIL: gcc.target/i386/sse2-pmovmskb-1.c execution test
FAIL: gcc.target/i386/sse2-pmulhuw-1.c execution test
FAIL: gcc.target/i386/sse2-pmulhw-1.c execution test
FAIL: gcc.target/i386/sse2-pmullw-1.c execution test
FAIL: gcc.target/i386/sse2-pmuludq-1.c execution test
FAIL: gcc.target/i386/sse2-por-1.c execution test
FAIL: gcc.target/i386/sse2-psadbw-1.c execution test
FAIL: gcc.target/i386/sse2-pshufd-1.c execution test
FAIL: gcc.target/i386/sse2-pshufhw-1.c execution test
FAIL: gcc.target/i386/sse2-pshuflw-1.c execution test
FAIL: gcc.target/i386/sse2-pslld-1.c execution test
FAIL: gcc.target/i386/sse2-pslld-2.c execution test
FAIL: gcc.target/i386/sse2-pslldq-1.c execution test
FAIL: gcc.target/i386/sse2-psllq-1.c execution test
FAIL: gcc.target/i386/sse2-psllq-2.c execution test
FAIL: gcc.target/i386/sse2-psllw-1.c execution test
FAIL: gcc.target/i386/sse2-psllw-2.c execution test
FAIL: gcc.target/i386/sse2-psrad-1.c execution test
FAIL: gcc.target/i386/sse2-psrad-2.c execution test
FAIL: gcc.target/i386/sse2-psraw-1.c execution test
FAIL: gcc.target/i386/sse2-psraw-2.c execution test
FAIL: gcc.target/i386/sse2-psrld-1.c execution test
FAIL: gcc.target/i386/sse2-psrld-2.c execution test
FAIL: gcc.target/i386/sse2-psrldq-1.c execution test
FAIL: gcc.target/i386/sse2-psrlq-1.c execution test
FAIL: gcc.target/i386/sse2-psrlq-2.c execution test
FAIL: gcc.target/i386/sse2-psrlw-1.c execution test
FAIL: gcc.target/i386/sse2-psrlw-2.c execution test
FAIL: gcc.target/i386/sse2-psubb-1.c execution test
FAIL: gcc.target/i386/sse2-psubd-1.c execution test
FAIL: gcc.target/i386/sse2-psubq-1.c execution test
FAIL: gcc.target/i386/sse2-psubsb-1.c execution test
FAIL: gcc.target/i386/sse2-psubsw-1.c execution test
FAIL: gcc.target/i386/sse2-psubw-1.c execution test
FAIL: gcc.target/i386/sse2-punpckhbw-1.c execution test
FAIL: gcc.target/i386/sse2-punpckhdq-1.c execution test
FAIL: gcc.target/i386/sse2-punpckhqdq-1.c execution test
FAIL: gcc.target/i386/sse2-punpckhwd-1.c execution test
FAIL: gcc.target/i386/sse2-punpcklbw-1.c execution test
FAIL: gcc.target/i386/sse2-punpckldq-1.c execution test
FAIL: gcc.target/i386/sse2-punpcklqdq-1.c execution test
FAIL: gcc.target/i386/sse2-punpcklwd-1.c execution test
FAIL: gcc.target/i386/sse2-pxor-1.c execution test
FAIL: gcc.target/i386/sse2-set-epi32-1.c execution test
FAIL: gcc.target/i386/sse2-set-v16qi-1.c execution test
FAIL: gcc.target/i386/sse2-set-v16qi-2.c execution test
FAIL: gcc.target/i386/sse2-set-v16qi-3.c execution test
FAIL: gcc.target/i386/sse2-set-v8hi-1.c execution test
FAIL: gcc.target/i386/sse2-set-v8hi-1a.c execution test
FAIL: gcc.target/i386/sse2-set-v8hi-2.c execution test
FAIL: gcc.target/i386/sse2-set-v8hi-2a.c execution test
FAIL: gcc.target/i386/sse2-shufpd-1.c execution test
FAIL: gcc.target/i386/sse2-shufps-1.c execution test
FAIL: gcc.target/i386/sse2-sqrtpd-1.c execution test
FAIL: gcc.target/i386/sse2-subpd-1.c execution test
FAIL: gcc.target/i386/sse2-subsd-1.c execution test
FAIL: gcc.target/i386/sse2-unpckhpd-1.c execution test
FAIL: gcc.target/i386/sse2-unpcklpd-1.c execution test
FAIL: gcc.target/i386/sse2-vec-1.c execution test
FAIL: gcc.target/i386/sse2-vec-2.c execution test
FAIL: gcc.target/i386/sse2-vec-2a.c execution test
FAIL: gcc.target/i386/sse2-vec-3.c execution test
FAIL: gcc.target/i386/sse2-vec-4.c execution test
FAIL: gcc.target/i386/sse2-vec-5.c execution test
FAIL: gcc.target/i386/sse2-vec-6.c execution test
FAIL: gcc.target/i386/sse2-xorpd-1.c execution test
FAIL: gcc.target/i386/sse3-addsubpd.c execution test
FAIL: gcc.target/i386/sse3-addsubps.c execution test
FAIL: gcc.target/i386/sse3-haddpd.c execution test
FAIL: gcc.target/i386/sse3-haddps.c execution test
FAIL: gcc.target/i386/sse3-hsubpd.c execution test
FAIL: gcc.target/i386/sse3-hsubps.c execution test
FAIL: gcc.target/i386/sse3-lddqu.c execution test
FAIL: gcc.target/i386/sse3-movddup.c execution test
FAIL: gcc.target/i386/sse3-movshdup.c execution test
FAIL: gcc.target/i386/sse3-movsldup.c execution test
FAIL: gcc.target/i386/sse4_1-blendps-2.c (test for excess errors)
WARNING: gcc.target/i386/sse4_1-blendps-2.c compilation failed to produce executable
FAIL: gcc.target/i386/sse4_1-blendps.c (test for excess errors)
WARNING: gcc.target/i386/sse4_1-blendps.c compilation failed to produce executable
FAIL: gcc.target/i386/sse4_1-mul-1.c (test for excess errors)
WARNING: gcc.target/i386/sse4_1-mul-1.c compilation failed to produce executable
FAIL: gcc.target/i386/vararg-1.c execution test
FAIL: gcc.target/i386/vararg-2.c execution test
FAIL: gcc.target/i386/vararg-3.c execution test
FAIL: gcc.target/i386/vararg-4.c execution test
FAIL: gcc.target/i386/vararg-7.c execution test
FAIL: gcc.target/i386/vararg-8.c execution test
FAIL: gcc.target/i386/vect-double-1a.c execution test
FAIL: gcc.target/i386/vect-double-2a.c execution test
FAIL: gcc.target/i386/vperm-v2df.c execution test
FAIL: gcc.target/i386/vperm-v2di.c execution test
FAIL: gcc.target/i386/vperm-v4sf-1.c execution test
FAIL: gcc.target/i386/vperm-v4si-1.c execution test
FAIL: gcc.target/i386/xop-mul-1.c (test for excess errors)
WARNING: gcc.target/i386/xop-mul-1.c compilation failed to produce executable
FAIL: gcc.target/i386/xop-vshift-1.c (test for excess errors)
WARNING: gcc.target/i386/xop-vshift-1.c compilation failed to produce executable
FAIL: gcc.target/i386/xop-vshift-2.c (test for excess errors)
WARNING: gcc.target/i386/xop-vshift-2.c compilation failed to produce executable

		=== gcc Summary ===

# of expected passes		78858
# of unexpected failures	1369
# of unexpected successes	1
# of expected failures		232
# of unresolved testcases	78
# of unsupported tests		1217
/home2/joel/build/b-i386-gcc/gcc/xgcc  version 4.7.0 20111104 (experimental) [trunk revision 180959] (GCC) 

Host   is x86_64-unknown-linux-gnu

		=== g++ tests ===


Running target rtems-i386-qemu
FAIL: g++.dg/debug/dwarf2/accessibility1.C scan-assembler-times 3[^\\\\r\\\\n]* DW_AT_accessibility 6
FAIL: g++.dg/debug/dwarf2/accessibility1.C scan-assembler-times 2[^\\\\r\\\\n]* DW_AT_accessibility 2
FAIL: g++.dg/debug/dwarf2/cdtor-1.C scan-assembler-times  DW_AT_[MIPS_]*linkage_name 2
FAIL: g++.dg/debug/dwarf2/enum1.C scan-assembler-times DIE[^\\n\\r]*DW_TAG_enumeration_type 3
FAIL: g++.dg/debug/dwarf2/enum1.C scan-assembler-times  DW_AT_enum_class 2
FAIL: g++.dg/debug/dwarf2/explicit-constructor.C scan-assembler-times DW_AT_explicit 2
FAIL: g++.dg/debug/dwarf2/global-used-types-1.C scan-assembler-times DIE \\\\(0x[^\\n]*\\\\) DW_TAG_enumeration_type 1
FAIL: g++.dg/debug/dwarf2/global-used-types-1.C scan-assembler-times DIE \\\\(0x[^\\n]*\\\\) DW_TAG_enumerator 2
FAIL: g++.dg/debug/dwarf2/global-used-types-1.C scan-assembler-times ascii "a.0"[\\t ]+[^\\n]*DW_AT_name 1
FAIL: g++.dg/debug/dwarf2/global-used-types-1.C scan-assembler-times ascii "b.0"[\\t ]+[^\\n]*DW_AT_name 1
FAIL: g++.dg/debug/dwarf2/imported-module-2.C scan-assembler DW_TAG_imported_module
FAIL: g++.dg/debug/dwarf2/imported-module-3.C scan-assembler DW_TAG_imported_module
FAIL: g++.dg/debug/dwarf2/imported-module-4.C scan-assembler DW_TAG_imported_module
FAIL: g++.dg/debug/dwarf2/integer-typedef.C scan-assembler-times "S<2048ul>.0"[^\\n\\r]* DW_AT_name 1
FAIL: g++.dg/debug/dwarf2/integer-typedef.C scan-assembler-times "_ZN1SILm2048EE1fEm.0"[^\\n\\r]* DW_AT_[MIPS_]*linkage_name 1
FAIL: g++.dg/debug/dwarf2/lambda1.C scan-assembler-times DW_TAG_variable[^.]*.ascii "j.0" 4
FAIL: g++.dg/debug/dwarf2/lambda1.C scan-assembler-times DW_TAG_variable[^.]*.ascii "this.0" 2
FAIL: g++.dg/debug/dwarf2/lineno-simple1.C scan-assembler _ZN1CC[12]Ev:[^\\\\t]*(\\\\t.(fnstart|frame|mask|file)[^\\\\t]*)*\\\\t[^:]+:4\\\\n
FAIL: g++.dg/debug/dwarf2/lineno-simple1.C scan-assembler _ZN1C3fooEv:[^\\\\t]*(\\\\t.(fnstart|frame|mask|file)[^\\\\t]*)*\\\\t[^:]+:7\\\\n
FAIL: g++.dg/debug/dwarf2/lineno-simple1.C scan-assembler main:[^\\\\t]*(\\\\t.(fnstart|frame|mask|file)[^\\\\t]*)*\\\\t[^:]+:13\\\\n
FAIL: g++.dg/debug/dwarf2/namespace-1.C scan-assembler-times DIE +\\\\([^\\n]*\\\\) DW_TAG_namespace 1
FAIL: g++.dg/debug/dwarf2/namespace-1.C scan-assembler-times "not_emitted.0"[^\\n]*DW_AT_name 1
FAIL: g++.dg/debug/dwarf2/namespace-1.C scan-assembler-times DIE +\\\\([^\\n]*\\\\) DW_TAG_typedef 1
FAIL: g++.dg/debug/dwarf2/namespace-1.C scan-assembler-times .ascii "T.0"[\\t ]+[^\\n]*DW_AT_name 1
FAIL: g++.dg/debug/dwarf2/nested-1.C scan-assembler DW_TAG_typedef
FAIL: g++.dg/debug/dwarf2/nested-2.C scan-assembler [^\\n\\r]*\\\\(DIE[^\\n\\r]*DW_TAG_structure_type\\\\)[\\n\\r]+[^\\n\\r]*"S\\\\\\\\0"[ \\t]+([@|#;!]|//?)[ \\t]+DW_AT_name[\\n\\r]+(.*)?\\\\(DIE[^\\n\\r]*DW_TAG_structure_type\\\\)[\\n\\r]+[^\\n\\r]*"T<int>\\\\\\\\0"[ \\t]+(.*)?\\\\(DIE[^\\n\\r]*DW_TAG_template_type_param\\\\)[\\n\\r]+[^\\n\\r]*[\\n\\r]+[^\\n\\r]*[\\n\\r]+[^\\n\\r]*([@|#;!]|//?)[ \\t]+end of children of DIE[^\\n\\r]*[\\n\\r]+[^\\n\\r]*end of children of DIE[^\\n\\r]*
FAIL: g++.dg/debug/dwarf2/pr44641.C scan-assembler _ZN12MisplacedDbgI4FullEC[12]Ev:[^\\\\t]*(\\\\t.(fnstart|frame|mask|file)[^\\\\t]*)*\\\\t[^:]+:22\\\\n
FAIL: g++.dg/debug/dwarf2/pr44641.C scan-assembler _ZN12MisplacedDbgI4FullED0Ev:[^\\\\t]*(\\\\t.(fnstart|frame|mask|file)[^\\\\t]*)*\\\\t[^:]+:22\\\\n
FAIL: g++.dg/debug/dwarf2/pr44641.C scan-assembler _ZN12MisplacedDbgIP3ArgEC[12]Ev:[^\\\\t]*(\\\\t.(fnstart|frame|mask|file)[^\\\\t]*)*\\\\t[^:]+:29\\\\n
FAIL: g++.dg/debug/dwarf2/pr44641.C scan-assembler _ZN12MisplacedDbgIP3ArgED0Ev:[^\\\\t]*(\\\\t.(fnstart|frame|mask|file)[^\\\\t]*)*\\\\t[^:]+:29\\\\n
FAIL: g++.dg/debug/dwarf2/pr44641.C scan-assembler _ZN12MisplacedDbgI3ArgEC[12]Ev:[^\\\\t]*(\\\\t.(fnstart|frame|mask|file)[^\\\\t]*)*\\\\t[^:]+:35\\\\n
FAIL: g++.dg/debug/dwarf2/pr44641.C scan-assembler _ZN12MisplacedDbgI3ArgED0Ev:[^\\\\t]*(\\\\t.(fnstart|frame|mask|file)[^\\\\t]*)*\\\\t[^:]+:35\\\\n
FAIL: g++.dg/debug/dwarf2/pr46527.C scan-assembler _ZN6StructIdE13defined_laterEv:[^\\\\t]*(\\\\t.(fnstart|frame|mask|file)[^\\\\t]*)*\\\\t[^:]+:12\\\\n
FAIL: g++.dg/debug/dwarf2/redeclaration-1.C scan-assembler-times [^\\n\\r]*\\\\(DIE [^\\n\\r]*DW_TAG_lexical_block\\\\)[\\n\\r]{1,2}[^\\n\\r]*DW_AT_low_pc[\\n\\r]{1,2}[^\\n\\r]*DW_AT_high_pc[\\n\\r]{1,2}[^\\n\\r]*\\\\(DIE [^\\n\\r]*DW_TAG_variable\\\\)[\\n\\r]{1,2}[^\\n\\r]*DW_AT_name 2
FAIL: g++.dg/debug/dwarf2/self-ref-1.C scan-assembler-times [^\\n\\r]*\\\\(DIE[^\\n\\r]*DW_TAG_pointer_type\\\\)[\\n\\r]{1,2}[^\\n\\r]*DW_AT_byte_size[\\n\\r]{1,2}[^\\n\\r]*DW_AT_type 4
FAIL: g++.dg/debug/dwarf2/self-ref-2.C scan-assembler-times [^\\n\\r]*\\\\(DIE[^\\n\\r]*DW_TAG_pointer_type\\\\)[\\n\\r]{1,2}[^\\n\\r]*DW_AT_byte_size[\\n\\r]{1,2}[^\\n\\r]*DW_AT_type 4
FAIL: g++.dg/debug/dwarf2/static-data-member1.C scan-assembler DW_TAG_member[^\\n\\r]*[\\n\\r]*[^\\n\\r]*staticdatamember[^\\n\\r]*DW_AT_name
FAIL: g++.dg/debug/dwarf2/static-data-member1.C scan-assembler DW_TAG_variable[^\\n\\r]*[\\n\\r]*[^\\n\\r]*DW_AT_specification
FAIL: g++.dg/debug/dwarf2/static-local-var-in-ctor.C scan-assembler DW_OP_addr[^\\n\\r]*[\\n\\r]*[^\\n\\r]*staticvar1
FAIL: g++.dg/debug/dwarf2/static-local-var-in-ctor.C scan-assembler DW_OP_addr[^\\n\\r]*[\\n\\r]*[^\\n\\r]*staticvar2
FAIL: g++.dg/debug/dwarf2/template-func-params-1.C scan-assembler DW_TAG_template_type_param
FAIL: g++.dg/debug/dwarf2/template-func-params-1.C scan-assembler U.*DW_AT_name
FAIL: g++.dg/debug/dwarf2/template-func-params-2.C scan-assembler DW_TAG_template_value_param
FAIL: g++.dg/debug/dwarf2/template-func-params-2.C scan-assembler i.*DW_AT_name
FAIL: g++.dg/debug/dwarf2/template-func-params-2.C scan-assembler 3.*DW_AT_const_value
FAIL: g++.dg/debug/dwarf2/template-func-params-3.C scan-assembler DW_TAG_template_value_param
FAIL: g++.dg/debug/dwarf2/template-func-params-3.C scan-assembler f.*DW_AT_name
FAIL: g++.dg/debug/dwarf2/template-func-params-3.C scan-assembler DW_AT_location[^\\\\r\\\\n]*[\\\\r\\\\n]*[^\\\\r\\\\n]*DW_OP_addr[^\\\\r\\\\n]*[\\\\r\\\\n]*[^\\\\r\\\\n]*_Z4blehv[^\\\\r\\\\n]*[\\\\r\\\\n]*[^\\\\r\\\\n]*DW_OP_stack_value
FAIL: g++.dg/debug/dwarf2/template-func-params-4.C scan-assembler-times DIE \\\\(0x[^\\n]*\\\\) DW_TAG_GNU_template_parameter_pack 1
FAIL: g++.dg/debug/dwarf2/template-func-params-4.C scan-assembler-times DIE \\\\(0x[^\\n]*\\\\) DW_TAG_template_type_param 3
FAIL: g++.dg/debug/dwarf2/template-func-params-5.C scan-assembler DW_TAG_template_type_param
FAIL: g++.dg/debug/dwarf2/template-func-params-5.C scan-assembler T.*DW_AT_name
FAIL: g++.dg/debug/dwarf2/template-func-params-6.C scan-assembler-times DW_TAG_GNU_template_template_param 2
FAIL: g++.dg/debug/dwarf2/template-func-params-6.C scan-assembler-times "vector.0".*?DW_AT_GNU_template_name 1
FAIL: g++.dg/debug/dwarf2/template-func-params-6.C scan-assembler-times .ascii "U.0".*?DW_AT_name 1
FAIL: g++.dg/debug/dwarf2/template-func-params-7.C scan-assembler-times DIE \\\\(0x[^\\n]*\\\\) DW_TAG_subprogram 5
FAIL: g++.dg/debug/dwarf2/template-func-params-7.C scan-assembler-times DIE \\\\(0x[^\\n]*\\\\) DW_TAG_template_type_param 6
FAIL: g++.dg/debug/dwarf2/template-func-params-7.C scan-assembler-times "printf<int, char, int>.0"[^\\n]*DW_AT_name 1
FAIL: g++.dg/debug/dwarf2/template-func-params-7.C scan-assembler-times "printf<char, int>.0"[^\\n]*DW_AT_name 1
FAIL: g++.dg/debug/dwarf2/template-func-params-7.C scan-assembler-times "printf<int>.0"[^\\n]*DW_AT_name 1
FAIL: g++.dg/debug/dwarf2/template-func-params-7.C scan-assembler-times "printf.0"[^\\n]*DW_AT_name 1
FAIL: g++.dg/debug/dwarf2/template-func-params-7.C scan-assembler-times DIE \\\\(0x[^\\n]*\\\\) DW_TAG_GNU_template_parameter_pack 3
FAIL: g++.dg/debug/dwarf2/template-func-params-7.C scan-assembler-times DIE \\\\(0x[^\\n]*\\\\) DW_TAG_GNU_formal_parameter_pack 3
FAIL: g++.dg/debug/dwarf2/template-params-1.C scan-assembler DW_TAG_template_type_param
FAIL: g++.dg/debug/dwarf2/template-params-1.C scan-assembler U.*DW_AT_name
FAIL: g++.dg/debug/dwarf2/template-params-10.C scan-assembler-times DIE \\\\([^\\n\\r]*\\\\) DW_TAG_template_value_param 1
FAIL: g++.dg/debug/dwarf2/template-params-2.C scan-assembler DW_TAG_template_value_param
FAIL: g++.dg/debug/dwarf2/template-params-2.C scan-assembler i.*DW_AT_name
FAIL: g++.dg/debug/dwarf2/template-params-2.C scan-assembler 3.*DW_AT_const_value
FAIL: g++.dg/debug/dwarf2/template-params-3.C scan-assembler DW_TAG_template_value_param
FAIL: g++.dg/debug/dwarf2/template-params-3.C scan-assembler f.*DW_AT_name
FAIL: g++.dg/debug/dwarf2/template-params-3.C scan-assembler DW_AT_location[^\\\\r\\\\n]*[\\\\r\\\\n]*[^\\\\r\\\\n]*DW_OP_addr[^\\\\r\\\\n]*[\\\\r\\\\n]*[^\\\\r\\\\n]*_Z4blehv[^\\\\r\\\\n]*[\\\\r\\\\n]*[^\\\\r\\\\n]*DW_OP_stack_value
FAIL: g++.dg/debug/dwarf2/template-params-4.C scan-assembler-times DIE \\\\(0x[^\\n]*\\\\) DW_TAG_GNU_template_parameter_pack 1
FAIL: g++.dg/debug/dwarf2/template-params-4.C scan-assembler-times DIE \\\\(0x[^\\n]*\\\\) DW_TAG_template_type_param 3
FAIL: g++.dg/debug/dwarf2/template-params-5.C scan-assembler DW_TAG_template_type_param
FAIL: g++.dg/debug/dwarf2/template-params-5.C scan-assembler T.*DW_AT_name
FAIL: g++.dg/debug/dwarf2/template-params-6.C scan-assembler-times DW_TAG_GNU_template_template_param 2
FAIL: g++.dg/debug/dwarf2/template-params-6.C scan-assembler-times "vector.0"[^\\n]*DW_AT_GNU_template_name 1
FAIL: g++.dg/debug/dwarf2/template-params-6.C scan-assembler-times .ascii "U.0"[^\\n]*DW_AT_name 1
FAIL: g++.dg/debug/dwarf2/template-params-7.C scan-assembler-times DIE \\\\(0x[^\\n]*\\\\) DW_TAG_GNU_template_parameter_pack 1
FAIL: g++.dg/debug/dwarf2/template-params-8.C scan-assembler-times [^\\n\\r]*DIE \\\\([^\\n\\r]*\\\\) DW_TAG_template_value_param[^\\n\\r]*[\\n\\r]{1,2}[^\\n\\r]*DW_AT_name[\\n\\r]{1,2}[^\\n\\r]*DW_AT_type[\\n\\r]{1,2}[^\\n\\r]*DW_AT_const_value[\\n\\r]{1,2} 1
FAIL: g++.dg/debug/dwarf2/template-params-9.C scan-assembler-times DIE \\\\([^\\n\\r]*\\\\) DW_TAG_template_type_param 2
FAIL: g++.dg/debug/dwarf2/template-params-9.C scan-assembler-times DIE \\\\([^\\n\\r]*\\\\) DW_TAG_template_value_param 3
FAIL: g++.dg/debug/dwarf2/typedef1.C scan-assembler-times DW_TAG_structure_type 2
FAIL: g++.dg/debug/dwarf2/typedef1.C scan-assembler-times DW_AT_name: "foo<1u>"|"foo<1u>.."[^\\n]*DW_AT_name 1
FAIL: g++.dg/debug/dwarf2/typedef1.C scan-assembler-times DW_TAG_enumeration_type 2
FAIL: g++.dg/debug/dwarf2/typedef1.C scan-assembler-times DW_AT_name: "typedef foo<1u>::type type"|"typedef foo<1u>::type type.."[^\\n]*DW_AT_name 1
FAIL: g++.dg/debug/dwarf2/typedef1.C scan-assembler-times DIE \\\\([^\\n]*\\\\) DW_TAG_enumeration_type 1
FAIL: g++.dg/debug/dwarf2/typedef1.C scan-assembler-times "e0.."[^\\n]*DW_AT_name 1
FAIL: g++.dg/debug/dwarf2/typedef1.C scan-assembler-times "e1.."[^\\n]*DW_AT_name 1
FAIL: g++.dg/debug/dwarf2/typedef2.C scan-assembler-times [^\\n\\r]*\\\\(DIE[^\\n\\r]*DW_TAG_formal_parameter\\\\)[\\n\\r]{1,2}[^\\n\\r]*DW_AT_type[\\n\\r]{1,2} 1
FAIL: g++.dg/debug/dwarf2/typedef3.C scan-assembler-times [^\\n\\r]*\\\\(DIE[^\\n\\r]*DW_TAG_typedef\\\\) 1
FAIL: g++.dg/debug/dwarf2/typedef3.C scan-assembler-times [^\\n\\r]*\\\\(DIE[^\\n\\r]*DW_TAG_structure_type\\\\) 1
FAIL: g++.dg/debug/dwarf2/typedef4.C scan-assembler-times DW_AT_byte_size 4
FAIL: g++.dg/debug/dwarf2/typedef6.C scan-assembler-times [^\\n\\r]*\\\\(DIE [^\\n\\r]* DW_TAG_typedef\\\\)[\\n\\r]{1,2}[^\\n\\r].*"t\\\\\\\\0"[^\\n\\r]*DW_AT_name[\\n\\r]{1,2}[^\\n\\r]*[\\n\\r]{1,2}[^\\n\\r]*[\\n\\r]{1,2}[^\\n\\r]*DW_AT_type[\\n\\r]{1,2}[^\\n\\r]*\\\\(DIE 1
FAIL: g++.dg/eh/simd-1.C (internal compiler error)
FAIL: g++.dg/eh/simd-1.C (test for excess errors)
WARNING: g++.dg/eh/simd-1.C compilation failed to produce executable
FAIL: g++.dg/eh/simd-2.C execution test
FAIL: g++.dg/other/i386-1.C execution test
FAIL: g++.dg/other/pr40446.C execution test
FAIL: g++.dg/other/pr49133.C execution test
FAIL: g++.dg/other/unused1.C scan-assembler (string|ascii?)z?[\\t ]"printer("|\\\\\\\\0)
FAIL: g++.dg/lto/20100302 cp_lto_20100302_0.o-cp_lto_20100302_1.o link, -flto -fabi-version=2 (internal compiler error)
UNRESOLVED: g++.dg/lto/20100302 cp_lto_20100302_0.o-cp_lto_20100302_1.o execute -flto -fabi-version=2
FAIL: g++.dg/pch/array-1.C  -g assembly comparison
FAIL: g++.dg/pch/array-1.C  -O2 -g assembly comparison
FAIL: g++.dg/pch/externc-1.C  -g assembly comparison
FAIL: g++.dg/pch/externc-1.C  -O2 -g assembly comparison
FAIL: g++.dg/pch/static-1.C  -g assembly comparison
FAIL: g++.dg/pch/static-1.C  -O2 -g assembly comparison
FAIL: g++.dg/pch/system-1.C  -g assembly comparison
FAIL: g++.dg/pch/system-1.C  -O2 -g assembly comparison
FAIL: g++.dg/pch/system-2.C  -g assembly comparison
FAIL: g++.dg/pch/system-2.C  -O2 -g assembly comparison
FAIL: g++.dg/pch/uninst.C  -g assembly comparison
FAIL: g++.dg/pch/uninst.C  -O2 -g assembly comparison
FAIL: g++.dg/pch/wchar-1.C  -g assembly comparison
FAIL: g++.dg/pch/wchar-1.C  -O2 -g assembly comparison
FAIL: g++.dg/torture/pr44900.C  -O0  execution test
FAIL: g++.dg/torture/pr44900.C  -O1  execution test
FAIL: g++.dg/torture/pr44900.C  -O2  execution test
FAIL: g++.dg/torture/pr44900.C  -O3 -fomit-frame-pointer  execution test
FAIL: g++.dg/torture/pr44900.C  -O3 -g  execution test
FAIL: g++.dg/torture/pr44900.C  -Os  execution test
FAIL: g++.dg/torture/pr44900.C  -O2 -flto -fno-use-linker-plugin -flto-partition=none  execution test
FAIL: g++.dg/torture/pr44900.C  -O2 -flto -fuse-linker-plugin -fno-fat-lto-objects  execution test
FAIL: g++.dg/torture/stackalign/unwind-1.C  -O3 -g  execution test
WARNING: program timed out.
FAIL: g++.dg/torture/stackalign/unwind-1.C  -Os  execution test
FAIL: g++.dg/torture/stackalign/unwind-2.C  -O1  execution test
XPASS: g++.old-deja/g++.other/init19.C execution test

		=== g++ Summary ===

# of expected passes		27134
# of unexpected failures	128
# of unexpected successes	1
# of expected failures		153
# of unresolved testcases	1
# of unsupported tests		211
/home2/joel/build/b-i386-gcc/gcc/testsuite/g++/../../g++  version 4.7.0 20111104 (experimental) [trunk revision 180959] (GCC) 


Compiler version: 4.7.0 20111104 (experimental) [trunk revision 180959] (GCC) 
Platform: i386-pc-rtems4.11
configure flags: --with-ppl=/users/joel/test-gcc/install-svn --disable-werror --enable-threads=rtems --with-gnu-as --enable-multilib --enable-newlib-mb --enable-newlib-iconv --with-gnu-ld --with-newlib --verbose --with-system-zlib --disable-nls --enable-version-specific-runtime-libs --enable-languages=c,c++ --target=i386-rtems4.11 --prefix=/users/joel/test-gcc/install-svn


Index Nav: [Date Index] [Subject Index] [Author Index] [Thread Index]
Message Nav: [Date Prev] [Date Next] [Thread Prev] [Thread Next]