This is the mail archive of the
gcc-testresults@gcc.gnu.org
mailing list for the GCC project.
Results for 4.4.7 20111101 (prerelease) (GCC) testsuite on sparc64-unknown-linux-gnu
- From: Mikael Pettersson <mikpe at it dot uu dot se>
- To: gcc-testresults at gcc dot gnu dot org
- Date: Fri, 4 Nov 2011 16:43:55 +0100
- Subject: Results for 4.4.7 20111101 (prerelease) (GCC) testsuite on sparc64-unknown-linux-gnu
LAST_UPDATED: Obtained from SVN: branches/gcc-4_4-branch revision 180747
=== acats tests ===
=== acats Summary ===
# of expected passes 2315
# of unexpected failures 0
Native configuration is sparc64-unknown-linux-gnu
=== g++ tests ===
Running target unix
=== g++ Summary ===
# of expected passes 19732
# of expected failures 159
# of unsupported tests 167
/mnt/scratch/objdir44/gcc/testsuite/g++/../../g++ version 4.4.7 20111101 (prerelease) (GCC)
=== gcc tests ===
Running target unix
FAIL: gcc.c-torture/compile/limits-exprparen.c -O0 (test for excess errors)
FAIL: gcc.c-torture/compile/limits-exprparen.c -O1 (test for excess errors)
FAIL: gcc.c-torture/compile/limits-exprparen.c -O2 (test for excess errors)
FAIL: gcc.c-torture/compile/limits-exprparen.c -O3 -fomit-frame-pointer (test for excess errors)
FAIL: gcc.c-torture/compile/limits-exprparen.c -O3 -g (test for excess errors)
FAIL: gcc.c-torture/compile/limits-exprparen.c -Os (test for excess errors)
FAIL: gcc.c-torture/execute/pr38819.c execution, -O2
FAIL: gcc.c-torture/execute/pr38819.c execution, -O3 -fomit-frame-pointer
FAIL: gcc.c-torture/execute/pr38819.c execution, -O3 -fomit-frame-pointer -funroll-loops
FAIL: gcc.c-torture/execute/pr38819.c execution, -O3 -fomit-frame-pointer -funroll-all-loops -finline-functions
FAIL: gcc.c-torture/execute/pr38819.c execution, -O3 -g
FAIL: gcc.dg/vect/vect-35.c scan-tree-dump-times vect "vectorized 1 loops" 1
=== gcc Summary ===
# of expected passes 52005
# of unexpected failures 12
# of expected failures 224
# of unsupported tests 666
/mnt/scratch/objdir44/gcc/xgcc version 4.4.7 20111101 (prerelease) (GCC)
=== gfortran tests ===
Running target unix
=== gfortran Summary ===
# of expected passes 30323
# of expected failures 11
# of unsupported tests 146
/mnt/scratch/objdir44/gcc/testsuite/gfortran/../../gfortran version 4.4.7 20111101 (prerelease) (GCC)
=== gnat tests ===
Running target unix
=== gnat Summary ===
# of expected passes 621
# of expected failures 6
=== libgomp tests ===
Running target unix
=== libgomp Summary ===
# of expected passes 2540
=== libstdc++ tests ===
Running target unix
FAIL: abi_check
FAIL: 22_locale/messages/members/char/1.cc execution test
FAIL: 22_locale/messages/members/char/2.cc execution test
FAIL: 22_locale/messages/members/char/wrapped_env.cc execution test
FAIL: 22_locale/messages/members/char/wrapped_locale.cc execution test
FAIL: 22_locale/messages_byname/named_equivalence.cc execution test
=== libstdc++ Summary ===
# of expected passes 6504
# of unexpected failures 6
# of expected failures 80
# of unsupported tests 18
Compiler version: 4.4.7 20111101 (prerelease) (GCC)
Platform: sparc64-unknown-linux-gnu
configure flags: --prefix=/mnt/scratch/install44 --with-gmp=/home/mikpe/pkgs/linux-sparc64/gmp-5.0.2 --with-mpfr=/home/mikpe/pkgs/linux-sparc64/mpfr-3.0.1 --with-cpu=v8 --enable-multilib --disable-nls --enable-threads=posix --enable-checking=release --disable-libmudflap --enable-languages=c,c++,fortran,ada
BOOT_CFLAGS=-g -O2