This is the mail archive of the gcc-testresults@gcc.gnu.org mailing list for the GCC project.


Index Nav: [Date Index] [Subject Index] [Author Index] [Thread Index]
Message Nav: [Date Prev] [Date Next] [Thread Prev] [Thread Next]
Other format: [Raw text]

Results for 4.6.2 (GCC) testsuite on x86_64-apple-darwin10


LAST_UPDATED: Obtained from SVN: tags/gcc_4_6_2_release revision 180516

=== acats tests ===

		=== acats Summary ===
# of expected passes		2321
# of unexpected failures	0
Native configuration is x86_64-apple-darwin10

=== g++ tests ===


Running target unix/-m32 WARNING: g++.dg/ext/label13.C compilation failed to produce executable XPASS: g++.dg/uninit-pred-3_b.C (test for excess errors)

=== g++ Summary for unix/-m32 ===

# of expected passes		25580
# of unexpected successes	1
# of expected failures		166
# of unsupported tests		207

Running target unix/-m64
WARNING: g++.dg/ext/label13.C compilation failed to produce executable
XPASS: g++.dg/uninit-pred-3_b.C (test for excess errors)

=== g++ Summary for unix/-m64 ===

# of expected passes		25889
# of unexpected successes	1
# of expected failures		166
# of unsupported tests		365

=== g++ Summary ===

# of expected passes 51469
# of unexpected successes 2
# of expected failures 332
# of unsupported tests 572
/Volumes/GCC/gcc-4.6.2-build/gcc/testsuite/g++/../../g++ version 4.6.2 (GCC)


=== gcc tests ===


Running target unix/-m32


=== gcc Summary for unix/-m32 ===

# of expected passes		63606
# of expected failures		210
# of unsupported tests		1330

Running target unix/-m64
FAIL: gcc.dg/matrix/transpose-3.c execution, -fprofile-use -fipa- matrix-reorg -fdump-ipa-matrix-reorg -O3 -fwhole-program
FAIL: gcc.target/i386/pr49866.c (test for excess errors)


=== gcc Summary for unix/-m64 ===

# of expected passes		63900
# of unexpected failures	2
# of expected failures		211
# of unsupported tests		1624

=== gcc Summary ===

# of expected passes		127506
# of unexpected failures	2
# of expected failures		421
# of unsupported tests		2954
/Volumes/GCC/gcc-4.6.2-build/gcc/xgcc  version 4.6.2 (GCC)

=== gfortran tests ===


Running target unix/-m32


=== gfortran Summary for unix/-m32 ===

# of expected passes		38387
# of expected failures		41
# of unsupported tests		209

Running target unix/-m64

=== gfortran Summary for unix/-m64 ===

# of expected passes		38676
# of expected failures		41
# of unsupported tests		69

=== gfortran Summary ===

# of expected passes 77063
# of expected failures 82
# of unsupported tests 278
/Volumes/GCC/gcc-4.6.2-build/gcc/testsuite/gfortran/../../gfortran version 4.6.2 (GCC)


=== gnat tests ===


Running target unix/-m32


=== gnat Summary for unix/-m32 ===

# of expected passes		874
# of expected failures		10
# of unsupported tests		2

Running target unix/-m64

=== gnat Summary for unix/-m64 ===

# of expected passes		874
# of expected failures		10
# of unsupported tests		2

=== gnat Summary ===

# of expected passes		1748
# of expected failures		20
# of unsupported tests		4
/Volumes/GCC/gcc-4.6.2-build/gcc/gnatmake version 4.6.2

=== obj-c++ tests ===


Running target unix/-m32


=== obj-c++ Summary for unix/-m32 ===

# of expected passes		2899
# of expected failures		2
# of unsupported tests		56

Running target unix/-m64

=== obj-c++ Summary for unix/-m64 ===

# of expected passes		2873
# of expected failures		19
# of unsupported tests		59

=== obj-c++ Summary ===

# of expected passes 5772
# of expected failures 21
# of unsupported tests 115
/Volumes/GCC/gcc-4.6.2-build/gcc/testsuite/obj-c++/../../g++ version 4.6.2 (GCC)


=== objc tests ===


Running target unix/-m32


=== objc Summary for unix/-m32 ===

# of expected passes		5791
# of expected failures		6
# of unsupported tests		74

Running target unix/-m64

=== objc Summary for unix/-m64 ===

# of expected passes		5743
# of expected failures		22
# of unsupported tests		86

=== objc Summary ===

# of expected passes		11534
# of expected failures		28
# of unsupported tests		160
/Volumes/GCC/gcc-4.6.2-build/gcc/xgcc  version 4.6.2 (GCC)

=== libffi tests ===


Running target unix/-m32


=== libffi Summary for unix/-m32 ===

# of expected passes		1634
# of expected failures		10
# of unsupported tests		15

Running target unix/-m64

=== libffi Summary for unix/-m64 ===

# of expected passes		1634
# of expected failures		10
# of unsupported tests		15

=== libffi Summary ===

# of expected passes		3268
# of expected failures		20
# of unsupported tests		30
		=== libgomp tests ===


Running target unix/-m32


=== libgomp Summary for unix/-m32 ===

# of expected passes		2626
# of unsupported tests		3

Running target unix/-m64

=== libgomp Summary for unix/-m64 ===

# of expected passes		2626
# of unsupported tests		3

=== libgomp Summary ===

# of expected passes		5252
# of unsupported tests		6
		=== libjava tests ===


Running target unix/-m32
FAIL: Thread_Sleep_2 output - source compiled test
FAIL: Thread_Sleep_2 -findirect-dispatch output - source compiled test
FAIL: Thread_Sleep_2 -O3 output - source compiled test
FAIL: Thread_Sleep_2 -O3 -findirect-dispatch output - source compiled test


=== libjava Summary for unix/-m32 ===

# of expected passes		2570
# of unexpected failures	4

Running target unix/-m64
FAIL: Thread_Sleep_2 output - source compiled test
FAIL: Thread_Sleep_2 -findirect-dispatch output - source compiled test
FAIL: Thread_Sleep_2 -O3 output - source compiled test
FAIL: Thread_Sleep_2 -O3 -findirect-dispatch output - source compiled test


=== libjava Summary for unix/-m64 ===

# of expected passes		2570
# of unexpected failures	4

=== libjava Summary ===

# of expected passes		5140
# of unexpected failures	8
		=== libstdc++ tests ===


Running target unix/-m32
FAIL: 22_locale/time_get/get_weekday/wchar_t/6.cc (test for excess errors)
WARNING: 22_locale/time_get/get_weekday/wchar_t/6.cc compilation failed to produce executable


=== libstdc++ Summary for unix/-m32 ===

# of expected passes		7044
# of unexpected failures	1
# of expected failures		82
# of unsupported tests		652

Running target unix/-m64

=== libstdc++ Summary for unix/-m64 ===

# of expected passes		7044
# of expected failures		82
# of unsupported tests		653

=== libstdc++ Summary ===

# of expected passes		14088
# of unexpected failures	1
# of expected failures		164
# of unsupported tests		1305

=== libstdc++ Summary ===


Compiler version: 4.6.2 (GCC)
Platform: x86_64-apple-darwin10
configure flags: --prefix=/GCC/gcc-4.6.2-install --target=x86_64-apple- darwin10 --host=x86_64-apple-darwin10 --build=x86_64-apple-darwin10 -- enable-version-specific-runtime-libs --enable-checking=release --with- libiconv-prefix=/usr --with-system-zlib --with-gmp=/GCC/multiprec-math/ x86_64 --enable-languages=all,ada,obj-c++



Index Nav: [Date Index] [Subject Index] [Author Index] [Thread Index]
Message Nav: [Date Prev] [Date Next] [Thread Prev] [Thread Next]