This is the mail archive of the
gcc-testresults@gcc.gnu.org
mailing list for the GCC project.
Results for 4.6.2 (GCC) testsuite on powerpc-apple-darwin9
- From: Iain Sandoe <developer at sandoe-acoustics dot co dot uk>
- To: gcc-testresults at gcc dot gnu dot org
- Date: Mon, 31 Oct 2011 15:40:44 +0000
- Subject: Results for 4.6.2 (GCC) testsuite on powerpc-apple-darwin9
LAST_UPDATED: Obtained from SVN: tags/gcc_4_6_2_release revision 180516
=== acats tests ===
FAIL: c52103x
FAIL: c52104x
FAIL: c52104y
=== acats Summary ===
# of expected passes 2318
# of unexpected failures 3
Native configuration is powerpc-apple-darwin9
=== g++ tests ===
Running target unix/-m32
FAIL: g++.dg/eh/simd-3.C execution test
FAIL: g++.dg/eh/simd-4.C execution test
FAIL: g++.dg/ext/alignof2.C execution test
WARNING: g++.dg/ext/label13.C compilation failed to produce executable
XPASS: g++.dg/uninit-pred-3_b.C (test for excess errors)
=== g++ Summary for unix/-m32 ===
# of expected passes 26680
# of unexpected failures 3
# of unexpected successes 1
# of expected failures 168
# of unsupported tests 393
Running target unix/-m64
WARNING: g++.dg/ext/label13.C compilation failed to produce executable
XPASS: g++.dg/uninit-pred-3_b.C (test for excess errors)
=== g++ Summary for unix/-m64 ===
# of expected passes 27295
# of unexpected successes 1
# of expected failures 168
# of unsupported tests 390
=== g++ Summary ===
# of expected passes 53975
# of unexpected failures 3
# of unexpected successes 2
# of expected failures 336
# of unsupported tests 783
/Volumes/ScratchCS/gcc-4.6.2-build/gcc/testsuite/g++/../../g++
version 4.6.2 (GCC)
=== gcc tests ===
Running target unix/-m32
FAIL: gcc.c-torture/compile/pr44707.c -O1 (test for excess errors)
FAIL: gcc.c-torture/compile/pr44707.c -O2 (test for excess errors)
FAIL: gcc.c-torture/compile/pr44707.c -O3 -fomit-frame-pointer (test
for excess errors)
FAIL: gcc.c-torture/compile/pr44707.c -O3 -g (test for excess errors)
FAIL: gcc.c-torture/compile/pr44707.c -Os (test for excess errors)
FAIL: gcc.c-torture/compile/pr44707.c -O2 -flto -flto-partition=none
(test for excess errors)
FAIL: gcc.c-torture/compile/pr44707.c -O2 -flto (test for excess
errors)
FAIL: gcc.c-torture/execute/20040811-1.c compilation, -O3 -g
UNRESOLVED: gcc.c-torture/execute/20040811-1.c execution, -O3 -g
FAIL: gcc.c-torture/execute/pr22061-4.c compilation, -O3 -g
UNRESOLVED: gcc.c-torture/execute/pr22061-4.c execution, -O3 -g
FAIL: gcc.c-torture/execute/pr43220.c compilation, -O3 -g
UNRESOLVED: gcc.c-torture/execute/pr43220.c execution, -O3 -g
FAIL: gcc.c-torture/execute/vla-dealloc-1.c compilation, -O3 -g
UNRESOLVED: gcc.c-torture/execute/vla-dealloc-1.c execution, -O3 -g
FAIL: gcc.dg/and-1.c scan-assembler-not nand
FAIL: gcc.dg/sms-2.c scan-rtl-dump-times sms "SMS succeeded" 1
FAIL: gcc.dg/sms-3.c scan-rtl-dump-times sms "SMS succeeded" 1
FAIL: gcc.dg/sms-4.c scan-rtl-dump-times sms "SMS succeeded" 1
FAIL: gcc.dg/sms-5.c scan-rtl-dump-times sms "SMS succeeded" 1
FAIL: gcc.dg/sms-6.c scan-rtl-dump-times sms "SMS succeeded" 3
FAIL: gcc.dg/sms-7.c scan-rtl-dump-times sms "SMS succeeded" 3
FAIL: gcc.dg/sms-8.c scan-rtl-dump-times sms "SMS succeeded" 1
FAIL: gcc.dg/stack-usage-1.c scan-file foo\\t(256|264)\\tstatic
FAIL: gcc.dg/tree-ssa/vrp47.c scan-tree-dump-times vrp1 "[xy][^ ]* !=" 0
FAIL: gcc.dg/tree-ssa/vrp47.c scan-tree-dump-times dom1 "x[^ ]* & y" 1
FAIL: gcc.target/powerpc/405-dlmzb-strlen-1.c scan-assembler dlmzb\\\\.
FAIL: gcc.target/powerpc/440-dlmzb-strlen-1.c scan-assembler dlmzb\\\\.
FAIL: gcc.target/powerpc/ppc-vector-memcpy.c scan-assembler lvx
=== gcc Summary for unix/-m32 ===
# of expected passes 72570
# of unexpected failures 25
# of expected failures 192
# of unresolved testcases 4
# of unsupported tests 1176
Running target unix/-m64
FAIL: gcc.c-torture/compile/pr44707.c -O1 (test for excess errors)
FAIL: gcc.c-torture/compile/pr44707.c -O2 (test for excess errors)
FAIL: gcc.c-torture/compile/pr44707.c -O3 -fomit-frame-pointer (test
for excess errors)
FAIL: gcc.c-torture/compile/pr44707.c -O3 -g (test for excess errors)
FAIL: gcc.c-torture/compile/pr44707.c -Os (test for excess errors)
FAIL: gcc.c-torture/compile/pr44707.c -O2 -flto -flto-partition=none
(test for excess errors)
FAIL: gcc.c-torture/compile/pr44707.c -O2 -flto (test for excess
errors)
FAIL: gcc.dg/and-1.c scan-assembler-not nand
FAIL: gcc.dg/sms-2.c scan-rtl-dump-times sms "SMS succeeded" 1
FAIL: gcc.dg/sms-4.c scan-rtl-dump-times sms "SMS succeeded" 1
FAIL: gcc.dg/sms-5.c scan-rtl-dump-times sms "SMS succeeded" 1
FAIL: gcc.dg/sms-6.c scan-rtl-dump-times sms "SMS succeeded" 3
FAIL: gcc.dg/sms-7.c scan-rtl-dump-times sms "SMS succeeded" 3
FAIL: gcc.dg/sms-8.c scan-rtl-dump-times sms "SMS succeeded" 1
FAIL: gcc.dg/stack-usage-1.c scan-file foo\\t(256|264)\\tstatic
FAIL: gcc.dg/lto/20090116 c_lto_20090116_0.o-c_lto_20090116_0.o link, -
O1 -flto -flto-partition=1to1 -fPIC (internal compiler error)
UNRESOLVED: gcc.dg/lto/20090116 c_lto_20090116_0.o-c_lto_20090116_0.o
execute -O1 -flto -flto-partition=1to1 -fPIC
FAIL: gcc.dg/tree-ssa/vrp47.c scan-tree-dump-times vrp1 "[xy][^ ]* !=" 0
FAIL: gcc.dg/tree-ssa/vrp47.c scan-tree-dump-times dom1 "x[^ ]* & y" 1
FAIL: gcc.dg/vect/costmodel/ppc/costmodel-pr37194.c scan-tree-dump-
times vect "vectorization not profitable" 1
FAIL: gcc.dg/vect/costmodel/ppc/costmodel-pr37194.c scan-tree-dump-
times vect "vectorized 1 loops" 1
FAIL: gcc.target/powerpc/optimize-bswapdi-3.c scan-assembler ldbrx
FAIL: gcc.target/powerpc/optimize-bswapdi-3.c scan-assembler stdbrx
FAIL: gcc.target/powerpc/ppc-vector-memcpy.c scan-assembler lvx
=== gcc Summary for unix/-m64 ===
# of expected passes 73115
# of unexpected failures 23
# of expected failures 200
# of unresolved testcases 1
# of unsupported tests 1231
=== gcc Summary ===
# of expected passes 145685
# of unexpected failures 48
# of expected failures 392
# of unresolved testcases 5
# of unsupported tests 2407
/Volumes/ScratchCS/gcc-4.6.2-build/gcc/xgcc version 4.6.2 (GCC)
=== gfortran tests ===
Running target unix/-m32
FAIL: gfortran.dg/large_real_kind_3.F90 -O0 execution test
=== gfortran Summary for unix/-m32 ===
# of expected passes 38511
# of unexpected failures 1
# of expected failures 73
# of unsupported tests 237
Running target unix/-m64
FAIL: gfortran.dg/large_real_kind_3.F90 -O0 execution test
FAIL: gfortran.dg/vect/pr45714-b.f -O (internal compiler error)
FAIL: gfortran.dg/vect/pr45714-b.f -O (test for excess errors)
=== gfortran Summary for unix/-m64 ===
# of expected passes 38836
# of unexpected failures 3
# of expected failures 79
# of unsupported tests 76
=== gfortran Summary ===
# of expected passes 77347
# of unexpected failures 4
# of expected failures 152
# of unsupported tests 313
/Volumes/ScratchCS/gcc-4.6.2-build/gcc/testsuite/gfortran/../../
gfortran version 4.6.2 (GCC)
=== gnat tests ===
Running target unix/-m32
FAIL: gnat.dg/alignment8.adb execution test
=== gnat Summary for unix/-m32 ===
# of expected passes 871
# of unexpected failures 1
# of expected failures 10
# of unsupported tests 3
Running target unix/-m64
FAIL: gnat.dg/curr_task.adb execution test
FAIL: gnat.dg/interface2.adb execution test
FAIL: gnat.dg/lto8.adb execution test
FAIL: gnat.dg/null_pointer_deref2.adb execution test
FAIL: gnat.dg/requeue1.adb execution test
FAIL: gnat.dg/stack_check1.adb execution test
FAIL: gnat.dg/stack_check2.adb execution test
FAIL: gnat.dg/task_stack_align.adb execution test
FAIL: gnat.dg/test_image.adb execution test
FAIL: gnat.dg/test_prio.adb execution test
FAIL: gnat.dg/timer_cancel.adb execution test
=== gnat Summary for unix/-m64 ===
# of expected passes 861
# of unexpected failures 11
# of expected failures 10
# of unsupported tests 3
=== gnat Summary ===
# of expected passes 1732
# of unexpected failures 12
# of expected failures 20
# of unsupported tests 6
/Volumes/ScratchCS/gcc-4.6.2-build/gcc/gnatmake version 4.6.2
=== obj-c++ tests ===
Running target unix/-m32
=== obj-c++ Summary for unix/-m32 ===
# of expected passes 3035
# of expected failures 2
# of unsupported tests 68
Running target unix/-m64
=== obj-c++ Summary for unix/-m64 ===
# of expected passes 2985
# of expected failures 19
# of unsupported tests 73
=== obj-c++ Summary ===
# of expected passes 6020
# of expected failures 21
# of unsupported tests 141
/Volumes/ScratchCS/gcc-4.6.2-build/gcc/testsuite/obj-c++/../../g++
version 4.6.2 (GCC)
=== objc tests ===
Running target unix/-m32
=== objc Summary for unix/-m32 ===
# of expected passes 5955
# of expected failures 14
# of unsupported tests 85
Running target unix/-m64
=== objc Summary for unix/-m64 ===
# of expected passes 5889
# of expected failures 18
# of unsupported tests 102
=== objc Summary ===
# of expected passes 11844
# of expected failures 32
# of unsupported tests 187
/Volumes/ScratchCS/gcc-4.6.2-build/gcc/xgcc version 4.6.2 (GCC)
=== libgomp tests ===
Running target unix/-m32
=== libgomp Summary for unix/-m32 ===
# of expected passes 2626
# of unsupported tests 3
Running target unix/-m64
=== libgomp Summary for unix/-m64 ===
# of expected passes 2626
# of unsupported tests 3
=== libgomp Summary ===
# of expected passes 5252
# of unsupported tests 6
=== libstdc++ tests ===
Running target unix/-m32
FAIL: ext/mt_allocator/deallocate_global_thread-1.cc execution test
FAIL: ext/mt_allocator/deallocate_global_thread-3.cc execution test
=== libstdc++ Summary for unix/-m32 ===
# of expected passes 7044
# of unexpected failures 2
# of expected failures 82
# of unsupported tests 652
Running target unix/-m64
FAIL: ext/mt_allocator/deallocate_global_thread-1.cc execution test
FAIL: ext/mt_allocator/deallocate_global_thread-3.cc execution test
=== libstdc++ Summary for unix/-m64 ===
# of expected passes 7042
# of unexpected failures 2
# of expected failures 82
# of unsupported tests 653
=== libstdc++ Summary ===
# of expected passes 14086
# of unexpected failures 4
# of expected failures 164
# of unsupported tests 1305
=== libstdc++ Summary ===
Compiler version: 4.6.2 (GCC)
Platform: powerpc-apple-darwin9
configure flags: --prefix=/usr/local/gfortran --target=powerpc-apple-
darwin9 --host=powerpc-apple-darwin9 --build=powerpc-apple-darwin9 --
enable-version-specific-runtime-libs --enable-checking=release --with-
libiconv-prefix=/usr --with-system-zlib --with-gmp=/GCC/multiprec-math/
ppc --enable-languages=c,c++,fortran,ada,objc,obj-c++