This is the mail archive of the gcc-testresults@gcc.gnu.org mailing list for the GCC project.


Index Nav: [Date Index] [Subject Index] [Author Index] [Thread Index]
Message Nav: [Date Prev] [Date Next] [Thread Prev] [Thread Next]
Other format: [Raw text]

Results for 4.6.2 (GCC) testsuite on i686-apple-darwin9


LAST_UPDATED: Obtained from SVN: tags/gcc_4_6_2_release revision 180516

=== acats tests ===

		=== acats Summary ===
# of expected passes		2321
# of unexpected failures	0
Native configuration is i686-apple-darwin9

=== g++ tests ===


Running target unix/-m32
UNRESOLVED: g++.dg/ext/label13.C compilation failed to produce executable
XPASS: g++.dg/uninit-pred-3_b.C (test for excess errors)


=== g++ Summary for unix/-m32 ===

# of expected passes		27072
# of unexpected successes	1
# of expected failures		168
# of unresolved testcases	1
# of unsupported tests		182

Running target unix/-m64
UNRESOLVED: g++.dg/ext/label13.C compilation failed to produce executable
XPASS: g++.dg/uninit-pred-3_b.C (test for excess errors)


=== g++ Summary for unix/-m64 ===

# of expected passes		27302
# of unexpected successes	1
# of expected failures		168
# of unresolved testcases	1
# of unsupported tests		382

=== g++ Summary ===

# of expected passes 54374
# of unexpected successes 2
# of expected failures 336
# of unresolved testcases 2
# of unsupported tests 564
/Volumes/ScratchCS/gcc-4.6.2-build/gcc/testsuite/g++/../../g++ version 4.6.2 (GCC)


=== gcc tests ===


Running target unix/-m32 FAIL: gcc.c-torture/execute/20040811-1.c compilation, -O3 -g UNRESOLVED: gcc.c-torture/execute/20040811-1.c execution, -O3 -g FAIL: gcc.c-torture/execute/pr43220.c compilation, -O3 -g UNRESOLVED: gcc.c-torture/execute/pr43220.c execution, -O3 -g FAIL: gcc.c-torture/execute/vla-dealloc-1.c compilation, -O3 -g UNRESOLVED: gcc.c-torture/execute/vla-dealloc-1.c execution, -O3 -g

=== gcc Summary for unix/-m32 ===

# of expected passes		75177
# of unexpected failures	3
# of expected failures		210
# of unresolved testcases	3
# of unsupported tests		1411

Running target unix/-m64
FAIL: gcc.target/i386/pr49866.c (test for excess errors)

=== gcc Summary for unix/-m64 ===

# of expected passes		75325
# of unexpected failures	1
# of expected failures		211
# of unsupported tests		1781

=== gcc Summary ===

# of expected passes		150502
# of unexpected failures	4
# of expected failures		421
# of unresolved testcases	3
# of unsupported tests		3192
/Volumes/ScratchCS/gcc-4.6.2-build/gcc/xgcc  version 4.6.2 (GCC)

=== gfortran tests ===


Running target unix/-m32


=== gfortran Summary for unix/-m32 ===

# of expected passes		38587
# of expected failures		49
# of unsupported tests		213

Running target unix/-m64

=== gfortran Summary for unix/-m64 ===

# of expected passes		38876
# of expected failures		49
# of unsupported tests		73

=== gfortran Summary ===

# of expected passes 77463
# of expected failures 98
# of unsupported tests 286
/Volumes/ScratchCS/gcc-4.6.2-build/gcc/testsuite/gfortran/../../ gfortran version 4.6.2 (GCC)


=== gnat tests ===


Running target unix/-m32


=== gnat Summary for unix/-m32 ===

# of expected passes		874
# of expected failures		10
# of unsupported tests		2

Running target unix/-m64
WARNING: standard_wait: program timed out
FAIL: gnat.dg/curr_task.adb execution test
WARNING: standard_wait: program timed out
FAIL: gnat.dg/interface2.adb execution test
WARNING: standard_wait: program timed out
FAIL: gnat.dg/lto8.adb execution test
WARNING: standard_wait: program timed out
FAIL: gnat.dg/null_pointer_deref2.adb execution test
WARNING: standard_wait: program timed out
FAIL: gnat.dg/requeue1.adb execution test
WARNING: standard_wait: program timed out
FAIL: gnat.dg/stack_check1.adb execution test
WARNING: standard_wait: program timed out
FAIL: gnat.dg/stack_check2.adb execution test
WARNING: standard_wait: program timed out
FAIL: gnat.dg/task_stack_align.adb execution test
WARNING: standard_wait: program timed out
FAIL: gnat.dg/test_image.adb execution test
WARNING: standard_wait: program timed out
FAIL: gnat.dg/test_prio.adb execution test
WARNING: standard_wait: program timed out
FAIL: gnat.dg/timer_cancel.adb execution test

=== gnat Summary for unix/-m64 ===

# of expected passes		863
# of unexpected failures	11
# of expected failures		10
# of unsupported tests		2

=== gnat Summary ===

# of expected passes		1737
# of unexpected failures	11
# of expected failures		20
# of unsupported tests		4
/Volumes/ScratchCS/gcc-4.6.2-build/gcc/gnatmake version 4.6.2

=== obj-c++ tests ===


Running target unix/-m32


=== obj-c++ Summary for unix/-m32 ===

# of expected passes		3035
# of expected failures		2
# of unsupported tests		68

Running target unix/-m64

=== obj-c++ Summary for unix/-m64 ===

# of expected passes		2985
# of expected failures		19
# of unsupported tests		73

=== obj-c++ Summary ===

# of expected passes 6020
# of expected failures 21
# of unsupported tests 141
/Volumes/ScratchCS/gcc-4.6.2-build/gcc/testsuite/obj-c++/../../g++ version 4.6.2 (GCC)


=== objc tests ===


Running target unix/-m32


=== objc Summary for unix/-m32 ===

# of expected passes		5959
# of expected failures		6
# of unsupported tests		86

Running target unix/-m64

=== objc Summary for unix/-m64 ===

# of expected passes		5881
# of expected failures		24
# of unsupported tests		102

=== objc Summary ===

# of expected passes		11840
# of expected failures		30
# of unsupported tests		188
/Volumes/ScratchCS/gcc-4.6.2-build/gcc/xgcc  version 4.6.2 (GCC)

=== libgomp tests ===


Running target unix/-m32


=== libgomp Summary for unix/-m32 ===

# of expected passes		2626
# of unsupported tests		3

Running target unix/-m64

=== libgomp Summary for unix/-m64 ===

# of expected passes		2626
# of unsupported tests		3

=== libgomp Summary ===

# of expected passes		5252
# of unsupported tests		6
		=== libstdc++ tests ===


Running target unix/-m32 FAIL: ext/mt_allocator/deallocate_global_thread-1.cc execution test FAIL: ext/mt_allocator/deallocate_global_thread-3.cc execution test

=== libstdc++ Summary for unix/-m32 ===

# of expected passes		7044
# of unexpected failures	2
# of expected failures		82
# of unsupported tests		652

Running target unix/-m64
FAIL: ext/mt_allocator/deallocate_global_thread-1.cc execution test
FAIL: ext/mt_allocator/deallocate_global_thread-3.cc execution test

=== libstdc++ Summary for unix/-m64 ===

# of expected passes		7042
# of unexpected failures	2
# of expected failures		82
# of unsupported tests		653

=== libstdc++ Summary ===

# of expected passes		14086
# of unexpected failures	4
# of expected failures		164
# of unsupported tests		1305

=== libstdc++ Summary ===


Compiler version: 4.6.2 (GCC)
Platform: i686-apple-darwin9
configure flags: --prefix=/usr/local/gfortran --target=i686-apple- darwin9 --host=i686-apple-darwin9 --build=i686-apple-darwin9 --enable- version-specific-runtime-libs --enable-checking=release --with-gmp=/ GCC/multiprec-math/x86 --with-libiconv-prefix=/usr --enable- languages=c,c++,objc,fortran,ada,obj-c++



Index Nav: [Date Index] [Subject Index] [Author Index] [Thread Index]
Message Nav: [Date Prev] [Date Next] [Thread Prev] [Thread Next]