This is the mail archive of the gcc-testresults@gcc.gnu.org mailing list for the GCC project.


Index Nav: [Date Index] [Subject Index] [Author Index] [Thread Index]
Message Nav: [Date Prev] [Date Next] [Thread Prev] [Thread Next]
Other format: [Raw text]

Results for 4.7.0 20111028 (experimental) [trunk revision 180623] (GCC) testsuite on hppa64-hp-hpux11.00


Native configuration is hppa64-hp-hpux11.00

		=== gcc tests ===


Running target unix
WARNING: program timed out.
FAIL: gcc.c-torture/compile/20001226-1.c  -O3 -g  (test for excess errors)
WARNING: program timed out.
FAIL: gcc.c-torture/compile/limits-fndefn.c  -O1  (test for excess errors)
WARNING: program timed out.
FAIL: gcc.c-torture/compile/limits-fndefn.c  -O2  (test for excess errors)
WARNING: program timed out.
FAIL: gcc.c-torture/compile/limits-fndefn.c  -O3 -fomit-frame-pointer  (test for excess errors)
WARNING: program timed out.
FAIL: gcc.c-torture/compile/limits-fndefn.c  -O3 -g  (test for excess errors)
WARNING: program timed out.
FAIL: gcc.c-torture/compile/limits-fndefn.c  -Os  (test for excess errors)
WARNING: program timed out.
FAIL: gcc.c-torture/compile/limits-fndefn.c  -O2 -flto -flto-partition=none  (test for excess errors)
WARNING: program timed out.
FAIL: gcc.c-torture/compile/limits-fndefn.c  -O2 -flto  (test for excess errors)
WARNING: program timed out.
FAIL: gcc.c-torture/compile/limits-structnest.c  -O2  (test for excess errors)
WARNING: program timed out.
FAIL: gcc.c-torture/compile/limits-structnest.c  -O3 -fomit-frame-pointer  (test for excess errors)
WARNING: program timed out.
FAIL: gcc.c-torture/compile/limits-structnest.c  -O3 -g  (test for excess errors)
WARNING: program timed out.
FAIL: gcc.c-torture/compile/limits-structnest.c  -Os  (test for excess errors)
WARNING: program timed out.
FAIL: gcc.c-torture/compile/limits-structnest.c  -O2 -flto -flto-partition=none  (test for excess errors)
WARNING: program timed out.
FAIL: gcc.c-torture/compile/limits-structnest.c  -O2 -flto  (test for excess errors)
FAIL: gcc.dg/20030711-1.c execution test
WARNING: program timed out.
WARNING: program timed out.
FAIL: gcc.dg/c99-intconst-1.c (test for excess errors)
WARNING: program timed out.
FAIL: gcc.dg/pr48141.c (test for excess errors)
FAIL: gcc.dg/strlenopt-22.c (test for excess errors)
WARNING: gcc.dg/strlenopt-22.c compilation failed to produce executable
WARNING: program timed out.
FAIL: gcc.dg/lto/20090116 c_lto_20090116_0.o-c_lto_20090116_0.o link, -O1 -flto -flto-partition=1to1 -fPIC (internal compiler error)
UNRESOLVED: gcc.dg/lto/20090116 c_lto_20090116_0.o-c_lto_20090116_0.o execute -O1 -flto -flto-partition=1to1 -fPIC
FAIL: gcc.dg/torture/vshuf-v16hi.c  -O2  (test for excess errors)
FAIL: gcc.dg/torture/vshuf-v32qi.c  -O2  (test for excess errors)
FAIL: gcc.dg/torture/vshuf-v4df.c  -O2  (test for excess errors)
FAIL: gcc.dg/torture/vshuf-v4di.c  -O2  (test for excess errors)
FAIL: gcc.dg/torture/vshuf-v8sf.c  -O2  (test for excess errors)
FAIL: gcc.dg/torture/vshuf-v8si.c  -O2  (test for excess errors)
FAIL: gcc.dg/tree-ssa/ssa-fre-31.c (test for excess errors)
FAIL: gcc.dg/tree-ssa/vrp47.c scan-tree-dump-times dom1 "x[^ ]* & y" 1

		=== gcc Summary ===

# of expected passes		68932
# of unexpected failures	27
# of expected failures		116
# of unresolved testcases	1
# of unsupported tests		1419
/home/gnu/gcc/objdir/gcc/xgcc  version 4.7.0 20111028 (experimental) [trunk revision 180623] (GCC) 

		=== libgomp tests ===


Running target unix

		=== libgomp Summary ===

# of expected passes		268
# of unsupported tests		10

Compiler version: 4.7.0 20111028 (experimental) [trunk revision 180623] (GCC) 
Platform: hppa64-hp-hpux11.00
configure flags:Test Run By dave on Sun Oct 30 04:13:41 2011


Index Nav: [Date Index] [Subject Index] [Author Index] [Thread Index]
Message Nav: [Date Prev] [Date Next] [Thread Prev] [Thread Next]