This is the mail archive of the
gcc-testresults@gcc.gnu.org
mailing list for the GCC project.
Results for 4.7.0 20111028 (experimental) [trunk revision 180617] (GCC) testsuite on sparc-sun-solaris2.11
- From: Rainer Orth <ro at CeBiTec dot Uni-Bielefeld dot DE>
- To: gcc-testresults at gcc dot gnu dot org
- Date: Mon, 31 Oct 2011 11:01:56 +0100 (MET)
- Subject: Results for 4.7.0 20111028 (experimental) [trunk revision 180617] (GCC) testsuite on sparc-sun-solaris2.11
LAST_UPDATED: Fri Oct 28 15:20:30 UTC 2011 (revision 180617)
=== acats tests ===
=== acats Summary ===
# of expected passes 2321
# of unexpected failures 0
Native configuration is sparc-sun-solaris2.11
=== g++ tests ===
Running target unix
WARNING: program timed out.
FAIL: tmpdir-g++.dg-struct-layout-1/t001 cp_compat_y_tst.o compile
UNRESOLVED: tmpdir-g++.dg-struct-layout-1/t001 cp_compat_x_tst.o-cp_compat_y_tst.o link
UNRESOLVED: tmpdir-g++.dg-struct-layout-1/t001 cp_compat_x_tst.o-cp_compat_y_tst.o execute
WARNING: program timed out.
FAIL: tmpdir-g++.dg-struct-layout-1/t002 cp_compat_y_tst.o compile
UNRESOLVED: tmpdir-g++.dg-struct-layout-1/t002 cp_compat_x_tst.o-cp_compat_y_tst.o link
UNRESOLVED: tmpdir-g++.dg-struct-layout-1/t002 cp_compat_x_tst.o-cp_compat_y_tst.o execute
WARNING: program timed out.
FAIL: tmpdir-g++.dg-struct-layout-1/t003 cp_compat_y_tst.o compile
UNRESOLVED: tmpdir-g++.dg-struct-layout-1/t003 cp_compat_x_tst.o-cp_compat_y_tst.o link
UNRESOLVED: tmpdir-g++.dg-struct-layout-1/t003 cp_compat_x_tst.o-cp_compat_y_tst.o execute
WARNING: program timed out.
FAIL: tmpdir-g++.dg-struct-layout-1/t024 cp_compat_y_tst.o compile
UNRESOLVED: tmpdir-g++.dg-struct-layout-1/t024 cp_compat_x_tst.o-cp_compat_y_tst.o link
UNRESOLVED: tmpdir-g++.dg-struct-layout-1/t024 cp_compat_x_tst.o-cp_compat_y_tst.o execute
WARNING: program timed out.
FAIL: tmpdir-g++.dg-struct-layout-1/t025 cp_compat_y_tst.o compile
UNRESOLVED: tmpdir-g++.dg-struct-layout-1/t025 cp_compat_x_tst.o-cp_compat_y_tst.o link
UNRESOLVED: tmpdir-g++.dg-struct-layout-1/t025 cp_compat_x_tst.o-cp_compat_y_tst.o execute
WARNING: program timed out.
FAIL: tmpdir-g++.dg-struct-layout-1/t026 cp_compat_y_tst.o compile
UNRESOLVED: tmpdir-g++.dg-struct-layout-1/t026 cp_compat_x_tst.o-cp_compat_y_tst.o link
UNRESOLVED: tmpdir-g++.dg-struct-layout-1/t026 cp_compat_x_tst.o-cp_compat_y_tst.o execute
WARNING: program timed out.
FAIL: tmpdir-g++.dg-struct-layout-1/t027 cp_compat_y_tst.o compile
UNRESOLVED: tmpdir-g++.dg-struct-layout-1/t027 cp_compat_x_tst.o-cp_compat_y_tst.o link
UNRESOLVED: tmpdir-g++.dg-struct-layout-1/t027 cp_compat_x_tst.o-cp_compat_y_tst.o execute
FAIL: g++.dg/init/copy7.C execution test
WARNING: program timed out.
=== g++ Summary for unix ===
# of expected passes 27478
# of unexpected failures 8
# of expected failures 154
# of unresolved testcases 14
# of unsupported tests 437
Running target unix/-m64
FAIL: g++.dg/init/copy7.C execution test
WARNING: program timed out.
=== g++ Summary for unix/-m64 ===
# of expected passes 28115
# of unexpected failures 1
# of expected failures 154
# of unsupported tests 432
=== g++ Summary ===
# of expected passes 55593
# of unexpected failures 9
# of expected failures 308
# of unresolved testcases 14
# of unsupported tests 869
/var/gcc/regression/trunk/11-gcc-gas/build/gcc/testsuite/g++/../../g++ version 4.7.0 20111028 (experimental) [trunk revision 180617] (GCC)
=== gcc tests ===
Running target unix
FAIL: gcc.c-torture/compile/limits-externalid.c -O3 -g (test for excess errors)
WARNING: program timed out.
FAIL: gcc.dg/tree-ssa/vrp47.c scan-tree-dump-times dom1 "x[^ ]* & y" 1
=== gcc Summary for unix ===
# of expected passes 73430
# of unexpected failures 2
# of expected failures 294
# of unsupported tests 1488
Running target unix/-m64
FAIL: gcc.dg/pr44194-1.c scan-rtl-dump dse1 "global deletions = 2"
FAIL: gcc.dg/tree-ssa/vrp47.c scan-tree-dump-times dom1 "x[^ ]* & y" 1
=== gcc Summary for unix/-m64 ===
# of expected passes 74071
# of unexpected failures 2
# of expected failures 285
# of unsupported tests 1487
=== gcc Summary ===
# of expected passes 147501
# of unexpected failures 4
# of expected failures 579
# of unsupported tests 2975
/var/gcc/regression/trunk/11-gcc-gas/build/gcc/xgcc version 4.7.0 20111028 (experimental) [trunk revision 180617] (GCC)
=== gfortran tests ===
Running target unix
FAIL: gfortran.dg/select_type_12.f03 -O (internal compiler error)
FAIL: gfortran.dg/select_type_12.f03 -O (test for excess errors)
FAIL: gfortran.dg/whole_file_26.f90 -O (test for excess errors)
WARNING: program timed out.
WARNING: program timed out.
FAIL: gfortran.fortran-torture/execute/forall_7.f90 compilation, -O3 -g
=== gfortran Summary for unix ===
# of expected passes 39573
# of unexpected failures 4
# of expected failures 54
# of untested testcases 1
# of unsupported tests 271
Running target unix/-m64
FAIL: gfortran.dg/select_type_12.f03 -O (internal compiler error)
FAIL: gfortran.dg/select_type_12.f03 -O (test for excess errors)
FAIL: gfortran.dg/whole_file_26.f90 -O (test for excess errors)
WARNING: program timed out.
FAIL: gfortran.fortran-torture/execute/entry_4.f90 execution, -O2
FAIL: gfortran.fortran-torture/execute/entry_4.f90 execution, -O2 -fomit-frame-pointer -finline-functions
FAIL: gfortran.fortran-torture/execute/entry_4.f90 execution, -O2 -fomit-frame-pointer -finline-functions -funroll-loops
FAIL: gfortran.fortran-torture/execute/entry_4.f90 execution, -O2 -fbounds-check
FAIL: gfortran.fortran-torture/execute/entry_4.f90 execution, -O3 -g
FAIL: gfortran.fortran-torture/execute/entry_4.f90 execution, -O2 -ftree-vectorize -mcpu=ultrasparc -mvis
WARNING: program timed out.
FAIL: gfortran.fortran-torture/execute/forall_7.f90 compilation, -O3 -g
=== gfortran Summary for unix/-m64 ===
# of expected passes 39894
# of unexpected failures 10
# of expected failures 54
# of untested testcases 1
# of unsupported tests 110
=== gfortran Summary ===
# of expected passes 79467
# of unexpected failures 14
# of expected failures 108
# of untested testcases 2
# of unsupported tests 381
/var/gcc/regression/trunk/11-gcc-gas/build/gcc/testsuite/gfortran/../../gfortran version 4.7.0 20111028 (experimental) [trunk revision 180617] (GCC)
=== gnat tests ===
Running target unix
=== gnat Summary for unix ===
# of expected passes 931
# of expected failures 11
# of unsupported tests 12
Running target unix/-m64
=== gnat Summary for unix/-m64 ===
# of expected passes 931
# of expected failures 11
# of unsupported tests 12
=== gnat Summary ===
# of expected passes 1862
# of expected failures 22
# of unsupported tests 24
/var/gcc/regression/trunk/11-gcc-gas/build/gcc/gnatmake version 4.7.0 20111028 (experimental) [trunk revision 180617]
=== go tests ===
Running target unix
FAIL: ./64bit-out.go compilation, -O2 -g
FAIL: ./select5-out.go compilation, -O2 -g
FAIL: ./tmp.go compilation, -O2 -g
FAIL: go.test/test/fixedbugs/bug273.go execution, -O2 -g
WARNING: program timed out.
WARNING: program timed out.
WARNING: program timed out.
=== go Summary for unix ===
# of expected passes 3149
# of unexpected failures 4
# of expected failures 22
# of untested testcases 5
# of unsupported tests 4
Running target unix/-m64
FAIL: ./64bit-out.go compilation, -O2 -g
FAIL: ./select5-out.go compilation, -O2 -g
FAIL: ./tmp.go compilation, -O2 -g
WARNING: program timed out.
WARNING: program timed out.
WARNING: program timed out.
=== go Summary for unix/-m64 ===
# of expected passes 3150
# of unexpected failures 3
# of expected failures 22
# of untested testcases 5
# of unsupported tests 4
=== go Summary ===
# of expected passes 6299
# of unexpected failures 7
# of expected failures 44
# of untested testcases 10
# of unsupported tests 8
/var/gcc/regression/trunk/11-gcc-gas/build/gcc/testsuite/go/../../gccgo version 4.7.0 20111028 (experimental) [trunk revision 180617] (GCC)
=== obj-c++ tests ===
Running target unix
=== obj-c++ Summary for unix ===
# of expected passes 1450
# of expected failures 2
# of unsupported tests 86
Running target unix/-m64
=== obj-c++ Summary for unix/-m64 ===
# of expected passes 1442
# of expected failures 10
# of unsupported tests 86
=== obj-c++ Summary ===
# of expected passes 2892
# of expected failures 12
# of unsupported tests 172
/var/gcc/regression/trunk/11-gcc-gas/build/gcc/testsuite/obj-c++/../../g++ version 4.7.0 20111028 (experimental) [trunk revision 180617] (GCC)
=== objc tests ===
Running target unix
=== objc Summary for unix ===
# of expected passes 2994
# of unsupported tests 74
Running target unix/-m64
=== objc Summary for unix/-m64 ===
# of expected passes 2994
# of unsupported tests 74
=== objc Summary ===
# of expected passes 5988
# of unsupported tests 148
/var/gcc/regression/trunk/11-gcc-gas/build/gcc/xgcc version 4.7.0 20111028 (experimental) [trunk revision 180617] (GCC)
=== boehm-gc tests ===
Running target unix
=== boehm-gc Summary for unix ===
# of expected passes 12
# of unsupported tests 1
Running target unix/-m64
=== boehm-gc Summary for unix/-m64 ===
# of expected passes 12
# of unsupported tests 1
=== boehm-gc Summary ===
# of expected passes 24
# of unsupported tests 2
=== libffi tests ===
Running target unix
=== libffi Summary for unix ===
# of expected passes 1634
# of expected failures 10
# of unsupported tests 15
Running target unix/-m64
=== libffi Summary for unix/-m64 ===
# of expected passes 1634
# of expected failures 10
# of unsupported tests 15
=== libffi Summary ===
# of expected passes 3268
# of expected failures 20
# of unsupported tests 30
=== libgo tests ===
Running target unix
FAIL: big
FAIL: template
FAIL: time
FAIL: sync/atomic
FAIL: testing/quick
=== libgo Summary for unix ===
# of expected passes 130
# of unexpected failures 5
Running target unix/-m64
FAIL: big
FAIL: reflect
FAIL: template
FAIL: time
FAIL: sync/atomic
FAIL: testing/quick
=== libgo Summary for unix/-m64 ===
# of expected passes 129
# of unexpected failures 6
=== libgo Summary ===
# of expected passes 259
# of unexpected failures 11
/var/gcc/regression/trunk/11-gcc-gas/build/./gcc/gccgo version 4.7.0 20111028 (experimental) [trunk revision 180617] (GCC)
=== libgomp tests ===
Running target unix
FAIL: libgomp.c++/reduction-4.C -O0 execution test
FAIL: libgomp.c++/reduction-4.C -O1 execution test
FAIL: libgomp.c++/reduction-4.C -O2 execution test
FAIL: libgomp.c++/reduction-4.C -O3 -fomit-frame-pointer execution test
FAIL: libgomp.c++/reduction-4.C -O3 -fomit-frame-pointer -funroll-loops execution test
FAIL: libgomp.c++/reduction-4.C -O3 -fomit-frame-pointer -funroll-all-loops -finline-functions execution test
FAIL: libgomp.c++/reduction-4.C -O3 -g execution test
FAIL: libgomp.c++/reduction-4.C -Os execution test
FAIL: libgomp.graphite/force-parallel-1.c execution test
=== libgomp Summary for unix ===
# of expected passes 2965
# of unexpected failures 9
# of unsupported tests 10
Running target unix/-m64
FAIL: libgomp.c++/reduction-4.C -O0 execution test
FAIL: libgomp.c++/reduction-4.C -O1 execution test
FAIL: libgomp.c++/reduction-4.C -O2 execution test
FAIL: libgomp.c++/reduction-4.C -O3 -fomit-frame-pointer execution test
FAIL: libgomp.c++/reduction-4.C -O3 -fomit-frame-pointer -funroll-loops execution test
FAIL: libgomp.c++/reduction-4.C -O3 -fomit-frame-pointer -funroll-all-loops -finline-functions execution test
FAIL: libgomp.c++/reduction-4.C -O3 -g execution test
FAIL: libgomp.c++/reduction-4.C -Os execution test
FAIL: libgomp.graphite/force-parallel-1.c execution test
=== libgomp Summary for unix/-m64 ===
# of expected passes 2965
# of unexpected failures 9
# of unsupported tests 10
=== libgomp Summary ===
# of expected passes 5930
# of unexpected failures 18
# of unsupported tests 20
=== libjava tests ===
Running target unix
=== libjava Summary for unix ===
# of expected passes 2574
Running target unix/-m64
=== libjava Summary for unix/-m64 ===
# of expected passes 2574
=== libjava Summary ===
# of expected passes 5148
=== libmudflap tests ===
Running target unix
=== libmudflap Summary for unix ===
# of expected passes 1433
Running target unix/-m64
FAIL: libmudflap.c++/pass55-frag.cxx ( -O) execution test
=== libmudflap Summary for unix/-m64 ===
# of expected passes 1432
# of unexpected failures 1
=== libmudflap Summary ===
# of expected passes 2865
# of unexpected failures 1
=== libstdc++ tests ===
Running target unix
=== libstdc++ Summary for unix ===
# of expected passes 7821
# of expected failures 46
# of unsupported tests 497
Running target unix/-m64
=== libstdc++ Summary for unix/-m64 ===
# of expected passes 7821
# of expected failures 46
# of unsupported tests 497
=== libstdc++ Summary ===
# of expected passes 15642
# of expected failures 92
# of unsupported tests 994
Compiler version: 4.7.0 20111028 (experimental) [trunk revision 180617] (GCC)
Platform: sparc-sun-solaris2.11
configure flags: --prefix=/vol/gcc --target=sparc-sun-solaris2.11 --enable-objc-gc --enable-libmudflap --with-host-libstdcxx='-L/vol/gcc-4.4/lib -Wl,-Bstatic -lstdc++ -Wl,-Bdynamic -lm' --with-boot-ldflags='-static-libstdc++ -static-libgcc -L/vol/gcc-4.4/lib' --with-as=/vol/gcc/bin/gas-2.21.1 --with-gnu-as --with-gmp-include=/vol/gcc/include --with-gmp-lib=/vol/gcc/lib --with-mpfr-include=/vol/gcc/include --with-mpfr-lib=/vol/gcc/lib --with-mpc-include=/vol/gcc/include --with-mpc-lib=/vol/gcc/lib --enable-languages=all,ada,obj-c++,go --with-ppl-include=/vol/gcc/include --with-ppl-lib=/vol/gcc/lib --with-cloog-include=/vol/gcc/include --with-cloog-lib=/vol/gcc/lib --enable-cloog-backend=ppl
BOOT_CFLAGS=-g -O2