This is the mail archive of the
gcc-testresults@gcc.gnu.org
mailing list for the GCC project.
Results for 4.7.0 20111028 (experimental) [trunk revision 180617] (GCC) testsuite on i386-pc-solaris2.11
- From: Rainer Orth <ro at CeBiTec dot Uni-Bielefeld dot DE>
- To: gcc-testresults at gcc dot gnu dot org
- Date: Mon, 31 Oct 2011 10:59:59 +0100 (MET)
- Subject: Results for 4.7.0 20111028 (experimental) [trunk revision 180617] (GCC) testsuite on i386-pc-solaris2.11
LAST_UPDATED: Fri Oct 28 15:20:30 UTC 2011 (revision 180617)
=== acats tests ===
=== acats Summary ===
# of expected passes 2321
# of unexpected failures 0
Native configuration is i386-pc-solaris2.11
=== g++ tests ===
Running target unix
FAIL: g++.dg/lto/20100302 cp_lto_20100302_0.o-cp_lto_20100302_1.o link, -flto -fabi-version=2
UNRESOLVED: g++.dg/lto/20100302 cp_lto_20100302_0.o-cp_lto_20100302_1.o execute -flto -fabi-version=2
=== g++ Summary for unix ===
# of expected passes 27973
# of unexpected failures 1
# of expected failures 154
# of unresolved testcases 1
# of unsupported tests 192
Running target unix/-m64
FAIL: g++.dg/lto/20100302 cp_lto_20100302_0.o-cp_lto_20100302_1.o link, -flto -fabi-version=2
UNRESOLVED: g++.dg/lto/20100302 cp_lto_20100302_0.o-cp_lto_20100302_1.o execute -flto -fabi-version=2
=== g++ Summary for unix/-m64 ===
# of expected passes 28188
# of unexpected failures 1
# of expected failures 154
# of unresolved testcases 1
# of unsupported tests 410
=== g++ Summary ===
# of expected passes 56161
# of unexpected failures 2
# of expected failures 308
# of unresolved testcases 2
# of unsupported tests 602
/var/gcc/regression/trunk/11-gcc-gas/build/gcc/testsuite/g++/../../g++ version 4.7.0 20111028 (experimental) [trunk revision 180617] (GCC)
=== gcc tests ===
Running target unix
FAIL: gcc.dg/tree-ssa/vrp47.c scan-tree-dump-times dom1 "x[^ ]* & y" 1
XPASS: gcc.dg/vect/no-scevccp-outer-6-global.c scan-tree-dump-times vect "OUTER LOOP VECTORIZED." 1
XPASS: gcc.target/i386/vectorize4-avx.c scan-assembler vsqrtpd[ \\\\t]+[^\\n]*%ymm
=== gcc Summary for unix ===
# of expected passes 81159
# of unexpected failures 1
# of unexpected successes 2
# of expected failures 241
# of unsupported tests 1219
Running target unix/-m64
FAIL: gcc.dg/tree-prof/bb-reorg.c execution, -fprofile-use -D_PROFILE_USE
FAIL: gcc.dg/tree-ssa/vrp47.c scan-tree-dump-times dom1 "x[^ ]* & y" 1
XPASS: gcc.dg/vect/no-scevccp-outer-6-global.c scan-tree-dump-times vect "OUTER LOOP VECTORIZED." 1
XPASS: gcc.target/i386/vectorize4-avx.c scan-assembler vsqrtpd[ \\\\t]+[^\\n]*%ymm
=== gcc Summary for unix/-m64 ===
# of expected passes 81340
# of unexpected failures 2
# of unexpected successes 2
# of expected failures 241
# of unsupported tests 1625
=== gcc Summary ===
# of expected passes 162499
# of unexpected failures 3
# of unexpected successes 4
# of expected failures 482
# of unsupported tests 2844
/var/gcc/regression/trunk/11-gcc-gas/build/gcc/xgcc version 4.7.0 20111028 (experimental) [trunk revision 180617] (GCC)
=== gfortran tests ===
Running target unix
FAIL: gfortran.dg/select_type_12.f03 -O (internal compiler error)
FAIL: gfortran.dg/select_type_12.f03 -O (test for excess errors)
=== gfortran Summary for unix ===
# of expected passes 39659
# of unexpected failures 2
# of expected failures 52
# of unsupported tests 228
Running target unix/-m64
FAIL: gfortran.dg/select_type_12.f03 -O (internal compiler error)
FAIL: gfortran.dg/select_type_12.f03 -O (test for excess errors)
FAIL: gfortran.fortran-torture/execute/entry_4.f90 execution, -O2
FAIL: gfortran.fortran-torture/execute/entry_4.f90 execution, -O2 -fomit-frame-pointer -finline-functions
FAIL: gfortran.fortran-torture/execute/entry_4.f90 execution, -O2 -fomit-frame-pointer -finline-functions -funroll-loops
FAIL: gfortran.fortran-torture/execute/entry_4.f90 execution, -O2 -fbounds-check
FAIL: gfortran.fortran-torture/execute/entry_4.f90 execution, -O3 -g
FAIL: gfortran.fortran-torture/execute/entry_4.f90 execution, -O2 -ftree-vectorize -msse2
=== gfortran Summary for unix/-m64 ===
# of expected passes 39948
# of unexpected failures 8
# of expected failures 52
# of unsupported tests 90
=== gfortran Summary ===
# of expected passes 79607
# of unexpected failures 10
# of expected failures 104
# of unsupported tests 318
/var/gcc/regression/trunk/11-gcc-gas/build/gcc/testsuite/gfortran/../../gfortran version 4.7.0 20111028 (experimental) [trunk revision 180617] (GCC)
=== gnat tests ===
Running target unix
=== gnat Summary for unix ===
# of expected passes 944
# of expected failures 11
# of unsupported tests 5
Running target unix/-m64
=== gnat Summary for unix/-m64 ===
# of expected passes 944
# of expected failures 11
# of unsupported tests 5
=== gnat Summary ===
# of expected passes 1888
# of expected failures 22
# of unsupported tests 10
/var/gcc/regression/trunk/11-gcc-gas/build/gcc/gnatmake version 4.7.0 20111028 (experimental) [trunk revision 180617]
=== go tests ===
Running target unix
FAIL: go.go-torture/execute/array-1.go execution, -O0
FAIL: go.go-torture/execute/array-1.go execution, -O1
FAIL: go.go-torture/execute/array-1.go execution, -O2
FAIL: go.go-torture/execute/array-1.go execution, -O2 -fomit-frame-pointer -finline-functions
FAIL: go.go-torture/execute/array-1.go execution, -O2 -fomit-frame-pointer -finline-functions -funroll-loops
FAIL: go.go-torture/execute/array-1.go execution, -O2 -fbounds-check
FAIL: go.go-torture/execute/array-1.go execution, -O3 -g
FAIL: go.go-torture/execute/array-1.go execution, -Os
FAIL: go.go-torture/execute/array-2.go execution, -O0
FAIL: go.go-torture/execute/array-2.go execution, -O1
FAIL: go.go-torture/execute/array-2.go execution, -O2
FAIL: go.go-torture/execute/array-2.go execution, -O2 -fomit-frame-pointer -finline-functions
FAIL: go.go-torture/execute/array-2.go execution, -O2 -fomit-frame-pointer -finline-functions -funroll-loops
FAIL: go.go-torture/execute/array-2.go execution, -O2 -fbounds-check
FAIL: go.go-torture/execute/array-2.go execution, -O3 -g
FAIL: go.go-torture/execute/array-2.go execution, -Os
FAIL: go.go-torture/execute/chan-1.go execution, -O0
FAIL: go.go-torture/execute/chan-1.go execution, -O1
FAIL: go.go-torture/execute/chan-1.go execution, -O2
FAIL: go.go-torture/execute/chan-1.go execution, -O2 -fomit-frame-pointer -finline-functions
FAIL: go.go-torture/execute/chan-1.go execution, -O2 -fomit-frame-pointer -finline-functions -funroll-loops
FAIL: go.go-torture/execute/chan-1.go execution, -O2 -fbounds-check
FAIL: go.go-torture/execute/chan-1.go execution, -O3 -g
FAIL: go.go-torture/execute/chan-1.go execution, -Os
FAIL: go.go-torture/execute/const-1.go execution, -O0
FAIL: go.go-torture/execute/const-1.go execution, -O1
FAIL: go.go-torture/execute/const-1.go execution, -O2
FAIL: go.go-torture/execute/const-1.go execution, -O2 -fomit-frame-pointer -finline-functions
FAIL: go.go-torture/execute/const-1.go execution, -O2 -fomit-frame-pointer -finline-functions -funroll-loops
FAIL: go.go-torture/execute/const-1.go execution, -O2 -fbounds-check
FAIL: go.go-torture/execute/const-1.go execution, -O3 -g
FAIL: go.go-torture/execute/const-1.go execution, -Os
FAIL: go.go-torture/execute/const-2.go execution, -O0
FAIL: go.go-torture/execute/const-2.go execution, -O1
FAIL: go.go-torture/execute/const-2.go execution, -O2
FAIL: go.go-torture/execute/const-2.go execution, -O2 -fomit-frame-pointer -finline-functions
FAIL: go.go-torture/execute/const-2.go execution, -O2 -fomit-frame-pointer -finline-functions -funroll-loops
FAIL: go.go-torture/execute/const-2.go execution, -O2 -fbounds-check
FAIL: go.go-torture/execute/const-2.go execution, -O3 -g
FAIL: go.go-torture/execute/const-2.go execution, -Os
FAIL: go.go-torture/execute/expr-1.go execution, -O0
FAIL: go.go-torture/execute/expr-1.go execution, -O1
FAIL: go.go-torture/execute/expr-1.go execution, -O2
FAIL: go.go-torture/execute/expr-1.go execution, -O2 -fomit-frame-pointer -finline-functions
FAIL: go.go-torture/execute/expr-1.go execution, -O2 -fomit-frame-pointer -finline-functions -funroll-loops
FAIL: go.go-torture/execute/expr-1.go execution, -O2 -fbounds-check
FAIL: go.go-torture/execute/expr-1.go execution, -O3 -g
FAIL: go.go-torture/execute/expr-1.go execution, -Os
FAIL: go.go-torture/execute/for-1.go execution, -O0
FAIL: go.go-torture/execute/for-1.go execution, -O1
FAIL: go.go-torture/execute/for-1.go execution, -O2
FAIL: go.go-torture/execute/for-1.go execution, -O2 -fomit-frame-pointer -finline-functions
FAIL: go.go-torture/execute/for-1.go execution, -O2 -fomit-frame-pointer -finline-functions -funroll-loops
FAIL: go.go-torture/execute/for-1.go execution, -O2 -fbounds-check
FAIL: go.go-torture/execute/for-1.go execution, -O3 -g
FAIL: go.go-torture/execute/for-1.go execution, -Os
FAIL: go.go-torture/execute/for-2.go execution, -O0
FAIL: go.go-torture/execute/for-2.go execution, -O1
FAIL: go.go-torture/execute/for-2.go execution, -O2
FAIL: go.go-torture/execute/for-2.go execution, -O2 -fomit-frame-pointer -finline-functions
FAIL: go.go-torture/execute/for-2.go execution, -O2 -fomit-frame-pointer -finline-functions -funroll-loops
FAIL: go.go-torture/execute/for-2.go execution, -O2 -fbounds-check
FAIL: go.go-torture/execute/for-2.go execution, -O3 -g
FAIL: go.go-torture/execute/for-2.go execution, -Os
FAIL: go.go-torture/execute/function-1.go execution, -O0
FAIL: go.go-torture/execute/function-1.go execution, -O1
FAIL: go.go-torture/execute/function-1.go execution, -O2
FAIL: go.go-torture/execute/function-1.go execution, -O2 -fomit-frame-pointer -finline-functions
FAIL: go.go-torture/execute/function-1.go execution, -O2 -fomit-frame-pointer -finline-functions -funroll-loops
FAIL: go.go-torture/execute/function-1.go execution, -O2 -fbounds-check
FAIL: go.go-torture/execute/function-1.go execution, -O3 -g
FAIL: go.go-torture/execute/function-1.go execution, -Os
FAIL: go.go-torture/execute/function-2.go execution, -O0
FAIL: go.go-torture/execute/function-2.go execution, -O1
FAIL: go.go-torture/execute/function-2.go execution, -O2
FAIL: go.go-torture/execute/function-2.go execution, -O2 -fomit-frame-pointer -finline-functions
FAIL: go.go-torture/execute/function-2.go execution, -O2 -fomit-frame-pointer -finline-functions -funroll-loops
FAIL: go.go-torture/execute/function-2.go execution, -O2 -fbounds-check
FAIL: go.go-torture/execute/function-2.go execution, -O3 -g
FAIL: go.go-torture/execute/function-2.go execution, -Os
FAIL: go.go-torture/execute/go-1.go execution, -O0
FAIL: go.go-torture/execute/go-1.go execution, -O1
FAIL: go.go-torture/execute/go-1.go execution, -O2
FAIL: go.go-torture/execute/go-1.go execution, -O2 -fomit-frame-pointer -finline-functions
FAIL: go.go-torture/execute/go-1.go execution, -O2 -fomit-frame-pointer -finline-functions -funroll-loops
FAIL: go.go-torture/execute/go-1.go execution, -O2 -fbounds-check
FAIL: go.go-torture/execute/go-1.go execution, -O3 -g
FAIL: go.go-torture/execute/go-1.go execution, -Os
FAIL: go.go-torture/execute/go-2.go execution, -O0
FAIL: go.go-torture/execute/go-2.go execution, -O1
FAIL: go.go-torture/execute/go-2.go execution, -O2
FAIL: go.go-torture/execute/go-2.go execution, -O2 -fomit-frame-pointer -finline-functions
FAIL: go.go-torture/execute/go-2.go execution, -O2 -fomit-frame-pointer -finline-functions -funroll-loops
FAIL: go.go-torture/execute/go-2.go execution, -O2 -fbounds-check
FAIL: go.go-torture/execute/go-2.go execution, -O3 -g
FAIL: go.go-torture/execute/go-2.go execution, -Os
FAIL: go.go-torture/execute/go-3.go execution, -O0
FAIL: go.go-torture/execute/go-3.go execution, -O1
FAIL: go.go-torture/execute/go-3.go execution, -O2
FAIL: go.go-torture/execute/go-3.go execution, -O2 -fomit-frame-pointer -finline-functions
FAIL: go.go-torture/execute/go-3.go execution, -O2 -fomit-frame-pointer -finline-functions -funroll-loops
FAIL: go.go-torture/execute/go-3.go execution, -O2 -fbounds-check
FAIL: go.go-torture/execute/go-3.go execution, -O3 -g
FAIL: go.go-torture/execute/go-3.go execution, -Os
FAIL: go.go-torture/execute/goto-1.go execution, -O0
FAIL: go.go-torture/execute/goto-1.go execution, -O1
FAIL: go.go-torture/execute/goto-1.go execution, -O2
FAIL: go.go-torture/execute/goto-1.go execution, -O2 -fomit-frame-pointer -finline-functions
FAIL: go.go-torture/execute/goto-1.go execution, -O2 -fomit-frame-pointer -finline-functions -funroll-loops
FAIL: go.go-torture/execute/goto-1.go execution, -O2 -fbounds-check
FAIL: go.go-torture/execute/goto-1.go execution, -O3 -g
FAIL: go.go-torture/execute/goto-1.go execution, -Os
FAIL: go.go-torture/execute/map-1.go execution, -O0
FAIL: go.go-torture/execute/map-1.go execution, -O1
FAIL: go.go-torture/execute/map-1.go execution, -O2
FAIL: go.go-torture/execute/map-1.go execution, -O2 -fomit-frame-pointer -finline-functions
FAIL: go.go-torture/execute/map-1.go execution, -O2 -fomit-frame-pointer -finline-functions -funroll-loops
FAIL: go.go-torture/execute/map-1.go execution, -O2 -fbounds-check
FAIL: go.go-torture/execute/map-1.go execution, -O3 -g
FAIL: go.go-torture/execute/map-1.go execution, -Os
FAIL: go.go-torture/execute/method-1.go execution, -O0
FAIL: go.go-torture/execute/method-1.go execution, -O1
FAIL: go.go-torture/execute/method-1.go execution, -O2
FAIL: go.go-torture/execute/method-1.go execution, -O2 -fomit-frame-pointer -finline-functions
FAIL: go.go-torture/execute/method-1.go execution, -O2 -fomit-frame-pointer -finline-functions -funroll-loops
FAIL: go.go-torture/execute/method-1.go execution, -O2 -fbounds-check
FAIL: go.go-torture/execute/method-1.go execution, -O3 -g
FAIL: go.go-torture/execute/method-1.go execution, -Os
FAIL: go.go-torture/execute/nested-1.go execution, -O0
FAIL: go.go-torture/execute/nested-1.go execution, -O1
FAIL: go.go-torture/execute/nested-1.go execution, -O2
FAIL: go.go-torture/execute/nested-1.go execution, -O2 -fomit-frame-pointer -finline-functions
FAIL: go.go-torture/execute/nested-1.go execution, -O2 -fomit-frame-pointer -finline-functions -funroll-loops
FAIL: go.go-torture/execute/nested-1.go execution, -O2 -fbounds-check
FAIL: go.go-torture/execute/nested-1.go execution, -O3 -g
FAIL: go.go-torture/execute/nested-1.go execution, -Os
FAIL: go.go-torture/execute/pointer-1.go execution, -O0
FAIL: go.go-torture/execute/pointer-1.go execution, -O1
FAIL: go.go-torture/execute/pointer-1.go execution, -O2
FAIL: go.go-torture/execute/pointer-1.go execution, -O2 -fomit-frame-pointer -finline-functions
FAIL: go.go-torture/execute/pointer-1.go execution, -O2 -fomit-frame-pointer -finline-functions -funroll-loops
FAIL: go.go-torture/execute/pointer-1.go execution, -O2 -fbounds-check
FAIL: go.go-torture/execute/pointer-1.go execution, -O3 -g
FAIL: go.go-torture/execute/pointer-1.go execution, -Os
FAIL: go.go-torture/execute/return-1.go execution, -O0
FAIL: go.go-torture/execute/return-1.go execution, -O1
FAIL: go.go-torture/execute/return-1.go execution, -O2
FAIL: go.go-torture/execute/return-1.go execution, -O2 -fomit-frame-pointer -finline-functions
FAIL: go.go-torture/execute/return-1.go execution, -O2 -fomit-frame-pointer -finline-functions -funroll-loops
FAIL: go.go-torture/execute/return-1.go execution, -O2 -fbounds-check
FAIL: go.go-torture/execute/return-1.go execution, -O3 -g
FAIL: go.go-torture/execute/return-1.go execution, -Os
FAIL: go.go-torture/execute/return-2.go execution, -O0
FAIL: go.go-torture/execute/return-2.go execution, -O1
FAIL: go.go-torture/execute/return-2.go execution, -O2
FAIL: go.go-torture/execute/return-2.go execution, -O2 -fomit-frame-pointer -finline-functions
FAIL: go.go-torture/execute/return-2.go execution, -O2 -fomit-frame-pointer -finline-functions -funroll-loops
FAIL: go.go-torture/execute/return-2.go execution, -O2 -fbounds-check
FAIL: go.go-torture/execute/return-2.go execution, -O3 -g
FAIL: go.go-torture/execute/return-2.go execution, -Os
FAIL: go.go-torture/execute/return-3.go execution, -O0
FAIL: go.go-torture/execute/return-3.go execution, -O1
FAIL: go.go-torture/execute/return-3.go execution, -O2
FAIL: go.go-torture/execute/return-3.go execution, -O2 -fomit-frame-pointer -finline-functions
FAIL: go.go-torture/execute/return-3.go execution, -O2 -fomit-frame-pointer -finline-functions -funroll-loops
FAIL: go.go-torture/execute/return-3.go execution, -O2 -fbounds-check
FAIL: go.go-torture/execute/return-3.go execution, -O3 -g
FAIL: go.go-torture/execute/return-3.go execution, -Os
FAIL: go.go-torture/execute/select-1.go execution, -O0
FAIL: go.go-torture/execute/select-1.go execution, -O1
FAIL: go.go-torture/execute/select-1.go execution, -O2
FAIL: go.go-torture/execute/select-1.go execution, -O2 -fomit-frame-pointer -finline-functions
FAIL: go.go-torture/execute/select-1.go execution, -O2 -fomit-frame-pointer -finline-functions -funroll-loops
FAIL: go.go-torture/execute/select-1.go execution, -O2 -fbounds-check
FAIL: go.go-torture/execute/select-1.go execution, -O3 -g
FAIL: go.go-torture/execute/select-1.go execution, -Os
FAIL: go.go-torture/execute/string-1.go execution, -O0
FAIL: go.go-torture/execute/string-1.go execution, -O1
FAIL: go.go-torture/execute/string-1.go execution, -O2
FAIL: go.go-torture/execute/string-1.go execution, -O2 -fomit-frame-pointer -finline-functions
FAIL: go.go-torture/execute/string-1.go execution, -O2 -fomit-frame-pointer -finline-functions -funroll-loops
FAIL: go.go-torture/execute/string-1.go execution, -O2 -fbounds-check
FAIL: go.go-torture/execute/string-1.go execution, -O3 -g
FAIL: go.go-torture/execute/string-1.go execution, -Os
FAIL: go.go-torture/execute/string-2.go execution, -O0
FAIL: go.go-torture/execute/string-2.go execution, -O1
FAIL: go.go-torture/execute/string-2.go execution, -O2
FAIL: go.go-torture/execute/string-2.go execution, -O2 -fomit-frame-pointer -finline-functions
FAIL: go.go-torture/execute/string-2.go execution, -O2 -fomit-frame-pointer -finline-functions -funroll-loops
FAIL: go.go-torture/execute/string-2.go execution, -O2 -fbounds-check
FAIL: go.go-torture/execute/string-2.go execution, -O3 -g
FAIL: go.go-torture/execute/string-2.go execution, -Os
FAIL: go.go-torture/execute/struct-1.go execution, -O0
FAIL: go.go-torture/execute/struct-1.go execution, -O1
FAIL: go.go-torture/execute/struct-1.go execution, -O2
FAIL: go.go-torture/execute/struct-1.go execution, -O2 -fomit-frame-pointer -finline-functions
FAIL: go.go-torture/execute/struct-1.go execution, -O2 -fomit-frame-pointer -finline-functions -funroll-loops
FAIL: go.go-torture/execute/struct-1.go execution, -O2 -fbounds-check
FAIL: go.go-torture/execute/struct-1.go execution, -O3 -g
FAIL: go.go-torture/execute/struct-1.go execution, -Os
FAIL: go.go-torture/execute/struct-2.go execution, -O0
FAIL: go.go-torture/execute/struct-2.go execution, -O1
FAIL: go.go-torture/execute/struct-2.go execution, -O2
FAIL: go.go-torture/execute/struct-2.go execution, -O2 -fomit-frame-pointer -finline-functions
FAIL: go.go-torture/execute/struct-2.go execution, -O2 -fomit-frame-pointer -finline-functions -funroll-loops
FAIL: go.go-torture/execute/struct-2.go execution, -O2 -fbounds-check
FAIL: go.go-torture/execute/struct-2.go execution, -O3 -g
FAIL: go.go-torture/execute/struct-2.go execution, -Os
FAIL: go.go-torture/execute/switch-1.go execution, -O0
FAIL: go.go-torture/execute/switch-1.go execution, -O1
FAIL: go.go-torture/execute/switch-1.go execution, -O2
FAIL: go.go-torture/execute/switch-1.go execution, -O2 -fomit-frame-pointer -finline-functions
FAIL: go.go-torture/execute/switch-1.go execution, -O2 -fomit-frame-pointer -finline-functions -funroll-loops
FAIL: go.go-torture/execute/switch-1.go execution, -O2 -fbounds-check
FAIL: go.go-torture/execute/switch-1.go execution, -O3 -g
FAIL: go.go-torture/execute/switch-1.go execution, -Os
FAIL: go.go-torture/execute/var-1.go execution, -O0
FAIL: go.go-torture/execute/var-1.go execution, -O1
FAIL: go.go-torture/execute/var-1.go execution, -O2
FAIL: go.go-torture/execute/var-1.go execution, -O2 -fomit-frame-pointer -finline-functions
FAIL: go.go-torture/execute/var-1.go execution, -O2 -fomit-frame-pointer -finline-functions -funroll-loops
FAIL: go.go-torture/execute/var-1.go execution, -O2 -fbounds-check
FAIL: go.go-torture/execute/var-1.go execution, -O3 -g
FAIL: go.go-torture/execute/var-1.go execution, -Os
FAIL: go.go-torture/execute/var-2.go execution, -O0
FAIL: go.go-torture/execute/var-2.go execution, -O1
FAIL: go.go-torture/execute/var-2.go execution, -O2
FAIL: go.go-torture/execute/var-2.go execution, -O2 -fomit-frame-pointer -finline-functions
FAIL: go.go-torture/execute/var-2.go execution, -O2 -fomit-frame-pointer -finline-functions -funroll-loops
FAIL: go.go-torture/execute/var-2.go execution, -O2 -fbounds-check
FAIL: go.go-torture/execute/var-2.go execution, -O3 -g
FAIL: go.go-torture/execute/var-2.go execution, -Os
FAIL: go.go-torture/execute/var-3.go execution, -O0
FAIL: go.go-torture/execute/var-3.go execution, -O1
FAIL: go.go-torture/execute/var-3.go execution, -O2
FAIL: go.go-torture/execute/var-3.go execution, -O2 -fomit-frame-pointer -finline-functions
FAIL: go.go-torture/execute/var-3.go execution, -O2 -fomit-frame-pointer -finline-functions -funroll-loops
FAIL: go.go-torture/execute/var-3.go execution, -O2 -fbounds-check
FAIL: go.go-torture/execute/var-3.go execution, -O3 -g
FAIL: go.go-torture/execute/var-3.go execution, -Os
FAIL: go.test/test/235.go execution, -O2 -g
FAIL: go.test/test/64bit.go execution
FAIL: go.test/test/append.go execution, -O2 -g
FAIL: go.test/test/args.go execution, -O2 -g
FAIL: go.test/test/bigalg.go execution, -O2 -g
FAIL: go.test/test/bigmap.go execution, -O2 -g
FAIL: go.test/test/blank.go execution, -O2 -g
FAIL: go.test/test/chan/doubleselect.go execution, -O2 -g
FAIL: go.test/test/chan/fifo.go execution, -O2 -g
FAIL: go.test/test/chan/goroutines.go execution, -O2 -g
FAIL: go.test/test/chan/nonblock.go execution, -O2 -g
FAIL: go.test/test/chan/powser1.go execution, -O2 -g
FAIL: go.test/test/chan/powser2.go execution, -O2 -g
FAIL: go.test/test/chan/select.go execution, -O2 -g
FAIL: go.test/test/chan/select2.go execution, -O2 -g
FAIL: go.test/test/chan/select3.go execution, -O2 -g
FAIL: go.test/test/chan/select4.go execution, -O2 -g
FAIL: go.test/test/chan/select5.go execution
FAIL: go.test/test/chan/select6.go execution, -O2 -g
FAIL: go.test/test/chan/sendstmt.go execution, -O2 -g
FAIL: go.test/test/chan/sieve1.go execution, -O2 -g
FAIL: go.test/test/chan/sieve2.go execution, -O2 -g
FAIL: go.test/test/chan/zerosize.go execution, -O2 -g
FAIL: go.test/test/chancap.go execution, -O2 -g
FAIL: go.test/test/char_lit.go execution, -O2 -g
FAIL: go.test/test/closedchan.go execution, -O2 -g
FAIL: go.test/test/closure.go execution, -O2 -g
FAIL: go.test/test/cmp1.go execution, -O2 -g
FAIL: go.test/test/cmplxdivide.go
FAIL: go.test/test/complit.go execution, -O2 -g
FAIL: go.test/test/compos.go execution, -O2 -g
FAIL: go.test/test/const.go execution, -O2 -g
FAIL: go.test/test/const3.go execution, -O2 -g
FAIL: go.test/test/convert.go execution, -O2 -g
FAIL: go.test/test/copy.go execution, -O2 -g
FAIL: go.test/test/ddd.go execution, -O2 -g
FAIL: go.test/test/ddd3.go
FAIL: go.test/test/decl.go execution, -O2 -g
FAIL: go.test/test/defer.go execution, -O2 -g
FAIL: go.test/test/deferprint.go execution, -O2 -g
FAIL: go.test/test/divide.go execution, -O2 -g
FAIL: go.test/test/env.go execution, -O2 -g
FAIL: go.test/test/escape.go execution, -O2 -g
FAIL: go.test/test/fixedbugs/bug000.go execution, -O2 -g
FAIL: go.test/test/fixedbugs/bug002.go execution, -O2 -g
FAIL: go.test/test/fixedbugs/bug003.go execution, -O2 -g
FAIL: go.test/test/fixedbugs/bug004.go execution, -O2 -g
FAIL: go.test/test/fixedbugs/bug005.go execution, -O2 -g
FAIL: go.test/test/fixedbugs/bug006.go execution, -O2 -g
FAIL: go.test/test/fixedbugs/bug007.go execution, -O2 -g
FAIL: go.test/test/fixedbugs/bug008.go execution, -O2 -g
FAIL: go.test/test/fixedbugs/bug009.go execution, -O2 -g
FAIL: go.test/test/fixedbugs/bug010.go execution, -O2 -g
FAIL: go.test/test/fixedbugs/bug011.go execution, -O2 -g
FAIL: go.test/test/fixedbugs/bug012.go execution, -O2 -g
FAIL: go.test/test/fixedbugs/bug013.go execution, -O2 -g
FAIL: go.test/test/fixedbugs/bug017.go execution, -O2 -g
FAIL: go.test/test/fixedbugs/bug021.go execution, -O2 -g
FAIL: go.test/test/fixedbugs/bug023.go execution, -O2 -g
FAIL: go.test/test/fixedbugs/bug024.go execution, -O2 -g
FAIL: go.test/test/fixedbugs/bug026.go execution, -O2 -g
FAIL: go.test/test/fixedbugs/bug027.go execution, -O2 -g
FAIL: go.test/test/fixedbugs/bug028.go execution, -O2 -g
FAIL: go.test/test/fixedbugs/bug031.go execution, -O2 -g
FAIL: go.test/test/fixedbugs/bug045.go execution, -O2 -g
FAIL: go.test/test/fixedbugs/bug047.go execution, -O2 -g
FAIL: go.test/test/fixedbugs/bug048.go execution, -O2 -g
FAIL: go.test/test/fixedbugs/bug052.go execution, -O2 -g
FAIL: go.test/test/fixedbugs/bug053.go execution, -O2 -g
FAIL: go.test/test/fixedbugs/bug054.go execution, -O2 -g
FAIL: go.test/test/fixedbugs/bug055.go execution, -O2 -g
FAIL: go.test/test/fixedbugs/bug056.go execution, -O2 -g
FAIL: go.test/test/fixedbugs/bug058.go execution, -O2 -g
FAIL: go.test/test/fixedbugs/bug059.go execution, -O2 -g
FAIL: go.test/test/fixedbugs/bug060.go execution, -O2 -g
FAIL: go.test/test/fixedbugs/bug061.go execution, -O2 -g
FAIL: go.test/test/fixedbugs/bug065.go execution, -O2 -g
FAIL: go.test/test/fixedbugs/bug067.go execution, -O2 -g
FAIL: go.test/test/fixedbugs/bug070.go execution, -O2 -g
FAIL: go.test/test/fixedbugs/bug075.go execution, -O2 -g
FAIL: go.test/test/fixedbugs/bug078.go execution, -O2 -g
FAIL: go.test/test/fixedbugs/bug082.go execution, -O2 -g
FAIL: go.test/test/fixedbugs/bug084.go execution, -O2 -g
FAIL: go.test/test/fixedbugs/bug092.go execution, -O2 -g
FAIL: go.test/test/fixedbugs/bug093.go execution, -O2 -g
FAIL: go.test/test/fixedbugs/bug097.go execution, -O2 -g
FAIL: go.test/test/fixedbugs/bug099.go execution, -O2 -g
FAIL: go.test/test/fixedbugs/bug101.go execution, -O2 -g
FAIL: go.test/test/fixedbugs/bug102.go execution, -O2 -g
FAIL: go.test/test/fixedbugs/bug111.go execution, -O2 -g
FAIL: go.test/test/fixedbugs/bug114.go execution, -O2 -g
FAIL: go.test/test/fixedbugs/bug116.go execution, -O2 -g
FAIL: go.test/test/fixedbugs/bug119.go execution, -O2 -g
FAIL: go.test/test/fixedbugs/bug120.go execution, -O2 -g
FAIL: go.test/test/fixedbugs/bug128.go execution, -O2 -g
FAIL: go.test/test/fixedbugs/bug130.go execution, -O2 -g
FAIL: go.test/test/fixedbugs/bug141.go execution, -O2 -g
FAIL: go.test/test/fixedbugs/bug142.go execution, -O2 -g
FAIL: go.test/test/fixedbugs/bug147.go execution, -O2 -g
FAIL: go.test/test/fixedbugs/bug1515.go execution, -O2 -g
FAIL: go.test/test/fixedbugs/bug152.go execution, -O2 -g
FAIL: go.test/test/fixedbugs/bug154.go execution, -O2 -g
FAIL: go.test/test/fixedbugs/bug159.go execution, -O2 -g
FAIL: go.test/test/fixedbugs/bug160.go
FAIL: go.test/test/fixedbugs/bug168.go execution, -O2 -g
FAIL: go.test/test/fixedbugs/bug177.go execution, -O2 -g
FAIL: go.test/test/fixedbugs/bug178.go execution, -O2 -g
FAIL: go.test/test/fixedbugs/bug180.go execution, -O2 -g
FAIL: go.test/test/fixedbugs/bug184.go execution, -O2 -g
FAIL: go.test/test/fixedbugs/bug185.go execution, -O2 -g
FAIL: go.test/test/fixedbugs/bug187.go execution, -O2 -g
FAIL: go.test/test/fixedbugs/bug194.go execution, -O2 -g
FAIL: go.test/test/fixedbugs/bug196.go execution, -O2 -g
FAIL: go.test/test/fixedbugs/bug199.go execution, -O2 -g
FAIL: go.test/test/fixedbugs/bug201.go execution, -O2 -g
FAIL: go.test/test/fixedbugs/bug202.go execution, -O2 -g
FAIL: go.test/test/fixedbugs/bug203.go execution, -O2 -g
FAIL: go.test/test/fixedbugs/bug204.go execution, -O2 -g
FAIL: go.test/test/fixedbugs/bug206.go execution, -O2 -g
FAIL: go.test/test/fixedbugs/bug207.go execution, -O2 -g
FAIL: go.test/test/fixedbugs/bug221.go execution, -O2 -g
FAIL: go.test/test/fixedbugs/bug225.go execution, -O2 -g
FAIL: go.test/test/fixedbugs/bug227.go execution, -O2 -g
FAIL: go.test/test/fixedbugs/bug230.go execution, -O2 -g
FAIL: go.test/test/fixedbugs/bug234.go execution, -O2 -g
FAIL: go.test/test/fixedbugs/bug236.go execution, -O2 -g
FAIL: go.test/test/fixedbugs/bug237.go execution, -O2 -g
FAIL: go.test/test/fixedbugs/bug242.go execution, -O2 -g
FAIL: go.test/test/fixedbugs/bug243.go execution, -O2 -g
FAIL: go.test/test/fixedbugs/bug244.go execution, -O2 -g
FAIL: go.test/test/fixedbugs/bug246.go execution, -O2 -g
FAIL: go.test/test/fixedbugs/bug247.go execution, -O2 -g
FAIL: go.test/test/fixedbugs/bug248.go
FAIL: go.test/test/fixedbugs/bug253.go execution, -O2 -g
FAIL: go.test/test/fixedbugs/bug254.go execution, -O2 -g
FAIL: go.test/test/fixedbugs/bug257.go execution, -O2 -g
FAIL: go.test/test/fixedbugs/bug258.go execution, -O2 -g
FAIL: go.test/test/fixedbugs/bug259.go execution, -O2 -g
FAIL: go.test/test/fixedbugs/bug260.go execution, -O2 -g
FAIL: go.test/test/fixedbugs/bug261.go execution, -O2 -g
FAIL: go.test/test/fixedbugs/bug262.go execution, -O2 -g
FAIL: go.test/test/fixedbugs/bug263.go execution, -O2 -g
FAIL: go.test/test/fixedbugs/bug264.go execution, -O2 -g
FAIL: go.test/test/fixedbugs/bug265.go execution, -O2 -g
FAIL: go.test/test/fixedbugs/bug266.go execution, -O2 -g
FAIL: go.test/test/fixedbugs/bug268.go execution, -O2 -g
FAIL: go.test/test/fixedbugs/bug269.go execution, -O2 -g
FAIL: go.test/test/fixedbugs/bug271.go execution, -O2 -g
FAIL: go.test/test/fixedbugs/bug272.go execution, -O2 -g
FAIL: go.test/test/fixedbugs/bug273.go execution, -O2 -g
FAIL: go.test/test/fixedbugs/bug276.go execution, -O2 -g
FAIL: go.test/test/fixedbugs/bug279.go execution, -O2 -g
FAIL: go.test/test/fixedbugs/bug281.go execution, -O2 -g
FAIL: go.test/test/fixedbugs/bug285.go execution, -O2 -g
FAIL: go.test/test/fixedbugs/bug286.go execution, -O2 -g
FAIL: go.test/test/fixedbugs/bug290.go execution, -O2 -g
FAIL: go.test/test/fixedbugs/bug291.go execution, -O2 -g
FAIL: go.test/test/fixedbugs/bug292.go execution, -O2 -g
FAIL: go.test/test/fixedbugs/bug293.go execution, -O2 -g
FAIL: go.test/test/fixedbugs/bug294.go execution, -O2 -g
FAIL: go.test/test/fixedbugs/bug295.go execution, -O2 -g
FAIL: go.test/test/fixedbugs/bug296.go execution, -O2 -g
FAIL: go.test/test/fixedbugs/bug303.go execution, -O2 -g
FAIL: go.test/test/fixedbugs/bug311.go execution, -O2 -g
FAIL: go.test/test/fixedbugs/bug312.go execution, -O2 -g
FAIL: go.test/test/fixedbugs/bug314.go execution, -O2 -g
FAIL: go.test/test/fixedbugs/bug317.go execution, -O2 -g
FAIL: go.test/test/fixedbugs/bug320.go execution, -O2 -g
FAIL: go.test/test/fixedbugs/bug321.go execution, -O2 -g
FAIL: go.test/test/fixedbugs/bug322.go
FAIL: go.test/test/fixedbugs/bug327.go execution, -O2 -g
FAIL: go.test/test/fixedbugs/bug328.go execution, -O2 -g
FAIL: go.test/test/fixedbugs/bug329.go execution, -O2 -g
FAIL: go.test/test/fixedbugs/bug331.go execution, -O2 -g
FAIL: go.test/test/fixedbugs/bug333.go execution, -O2 -g
FAIL: go.test/test/fixedbugs/bug336.go execution, -O2 -g
FAIL: go.test/test/fixedbugs/bug339.go execution, -O2 -g
FAIL: go.test/test/fixedbugs/bug341.go execution, -O2 -g
FAIL: go.test/test/fixedbugs/bug343.go execution, -O2 -g
FAIL: go.test/test/fixedbugs/bug346.go execution, -O2 -g
FAIL: go.test/test/fixedbugs/bug352.go execution, -O2 -g
FAIL: go.test/test/fixedbugs/bug355.go execution, -O2 -g
FAIL: go.test/test/fixedbugs/bug356.go execution, -O2 -g
FAIL: go.test/test/float_lit.go execution, -O2 -g
FAIL: go.test/test/floatcmp.go execution, -O2 -g
FAIL: go.test/test/for.go execution, -O2 -g
FAIL: go.test/test/func.go execution, -O2 -g
FAIL: go.test/test/func5.go execution, -O2 -g
FAIL: go.test/test/func7.go execution, -O2 -g
FAIL: go.test/test/gc.go execution, -O2 -g
FAIL: go.test/test/gc1.go execution, -O2 -g
FAIL: go.test/test/gc2.go execution, -O2 -g
FAIL: go.test/test/goprint.go execution, -O2 -g
FAIL: go.test/test/hashmap.go execution, -O2 -g
FAIL: go.test/test/helloworld.go execution, -O2 -g
FAIL: go.test/test/if.go execution, -O2 -g
FAIL: go.test/test/index.go execution 0
FAIL: go.test/test/index.go execution 1
FAIL: go.test/test/index.go execution 2
FAIL: go.test/test/indirect.go execution, -O2 -g
FAIL: go.test/test/initcomma.go execution, -O2 -g
FAIL: go.test/test/initialize.go execution, -O2 -g
FAIL: go.test/test/initsyscall.go execution, -O2 -g
FAIL: go.test/test/int_lit.go execution, -O2 -g
FAIL: go.test/test/intcvt.go execution, -O2 -g
FAIL: go.test/test/interface/bigdata.go execution, -O2 -g
FAIL: go.test/test/interface/convert.go execution, -O2 -g
FAIL: go.test/test/interface/convert1.go execution, -O2 -g
FAIL: go.test/test/interface/convert2.go execution, -O2 -g
FAIL: go.test/test/interface/embed.go execution, -O2 -g
FAIL: go.test/test/interface/embed1.go
FAIL: go.test/test/interface/fake.go execution, -O2 -g
FAIL: go.test/test/interface/receiver.go execution, -O2 -g
FAIL: go.test/test/interface/struct.go execution, -O2 -g
FAIL: go.test/test/iota.go execution, -O2 -g
FAIL: go.test/test/ken/array.go execution, -O2 -g
FAIL: go.test/test/ken/chan.go execution, -O2 -g
FAIL: go.test/test/ken/chan1.go execution, -O2 -g
FAIL: go.test/test/ken/complit.go execution, -O2 -g
FAIL: go.test/test/ken/convert.go execution, -O2 -g
FAIL: go.test/test/ken/cplx0.go execution, -O2 -g
FAIL: go.test/test/ken/cplx1.go execution, -O2 -g
FAIL: go.test/test/ken/cplx2.go execution, -O2 -g
FAIL: go.test/test/ken/cplx3.go execution, -O2 -g
FAIL: go.test/test/ken/cplx4.go execution, -O2 -g
FAIL: go.test/test/ken/cplx5.go execution, -O2 -g
FAIL: go.test/test/ken/divconst.go execution, -O2 -g
FAIL: go.test/test/ken/divmod.go execution, -O2 -g
FAIL: go.test/test/ken/embed.go execution, -O2 -g
FAIL: go.test/test/ken/for.go execution, -O2 -g
FAIL: go.test/test/ken/interbasic.go execution, -O2 -g
FAIL: go.test/test/ken/interfun.go execution, -O2 -g
FAIL: go.test/test/ken/intervar.go execution, -O2 -g
FAIL: go.test/test/ken/label.go execution, -O2 -g
FAIL: go.test/test/ken/litfun.go execution, -O2 -g
FAIL: go.test/test/ken/mfunc.go execution, -O2 -g
FAIL: go.test/test/ken/modconst.go execution, -O2 -g
FAIL: go.test/test/ken/ptrfun.go execution, -O2 -g
FAIL: go.test/test/ken/ptrvar.go execution, -O2 -g
FAIL: go.test/test/ken/range.go execution, -O2 -g
FAIL: go.test/test/ken/rob1.go execution, -O2 -g
FAIL: go.test/test/ken/rob2.go execution, -O2 -g
FAIL: go.test/test/ken/robfor.go execution, -O2 -g
FAIL: go.test/test/ken/robfunc.go execution, -O2 -g
FAIL: go.test/test/ken/shift.go execution, -O2 -g
FAIL: go.test/test/ken/simparray.go execution, -O2 -g
FAIL: go.test/test/ken/simpbool.go execution, -O2 -g
FAIL: go.test/test/ken/simpconv.go execution, -O2 -g
FAIL: go.test/test/ken/simpfun.go execution, -O2 -g
FAIL: go.test/test/ken/simpprint.go execution, -O2 -g
FAIL: go.test/test/ken/simpswitch.go execution, -O2 -g
FAIL: go.test/test/ken/simpvar.go execution, -O2 -g
FAIL: go.test/test/ken/slicearray.go execution, -O2 -g
FAIL: go.test/test/ken/sliceslice.go execution, -O2 -g
FAIL: go.test/test/ken/string.go execution, -O2 -g
FAIL: go.test/test/ken/strvar.go execution, -O2 -g
FAIL: go.test/test/literal.go execution, -O2 -g
FAIL: go.test/test/malloc1.go execution, -O2 -g
FAIL: go.test/test/mallocfin.go execution, -O2 -g
FAIL: go.test/test/mallocrand.go execution, -O2 -g
FAIL: go.test/test/mallocrep.go execution, -O2 -g
FAIL: go.test/test/mallocrep1.go execution, -O2 -g
FAIL: go.test/test/map.go execution, -O2 -g
FAIL: go.test/test/method.go execution, -O2 -g
FAIL: go.test/test/method3.go execution, -O2 -g
FAIL: go.test/test/named.go execution, -O2 -g
FAIL: go.test/test/nil.go execution, -O2 -g
FAIL: go.test/test/nul1.go execution
FAIL: go.test/test/peano.go execution, -O2 -g
FAIL: go.test/test/printbig.go execution, -O2 -g
FAIL: go.test/test/range.go execution, -O2 -g
FAIL: go.test/test/recover.go execution, -O2 -g
FAIL: go.test/test/recover1.go execution, -O2 -g
FAIL: go.test/test/recover2.go execution, -O2 -g
FAIL: go.test/test/recover3.go execution, -O2 -g
FAIL: go.test/test/rename.go execution, -O2 -g
FAIL: go.test/test/sigchld.go execution, -O2 -g
FAIL: go.test/test/simassign.go execution, -O2 -g
FAIL: go.test/test/stack.go execution, -O2 -g
FAIL: go.test/test/string_lit.go execution, -O2 -g
FAIL: go.test/test/stringrange.go execution, -O2 -g
FAIL: go.test/test/switch.go execution, -O2 -g
FAIL: go.test/test/switch1.go execution, -O2 -g
FAIL: go.test/test/test0.go execution, -O2 -g
FAIL: go.test/test/turing.go execution, -O2 -g
FAIL: go.test/test/typeswitch.go execution, -O2 -g
FAIL: go.test/test/typeswitch1.go execution, -O2 -g
FAIL: go.test/test/utf.go execution, -O2 -g
FAIL: go.test/test/varinit.go execution, -O2 -g
FAIL: go.test/test/zerodivide.go execution, -O2 -g
=== go Summary for unix ===
# of expected passes 1466
# of unexpected failures 530
# of expected failures 22
# of untested testcases 2
# of unsupported tests 4
Running target unix/-m64
FAIL: go.test/test/chan/select2.go execution, -O2 -g
=== go Summary for unix/-m64 ===
# of expected passes 3155
# of unexpected failures 1
# of expected failures 22
# of untested testcases 2
# of unsupported tests 4
=== go Summary ===
# of expected passes 4621
# of unexpected failures 531
# of expected failures 44
# of untested testcases 4
# of unsupported tests 8
/var/gcc/regression/trunk/11-gcc-gas/build/gcc/testsuite/go/../../gccgo version 4.7.0 20111028 (experimental) [trunk revision 180617] (GCC)
=== obj-c++ tests ===
Running target unix
=== obj-c++ Summary for unix ===
# of expected passes 1450
# of expected failures 2
# of unsupported tests 86
Running target unix/-m64
=== obj-c++ Summary for unix/-m64 ===
# of expected passes 1442
# of expected failures 10
# of unsupported tests 86
=== obj-c++ Summary ===
# of expected passes 2892
# of expected failures 12
# of unsupported tests 172
/var/gcc/regression/trunk/11-gcc-gas/build/gcc/testsuite/obj-c++/../../g++ version 4.7.0 20111028 (experimental) [trunk revision 180617] (GCC)
=== objc tests ===
Running target unix
=== objc Summary for unix ===
# of expected passes 2988
# of expected failures 6
# of unsupported tests 74
Running target unix/-m64
=== objc Summary for unix/-m64 ===
# of expected passes 2988
# of expected failures 6
# of unsupported tests 74
=== objc Summary ===
# of expected passes 5976
# of expected failures 12
# of unsupported tests 148
/var/gcc/regression/trunk/11-gcc-gas/build/gcc/xgcc version 4.7.0 20111028 (experimental) [trunk revision 180617] (GCC)
=== boehm-gc tests ===
Running target unix
=== boehm-gc Summary for unix ===
# of expected passes 12
# of unsupported tests 1
Running target unix/-m64
=== boehm-gc Summary for unix/-m64 ===
# of expected passes 12
# of unsupported tests 1
=== boehm-gc Summary ===
# of expected passes 24
# of unsupported tests 2
=== libffi tests ===
Running target unix
=== libffi Summary for unix ===
# of expected passes 1634
# of expected failures 10
# of unsupported tests 15
Running target unix/-m64
=== libffi Summary for unix/-m64 ===
# of expected passes 1634
# of expected failures 10
# of unsupported tests 15
=== libffi Summary ===
# of expected passes 3268
# of expected failures 20
# of unsupported tests 30
=== libgo tests ===
Running target unix
=== libgo Summary for unix ===
# of expected passes 135
Running target unix/-m64
=== libgo Summary for unix/-m64 ===
# of expected passes 135
=== libgo Summary ===
# of expected passes 270
/var/gcc/regression/trunk/11-gcc-gas/build/./gcc/gccgo version 4.7.0 20111028 (experimental) [trunk revision 180617] (GCC)
=== libgomp tests ===
Running target unix
FAIL: libgomp.graphite/force-parallel-1.c execution test
=== libgomp Summary for unix ===
# of expected passes 2987
# of unexpected failures 1
# of unsupported tests 3
Running target unix/-m64
FAIL: libgomp.graphite/force-parallel-1.c execution test
=== libgomp Summary for unix/-m64 ===
# of expected passes 2987
# of unexpected failures 1
# of unsupported tests 3
=== libgomp Summary ===
# of expected passes 5974
# of unexpected failures 2
# of unsupported tests 6
=== libjava tests ===
Running target unix
=== libjava Summary for unix ===
# of expected passes 2574
Running target unix/-m64
=== libjava Summary for unix/-m64 ===
# of expected passes 2574
=== libjava Summary ===
# of expected passes 5148
=== libmudflap tests ===
Running target unix
=== libmudflap Summary for unix ===
# of expected passes 1433
Running target unix/-m64
FAIL: libmudflap.c++/pass55-frag.cxx ( -O) execution test
=== libmudflap Summary for unix/-m64 ===
# of expected passes 1432
# of unexpected failures 1
=== libmudflap Summary ===
# of expected passes 2865
# of unexpected failures 1
=== libstdc++ tests ===
Running target unix
=== libstdc++ Summary for unix ===
# of expected passes 7821
# of expected failures 46
# of unsupported tests 497
Running target unix/-m64
=== libstdc++ Summary for unix/-m64 ===
# of expected passes 7821
# of expected failures 46
# of unsupported tests 497
=== libstdc++ Summary ===
# of expected passes 15642
# of expected failures 92
# of unsupported tests 994
Compiler version: 4.7.0 20111028 (experimental) [trunk revision 180617] (GCC)
Platform: i386-pc-solaris2.11
configure flags: --prefix=/vol/gcc --target=i386-pc-solaris2.11 --enable-objc-gc --enable-libmudflap --with-host-libstdcxx='-L/vol/gcc-4.4/lib -Wl,-Bstatic -lstdc++ -Wl,-Bdynamic -lm' --with-boot-ldflags='-static-libstdc++ -static-libgcc -L/vol/gcc-4.4/lib' --with-as=/vol/gcc/bin/gas-2.21.1 --with-gnu-as --with-gmp-include=/vol/gcc/include --with-gmp-lib=/vol/gcc/lib --with-mpfr-include=/vol/gcc/include --with-mpfr-lib=/vol/gcc/lib --with-mpc-include=/vol/gcc/include --with-mpc-lib=/vol/gcc/lib --enable-languages=all,ada,obj-c++,go --with-ppl-include=/vol/gcc/include --with-ppl-lib=/vol/gcc/lib --with-cloog-include=/vol/gcc/include --with-cloog-lib=/vol/gcc/lib --enable-cloog-backend=ppl
BOOT_CFLAGS=-g -O2