This is the mail archive of the gcc-testresults@gcc.gnu.org mailing list for the GCC project.


Index Nav: [Date Index] [Subject Index] [Author Index] [Thread Index]
Message Nav: [Date Prev] [Date Next] [Thread Prev] [Thread Next]
Other format: [Raw text]

Results for 4.6.2 (Blastwave.org Inc Tue Oct 27 22:12:01 UTC 2011) testsuite on i386-pc-solaris2.8


#
# date
Sat Oct 29 19:57:26 GMT 2011
# uname -a
SunOS titan 5.8 Generic_127722-03 i86pc i386 i86pc
#
# cat /etc/release
                       Solaris 8 2/02 s28x_u7wos_08a INTEL
           Copyright 2002 Sun Microsystems, Inc.  All Rights Reserved.
                           Assembled 18 December 2001
#
# which gcc
/opt/bw/bin/gcc
#
# gcc --version
gcc (Blastwave.org Inc. Wed Jun 29 15:53:20 GMT 2011) 4.6.1
Copyright (C) 2011 Free Software Foundation, Inc.
This is free software; see the source for copying conditions.  There is NO
warranty; not even for MERCHANTABILITY or FITNESS FOR A PARTICULAR PURPOSE.


***************************************************************
* NOTE : gcc 4.6.1 for Solaris 8 i386 built and tested as per *
* http://gcc.gnu.org/ml/gcc-testresults/2011-07/msg00139.html *
***************************************************************

# which gas
/opt/bw/bin/gas
#
# gas --version
GNU assembler (Blastwave.org Inc. Wed Jun 29 03:24:53 GMT 2011) 2.21.1
Copyright 2011 Free Software Foundation, Inc.
This program is free software; you may redistribute it under the terms of
the GNU General Public License version 3 or later.
This program has absolutely no warranty.
This assembler was configured for a target of `i386-pc-solaris2.8'.
#
# ../gcc-4.6.2/contrib/test_summary
cat <<'EOF' |
LAST_UPDATED: Obtained from SVN: tags/gcc_4_6_2_release revision 180516

                === acats tests ===

                === acats Summary ===
# of expected passes            2321
# of unexpected failures        0
Native configuration is i386-pc-solaris2.8

                === g++ tests ===


Running target unix
FAIL: g++.dg/ext/visibility/fvisibility-inlines-hidden-2.C scan-not-hidden
FAIL: g++.dg/ext/visibility/fvisibility-inlines-hidden-3.C scan-not-hidden
FAIL: g++.dg/ext/visibility/fvisibility-inlines-hidden-3.C scan-not-hidden
FAIL: g++.dg/ext/visibility/fvisibility-override1.C scan-not-hidden
FAIL: g++.dg/ext/visibility/fvisibility-override2.C scan-not-hidden
FAIL: g++.dg/ext/visibility/guard1.C scan-not-hidden
FAIL: g++.dg/ext/visibility/ms-compat-1.C scan-not-hidden
FAIL: g++.dg/ext/visibility/ms-compat-1.C scan-not-hidden
FAIL: g++.dg/ext/visibility/ms-compat-1.C scan-not-hidden
FAIL: g++.dg/ext/visibility/namespace1.C scan-not-hidden
FAIL: g++.dg/ext/visibility/new1.C scan-not-hidden
FAIL: g++.dg/ext/visibility/template1.C scan-not-hidden
FAIL: g++.dg/ext/visibility/template1.C scan-not-hidden
FAIL: g++.dg/ext/visibility/template2.C scan-not-hidden
FAIL: g++.dg/ext/visibility/template2.C scan-not-hidden
FAIL: g++.dg/ext/visibility/template3.C scan-not-hidden
FAIL: g++.dg/ext/visibility/template3.C scan-not-hidden
FAIL: g++.dg/ext/visibility/template4.C scan-not-hidden
FAIL: g++.dg/ext/visibility/template4.C scan-not-hidden
FAIL: g++.dg/ext/visibility/template4.C scan-not-hidden
FAIL: g++.dg/ext/visibility/template4.C scan-not-hidden
FAIL: g++.dg/ext/visibility/template6.C scan-not-hidden
FAIL: g++.dg/ext/visibility/typeinfo1.C scan-not-hidden
FAIL: g++.dg/ext/visibility/typeinfo1.C scan-not-hidden
FAIL: g++.dg/ext/visibility/typeinfo2.C scan-not-hidden
FAIL: g++.dg/ext/visibility/typeinfo3.C scan-not-hidden
FAIL: g++.dg/ext/visibility/typeinfo3.C scan-not-hidden
FAIL: g++.dg/ext/visibility/warn3.C scan-not-hidden
XPASS: g++.dg/uninit-pred-3_b.C (test for excess errors)
FAIL: g++.dg/pch/array-1.C  -g -I. (internal compiler error)
FAIL: g++.dg/pch/array-1.C  -g -I. (test for excess errors)
FAIL: g++.dg/pch/array-1.C -g assembly comparison
FAIL: g++.dg/pch/array-1.C  -O2 -g -I. (internal compiler error)
FAIL: g++.dg/pch/array-1.C  -O2 -g -I. (test for excess errors)
FAIL: g++.dg/pch/array-1.C -O2 -g assembly comparison
FAIL: g++.dg/pch/array-1.C  -O2 -I. (internal compiler error)
FAIL: g++.dg/pch/array-1.C  -O2 -I. (test for excess errors)
FAIL: g++.dg/pch/array-1.C -O2 assembly comparison
FAIL: g++.dg/pch/empty.C  -g -I. (internal compiler error)
FAIL: g++.dg/pch/empty.C  -g -I. (test for excess errors)
FAIL: g++.dg/pch/empty.C -g assembly comparison
FAIL: g++.dg/pch/empty.C  -O2 -g -I. (internal compiler error)
FAIL: g++.dg/pch/empty.C  -O2 -g -I. (test for excess errors)
FAIL: g++.dg/pch/empty.C -O2 -g assembly comparison
FAIL: g++.dg/pch/empty.C  -O2 -I. (internal compiler error)
FAIL: g++.dg/pch/empty.C  -O2 -I. (test for excess errors)
FAIL: g++.dg/pch/empty.C -O2 assembly comparison
FAIL: g++.dg/pch/externc-1.C  -g -I. (internal compiler error)
FAIL: g++.dg/pch/externc-1.C  -g -I. (test for excess errors)
FAIL: g++.dg/pch/externc-1.C -g assembly comparison
FAIL: g++.dg/pch/externc-1.C  -O2 -g -I. (internal compiler error)
FAIL: g++.dg/pch/externc-1.C  -O2 -g -I. (test for excess errors)
FAIL: g++.dg/pch/externc-1.C -O2 -g assembly comparison
FAIL: g++.dg/pch/externc-1.C  -O2 -I. (internal compiler error)
FAIL: g++.dg/pch/externc-1.C  -O2 -I. (test for excess errors)
FAIL: g++.dg/pch/externc-1.C -O2 assembly comparison
FAIL: g++.dg/pch/local-1.C  -g -I. (internal compiler error)
FAIL: g++.dg/pch/local-1.C  -g -I. (test for excess errors)
FAIL: g++.dg/pch/local-1.C -g assembly comparison
FAIL: g++.dg/pch/local-1.C  -O2 -g -I. (internal compiler error)
FAIL: g++.dg/pch/local-1.C  -O2 -g -I. (test for excess errors)
FAIL: g++.dg/pch/local-1.C -O2 -g assembly comparison
FAIL: g++.dg/pch/local-1.C  -O2 -I. (internal compiler error)
FAIL: g++.dg/pch/local-1.C  -O2 -I. (test for excess errors)
FAIL: g++.dg/pch/local-1.C -O2 assembly comparison
FAIL: g++.dg/pch/pch.C  -g -I. (internal compiler error)
FAIL: g++.dg/pch/pch.C  -g -I. (test for excess errors)
FAIL: g++.dg/pch/pch.C -g assembly comparison
FAIL: g++.dg/pch/pch.C  -O2 -g -I. (internal compiler error)
FAIL: g++.dg/pch/pch.C  -O2 -g -I. (test for excess errors)
FAIL: g++.dg/pch/pch.C -O2 -g assembly comparison
FAIL: g++.dg/pch/pch.C  -O2 -I. (internal compiler error)
FAIL: g++.dg/pch/pch.C  -O2 -I. (test for excess errors)
FAIL: g++.dg/pch/pch.C -O2 assembly comparison
FAIL: g++.dg/pch/static-1.C  -g -I. (internal compiler error)
FAIL: g++.dg/pch/static-1.C  -g -I. (test for excess errors)
FAIL: g++.dg/pch/static-1.C -g assembly comparison
FAIL: g++.dg/pch/static-1.C  -O2 -g -I. (internal compiler error)
FAIL: g++.dg/pch/static-1.C  -O2 -g -I. (test for excess errors)
FAIL: g++.dg/pch/static-1.C -O2 -g assembly comparison
FAIL: g++.dg/pch/static-1.C  -O2 -I. (internal compiler error)
FAIL: g++.dg/pch/static-1.C  -O2 -I. (test for excess errors)
FAIL: g++.dg/pch/static-1.C -O2 assembly comparison
FAIL: g++.dg/pch/system-1.C  -g -I. (internal compiler error)
FAIL: g++.dg/pch/system-1.C  -g -I. (test for excess errors)
FAIL: g++.dg/pch/system-1.C -g assembly comparison
FAIL: g++.dg/pch/system-1.C  -O2 -g -I. (internal compiler error)
FAIL: g++.dg/pch/system-1.C  -O2 -g -I. (test for excess errors)
FAIL: g++.dg/pch/system-1.C -O2 -g assembly comparison
FAIL: g++.dg/pch/system-1.C  -O2 -I. (internal compiler error)
FAIL: g++.dg/pch/system-1.C  -O2 -I. (test for excess errors)
FAIL: g++.dg/pch/system-1.C -O2 assembly comparison
FAIL: g++.dg/pch/system-2.C  -g -I. (internal compiler error)
FAIL: g++.dg/pch/system-2.C  -g -I. (test for excess errors)
FAIL: g++.dg/pch/system-2.C -g assembly comparison
FAIL: g++.dg/pch/system-2.C  -O2 -g -I. (internal compiler error)
FAIL: g++.dg/pch/system-2.C  -O2 -g -I. (test for excess errors)
FAIL: g++.dg/pch/system-2.C -O2 -g assembly comparison
FAIL: g++.dg/pch/system-2.C  -O2 -I. (internal compiler error)
FAIL: g++.dg/pch/system-2.C  -O2 -I. (test for excess errors)
FAIL: g++.dg/pch/system-2.C -O2 assembly comparison
FAIL: g++.dg/pch/template-1.C  -g -I. (internal compiler error)
FAIL: g++.dg/pch/template-1.C  -g -I. (test for excess errors)
FAIL: g++.dg/pch/template-1.C -g assembly comparison
FAIL: g++.dg/pch/template-1.C  -O2 -g -I. (internal compiler error)
FAIL: g++.dg/pch/template-1.C  -O2 -g -I. (test for excess errors)
FAIL: g++.dg/pch/template-1.C -O2 -g assembly comparison
FAIL: g++.dg/pch/template-1.C  -O2 -I. (internal compiler error)
FAIL: g++.dg/pch/template-1.C  -O2 -I. (test for excess errors)
FAIL: g++.dg/pch/template-1.C -O2 assembly comparison
FAIL: g++.dg/pch/uninst.C  -g -I. (internal compiler error)
FAIL: g++.dg/pch/uninst.C  -g -I. (test for excess errors)
FAIL: g++.dg/pch/uninst.C -g assembly comparison
FAIL: g++.dg/pch/uninst.C  -O2 -g -I. (internal compiler error)
FAIL: g++.dg/pch/uninst.C  -O2 -g -I. (test for excess errors)
FAIL: g++.dg/pch/uninst.C -O2 -g assembly comparison
FAIL: g++.dg/pch/uninst.C  -O2 -I. (internal compiler error)
FAIL: g++.dg/pch/uninst.C  -O2 -I. (test for excess errors)
FAIL: g++.dg/pch/uninst.C -O2 assembly comparison
FAIL: g++.old-deja/g++.mike/visibility-1.C scan-not-hidden

                === g++ Summary ===

# of expected passes            26834
# of unexpected failures        119
# of unexpected successes       1
# of expected failures          169
# of unsupported tests          203
/opt/bw/src/GCC/gcc-4.6.2_SunOS5.8_i386/gcc/testsuite/g++/../../g++ 
version 4.6.2 (Blastwave.org Inc Tue Oct 27 22:12:01 UTC 2011)

                === gcc tests ===


Running target unix
FAIL: gcc.c-torture/compile/limits-exprparen.c  -O0  (internal compiler
error)
FAIL: gcc.c-torture/compile/limits-exprparen.c  -O0  (test for excess errors)
FAIL: gcc.c-torture/compile/limits-exprparen.c  -O1  (internal compiler
error)
FAIL: gcc.c-torture/compile/limits-exprparen.c  -O1  (test for excess errors)
FAIL: gcc.c-torture/compile/limits-exprparen.c  -O2  (internal compiler
error)
FAIL: gcc.c-torture/compile/limits-exprparen.c  -O2  (test for excess errors)
FAIL: gcc.c-torture/compile/limits-exprparen.c  -O3 -fomit-frame-pointer 
(internal compiler error)
FAIL: gcc.c-torture/compile/limits-exprparen.c  -O3 -fomit-frame-pointer 
(test for excess errors)
FAIL: gcc.c-torture/compile/limits-exprparen.c  -O3 -g  (internal compiler
error)
FAIL: gcc.c-torture/compile/limits-exprparen.c  -O3 -g  (test for excess
errors)
FAIL: gcc.c-torture/compile/limits-exprparen.c  -Os  (internal compiler
error)
FAIL: gcc.c-torture/compile/limits-exprparen.c  -Os  (test for excess errors)
FAIL: gcc.c-torture/compile/limits-exprparen.c  -O2 -flto
-flto-partition=none  (internal compiler error)
FAIL: gcc.c-torture/compile/limits-exprparen.c  -O2 -flto
-flto-partition=none  (test for excess errors)
FAIL: gcc.c-torture/compile/limits-exprparen.c  -O2 -flto  (internal
compiler error)
FAIL: gcc.c-torture/compile/limits-exprparen.c  -O2 -flto  (test for
excess errors)
WARNING: program timed out.
FAIL: gcc.c-torture/compile/limits-structnest.c  -O2  (test for excess
errors)
WARNING: program timed out.
FAIL: gcc.c-torture/compile/limits-structnest.c  -O3 -fomit-frame-pointer 
(test for excess errors)
WARNING: program timed out.
FAIL: gcc.c-torture/compile/limits-structnest.c  -O3 -g  (test for excess
errors)
WARNING: program timed out.
FAIL: gcc.c-torture/compile/limits-structnest.c  -Os  (test for excess
errors)
WARNING: program timed out.
FAIL: gcc.c-torture/compile/limits-structnest.c  -O2 -flto
-flto-partition=none  (test for excess errors)
WARNING: program timed out.
FAIL: gcc.c-torture/compile/limits-structnest.c  -O2 -flto  (test for
excess errors)
WARNING: program timed out.
FAIL: gcc.c-torture/compile/pr37669-2.c  -Os  (test for excess errors)
FAIL: gcc.dg/visibility-d.c scan-not-hidden
FAIL: gcc.dg/visibility-d.c scan-not-hidden
FAIL: gcc.dg/visibility-d.c scan-not-hidden
FAIL: gcc.dg/visibility-d.c scan-not-hidden
FAIL: gcc.dg/visibility-d.c scan-not-hidden
FAIL: gcc.dg/visibility-d.c scan-not-hidden
FAIL: gcc.dg/visibility-d.c scan-not-hidden
FAIL: gcc.dg/visibility-d.c scan-not-hidden
FAIL: gcc.dg/visibility-d.c scan-not-hidden
FAIL: gcc.dg/visibility-d.c scan-not-hidden
FAIL: gcc.dg/visibility-d.c scan-not-hidden
FAIL: gcc.dg/visibility-d.c scan-not-hidden
FAIL: gcc.dg/visibility-d.c scan-not-hidden
FAIL: gcc.dg/visibility-d.c scan-not-hidden
FAIL: gcc.dg/visibility-d.c scan-not-hidden
FAIL: gcc.dg/visibility-d.c scan-not-hidden
FAIL: gcc.dg/visibility-d.c scan-not-hidden
FAIL: gcc.dg/visibility-d.c scan-not-hidden
FAIL: gcc.dg/visibility-d.c scan-not-hidden
FAIL: gcc.dg/visibility-d.c scan-not-hidden
FAIL: gcc.dg/visibility-d.c scan-not-hidden
FAIL: gcc.dg/visibility-d.c scan-not-hidden
FAIL: gcc.dg/visibility-d.c scan-not-hidden
FAIL: gcc.dg/visibility-d.c scan-not-hidden
FAIL: gcc.dg/visibility-d.c scan-not-hidden
FAIL: gcc.dg/visibility-d.c scan-not-hidden
FAIL: gcc.dg/visibility-d.c scan-not-hidden
FAIL: gcc.dg/visibility-d.c scan-not-hidden
FAIL: gcc.dg/visibility-d.c scan-not-hidden
FAIL: gcc.dg/visibility-d.c scan-not-hidden
FAIL: gcc.dg/lto/20110201-1 c_lto_20110201-1_0.o-c_lto_20110201-1_0.o
link,  -O0 -flto
UNRESOLVED: gcc.dg/lto/20110201-1
c_lto_20110201-1_0.o-c_lto_20110201-1_0.o execute  -O0 -flto
FAIL: gcc.dg/pch/common-1.c  -O0 -g -I. (internal compiler error)
FAIL: gcc.dg/pch/common-1.c  -O0 -g -I. (test for excess errors)
FAIL: gcc.dg/pch/common-1.c -O0 -g assembly comparison
FAIL: gcc.dg/pch/common-1.c   -O0  -I. (internal compiler error)
FAIL: gcc.dg/pch/common-1.c   -O0  -I. (test for excess errors)
FAIL: gcc.dg/pch/common-1.c  -O0  assembly comparison
FAIL: gcc.dg/pch/common-1.c   -O1  -I. (internal compiler error)
FAIL: gcc.dg/pch/common-1.c   -O1  -I. (test for excess errors)
FAIL: gcc.dg/pch/common-1.c  -O1  assembly comparison
FAIL: gcc.dg/pch/common-1.c   -O2  -I. (internal compiler error)
FAIL: gcc.dg/pch/common-1.c   -O2  -I. (test for excess errors)
FAIL: gcc.dg/pch/common-1.c  -O2  assembly comparison
FAIL: gcc.dg/pch/common-1.c   -O3 -fomit-frame-pointer  -I. (internal
compiler error)
FAIL: gcc.dg/pch/common-1.c   -O3 -fomit-frame-pointer  -I. (test for
excess errors)
FAIL: gcc.dg/pch/common-1.c  -O3 -fomit-frame-pointer  assembly comparison
FAIL: gcc.dg/pch/common-1.c   -O3 -g  -I. (internal compiler error)
FAIL: gcc.dg/pch/common-1.c   -O3 -g  -I. (test for excess errors)
FAIL: gcc.dg/pch/common-1.c  -O3 -g  assembly comparison
FAIL: gcc.dg/pch/common-1.c   -Os  -I. (internal compiler error)
FAIL: gcc.dg/pch/common-1.c   -Os  -I. (test for excess errors)
FAIL: gcc.dg/pch/common-1.c  -Os  assembly comparison
FAIL: gcc.dg/pch/counter-1.c  -O0 -g -I. (internal compiler error)
FAIL: gcc.dg/pch/counter-1.c  -O0 -g -I. (test for excess errors)
FAIL: gcc.dg/pch/counter-1.c -O0 -g assembly comparison
FAIL: gcc.dg/pch/counter-1.c   -O0  -I. (internal compiler error)
FAIL: gcc.dg/pch/counter-1.c   -O0  -I. (test for excess errors)
FAIL: gcc.dg/pch/counter-1.c  -O0  assembly comparison
FAIL: gcc.dg/pch/counter-1.c   -O1  -I. (internal compiler error)
FAIL: gcc.dg/pch/counter-1.c   -O1  -I. (test for excess errors)
FAIL: gcc.dg/pch/counter-1.c  -O1  assembly comparison
FAIL: gcc.dg/pch/counter-1.c   -O2  -I. (internal compiler error)
FAIL: gcc.dg/pch/counter-1.c   -O2  -I. (test for excess errors)
FAIL: gcc.dg/pch/counter-1.c  -O2  assembly comparison
FAIL: gcc.dg/pch/counter-1.c   -O3 -fomit-frame-pointer  -I. (internal
compiler error)
FAIL: gcc.dg/pch/counter-1.c   -O3 -fomit-frame-pointer  -I. (test for
excess errors)
FAIL: gcc.dg/pch/counter-1.c  -O3 -fomit-frame-pointer  assembly comparison
FAIL: gcc.dg/pch/counter-1.c   -O3 -g  -I. (internal compiler error)
FAIL: gcc.dg/pch/counter-1.c   -O3 -g  -I. (test for excess errors)
FAIL: gcc.dg/pch/counter-1.c  -O3 -g  assembly comparison
FAIL: gcc.dg/pch/counter-1.c   -Os  -I. (internal compiler error)
FAIL: gcc.dg/pch/counter-1.c   -Os  -I. (test for excess errors)
FAIL: gcc.dg/pch/counter-1.c  -Os  assembly comparison
FAIL: gcc.dg/pch/counter-3.c  -O0 -g -I. (internal compiler error)
FAIL: gcc.dg/pch/counter-3.c  -O0 -g -I. (test for excess errors)
FAIL: gcc.dg/pch/counter-3.c -O0 -g assembly comparison
FAIL: gcc.dg/pch/counter-3.c   -O0  -I. (internal compiler error)
FAIL: gcc.dg/pch/counter-3.c   -O0  -I. (test for excess errors)
FAIL: gcc.dg/pch/counter-3.c  -O0  assembly comparison
FAIL: gcc.dg/pch/counter-3.c   -O1  -I. (internal compiler error)
FAIL: gcc.dg/pch/counter-3.c   -O1  -I. (test for excess errors)
FAIL: gcc.dg/pch/counter-3.c  -O1  assembly comparison
FAIL: gcc.dg/pch/counter-3.c   -O2  -I. (internal compiler error)
FAIL: gcc.dg/pch/counter-3.c   -O2  -I. (test for excess errors)
FAIL: gcc.dg/pch/counter-3.c  -O2  assembly comparison
FAIL: gcc.dg/pch/counter-3.c   -O3 -fomit-frame-pointer  -I. (internal
compiler error)
FAIL: gcc.dg/pch/counter-3.c   -O3 -fomit-frame-pointer  -I. (test for
excess errors)
FAIL: gcc.dg/pch/counter-3.c  -O3 -fomit-frame-pointer  assembly comparison
FAIL: gcc.dg/pch/counter-3.c   -O3 -g  -I. (internal compiler error)
FAIL: gcc.dg/pch/counter-3.c   -O3 -g  -I. (test for excess errors)
FAIL: gcc.dg/pch/counter-3.c  -O3 -g  assembly comparison
FAIL: gcc.dg/pch/counter-3.c   -Os  -I. (internal compiler error)
FAIL: gcc.dg/pch/counter-3.c   -Os  -I. (test for excess errors)
FAIL: gcc.dg/pch/counter-3.c  -Os  assembly comparison
FAIL: gcc.dg/pch/cpp-1.c  -O0 -g -I. (internal compiler error)
FAIL: gcc.dg/pch/cpp-1.c  -O0 -g -I. (test for excess errors)
FAIL: gcc.dg/pch/cpp-1.c -O0 -g assembly comparison
FAIL: gcc.dg/pch/cpp-1.c   -O0  -I. (internal compiler error)
FAIL: gcc.dg/pch/cpp-1.c   -O0  -I. (test for excess errors)
FAIL: gcc.dg/pch/cpp-1.c  -O0  assembly comparison
FAIL: gcc.dg/pch/cpp-1.c   -O1  -I. (internal compiler error)
FAIL: gcc.dg/pch/cpp-1.c   -O1  -I. (test for excess errors)
FAIL: gcc.dg/pch/cpp-1.c  -O1  assembly comparison
FAIL: gcc.dg/pch/cpp-1.c   -O2  -I. (internal compiler error)
FAIL: gcc.dg/pch/cpp-1.c   -O2  -I. (test for excess errors)
FAIL: gcc.dg/pch/cpp-1.c  -O2  assembly comparison
FAIL: gcc.dg/pch/cpp-1.c   -O3 -fomit-frame-pointer  -I. (internal
compiler error)
FAIL: gcc.dg/pch/cpp-1.c   -O3 -fomit-frame-pointer  -I. (test for excess
errors)
FAIL: gcc.dg/pch/cpp-1.c  -O3 -fomit-frame-pointer  assembly comparison
FAIL: gcc.dg/pch/cpp-1.c   -O3 -g  -I. (internal compiler error)
FAIL: gcc.dg/pch/cpp-1.c   -O3 -g  -I. (test for excess errors)
FAIL: gcc.dg/pch/cpp-1.c  -O3 -g  assembly comparison
FAIL: gcc.dg/pch/cpp-1.c   -Os  -I. (internal compiler error)
FAIL: gcc.dg/pch/cpp-1.c   -Os  -I. (test for excess errors)
FAIL: gcc.dg/pch/cpp-1.c  -Os  assembly comparison
FAIL: gcc.dg/pch/cpp-2.c  -O0 -g -I. (internal compiler error)
FAIL: gcc.dg/pch/cpp-2.c  -O0 -g -I. (test for excess errors)
FAIL: gcc.dg/pch/cpp-2.c -O0 -g assembly comparison
FAIL: gcc.dg/pch/cpp-2.c   -O0  -I. (internal compiler error)
FAIL: gcc.dg/pch/cpp-2.c   -O0  -I. (test for excess errors)
FAIL: gcc.dg/pch/cpp-2.c  -O0  assembly comparison
FAIL: gcc.dg/pch/cpp-2.c   -O1  -I. (internal compiler error)
FAIL: gcc.dg/pch/cpp-2.c   -O1  -I. (test for excess errors)
FAIL: gcc.dg/pch/cpp-2.c  -O1  assembly comparison
FAIL: gcc.dg/pch/cpp-2.c   -O2  -I. (internal compiler error)
FAIL: gcc.dg/pch/cpp-2.c   -O2  -I. (test for excess errors)
FAIL: gcc.dg/pch/cpp-2.c  -O2  assembly comparison
FAIL: gcc.dg/pch/cpp-2.c   -O3 -fomit-frame-pointer  -I. (internal
compiler error)
FAIL: gcc.dg/pch/cpp-2.c   -O3 -fomit-frame-pointer  -I. (test for excess
errors)
FAIL: gcc.dg/pch/cpp-2.c  -O3 -fomit-frame-pointer  assembly comparison
FAIL: gcc.dg/pch/cpp-2.c   -O3 -g  -I. (internal compiler error)
FAIL: gcc.dg/pch/cpp-2.c   -O3 -g  -I. (test for excess errors)
FAIL: gcc.dg/pch/cpp-2.c  -O3 -g  assembly comparison
FAIL: gcc.dg/pch/cpp-2.c   -Os  -I. (internal compiler error)
FAIL: gcc.dg/pch/cpp-2.c   -Os  -I. (test for excess errors)
FAIL: gcc.dg/pch/cpp-2.c  -Os  assembly comparison
FAIL: gcc.dg/pch/cpp-3.c  -O0 -g -I. (internal compiler error)
FAIL: gcc.dg/pch/cpp-3.c  -O0 -g -I. (test for excess errors)
FAIL: gcc.dg/pch/cpp-3.c -O0 -g assembly comparison
FAIL: gcc.dg/pch/cpp-3.c   -O0  -I. (internal compiler error)
FAIL: gcc.dg/pch/cpp-3.c   -O0  -I. (test for excess errors)
FAIL: gcc.dg/pch/cpp-3.c  -O0  assembly comparison
FAIL: gcc.dg/pch/cpp-3.c   -O1  -I. (internal compiler error)
FAIL: gcc.dg/pch/cpp-3.c   -O1  -I. (test for excess errors)
FAIL: gcc.dg/pch/cpp-3.c  -O1  assembly comparison
FAIL: gcc.dg/pch/cpp-3.c   -O2  -I. (internal compiler error)
FAIL: gcc.dg/pch/cpp-3.c   -O2  -I. (test for excess errors)
FAIL: gcc.dg/pch/cpp-3.c  -O2  assembly comparison
FAIL: gcc.dg/pch/cpp-3.c   -O3 -fomit-frame-pointer  -I. (internal
compiler error)
FAIL: gcc.dg/pch/cpp-3.c   -O3 -fomit-frame-pointer  -I. (test for excess
errors)
FAIL: gcc.dg/pch/cpp-3.c  -O3 -fomit-frame-pointer  assembly comparison
FAIL: gcc.dg/pch/cpp-3.c   -O3 -g  -I. (internal compiler error)
FAIL: gcc.dg/pch/cpp-3.c   -O3 -g  -I. (test for excess errors)
FAIL: gcc.dg/pch/cpp-3.c  -O3 -g  assembly comparison
FAIL: gcc.dg/pch/cpp-3.c   -Os  -I. (internal compiler error)
FAIL: gcc.dg/pch/cpp-3.c   -Os  -I. (test for excess errors)
FAIL: gcc.dg/pch/cpp-3.c  -Os  assembly comparison
FAIL: gcc.dg/pch/decl-1.c  -O0 -g -I. (internal compiler error)
FAIL: gcc.dg/pch/decl-1.c  -O0 -g -I. (test for excess errors)
FAIL: gcc.dg/pch/decl-1.c -O0 -g assembly comparison
FAIL: gcc.dg/pch/decl-1.c   -O0  -I. (internal compiler error)
FAIL: gcc.dg/pch/decl-1.c   -O0  -I. (test for excess errors)
FAIL: gcc.dg/pch/decl-1.c  -O0  assembly comparison
FAIL: gcc.dg/pch/decl-1.c   -O1  -I. (internal compiler error)
FAIL: gcc.dg/pch/decl-1.c   -O1  -I. (test for excess errors)
FAIL: gcc.dg/pch/decl-1.c  -O1  assembly comparison
FAIL: gcc.dg/pch/decl-1.c   -O2  -I. (internal compiler error)
FAIL: gcc.dg/pch/decl-1.c   -O2  -I. (test for excess errors)
FAIL: gcc.dg/pch/decl-1.c  -O2  assembly comparison
FAIL: gcc.dg/pch/decl-1.c   -O3 -fomit-frame-pointer  -I. (internal
compiler error)
FAIL: gcc.dg/pch/decl-1.c   -O3 -fomit-frame-pointer  -I. (test for excess
errors)
FAIL: gcc.dg/pch/decl-1.c  -O3 -fomit-frame-pointer  assembly comparison
FAIL: gcc.dg/pch/decl-1.c   -O3 -g  -I. (internal compiler error)
FAIL: gcc.dg/pch/decl-1.c   -O3 -g  -I. (test for excess errors)
FAIL: gcc.dg/pch/decl-1.c  -O3 -g  assembly comparison
FAIL: gcc.dg/pch/decl-1.c   -Os  -I. (internal compiler error)
FAIL: gcc.dg/pch/decl-1.c   -Os  -I. (test for excess errors)
FAIL: gcc.dg/pch/decl-1.c  -Os  assembly comparison
FAIL: gcc.dg/pch/decl-2.c  -O0 -g -I. (internal compiler error)
FAIL: gcc.dg/pch/decl-2.c  -O0 -g -I. (test for excess errors)
FAIL: gcc.dg/pch/decl-2.c -O0 -g assembly comparison
FAIL: gcc.dg/pch/decl-2.c   -O0  -I. (internal compiler error)
FAIL: gcc.dg/pch/decl-2.c   -O0  -I. (test for excess errors)
FAIL: gcc.dg/pch/decl-2.c  -O0  assembly comparison
FAIL: gcc.dg/pch/decl-2.c   -O1  -I. (internal compiler error)
FAIL: gcc.dg/pch/decl-2.c   -O1  -I. (test for excess errors)
FAIL: gcc.dg/pch/decl-2.c  -O1  assembly comparison
FAIL: gcc.dg/pch/decl-2.c   -O2  -I. (internal compiler error)
FAIL: gcc.dg/pch/decl-2.c   -O2  -I. (test for excess errors)
FAIL: gcc.dg/pch/decl-2.c  -O2  assembly comparison
FAIL: gcc.dg/pch/decl-2.c   -O3 -fomit-frame-pointer  -I. (internal
compiler error)
FAIL: gcc.dg/pch/decl-2.c   -O3 -fomit-frame-pointer  -I. (test for excess
errors)
FAIL: gcc.dg/pch/decl-2.c  -O3 -fomit-frame-pointer  assembly comparison
FAIL: gcc.dg/pch/decl-2.c   -O3 -g  -I. (internal compiler error)
FAIL: gcc.dg/pch/decl-2.c   -O3 -g  -I. (test for excess errors)
FAIL: gcc.dg/pch/decl-2.c  -O3 -g  assembly comparison
FAIL: gcc.dg/pch/decl-2.c   -Os  -I. (internal compiler error)
FAIL: gcc.dg/pch/decl-2.c   -Os  -I. (test for excess errors)
FAIL: gcc.dg/pch/decl-2.c  -Os  assembly comparison
FAIL: gcc.dg/pch/decl-3.c  -O0 -g -I. (internal compiler error)
FAIL: gcc.dg/pch/decl-3.c  -O0 -g -I. (test for excess errors)
FAIL: gcc.dg/pch/decl-3.c -O0 -g assembly comparison
FAIL: gcc.dg/pch/decl-3.c   -O0  -I. (internal compiler error)
FAIL: gcc.dg/pch/decl-3.c   -O0  -I. (test for excess errors)
FAIL: gcc.dg/pch/decl-3.c  -O0  assembly comparison
FAIL: gcc.dg/pch/decl-3.c   -O1  -I. (internal compiler error)
FAIL: gcc.dg/pch/decl-3.c   -O1  -I. (test for excess errors)
FAIL: gcc.dg/pch/decl-3.c  -O1  assembly comparison
FAIL: gcc.dg/pch/decl-3.c   -O2  -I. (internal compiler error)
FAIL: gcc.dg/pch/decl-3.c   -O2  -I. (test for excess errors)
FAIL: gcc.dg/pch/decl-3.c  -O2  assembly comparison
FAIL: gcc.dg/pch/decl-3.c   -O3 -fomit-frame-pointer  -I. (internal
compiler error)
FAIL: gcc.dg/pch/decl-3.c   -O3 -fomit-frame-pointer  -I. (test for excess
errors)
FAIL: gcc.dg/pch/decl-3.c  -O3 -fomit-frame-pointer  assembly comparison
FAIL: gcc.dg/pch/decl-3.c   -O3 -g  -I. (internal compiler error)
FAIL: gcc.dg/pch/decl-3.c   -O3 -g  -I. (test for excess errors)
FAIL: gcc.dg/pch/decl-3.c  -O3 -g  assembly comparison
FAIL: gcc.dg/pch/decl-3.c   -Os  -I. (internal compiler error)
FAIL: gcc.dg/pch/decl-3.c   -Os  -I. (test for excess errors)
FAIL: gcc.dg/pch/decl-3.c  -Os  assembly comparison
FAIL: gcc.dg/pch/decl-4.c  -O0 -g -I. (internal compiler error)
FAIL: gcc.dg/pch/decl-4.c  -O0 -g -I. (test for excess errors)
FAIL: gcc.dg/pch/decl-4.c -O0 -g assembly comparison
FAIL: gcc.dg/pch/decl-4.c   -O0  -I. (internal compiler error)
FAIL: gcc.dg/pch/decl-4.c   -O0  -I. (test for excess errors)
FAIL: gcc.dg/pch/decl-4.c  -O0  assembly comparison
FAIL: gcc.dg/pch/decl-4.c   -O1  -I. (internal compiler error)
FAIL: gcc.dg/pch/decl-4.c   -O1  -I. (test for excess errors)
FAIL: gcc.dg/pch/decl-4.c  -O1  assembly comparison
FAIL: gcc.dg/pch/decl-4.c   -O2  -I. (internal compiler error)
FAIL: gcc.dg/pch/decl-4.c   -O2  -I. (test for excess errors)
FAIL: gcc.dg/pch/decl-4.c  -O2  assembly comparison
FAIL: gcc.dg/pch/decl-4.c   -O3 -fomit-frame-pointer  -I. (internal
compiler error)
FAIL: gcc.dg/pch/decl-4.c   -O3 -fomit-frame-pointer  -I. (test for excess
errors)
FAIL: gcc.dg/pch/decl-4.c  -O3 -fomit-frame-pointer  assembly comparison
FAIL: gcc.dg/pch/decl-4.c   -O3 -g  -I. (internal compiler error)
FAIL: gcc.dg/pch/decl-4.c   -O3 -g  -I. (test for excess errors)
FAIL: gcc.dg/pch/decl-4.c  -O3 -g  assembly comparison
FAIL: gcc.dg/pch/decl-4.c   -Os  -I. (internal compiler error)
FAIL: gcc.dg/pch/decl-4.c   -Os  -I. (test for excess errors)
FAIL: gcc.dg/pch/decl-4.c  -Os  assembly comparison
FAIL: gcc.dg/pch/decl-5.c  -O0 -g -I. (internal compiler error)
FAIL: gcc.dg/pch/decl-5.c  -O0 -g -I. (test for excess errors)
FAIL: gcc.dg/pch/decl-5.c -O0 -g assembly comparison
FAIL: gcc.dg/pch/decl-5.c   -O0  -I. (internal compiler error)
FAIL: gcc.dg/pch/decl-5.c   -O0  -I. (test for excess errors)
FAIL: gcc.dg/pch/decl-5.c  -O0  assembly comparison
FAIL: gcc.dg/pch/decl-5.c   -O1  -I. (internal compiler error)
FAIL: gcc.dg/pch/decl-5.c   -O1  -I. (test for excess errors)
FAIL: gcc.dg/pch/decl-5.c  -O1  assembly comparison
FAIL: gcc.dg/pch/decl-5.c   -O2  -I. (internal compiler error)
FAIL: gcc.dg/pch/decl-5.c   -O2  -I. (test for excess errors)
FAIL: gcc.dg/pch/decl-5.c  -O2  assembly comparison
FAIL: gcc.dg/pch/decl-5.c   -O3 -fomit-frame-pointer  -I. (internal
compiler error)
FAIL: gcc.dg/pch/decl-5.c   -O3 -fomit-frame-pointer  -I. (test for excess
errors)
FAIL: gcc.dg/pch/decl-5.c  -O3 -fomit-frame-pointer  assembly comparison
FAIL: gcc.dg/pch/decl-5.c   -O3 -g  -I. (internal compiler error)
FAIL: gcc.dg/pch/decl-5.c   -O3 -g  -I. (test for excess errors)
FAIL: gcc.dg/pch/decl-5.c  -O3 -g  assembly comparison
FAIL: gcc.dg/pch/decl-5.c   -Os  -I. (internal compiler error)
FAIL: gcc.dg/pch/decl-5.c   -Os  -I. (test for excess errors)
FAIL: gcc.dg/pch/decl-5.c  -Os  assembly comparison
FAIL: gcc.dg/pch/empty.c  -O0 -g -I. (internal compiler error)
FAIL: gcc.dg/pch/empty.c  -O0 -g -I. (test for excess errors)
FAIL: gcc.dg/pch/empty.c -O0 -g assembly comparison
FAIL: gcc.dg/pch/empty.c   -O0  -I. (internal compiler error)
FAIL: gcc.dg/pch/empty.c   -O0  -I. (test for excess errors)
FAIL: gcc.dg/pch/empty.c  -O0  assembly comparison
FAIL: gcc.dg/pch/empty.c   -O1  -I. (internal compiler error)
FAIL: gcc.dg/pch/empty.c   -O1  -I. (test for excess errors)
FAIL: gcc.dg/pch/empty.c  -O1  assembly comparison
FAIL: gcc.dg/pch/empty.c   -O2  -I. (internal compiler error)
FAIL: gcc.dg/pch/empty.c   -O2  -I. (test for excess errors)
FAIL: gcc.dg/pch/empty.c  -O2  assembly comparison
FAIL: gcc.dg/pch/empty.c   -O3 -fomit-frame-pointer  -I. (internal
compiler error)
FAIL: gcc.dg/pch/empty.c   -O3 -fomit-frame-pointer  -I. (test for excess
errors)
FAIL: gcc.dg/pch/empty.c  -O3 -fomit-frame-pointer  assembly comparison
FAIL: gcc.dg/pch/empty.c   -O3 -g  -I. (internal compiler error)
FAIL: gcc.dg/pch/empty.c   -O3 -g  -I. (test for excess errors)
FAIL: gcc.dg/pch/empty.c  -O3 -g  assembly comparison
FAIL: gcc.dg/pch/empty.c   -Os  -I. (internal compiler error)
FAIL: gcc.dg/pch/empty.c   -Os  -I. (test for excess errors)
FAIL: gcc.dg/pch/empty.c  -Os  assembly comparison
FAIL: gcc.dg/pch/except-1.c  -O0 -g -I. (internal compiler error)
FAIL: gcc.dg/pch/except-1.c  -O0 -g -I. (test for excess errors)
FAIL: gcc.dg/pch/except-1.c -O0 -g assembly comparison
FAIL: gcc.dg/pch/except-1.c   -O0  -I. (internal compiler error)
FAIL: gcc.dg/pch/except-1.c   -O0  -I. (test for excess errors)
FAIL: gcc.dg/pch/except-1.c  -O0  assembly comparison
FAIL: gcc.dg/pch/except-1.c   -O1  -I. (internal compiler error)
FAIL: gcc.dg/pch/except-1.c   -O1  -I. (test for excess errors)
FAIL: gcc.dg/pch/except-1.c  -O1  assembly comparison
FAIL: gcc.dg/pch/except-1.c   -O2  -I. (internal compiler error)
FAIL: gcc.dg/pch/except-1.c   -O2  -I. (test for excess errors)
FAIL: gcc.dg/pch/except-1.c  -O2  assembly comparison
FAIL: gcc.dg/pch/except-1.c   -O3 -fomit-frame-pointer  -I. (internal
compiler error)
FAIL: gcc.dg/pch/except-1.c   -O3 -fomit-frame-pointer  -I. (test for
excess errors)
FAIL: gcc.dg/pch/except-1.c  -O3 -fomit-frame-pointer  assembly comparison
FAIL: gcc.dg/pch/except-1.c   -O3 -g  -I. (internal compiler error)
FAIL: gcc.dg/pch/except-1.c   -O3 -g  -I. (test for excess errors)
FAIL: gcc.dg/pch/except-1.c  -O3 -g  assembly comparison
FAIL: gcc.dg/pch/except-1.c   -Os  -I. (internal compiler error)
FAIL: gcc.dg/pch/except-1.c   -Os  -I. (test for excess errors)
FAIL: gcc.dg/pch/except-1.c  -Os  assembly comparison
FAIL: gcc.dg/pch/global-1.c  -O0 -g -I. (internal compiler error)
FAIL: gcc.dg/pch/global-1.c  -O0 -g -I. (test for excess errors)
FAIL: gcc.dg/pch/global-1.c -O0 -g assembly comparison
FAIL: gcc.dg/pch/global-1.c   -O0  -I. (internal compiler error)
FAIL: gcc.dg/pch/global-1.c   -O0  -I. (test for excess errors)
FAIL: gcc.dg/pch/global-1.c  -O0  assembly comparison
FAIL: gcc.dg/pch/global-1.c   -O1  -I. (internal compiler error)
FAIL: gcc.dg/pch/global-1.c   -O1  -I. (test for excess errors)
FAIL: gcc.dg/pch/global-1.c  -O1  assembly comparison
FAIL: gcc.dg/pch/global-1.c   -O2  -I. (internal compiler error)
FAIL: gcc.dg/pch/global-1.c   -O2  -I. (test for excess errors)
FAIL: gcc.dg/pch/global-1.c  -O2  assembly comparison
FAIL: gcc.dg/pch/global-1.c   -O3 -fomit-frame-pointer  -I. (internal
compiler error)
FAIL: gcc.dg/pch/global-1.c   -O3 -fomit-frame-pointer  -I. (test for
excess errors)
FAIL: gcc.dg/pch/global-1.c  -O3 -fomit-frame-pointer  assembly comparison
FAIL: gcc.dg/pch/global-1.c   -O3 -g  -I. (internal compiler error)
FAIL: gcc.dg/pch/global-1.c   -O3 -g  -I. (test for excess errors)
FAIL: gcc.dg/pch/global-1.c  -O3 -g  assembly comparison
FAIL: gcc.dg/pch/global-1.c   -Os  -I. (internal compiler error)
FAIL: gcc.dg/pch/global-1.c   -Os  -I. (test for excess errors)
FAIL: gcc.dg/pch/global-1.c  -Os  assembly comparison
FAIL: gcc.dg/pch/import-1.c  -O0 -g -I. (internal compiler error)
FAIL: gcc.dg/pch/import-1.c  -O0 -g -I. (test for excess errors)
FAIL: gcc.dg/pch/import-1.c -O0 -g assembly comparison
FAIL: gcc.dg/pch/import-1.c   -O0  -I. (internal compiler error)
FAIL: gcc.dg/pch/import-1.c   -O0  -I. (test for excess errors)
FAIL: gcc.dg/pch/import-1.c  -O0  assembly comparison
FAIL: gcc.dg/pch/import-1.c   -O1  -I. (internal compiler error)
FAIL: gcc.dg/pch/import-1.c   -O1  -I. (test for excess errors)
FAIL: gcc.dg/pch/import-1.c  -O1  assembly comparison
FAIL: gcc.dg/pch/import-1.c   -O2  -I. (internal compiler error)
FAIL: gcc.dg/pch/import-1.c   -O2  -I. (test for excess errors)
FAIL: gcc.dg/pch/import-1.c  -O2  assembly comparison
FAIL: gcc.dg/pch/import-1.c   -O3 -fomit-frame-pointer  -I. (internal
compiler error)
FAIL: gcc.dg/pch/import-1.c   -O3 -fomit-frame-pointer  -I. (test for
excess errors)
FAIL: gcc.dg/pch/import-1.c  -O3 -fomit-frame-pointer  assembly comparison
FAIL: gcc.dg/pch/import-1.c   -O3 -g  -I. (internal compiler error)
FAIL: gcc.dg/pch/import-1.c   -O3 -g  -I. (test for excess errors)
FAIL: gcc.dg/pch/import-1.c  -O3 -g  assembly comparison
FAIL: gcc.dg/pch/import-1.c   -Os  -I. (internal compiler error)
FAIL: gcc.dg/pch/import-1.c   -Os  -I. (test for excess errors)
FAIL: gcc.dg/pch/import-1.c  -Os  assembly comparison
FAIL: gcc.dg/pch/import-2.c  -O0 -g -I. (internal compiler error)
FAIL: gcc.dg/pch/import-2.c  -O0 -g -I. (test for excess errors)
FAIL: gcc.dg/pch/import-2.c -O0 -g assembly comparison
FAIL: gcc.dg/pch/import-2.c   -O0  -I. (internal compiler error)
FAIL: gcc.dg/pch/import-2.c   -O0  -I. (test for excess errors)
FAIL: gcc.dg/pch/import-2.c  -O0  assembly comparison
FAIL: gcc.dg/pch/import-2.c   -O1  -I. (internal compiler error)
FAIL: gcc.dg/pch/import-2.c   -O1  -I. (test for excess errors)
FAIL: gcc.dg/pch/import-2.c  -O1  assembly comparison
FAIL: gcc.dg/pch/import-2.c   -O2  -I. (internal compiler error)
FAIL: gcc.dg/pch/import-2.c   -O2  -I. (test for excess errors)
FAIL: gcc.dg/pch/import-2.c  -O2  assembly comparison
FAIL: gcc.dg/pch/import-2.c   -O3 -fomit-frame-pointer  -I. (internal
compiler error)
FAIL: gcc.dg/pch/import-2.c   -O3 -fomit-frame-pointer  -I. (test for
excess errors)
FAIL: gcc.dg/pch/import-2.c  -O3 -fomit-frame-pointer  assembly comparison
FAIL: gcc.dg/pch/import-2.c   -O3 -g  -I. (internal compiler error)
FAIL: gcc.dg/pch/import-2.c   -O3 -g  -I. (test for excess errors)
FAIL: gcc.dg/pch/import-2.c  -O3 -g  assembly comparison
FAIL: gcc.dg/pch/import-2.c   -Os  -I. (internal compiler error)
FAIL: gcc.dg/pch/import-2.c   -Os  -I. (test for excess errors)
FAIL: gcc.dg/pch/import-2.c  -Os  assembly comparison
FAIL: gcc.dg/pch/inline-1.c  -O0 -g -I. (internal compiler error)
FAIL: gcc.dg/pch/inline-1.c  -O0 -g -I. (test for excess errors)
FAIL: gcc.dg/pch/inline-1.c -O0 -g assembly comparison
FAIL: gcc.dg/pch/inline-1.c   -O0  -I. (internal compiler error)
FAIL: gcc.dg/pch/inline-1.c   -O0  -I. (test for excess errors)
FAIL: gcc.dg/pch/inline-1.c  -O0  assembly comparison
FAIL: gcc.dg/pch/inline-1.c   -O1  -I. (internal compiler error)
FAIL: gcc.dg/pch/inline-1.c   -O1  -I. (test for excess errors)
FAIL: gcc.dg/pch/inline-1.c  -O1  assembly comparison
FAIL: gcc.dg/pch/inline-1.c   -O2  -I. (internal compiler error)
FAIL: gcc.dg/pch/inline-1.c   -O2  -I. (test for excess errors)
FAIL: gcc.dg/pch/inline-1.c  -O2  assembly comparison
FAIL: gcc.dg/pch/inline-1.c   -O3 -fomit-frame-pointer  -I. (internal
compiler error)
FAIL: gcc.dg/pch/inline-1.c   -O3 -fomit-frame-pointer  -I. (test for
excess errors)
FAIL: gcc.dg/pch/inline-1.c  -O3 -fomit-frame-pointer  assembly comparison
FAIL: gcc.dg/pch/inline-1.c   -O3 -g  -I. (internal compiler error)
FAIL: gcc.dg/pch/inline-1.c   -O3 -g  -I. (test for excess errors)
FAIL: gcc.dg/pch/inline-1.c  -O3 -g  assembly comparison
FAIL: gcc.dg/pch/inline-1.c   -Os  -I. (internal compiler error)
FAIL: gcc.dg/pch/inline-1.c   -Os  -I. (test for excess errors)
FAIL: gcc.dg/pch/inline-1.c  -Os  assembly comparison
FAIL: gcc.dg/pch/inline-2.c  -O0 -g -I. (internal compiler error)
FAIL: gcc.dg/pch/inline-2.c  -O0 -g -I. (test for excess errors)
FAIL: gcc.dg/pch/inline-2.c -O0 -g assembly comparison
FAIL: gcc.dg/pch/inline-2.c   -O0  -I. (internal compiler error)
FAIL: gcc.dg/pch/inline-2.c   -O0  -I. (test for excess errors)
FAIL: gcc.dg/pch/inline-2.c  -O0  assembly comparison
FAIL: gcc.dg/pch/inline-2.c   -O1  -I. (internal compiler error)
FAIL: gcc.dg/pch/inline-2.c   -O1  -I. (test for excess errors)
FAIL: gcc.dg/pch/inline-2.c  -O1  assembly comparison
FAIL: gcc.dg/pch/inline-2.c   -O2  -I. (internal compiler error)
FAIL: gcc.dg/pch/inline-2.c   -O2  -I. (test for excess errors)
FAIL: gcc.dg/pch/inline-2.c  -O2  assembly comparison
FAIL: gcc.dg/pch/inline-2.c   -O3 -fomit-frame-pointer  -I. (internal
compiler error)
FAIL: gcc.dg/pch/inline-2.c   -O3 -fomit-frame-pointer  -I. (test for
excess errors)
FAIL: gcc.dg/pch/inline-2.c  -O3 -fomit-frame-pointer  assembly comparison
FAIL: gcc.dg/pch/inline-2.c   -O3 -g  -I. (internal compiler error)
FAIL: gcc.dg/pch/inline-2.c   -O3 -g  -I. (test for excess errors)
FAIL: gcc.dg/pch/inline-2.c  -O3 -g  assembly comparison
FAIL: gcc.dg/pch/inline-2.c   -Os  -I. (internal compiler error)
FAIL: gcc.dg/pch/inline-2.c   -Os  -I. (test for excess errors)
FAIL: gcc.dg/pch/inline-2.c  -Os  assembly comparison
FAIL: gcc.dg/pch/inline-3.c  -O0 -g -I. (internal compiler error)
FAIL: gcc.dg/pch/inline-3.c  -O0 -g -I. (test for excess errors)
FAIL: gcc.dg/pch/inline-3.c -O0 -g assembly comparison
FAIL: gcc.dg/pch/inline-3.c   -O0  -I. (internal compiler error)
FAIL: gcc.dg/pch/inline-3.c   -O0  -I. (test for excess errors)
FAIL: gcc.dg/pch/inline-3.c  -O0  assembly comparison
FAIL: gcc.dg/pch/inline-3.c   -O1  -I. (internal compiler error)
FAIL: gcc.dg/pch/inline-3.c   -O1  -I. (test for excess errors)
FAIL: gcc.dg/pch/inline-3.c  -O1  assembly comparison
FAIL: gcc.dg/pch/inline-3.c   -O2  -I. (internal compiler error)
FAIL: gcc.dg/pch/inline-3.c   -O2  -I. (test for excess errors)
FAIL: gcc.dg/pch/inline-3.c  -O2  assembly comparison
FAIL: gcc.dg/pch/inline-3.c   -O3 -fomit-frame-pointer  -I. (internal
compiler error)
FAIL: gcc.dg/pch/inline-3.c   -O3 -fomit-frame-pointer  -I. (test for
excess errors)
FAIL: gcc.dg/pch/inline-3.c  -O3 -fomit-frame-pointer  assembly comparison
FAIL: gcc.dg/pch/inline-3.c   -O3 -g  -I. (internal compiler error)
FAIL: gcc.dg/pch/inline-3.c   -O3 -g  -I. (test for excess errors)
FAIL: gcc.dg/pch/inline-3.c  -O3 -g  assembly comparison
FAIL: gcc.dg/pch/inline-3.c   -Os  -I. (internal compiler error)
FAIL: gcc.dg/pch/inline-3.c   -Os  -I. (test for excess errors)
FAIL: gcc.dg/pch/inline-3.c  -Os  assembly comparison
FAIL: gcc.dg/pch/inline-4.c  -O0 -g -I. (internal compiler error)
FAIL: gcc.dg/pch/inline-4.c  -O0 -g -I. (test for excess errors)
FAIL: gcc.dg/pch/inline-4.c -O0 -g assembly comparison
FAIL: gcc.dg/pch/inline-4.c   -O0  -I. (internal compiler error)
FAIL: gcc.dg/pch/inline-4.c   -O0  -I. (test for excess errors)
FAIL: gcc.dg/pch/inline-4.c  -O0  assembly comparison
FAIL: gcc.dg/pch/inline-4.c   -O1  -I. (internal compiler error)
FAIL: gcc.dg/pch/inline-4.c   -O1  -I. (test for excess errors)
FAIL: gcc.dg/pch/inline-4.c  -O1  assembly comparison
FAIL: gcc.dg/pch/inline-4.c   -O2  -I. (internal compiler error)
FAIL: gcc.dg/pch/inline-4.c   -O2  -I. (test for excess errors)
FAIL: gcc.dg/pch/inline-4.c  -O2  assembly comparison
FAIL: gcc.dg/pch/inline-4.c   -O3 -fomit-frame-pointer  -I. (internal
compiler error)
FAIL: gcc.dg/pch/inline-4.c   -O3 -fomit-frame-pointer  -I. (test for
excess errors)
FAIL: gcc.dg/pch/inline-4.c  -O3 -fomit-frame-pointer  assembly comparison
FAIL: gcc.dg/pch/inline-4.c   -O3 -g  -I. (internal compiler error)
FAIL: gcc.dg/pch/inline-4.c   -O3 -g  -I. (test for excess errors)
FAIL: gcc.dg/pch/inline-4.c  -O3 -g  assembly comparison
FAIL: gcc.dg/pch/inline-4.c   -Os  -I. (internal compiler error)
FAIL: gcc.dg/pch/inline-4.c   -Os  -I. (test for excess errors)
FAIL: gcc.dg/pch/inline-4.c  -Os  assembly comparison
FAIL: gcc.dg/pch/macro-1.c  -O0 -g -I. (internal compiler error)
FAIL: gcc.dg/pch/macro-1.c  -O0 -g -I. (test for excess errors)
FAIL: gcc.dg/pch/macro-1.c -O0 -g assembly comparison
FAIL: gcc.dg/pch/macro-1.c   -O0  -I. (internal compiler error)
FAIL: gcc.dg/pch/macro-1.c   -O0  -I. (test for excess errors)
FAIL: gcc.dg/pch/macro-1.c  -O0  assembly comparison
FAIL: gcc.dg/pch/macro-1.c   -O1  -I. (internal compiler error)
FAIL: gcc.dg/pch/macro-1.c   -O1  -I. (test for excess errors)
FAIL: gcc.dg/pch/macro-1.c  -O1  assembly comparison
FAIL: gcc.dg/pch/macro-1.c   -O2  -I. (internal compiler error)
FAIL: gcc.dg/pch/macro-1.c   -O2  -I. (test for excess errors)
FAIL: gcc.dg/pch/macro-1.c  -O2  assembly comparison
FAIL: gcc.dg/pch/macro-1.c   -O3 -fomit-frame-pointer  -I. (internal
compiler error)
FAIL: gcc.dg/pch/macro-1.c   -O3 -fomit-frame-pointer  -I. (test for
excess errors)
FAIL: gcc.dg/pch/macro-1.c  -O3 -fomit-frame-pointer  assembly comparison
FAIL: gcc.dg/pch/macro-1.c   -O3 -g  -I. (internal compiler error)
FAIL: gcc.dg/pch/macro-1.c   -O3 -g  -I. (test for excess errors)
FAIL: gcc.dg/pch/macro-1.c  -O3 -g  assembly comparison
FAIL: gcc.dg/pch/macro-1.c   -Os  -I. (internal compiler error)
FAIL: gcc.dg/pch/macro-1.c   -Os  -I. (test for excess errors)
FAIL: gcc.dg/pch/macro-1.c  -Os  assembly comparison
FAIL: gcc.dg/pch/macro-2.c  -O0 -g -I. (internal compiler error)
FAIL: gcc.dg/pch/macro-2.c  -O0 -g -I. (test for excess errors)
FAIL: gcc.dg/pch/macro-2.c -O0 -g assembly comparison
FAIL: gcc.dg/pch/macro-2.c   -O0  -I. (internal compiler error)
FAIL: gcc.dg/pch/macro-2.c   -O0  -I. (test for excess errors)
FAIL: gcc.dg/pch/macro-2.c  -O0  assembly comparison
FAIL: gcc.dg/pch/macro-2.c   -O1  -I. (internal compiler error)
FAIL: gcc.dg/pch/macro-2.c   -O1  -I. (test for excess errors)
FAIL: gcc.dg/pch/macro-2.c  -O1  assembly comparison
FAIL: gcc.dg/pch/macro-2.c   -O2  -I. (internal compiler error)
FAIL: gcc.dg/pch/macro-2.c   -O2  -I. (test for excess errors)
FAIL: gcc.dg/pch/macro-2.c  -O2  assembly comparison
FAIL: gcc.dg/pch/macro-2.c   -O3 -fomit-frame-pointer  -I. (internal
compiler error)
FAIL: gcc.dg/pch/macro-2.c   -O3 -fomit-frame-pointer  -I. (test for
excess errors)
FAIL: gcc.dg/pch/macro-2.c  -O3 -fomit-frame-pointer  assembly comparison
FAIL: gcc.dg/pch/macro-2.c   -O3 -g  -I. (internal compiler error)
FAIL: gcc.dg/pch/macro-2.c   -O3 -g  -I. (test for excess errors)
FAIL: gcc.dg/pch/macro-2.c  -O3 -g  assembly comparison
FAIL: gcc.dg/pch/macro-2.c   -Os  -I. (internal compiler error)
FAIL: gcc.dg/pch/macro-2.c   -Os  -I. (test for excess errors)
FAIL: gcc.dg/pch/macro-2.c  -Os  assembly comparison
FAIL: gcc.dg/pch/macro-3.c  -O0 -g -I. (internal compiler error)
FAIL: gcc.dg/pch/macro-3.c  -O0 -g -I. (test for excess errors)
FAIL: gcc.dg/pch/macro-3.c -O0 -g assembly comparison
FAIL: gcc.dg/pch/macro-3.c   -O0  -I. (internal compiler error)
FAIL: gcc.dg/pch/macro-3.c   -O0  -I. (test for excess errors)
FAIL: gcc.dg/pch/macro-3.c  -O0  assembly comparison
FAIL: gcc.dg/pch/macro-3.c   -O1  -I. (internal compiler error)
FAIL: gcc.dg/pch/macro-3.c   -O1  -I. (test for excess errors)
FAIL: gcc.dg/pch/macro-3.c  -O1  assembly comparison
FAIL: gcc.dg/pch/macro-3.c   -O2  -I. (internal compiler error)
FAIL: gcc.dg/pch/macro-3.c   -O2  -I. (test for excess errors)
FAIL: gcc.dg/pch/macro-3.c  -O2  assembly comparison
FAIL: gcc.dg/pch/macro-3.c   -O3 -fomit-frame-pointer  -I. (internal
compiler error)
FAIL: gcc.dg/pch/macro-3.c   -O3 -fomit-frame-pointer  -I. (test for
excess errors)
FAIL: gcc.dg/pch/macro-3.c  -O3 -fomit-frame-pointer  assembly comparison
FAIL: gcc.dg/pch/macro-3.c   -O3 -g  -I. (internal compiler error)
FAIL: gcc.dg/pch/macro-3.c   -O3 -g  -I. (test for excess errors)
FAIL: gcc.dg/pch/macro-3.c  -O3 -g  assembly comparison
FAIL: gcc.dg/pch/macro-3.c   -Os  -I. (internal compiler error)
FAIL: gcc.dg/pch/macro-3.c   -Os  -I. (test for excess errors)
FAIL: gcc.dg/pch/macro-3.c  -Os  assembly comparison
FAIL: gcc.dg/pch/macro-4.c  -O0 -g -I. (internal compiler error)
FAIL: gcc.dg/pch/macro-4.c  -O0 -g -I. (test for excess errors)
FAIL: gcc.dg/pch/macro-4.c -O0 -g assembly comparison
FAIL: gcc.dg/pch/macro-4.c   -O0  -I. (internal compiler error)
FAIL: gcc.dg/pch/macro-4.c   -O0  -I. (test for excess errors)
FAIL: gcc.dg/pch/macro-4.c  -O0  assembly comparison
FAIL: gcc.dg/pch/macro-4.c   -O1  -I. (internal compiler error)
FAIL: gcc.dg/pch/macro-4.c   -O1  -I. (test for excess errors)
FAIL: gcc.dg/pch/macro-4.c  -O1  assembly comparison
FAIL: gcc.dg/pch/macro-4.c   -O2  -I. (internal compiler error)
FAIL: gcc.dg/pch/macro-4.c   -O2  -I. (test for excess errors)
FAIL: gcc.dg/pch/macro-4.c  -O2  assembly comparison
FAIL: gcc.dg/pch/macro-4.c   -O3 -fomit-frame-pointer  -I. (internal
compiler error)
FAIL: gcc.dg/pch/macro-4.c   -O3 -fomit-frame-pointer  -I. (test for
excess errors)
FAIL: gcc.dg/pch/macro-4.c  -O3 -fomit-frame-pointer  assembly comparison
FAIL: gcc.dg/pch/macro-4.c   -O3 -g  -I. (internal compiler error)
FAIL: gcc.dg/pch/macro-4.c   -O3 -g  -I. (test for excess errors)
FAIL: gcc.dg/pch/macro-4.c  -O3 -g  assembly comparison
FAIL: gcc.dg/pch/macro-4.c   -Os  -I. (internal compiler error)
FAIL: gcc.dg/pch/macro-4.c   -Os  -I. (test for excess errors)
FAIL: gcc.dg/pch/macro-4.c  -Os  assembly comparison
FAIL: gcc.dg/pch/save-temps-1.c  -O0 -g -I. (internal compiler error)
FAIL: gcc.dg/pch/save-temps-1.c  -O0 -g -I. (test for excess errors)
FAIL: gcc.dg/pch/save-temps-1.c -O0 -g assembly comparison
FAIL: gcc.dg/pch/save-temps-1.c   -O0  -I. (internal compiler error)
FAIL: gcc.dg/pch/save-temps-1.c   -O0  -I. (test for excess errors)
FAIL: gcc.dg/pch/save-temps-1.c  -O0  assembly comparison
FAIL: gcc.dg/pch/save-temps-1.c   -O1  -I. (internal compiler error)
FAIL: gcc.dg/pch/save-temps-1.c   -O1  -I. (test for excess errors)
FAIL: gcc.dg/pch/save-temps-1.c  -O1  assembly comparison
FAIL: gcc.dg/pch/save-temps-1.c   -O2  -I. (internal compiler error)
FAIL: gcc.dg/pch/save-temps-1.c   -O2  -I. (test for excess errors)
FAIL: gcc.dg/pch/save-temps-1.c  -O2  assembly comparison
FAIL: gcc.dg/pch/save-temps-1.c   -O3 -fomit-frame-pointer  -I. (internal
compiler error)
FAIL: gcc.dg/pch/save-temps-1.c   -O3 -fomit-frame-pointer  -I. (test for
excess errors)
FAIL: gcc.dg/pch/save-temps-1.c  -O3 -fomit-frame-pointer  assembly
comparison
FAIL: gcc.dg/pch/save-temps-1.c   -O3 -g  -I. (internal compiler error)
FAIL: gcc.dg/pch/save-temps-1.c   -O3 -g  -I. (test for excess errors)
FAIL: gcc.dg/pch/save-temps-1.c  -O3 -g  assembly comparison
FAIL: gcc.dg/pch/save-temps-1.c   -Os  -I. (internal compiler error)
FAIL: gcc.dg/pch/save-temps-1.c   -Os  -I. (test for excess errors)
FAIL: gcc.dg/pch/save-temps-1.c  -Os  assembly comparison
FAIL: gcc.dg/pch/static-1.c  -O0 -g -I. (internal compiler error)
FAIL: gcc.dg/pch/static-1.c  -O0 -g -I. (test for excess errors)
FAIL: gcc.dg/pch/static-1.c -O0 -g assembly comparison
FAIL: gcc.dg/pch/static-1.c   -O0  -I. (internal compiler error)
FAIL: gcc.dg/pch/static-1.c   -O0  -I. (test for excess errors)
FAIL: gcc.dg/pch/static-1.c  -O0  assembly comparison
FAIL: gcc.dg/pch/static-1.c   -O1  -I. (internal compiler error)
FAIL: gcc.dg/pch/static-1.c   -O1  -I. (test for excess errors)
FAIL: gcc.dg/pch/static-1.c  -O1  assembly comparison
FAIL: gcc.dg/pch/static-1.c   -O2  -I. (internal compiler error)
FAIL: gcc.dg/pch/static-1.c   -O2  -I. (test for excess errors)
FAIL: gcc.dg/pch/static-1.c  -O2  assembly comparison
FAIL: gcc.dg/pch/static-1.c   -O3 -fomit-frame-pointer  -I. (internal
compiler error)
FAIL: gcc.dg/pch/static-1.c   -O3 -fomit-frame-pointer  -I. (test for
excess errors)
FAIL: gcc.dg/pch/static-1.c  -O3 -fomit-frame-pointer  assembly comparison
FAIL: gcc.dg/pch/static-1.c   -O3 -g  -I. (internal compiler error)
FAIL: gcc.dg/pch/static-1.c   -O3 -g  -I. (test for excess errors)
FAIL: gcc.dg/pch/static-1.c  -O3 -g  assembly comparison
FAIL: gcc.dg/pch/static-1.c   -Os  -I. (internal compiler error)
FAIL: gcc.dg/pch/static-1.c   -Os  -I. (test for excess errors)
FAIL: gcc.dg/pch/static-1.c  -Os  assembly comparison
FAIL: gcc.dg/pch/static-2.c  -O0 -g -I. (internal compiler error)
FAIL: gcc.dg/pch/static-2.c  -O0 -g -I. (test for excess errors)
FAIL: gcc.dg/pch/static-2.c -O0 -g assembly comparison
FAIL: gcc.dg/pch/static-2.c   -O0  -I. (internal compiler error)
FAIL: gcc.dg/pch/static-2.c   -O0  -I. (test for excess errors)
FAIL: gcc.dg/pch/static-2.c  -O0  assembly comparison
FAIL: gcc.dg/pch/static-2.c   -O1  -I. (internal compiler error)
FAIL: gcc.dg/pch/static-2.c   -O1  -I. (test for excess errors)
FAIL: gcc.dg/pch/static-2.c  -O1  assembly comparison
FAIL: gcc.dg/pch/static-2.c   -O2  -I. (internal compiler error)
FAIL: gcc.dg/pch/static-2.c   -O2  -I. (test for excess errors)
FAIL: gcc.dg/pch/static-2.c  -O2  assembly comparison
FAIL: gcc.dg/pch/static-2.c   -O3 -fomit-frame-pointer  -I. (internal
compiler error)
FAIL: gcc.dg/pch/static-2.c   -O3 -fomit-frame-pointer  -I. (test for
excess errors)
FAIL: gcc.dg/pch/static-2.c  -O3 -fomit-frame-pointer  assembly comparison
FAIL: gcc.dg/pch/static-2.c   -O3 -g  -I. (internal compiler error)
FAIL: gcc.dg/pch/static-2.c   -O3 -g  -I. (test for excess errors)
FAIL: gcc.dg/pch/static-2.c  -O3 -g  assembly comparison
FAIL: gcc.dg/pch/static-2.c   -Os  -I. (internal compiler error)
FAIL: gcc.dg/pch/static-2.c   -Os  -I. (test for excess errors)
FAIL: gcc.dg/pch/static-2.c  -Os  assembly comparison
FAIL: gcc.dg/pch/static-3.c  -O0 -g -I. (internal compiler error)
FAIL: gcc.dg/pch/static-3.c  -O0 -g -I. (test for excess errors)
FAIL: gcc.dg/pch/static-3.c -O0 -g assembly comparison
FAIL: gcc.dg/pch/static-3.c   -O0  -I. (internal compiler error)
FAIL: gcc.dg/pch/static-3.c   -O0  -I. (test for excess errors)
FAIL: gcc.dg/pch/static-3.c  -O0  assembly comparison
FAIL: gcc.dg/pch/static-3.c   -O1  -I. (internal compiler error)
FAIL: gcc.dg/pch/static-3.c   -O1  -I. (test for excess errors)
FAIL: gcc.dg/pch/static-3.c  -O1  assembly comparison
FAIL: gcc.dg/pch/static-3.c   -O2  -I. (internal compiler error)
FAIL: gcc.dg/pch/static-3.c   -O2  -I. (test for excess errors)
FAIL: gcc.dg/pch/static-3.c  -O2  assembly comparison
FAIL: gcc.dg/pch/static-3.c   -O3 -fomit-frame-pointer  -I. (internal
compiler error)
FAIL: gcc.dg/pch/static-3.c   -O3 -fomit-frame-pointer  -I. (test for
excess errors)
FAIL: gcc.dg/pch/static-3.c  -O3 -fomit-frame-pointer  assembly comparison
FAIL: gcc.dg/pch/static-3.c   -O3 -g  -I. (internal compiler error)
FAIL: gcc.dg/pch/static-3.c   -O3 -g  -I. (test for excess errors)
FAIL: gcc.dg/pch/static-3.c  -O3 -g  assembly comparison
FAIL: gcc.dg/pch/static-3.c   -Os  -I. (internal compiler error)
FAIL: gcc.dg/pch/static-3.c   -Os  -I. (test for excess errors)
FAIL: gcc.dg/pch/static-3.c  -Os  assembly comparison
FAIL: gcc.dg/pch/struct-1.c  -O0 -g -I. (internal compiler error)
FAIL: gcc.dg/pch/struct-1.c  -O0 -g -I. (test for excess errors)
FAIL: gcc.dg/pch/struct-1.c -O0 -g assembly comparison
FAIL: gcc.dg/pch/struct-1.c   -O0  -I. (internal compiler error)
FAIL: gcc.dg/pch/struct-1.c   -O0  -I. (test for excess errors)
FAIL: gcc.dg/pch/struct-1.c  -O0  assembly comparison
FAIL: gcc.dg/pch/struct-1.c   -O1  -I. (internal compiler error)
FAIL: gcc.dg/pch/struct-1.c   -O1  -I. (test for excess errors)
FAIL: gcc.dg/pch/struct-1.c  -O1  assembly comparison
FAIL: gcc.dg/pch/struct-1.c   -O2  -I. (internal compiler error)
FAIL: gcc.dg/pch/struct-1.c   -O2  -I. (test for excess errors)
FAIL: gcc.dg/pch/struct-1.c  -O2  assembly comparison
FAIL: gcc.dg/pch/struct-1.c   -O3 -fomit-frame-pointer  -I. (internal
compiler error)
FAIL: gcc.dg/pch/struct-1.c   -O3 -fomit-frame-pointer  -I. (test for
excess errors)
FAIL: gcc.dg/pch/struct-1.c  -O3 -fomit-frame-pointer  assembly comparison
FAIL: gcc.dg/pch/struct-1.c   -O3 -g  -I. (internal compiler error)
FAIL: gcc.dg/pch/struct-1.c   -O3 -g  -I. (test for excess errors)
FAIL: gcc.dg/pch/struct-1.c  -O3 -g  assembly comparison
FAIL: gcc.dg/pch/struct-1.c   -Os  -I. (internal compiler error)
FAIL: gcc.dg/pch/struct-1.c   -Os  -I. (test for excess errors)
FAIL: gcc.dg/pch/struct-1.c  -Os  assembly comparison
FAIL: gcc.dg/pch/system-1.c  -O0 -g -I. (internal compiler error)
FAIL: gcc.dg/pch/system-1.c  -O0 -g -I. (test for excess errors)
FAIL: gcc.dg/pch/system-1.c -O0 -g assembly comparison
FAIL: gcc.dg/pch/system-1.c   -O0  -I. (internal compiler error)
FAIL: gcc.dg/pch/system-1.c   -O0  -I. (test for excess errors)
FAIL: gcc.dg/pch/system-1.c  -O0  assembly comparison
FAIL: gcc.dg/pch/system-1.c   -O1  -I. (internal compiler error)
FAIL: gcc.dg/pch/system-1.c   -O1  -I. (test for excess errors)
FAIL: gcc.dg/pch/system-1.c  -O1  assembly comparison
FAIL: gcc.dg/pch/system-1.c   -O2  -I. (internal compiler error)
FAIL: gcc.dg/pch/system-1.c   -O2  -I. (test for excess errors)
FAIL: gcc.dg/pch/system-1.c  -O2  assembly comparison
FAIL: gcc.dg/pch/system-1.c   -O3 -fomit-frame-pointer  -I. (internal
compiler error)
FAIL: gcc.dg/pch/system-1.c   -O3 -fomit-frame-pointer  -I. (test for
excess errors)
FAIL: gcc.dg/pch/system-1.c  -O3 -fomit-frame-pointer  assembly comparison
FAIL: gcc.dg/pch/system-1.c   -O3 -g  -I. (internal compiler error)
FAIL: gcc.dg/pch/system-1.c   -O3 -g  -I. (test for excess errors)
FAIL: gcc.dg/pch/system-1.c  -O3 -g  assembly comparison
FAIL: gcc.dg/pch/system-1.c   -Os  -I. (internal compiler error)
FAIL: gcc.dg/pch/system-1.c   -Os  -I. (test for excess errors)
FAIL: gcc.dg/pch/system-1.c  -Os  assembly comparison
FAIL: gcc.dg/pch/valid-1b.c  -O0 -g -I. (internal compiler error)
FAIL: gcc.dg/pch/valid-1b.c  -O0 -g -I. (test for excess errors)
FAIL: gcc.dg/pch/valid-1b.c -O0 -g assembly comparison
FAIL: gcc.dg/pch/valid-1b.c   -O0  -I. (internal compiler error)
FAIL: gcc.dg/pch/valid-1b.c   -O0  -I. (test for excess errors)
FAIL: gcc.dg/pch/valid-1b.c  -O0  assembly comparison
FAIL: gcc.dg/pch/valid-1b.c   -O1  -I. (internal compiler error)
FAIL: gcc.dg/pch/valid-1b.c   -O1  -I. (test for excess errors)
FAIL: gcc.dg/pch/valid-1b.c  -O1  assembly comparison
FAIL: gcc.dg/pch/valid-1b.c   -O2  -I. (internal compiler error)
FAIL: gcc.dg/pch/valid-1b.c   -O2  -I. (test for excess errors)
FAIL: gcc.dg/pch/valid-1b.c  -O2  assembly comparison
FAIL: gcc.dg/pch/valid-1b.c   -O3 -fomit-frame-pointer  -I. (internal
compiler error)
FAIL: gcc.dg/pch/valid-1b.c   -O3 -fomit-frame-pointer  -I. (test for
excess errors)
FAIL: gcc.dg/pch/valid-1b.c  -O3 -fomit-frame-pointer  assembly comparison
FAIL: gcc.dg/pch/valid-1b.c   -O3 -g  -I. (internal compiler error)
FAIL: gcc.dg/pch/valid-1b.c   -O3 -g  -I. (test for excess errors)
FAIL: gcc.dg/pch/valid-1b.c  -O3 -g  assembly comparison
FAIL: gcc.dg/pch/valid-1b.c   -Os  -I. (internal compiler error)
FAIL: gcc.dg/pch/valid-1b.c   -Os  -I. (test for excess errors)
FAIL: gcc.dg/pch/valid-1b.c  -Os  assembly comparison
FAIL: gcc.dg/pch/valid-4.c  -O0 -g -I. (internal compiler error)
FAIL: gcc.dg/pch/valid-4.c  -O0 -g -I. (test for excess errors)
FAIL: gcc.dg/pch/valid-4.c -O0 -g assembly comparison
FAIL: gcc.dg/pch/valid-4.c   -O0  -I. (internal compiler error)
FAIL: gcc.dg/pch/valid-4.c   -O0  -I. (test for excess errors)
FAIL: gcc.dg/pch/valid-4.c  -O0  assembly comparison
FAIL: gcc.dg/pch/valid-4.c   -O1  -I. (internal compiler error)
FAIL: gcc.dg/pch/valid-4.c   -O1  -I. (test for excess errors)
FAIL: gcc.dg/pch/valid-4.c  -O1  assembly comparison
FAIL: gcc.dg/pch/valid-4.c   -O2  -I. (internal compiler error)
FAIL: gcc.dg/pch/valid-4.c   -O2  -I. (test for excess errors)
FAIL: gcc.dg/pch/valid-4.c  -O2  assembly comparison
FAIL: gcc.dg/pch/valid-4.c   -O3 -fomit-frame-pointer  -I. (internal
compiler error)
FAIL: gcc.dg/pch/valid-4.c   -O3 -fomit-frame-pointer  -I. (test for
excess errors)
FAIL: gcc.dg/pch/valid-4.c  -O3 -fomit-frame-pointer  assembly comparison
FAIL: gcc.dg/pch/valid-4.c   -O3 -g  -I. (internal compiler error)
FAIL: gcc.dg/pch/valid-4.c   -O3 -g  -I. (test for excess errors)
FAIL: gcc.dg/pch/valid-4.c  -O3 -g  assembly comparison
FAIL: gcc.dg/pch/valid-4.c   -Os  -I. (internal compiler error)
FAIL: gcc.dg/pch/valid-4.c   -Os  -I. (test for excess errors)
FAIL: gcc.dg/pch/valid-4.c  -Os  assembly comparison
FAIL: gcc.dg/pch/valid-5.c  -O0 -g -I. (internal compiler error)
FAIL: gcc.dg/pch/valid-5.c  -O0 -g -I. (test for excess errors)
FAIL: gcc.dg/pch/valid-5.c -O0 -g assembly comparison
FAIL: gcc.dg/pch/valid-5.c   -O0  -I. (internal compiler error)
FAIL: gcc.dg/pch/valid-5.c   -O0  -I. (test for excess errors)
FAIL: gcc.dg/pch/valid-5.c  -O0  assembly comparison
FAIL: gcc.dg/pch/valid-5.c   -O1  -I. (internal compiler error)
FAIL: gcc.dg/pch/valid-5.c   -O1  -I. (test for excess errors)
FAIL: gcc.dg/pch/valid-5.c  -O1  assembly comparison
FAIL: gcc.dg/pch/valid-5.c   -O2  -I. (internal compiler error)
FAIL: gcc.dg/pch/valid-5.c   -O2  -I. (test for excess errors)
FAIL: gcc.dg/pch/valid-5.c  -O2  assembly comparison
FAIL: gcc.dg/pch/valid-5.c   -O3 -fomit-frame-pointer  -I. (internal
compiler error)
FAIL: gcc.dg/pch/valid-5.c   -O3 -fomit-frame-pointer  -I. (test for
excess errors)
FAIL: gcc.dg/pch/valid-5.c  -O3 -fomit-frame-pointer  assembly comparison
FAIL: gcc.dg/pch/valid-5.c   -O3 -g  -I. (internal compiler error)
FAIL: gcc.dg/pch/valid-5.c   -O3 -g  -I. (test for excess errors)
FAIL: gcc.dg/pch/valid-5.c  -O3 -g  assembly comparison
FAIL: gcc.dg/pch/valid-5.c   -Os  -I. (internal compiler error)
FAIL: gcc.dg/pch/valid-5.c   -Os  -I. (test for excess errors)
FAIL: gcc.dg/pch/valid-5.c  -Os  assembly comparison
FAIL: gcc.dg/pch/valid-6.c  -O0 -g -I. (internal compiler error)
FAIL: gcc.dg/pch/valid-6.c  -O0 -g -I. (test for excess errors)
FAIL: gcc.dg/pch/valid-6.c  -O0 -g assembly comparison
FAIL: gcc.dg/pch/valid-6.c   -O0  -I. (internal compiler error)
FAIL: gcc.dg/pch/valid-6.c   -O0  -I. (test for excess errors)
FAIL: gcc.dg/pch/valid-6.c   -O0  assembly comparison
FAIL: gcc.dg/pch/valid-6.c   -O1  -I. (internal compiler error)
FAIL: gcc.dg/pch/valid-6.c   -O1  -I. (test for excess errors)
FAIL: gcc.dg/pch/valid-6.c   -O1  assembly comparison
FAIL: gcc.dg/pch/valid-6.c   -O2  -I. (internal compiler error)
FAIL: gcc.dg/pch/valid-6.c   -O2  -I. (test for excess errors)
FAIL: gcc.dg/pch/valid-6.c   -O2  assembly comparison
FAIL: gcc.dg/pch/valid-6.c   -O3 -fomit-frame-pointer  -I. (internal
compiler error)
FAIL: gcc.dg/pch/valid-6.c   -O3 -fomit-frame-pointer  -I. (test for
excess errors)
FAIL: gcc.dg/pch/valid-6.c   -O3 -fomit-frame-pointer  assembly comparison
FAIL: gcc.dg/pch/valid-6.c   -O3 -g  -I. (internal compiler error)
FAIL: gcc.dg/pch/valid-6.c   -O3 -g  -I. (test for excess errors)
FAIL: gcc.dg/pch/valid-6.c   -O3 -g  assembly comparison
FAIL: gcc.dg/pch/valid-6.c   -Os  -I. (internal compiler error)
FAIL: gcc.dg/pch/valid-6.c   -Os  -I. (test for excess errors)
FAIL: gcc.dg/pch/valid-6.c   -Os  assembly comparison
FAIL: largefile.c  -O0 -g -I. (internal compiler error)
FAIL: largefile.c  -O0 -g -I. (test for excess errors)
FAIL: gcc.dg/pch/largefile.c -O0 -g assembly comparison
FAIL: largefile.c   -O0  -I. (internal compiler error)
FAIL: largefile.c   -O0  -I. (test for excess errors)
FAIL: gcc.dg/pch/largefile.c  -O0  assembly comparison
FAIL: largefile.c   -O1  -I. (internal compiler error)
FAIL: largefile.c   -O1  -I. (test for excess errors)
FAIL: gcc.dg/pch/largefile.c  -O1  assembly comparison
FAIL: largefile.c   -O2  -I. (internal compiler error)
FAIL: largefile.c   -O2  -I. (test for excess errors)
FAIL: gcc.dg/pch/largefile.c  -O2  assembly comparison
FAIL: largefile.c   -O3 -fomit-frame-pointer  -I. (internal compiler error)
FAIL: largefile.c   -O3 -fomit-frame-pointer  -I. (test for excess errors)
FAIL: gcc.dg/pch/largefile.c  -O3 -fomit-frame-pointer  assembly comparison
FAIL: largefile.c   -O3 -g  -I. (internal compiler error)
FAIL: largefile.c   -O3 -g  -I. (test for excess errors)
FAIL: gcc.dg/pch/largefile.c  -O3 -g  assembly comparison
FAIL: largefile.c   -Os  -I. (internal compiler error)
FAIL: largefile.c   -Os  -I. (test for excess errors)
FAIL: gcc.dg/pch/largefile.c  -Os  assembly comparison
FAIL: gcc.dg/vect/pr48377.c execution test

                === gcc Summary ===

# of expected passes            74735
# of unexpected failures        790
# of expected failures          212
# of unresolved testcases       1
# of unsupported tests          1039
/opt/bw/src/GCC/gcc-4.6.2_SunOS5.8_i386/gcc/xgcc  version 4.6.2
(Blastwave.org Inc Tue Oct 27 22:12:01 UTC 2011)

                === gfortran tests ===


Running target unix

                === gfortran Summary ===

# of expected passes            37815
# of expected failures          41
# of unsupported tests          373
/opt/bw/src/GCC/gcc-4.6.2_SunOS5.8_i386/gcc/testsuite/gfortran/../../gfortran
 version 4.6.2 (Blastwave.org Inc Tue Oct 27 22:12:01 UTC 2011)

                === gnat tests ===


Running target unix

                === gnat Summary ===

# of expected passes            870
# of expected failures          10
# of unsupported tests          4
/opt/bw/src/GCC/gcc-4.6.2_SunOS5.8_i386/gcc/gnatmake version 4.6.2

                === objc tests ===


Running target unix
FAIL: objc.dg/pch/interface-1.m -fgnu-runtime -O0 -g -I. (internal
compiler error)
FAIL: objc.dg/pch/interface-1.m -fgnu-runtime -O0 -g -I. (test for excess
errors)
FAIL: objc.dg/pch/interface-1.m -O0 -g assembly comparison
FAIL: objc.dg/pch/interface-1.m -fgnu-runtime  -O0  -I. (internal compiler
error)
FAIL: objc.dg/pch/interface-1.m -fgnu-runtime  -O0  -I. (test for excess
errors)
FAIL: objc.dg/pch/interface-1.m  -O0  assembly comparison
FAIL: objc.dg/pch/interface-1.m -fgnu-runtime  -O1  -I. (internal compiler
error)
FAIL: objc.dg/pch/interface-1.m -fgnu-runtime  -O1  -I. (test for excess
errors)
FAIL: objc.dg/pch/interface-1.m  -O1  assembly comparison
FAIL: objc.dg/pch/interface-1.m -fgnu-runtime  -O2  -I. (internal compiler
error)
FAIL: objc.dg/pch/interface-1.m -fgnu-runtime  -O2  -I. (test for excess
errors)
FAIL: objc.dg/pch/interface-1.m  -O2  assembly comparison
FAIL: objc.dg/pch/interface-1.m -fgnu-runtime  -O3 -fomit-frame-pointer 
-I. (internal compiler error)
FAIL: objc.dg/pch/interface-1.m -fgnu-runtime  -O3 -fomit-frame-pointer 
-I. (test for excess errors)
FAIL: objc.dg/pch/interface-1.m  -O3 -fomit-frame-pointer  assembly
comparison
FAIL: objc.dg/pch/interface-1.m -fgnu-runtime  -O3 -g  -I. (internal
compiler error)
FAIL: objc.dg/pch/interface-1.m -fgnu-runtime  -O3 -g  -I. (test for
excess errors)
FAIL: objc.dg/pch/interface-1.m  -O3 -g  assembly comparison
FAIL: objc.dg/pch/interface-1.m -fgnu-runtime  -Os  -I. (internal compiler
error)
FAIL: objc.dg/pch/interface-1.m -fgnu-runtime  -Os  -I. (test for excess
errors)
FAIL: objc.dg/pch/interface-1.m  -Os  assembly comparison

                === objc Summary ===

# of expected passes            2851
# of unexpected failures        21
# of expected failures          6
# of unsupported tests          98
/opt/bw/src/GCC/gcc-4.6.2_SunOS5.8_i386/gcc/xgcc  version 4.6.2
(Blastwave.org Inc Tue Oct 27 22:12:01 UTC 2011)

                === libgomp tests ===


Running target unix

                === libgomp Summary ===

# of expected passes            2626
# of unsupported tests          3
                === libstdc++ tests ===


Running target unix
FAIL: 17_intro/headers/c++1998/all.cc (test for excess errors)
FAIL: 17_intro/headers/c++1998/all_c++200x_compatibility.cc (test for
excess errors)
FAIL: 17_intro/headers/c++1998/all_pedantic_errors.cc (test for excess
errors)
FAIL: 17_intro/headers/c++1998/stdc++.cc (test for excess errors)
FAIL: 17_intro/headers/c++1998/stdc++_multiple_inclusion.cc (test for
excess errors)
FAIL: 17_intro/headers/c++200x/stdc++.cc (test for excess errors)
FAIL: 17_intro/headers/c++200x/stdc++_multiple_inclusion.cc (test for
excess errors)

                === libstdc++ Summary ===

# of expected passes            6874
# of unexpected failures        7
# of expected failures          84
# of unsupported tests          742

Compiler version: 4.6.2 (Blastwave.org Inc Tue Oct 27 22:12:01 UTC 2011)
Platform: i386-pc-solaris2.8
configure flags: --host=i386-pc-solaris2.8 --build=i386-pc-solaris2.8
--with-cpu=i386 --with-as=/opt/bw/bin/gas --without-gnu-ld
--with-ld=/usr/ccs/bin/ld --enable-stage1-languages=c --enable-nls
--enable-threads=posix --prefix=/opt/bw --enable-shared
--libdir=/opt/bw/lib/i386 --enable-multilib
--with-gmp-include=/opt/bw/include --with-gmp-lib=/opt/bw/lib/i386
--with-mpfr-include=/opt/bw/include --with-mpfr-lib=/opt/bw/lib/i386
--with-mpc-include=/opt/bw/include --with-mpc-lib=/opt/bw/lib/i386
--libexecdir=/opt/bw/lib --with-gxx-include-dir=/opt/bw/include
--with-local-prefix=/opt/bw/include --enable-gather-detailed-mem-stats
--with-included-gettext --enable-lto --with-pkgversion='Blastwave.org Inc
Tue Oct 27 22:12:01 UTC 2011'
--with-bugurl=http://www.blastwave.org/support
--enable-languages=c,c++,objc,fortran,ada --enable-bootstrap


NOTE: there appears to be significant test issues with 4.6.2 on the same
platform built with gcc 4.6.1 which test much better thus :
http://gcc.gnu.org/ml/gcc-testresults/2011-07/msg00139.html

Further work will be done to achieve a better result set.


-- 
--
http://pgp.mit.edu:11371/pks/lookup?op=vindex&search=0x1D936C72FA35B44B
+-------------------------+-----------------------------------+
| Dennis Clarke           | Solaris and Linux and Open Source |
| dclarke@blastwave.org   | Respect for open standards.       |
+-------------------------+-----------------------------------+


Index Nav: [Date Index] [Subject Index] [Author Index] [Thread Index]
Message Nav: [Date Prev] [Date Next] [Thread Prev] [Thread Next]