This is the mail archive of the gcc-testresults@gcc.gnu.org mailing list for the GCC project.


Index Nav: [Date Index] [Subject Index] [Author Index] [Thread Index]
Message Nav: [Date Prev] [Date Next] [Thread Prev] [Thread Next]
Other format: [Raw text]

Results for 4.6.2 (GCC) testsuite on arm-unknown-rtemseabi4.11


arm-rtemseabi4.11-gcc --version --verbose
Using built-in specs.
COLLECT_GCC=arm-rtemseabi4.11-gcc
COLLECT_LTO_WRAPPER=/home/sh/install-4.6.2/libexec/gcc/arm-rtemseabi4.11/4.6.2/lto-wrapper
arm-rtemseabi4.11-gcc (GCC) 4.6.2
Copyright (C) 2011 Free Software Foundation, Inc.
This is free software; see the source for copying conditions.  There is NO
warranty; not even for MERCHANTABILITY or FITNESS FOR A PARTICULAR PURPOSE.


Target: arm-rtemseabi4.11
Configured with: /home/sh/archive/gcc-4.6.2/configure --disable-werror --disable-lto --enable-threads=rtems --with-gnu-as --enable-multilib --enable-newlib-mb --enable-newlib-iconv --with-gnu-ld --with-newlib --verbose --with-system-zlib --disable-nls --enable-version-specific-runtime-libs --enable-languages=c,c++ --target=arm-rtemseabi4.11 --prefix=/home/sh/install-4.6.2
Thread model: rtems
gcc version 4.6.2 (GCC)
COLLECT_GCC_OPTIONS='--version' '-v'
/home/sh/install-4.6.2/libexec/gcc/arm-rtemseabi4.11/4.6.2/cc1 -quiet -v -D__USES_INITFINI__ help-dummy -quiet -dumpbase help-dummy -auxbase help-dummy -version --version -o /tmp/ccB77fgj.s
GNU C (GCC) version 4.6.2 (arm-rtemseabi4.11)
compiled by GNU C version 4.4.1 [gcc-4_4-branch revision 150839], GMP version 4.3.2, MPFR version 2.4.2, MPC version 0.8.2
GGC heuristics: --param ggc-min-expand=100 --param ggc-min-heapsize=131072
COLLECT_GCC_OPTIONS='--version' '-v'


Test Run By sh on Fri Oct 28 09:22:07 2011
Target is arm-unknown-rtemseabi4.11
Host   is x86_64-unknown-linux-gnu

=== gcc tests ===

Schedule of variations:
    rtems-arm-edb7312

Running target rtems-arm-edb7312
Using /home/sh/rtems-testing/dejagnu/boards/rtems-arm-edb7312.exp as board description file for target.
Using /usr/share/dejagnu/config/sim.exp as generic interface file for target.
Using /usr/share/dejagnu/baseboards/basic-sim.exp as board description file for target.
Using /home/sh/archive/gcc-4.6.2/gcc/testsuite/config/default.exp as tool-and-target-specific interface file.
Running /home/sh/archive/gcc-4.6.2/gcc/testsuite/gcc.c-torture/compile/compile.exp ...
Running /home/sh/archive/gcc-4.6.2/gcc/testsuite/gcc.c-torture/execute/builtins/builtins.exp ...
Running /home/sh/archive/gcc-4.6.2/gcc/testsuite/gcc.c-torture/execute/execute.exp ...
FAIL: gcc.c-torture/execute/20101011-1.c execution, -O0
FAIL: gcc.c-torture/execute/20101011-1.c execution, -O1
FAIL: gcc.c-torture/execute/20101011-1.c execution, -O2
FAIL: gcc.c-torture/execute/20101011-1.c execution, -O3 -fomit-frame-pointer
FAIL: gcc.c-torture/execute/20101011-1.c execution, -O3 -g
FAIL: gcc.c-torture/execute/20101011-1.c execution, -Os
Running /home/sh/archive/gcc-4.6.2/gcc/testsuite/gcc.c-torture/execute/ieee/ieee.exp ...
Running /home/sh/archive/gcc-4.6.2/gcc/testsuite/gcc.c-torture/unsorted/unsorted.exp ...


Running /home/sh/archive/gcc-4.6.2/gcc/testsuite/gcc.dg/autopar/autopar.exp ...
Running /home/sh/archive/gcc-4.6.2/gcc/testsuite/gcc.dg/charset/charset.exp ...
Running /home/sh/archive/gcc-4.6.2/gcc/testsuite/gcc.dg/compat/compat.exp ...
Running /home/sh/archive/gcc-4.6.2/gcc/testsuite/gcc.dg/compat/struct-layout-1.exp ...
Running /home/sh/archive/gcc-4.6.2/gcc/testsuite/gcc.dg/cpp/cpp.exp ...
Running /home/sh/archive/gcc-4.6.2/gcc/testsuite/gcc.dg/cpp/trad/trad.exp ...
Running /home/sh/archive/gcc-4.6.2/gcc/testsuite/gcc.dg/debug/debug.exp ...
Running /home/sh/archive/gcc-4.6.2/gcc/testsuite/gcc.dg/debug/dwarf2/dwarf2.exp ...
Running /home/sh/archive/gcc-4.6.2/gcc/testsuite/gcc.dg/dfp/dfp.exp ...
Running /home/sh/archive/gcc-4.6.2/gcc/testsuite/gcc.dg/dg.exp ...
FAIL: gcc.dg/20100906-1.c (test for excess errors)
WARNING: gcc.dg/20100906-1.c compilation failed to produce executable
FAIL: gcc.dg/c99-stdint-5.c (test for excess errors)
FAIL: gcc.dg/c99-stdint-6.c (test for excess errors)
FAIL: gcc.dg/fshort-wchar.c (test for excess errors)
FAIL: gcc.dg/pr41574.c (test for excess errors)
FAIL: gcc.dg/pr49948.c (test for excess errors)
FAIL: gcc.dg/uninit-13.c unconditional (test for warnings, line 8)
FAIL: gcc.dg/uninit-13.c (test for excess errors)
Running /home/sh/archive/gcc-4.6.2/gcc/testsuite/gcc.dg/fixed-point/fixed-point.exp ...
Running /home/sh/archive/gcc-4.6.2/gcc/testsuite/gcc.dg/format/format.exp ...
Running /home/sh/archive/gcc-4.6.2/gcc/testsuite/gcc.dg/gomp/gomp.exp ...
Running /home/sh/archive/gcc-4.6.2/gcc/testsuite/gcc.dg/graphite/graphite.exp ...
Running /home/sh/archive/gcc-4.6.2/gcc/testsuite/gcc.dg/guality/guality.exp ...
Running /home/sh/archive/gcc-4.6.2/gcc/testsuite/gcc.dg/ipa/ipa.exp ...
Running /home/sh/archive/gcc-4.6.2/gcc/testsuite/gcc.dg/lto/lto.exp ...
Running /home/sh/archive/gcc-4.6.2/gcc/testsuite/gcc.dg/matrix/matrix.exp ...
Running /home/sh/archive/gcc-4.6.2/gcc/testsuite/gcc.dg/noncompile/noncompile.exp ...
Running /home/sh/archive/gcc-4.6.2/gcc/testsuite/gcc.dg/pch/pch.exp ...
Running /home/sh/archive/gcc-4.6.2/gcc/testsuite/gcc.dg/plugin/plugin.exp ...
Running /home/sh/archive/gcc-4.6.2/gcc/testsuite/gcc.dg/special/mips-abi.exp ...
Running /home/sh/archive/gcc-4.6.2/gcc/testsuite/gcc.dg/special/special.exp ...
Running /home/sh/archive/gcc-4.6.2/gcc/testsuite/gcc.dg/struct/struct-reorg.exp ...
Running /home/sh/archive/gcc-4.6.2/gcc/testsuite/gcc.dg/tls/tls.exp ...
FAIL: gcc.dg/tls/pr42894.c (test for excess errors)
Running /home/sh/archive/gcc-4.6.2/gcc/testsuite/gcc.dg/torture/dg-torture.exp ...
Running /home/sh/archive/gcc-4.6.2/gcc/testsuite/gcc.dg/torture/stackalign/stackalign.exp ...
Running /home/sh/archive/gcc-4.6.2/gcc/testsuite/gcc.dg/torture/tls/tls.exp ...
Running /home/sh/archive/gcc-4.6.2/gcc/testsuite/gcc.dg/tree-prof/tree-prof.exp ...
Running /home/sh/archive/gcc-4.6.2/gcc/testsuite/gcc.dg/tree-ssa/tree-ssa.exp ...
XPASS: gcc.dg/tree-ssa/20040204-1.c scan-tree-dump-times optimized "link_error" 0
FAIL: gcc.dg/tree-ssa/foldconst-3.c (test for excess errors)
Running /home/sh/archive/gcc-4.6.2/gcc/testsuite/gcc.dg/vect/costmodel/i386/i386-costmodel-vect.exp ...
Running /home/sh/archive/gcc-4.6.2/gcc/testsuite/gcc.dg/vect/costmodel/ppc/ppc-costmodel-vect.exp ...
Running /home/sh/archive/gcc-4.6.2/gcc/testsuite/gcc.dg/vect/costmodel/spu/spu-costmodel-vect.exp ...
Running /home/sh/archive/gcc-4.6.2/gcc/testsuite/gcc.dg/vect/costmodel/x86_64/x86_64-costmodel-vect.exp ...
Running /home/sh/archive/gcc-4.6.2/gcc/testsuite/gcc.dg/vect/vect.exp ...
FAIL: gcc.dg/vect/pr48172.c execution test
FAIL: gcc.dg/vect/pr49038.c (test for excess errors)
XPASS: gcc.dg/vect/vect-16.c scan-tree-dump-times vect "vectorized 1 loops" 1
FAIL: gcc.dg/vect/vect-72.c scan-tree-dump-times vect "Alignment of access forced using peeling" 0
FAIL: gcc.dg/vect/vect-multitypes-11.c scan-tree-dump-times vect "vectorized 1 loops" 1
FAIL: gcc.dg/vect/vect-multitypes-12.c scan-tree-dump-times vect "vectorized 1 loops" 1
FAIL: gcc.dg/vect/vect-peel-3.c scan-tree-dump-times vect "Vectorizing an unaligned access" 1
FAIL: gcc.dg/vect/vect-peel-4.c scan-tree-dump-times vect "Vectorizing an unaligned access" 1
FAIL: gcc.dg/vect/vect-reduc-dot-s16b.c scan-tree-dump-times vect "vectorized 1 loops" 0
FAIL: gcc.dg/vect/vect-reduc-pattern-1a.c scan-tree-dump-times vect "vectorized 1 loops" 0
FAIL: gcc.dg/vect/vect-reduc-pattern-1b.c scan-tree-dump-times vect "vectorized 1 loops" 0
FAIL: gcc.dg/vect/vect-reduc-pattern-1c.c scan-tree-dump-times vect "vectorized 1 loops" 0
FAIL: gcc.dg/vect/vect-reduc-pattern-2a.c scan-tree-dump-times vect "vectorized 1 loops" 0
FAIL: gcc.dg/vect/vect-reduc-pattern-2b.c scan-tree-dump-times vect "vectorized 1 loops" 0
XPASS: gcc.dg/vect/slp-reduc-3.c scan-tree-dump-times vect "vectorizing stmts using SLP" 1
FAIL: gcc.dg/vect/bb-slp-10.c scan-tree-dump-times slp "unsupported alignment in basic block." 1
FAIL: gcc.dg/vect/wrapv-vect-reduc-pattern-2c.c scan-tree-dump-times vect "vectorized 1 loops" 0
XPASS: gcc.dg/vect/no-scevccp-outer-16.c scan-tree-dump-times vect "OUTER LOOP VECTORIZED." 1
XPASS: gcc.dg/vect/no-scevccp-outer-17.c scan-tree-dump-times vect "OUTER LOOP VECTORIZED." 1
XPASS: gcc.dg/vect/no-scevccp-outer-19.c scan-tree-dump-times vect "OUTER LOOP VECTORIZED." 1
XPASS: gcc.dg/vect/no-scevccp-outer-21.c scan-tree-dump-times vect "OUTER LOOP VECTORIZED." 1
Running /home/sh/archive/gcc-4.6.2/gcc/testsuite/gcc.dg/vmx/vmx.exp ...
Running /home/sh/archive/gcc-4.6.2/gcc/testsuite/gcc.dg/vxworks/vxworks.exp ...
Running /home/sh/archive/gcc-4.6.2/gcc/testsuite/gcc.dg/weak/weak.exp ...
Running /home/sh/archive/gcc-4.6.2/gcc/testsuite/gcc.misc-tests/acker1.exp ...
Running /home/sh/archive/gcc-4.6.2/gcc/testsuite/gcc.misc-tests/arm-isr.exp ...
Running /home/sh/archive/gcc-4.6.2/gcc/testsuite/gcc.misc-tests/bprob.exp ...
Running /home/sh/archive/gcc-4.6.2/gcc/testsuite/gcc.misc-tests/dectest.exp ...
Running /home/sh/archive/gcc-4.6.2/gcc/testsuite/gcc.misc-tests/dhry.exp ...
Running /home/sh/archive/gcc-4.6.2/gcc/testsuite/gcc.misc-tests/gcov.exp ...
Running /home/sh/archive/gcc-4.6.2/gcc/testsuite/gcc.misc-tests/help.exp ...
Running /home/sh/archive/gcc-4.6.2/gcc/testsuite/gcc.misc-tests/i386-prefetch.exp ...
Running /home/sh/archive/gcc-4.6.2/gcc/testsuite/gcc.misc-tests/linkage.exp ...
Running /home/sh/archive/gcc-4.6.2/gcc/testsuite/gcc.misc-tests/matrix1.exp ...
Running /home/sh/archive/gcc-4.6.2/gcc/testsuite/gcc.misc-tests/mg-2.exp ...
Running /home/sh/archive/gcc-4.6.2/gcc/testsuite/gcc.misc-tests/mg.exp ...
Running /home/sh/archive/gcc-4.6.2/gcc/testsuite/gcc.misc-tests/options.exp ...
Running /home/sh/archive/gcc-4.6.2/gcc/testsuite/gcc.misc-tests/sieve.exp ...
Running /home/sh/archive/gcc-4.6.2/gcc/testsuite/gcc.misc-tests/sort2.exp ...
Running /home/sh/archive/gcc-4.6.2/gcc/testsuite/gcc.target/alpha/alpha.exp ...
Running /home/sh/archive/gcc-4.6.2/gcc/testsuite/gcc.target/arm/aapcs/aapcs.exp ...
Running /home/sh/archive/gcc-4.6.2/gcc/testsuite/gcc.target/arm/arm.exp ...
FAIL: gcc.target/arm/g2.c scan-assembler mla[ \t].*
FAIL: gcc.target/arm/mmx-1.c (test for excess errors)
FAIL: gcc.target/arm/pr40657-1.c (test for excess errors)
FAIL: gcc.target/arm/pr40887.c (test for excess errors)
FAIL: gcc.target/arm/pr42575.c (test for excess errors)
FAIL: gcc.target/arm/pr43698.c (test for excess errors)
FAIL: gcc.target/arm/scd42-2.c scan-assembler mov[ \t].*272
FAIL: gcc.target/arm/sync-1.c (test for excess errors)
WARNING: program timed out.
FAIL: gcc.target/arm/sync-1.c execution test
Running /home/sh/archive/gcc-4.6.2/gcc/testsuite/gcc.target/arm/neon/neon.exp ...
Running /home/sh/archive/gcc-4.6.2/gcc/testsuite/gcc.target/avr/avr.exp ...
Running /home/sh/archive/gcc-4.6.2/gcc/testsuite/gcc.target/avr/torture/avr-torture.exp ...
Running /home/sh/archive/gcc-4.6.2/gcc/testsuite/gcc.target/bfin/bfin.exp ...
Running /home/sh/archive/gcc-4.6.2/gcc/testsuite/gcc.target/cris/cris.exp ...
Running /home/sh/archive/gcc-4.6.2/gcc/testsuite/gcc.target/cris/torture/cris-torture.exp ...
Running /home/sh/archive/gcc-4.6.2/gcc/testsuite/gcc.target/frv/frv.exp ...
Running /home/sh/archive/gcc-4.6.2/gcc/testsuite/gcc.target/i386/i386.exp ...
Running /home/sh/archive/gcc-4.6.2/gcc/testsuite/gcc.target/i386/math-torture/math-torture.exp ...
Running /home/sh/archive/gcc-4.6.2/gcc/testsuite/gcc.target/i386/stackalign/stackalign.exp ...
Running /home/sh/archive/gcc-4.6.2/gcc/testsuite/gcc.target/ia64/ia64.exp ...
Running /home/sh/archive/gcc-4.6.2/gcc/testsuite/gcc.target/m68k/m68k.exp ...
Running /home/sh/archive/gcc-4.6.2/gcc/testsuite/gcc.target/microblaze/microblaze.exp ...
Running /home/sh/archive/gcc-4.6.2/gcc/testsuite/gcc.target/mips/inter/mips16-inter.exp ...
Running /home/sh/archive/gcc-4.6.2/gcc/testsuite/gcc.target/mips/mips-nonpic/mips-nonpic.exp ...
Running /home/sh/archive/gcc-4.6.2/gcc/testsuite/gcc.target/mips/mips.exp ...
Running /home/sh/archive/gcc-4.6.2/gcc/testsuite/gcc.target/powerpc/powerpc.exp ...
Running /home/sh/archive/gcc-4.6.2/gcc/testsuite/gcc.target/rx/rx.exp ...
Running /home/sh/archive/gcc-4.6.2/gcc/testsuite/gcc.target/s390/s390.exp ...
Running /home/sh/archive/gcc-4.6.2/gcc/testsuite/gcc.target/sh/sh.exp ...
Running /home/sh/archive/gcc-4.6.2/gcc/testsuite/gcc.target/sparc/sparc.exp ...
Running /home/sh/archive/gcc-4.6.2/gcc/testsuite/gcc.target/spu/ea/ea.exp ...
Running /home/sh/archive/gcc-4.6.2/gcc/testsuite/gcc.target/spu/spu.exp ...
Running /home/sh/archive/gcc-4.6.2/gcc/testsuite/gcc.target/x86_64/abi/abi-x86_64.exp ...
Running /home/sh/archive/gcc-4.6.2/gcc/testsuite/gcc.target/x86_64/abi/avx/abi-avx.exp ...
Running /home/sh/archive/gcc-4.6.2/gcc/testsuite/gcc.target/x86_64/abi/callabi/callabi.exp ...
Running /home/sh/archive/gcc-4.6.2/gcc/testsuite/gcc.target/xstormy16/xstormy16.exp ...
Running /home/sh/archive/gcc-4.6.2/gcc/testsuite/gcc.test-framework/test-framework.exp ...
skipping test framework tests, CHECK_TEST_FRAMEWORK is not defined


=== gcc Summary ===

# of expected passes		62199
# of unexpected failures	40
# of unexpected successes	7
# of expected failures		183
# of unresolved testcases	2
# of unsupported tests		1029

=== g++ tests ===

Schedule of variations:
    rtems-arm-edb7312

Running target rtems-arm-edb7312
Using /home/sh/rtems-testing/dejagnu/boards/rtems-arm-edb7312.exp as board description file for target.
Using /usr/share/dejagnu/config/sim.exp as generic interface file for target.
Using /usr/share/dejagnu/baseboards/basic-sim.exp as board description file for target.
Using /home/sh/archive/gcc-4.6.2/gcc/testsuite/config/default.exp as tool-and-target-specific interface file.
Running /home/sh/archive/gcc-4.6.2/gcc/testsuite/g++.dg/bprob/bprob.exp ...
Running /home/sh/archive/gcc-4.6.2/gcc/testsuite/g++.dg/charset/charset.exp ...
Running /home/sh/archive/gcc-4.6.2/gcc/testsuite/g++.dg/compat/compat.exp ...
Running /home/sh/archive/gcc-4.6.2/gcc/testsuite/g++.dg/compat/struct-layout-1.exp ...
FAIL: tmpdir-g++.dg-struct-layout-1/t004 cp_compat_x_tst.o compile
FAIL: tmpdir-g++.dg-struct-layout-1/t004 cp_compat_y_tst.o compile
Running /home/sh/archive/gcc-4.6.2/gcc/testsuite/g++.dg/debug/debug.exp ...
Running /home/sh/archive/gcc-4.6.2/gcc/testsuite/g++.dg/debug/dwarf2/dwarf2.exp ...
Running /home/sh/archive/gcc-4.6.2/gcc/testsuite/g++.dg/dfp/dfp.exp ...
Running /home/sh/archive/gcc-4.6.2/gcc/testsuite/g++.dg/dg.exp ...
FAIL: g++.dg/abi/local1.C execution test
XPASS: g++.dg/uninit-pred-3_b.C (test for excess errors)
Running /home/sh/archive/gcc-4.6.2/gcc/testsuite/g++.dg/gcov/gcov.exp ...
Running /home/sh/archive/gcc-4.6.2/gcc/testsuite/g++.dg/gomp/gomp.exp ...
Running /home/sh/archive/gcc-4.6.2/gcc/testsuite/g++.dg/graphite/graphite.exp ...
Running /home/sh/archive/gcc-4.6.2/gcc/testsuite/g++.dg/guality/guality.exp ...
Running /home/sh/archive/gcc-4.6.2/gcc/testsuite/g++.dg/lto/lto.exp ...
Running /home/sh/archive/gcc-4.6.2/gcc/testsuite/g++.dg/pch/pch.exp ...
Running /home/sh/archive/gcc-4.6.2/gcc/testsuite/g++.dg/plugin/plugin.exp ...
Running /home/sh/archive/gcc-4.6.2/gcc/testsuite/g++.dg/special/ecos.exp ...
Running /home/sh/archive/gcc-4.6.2/gcc/testsuite/g++.dg/tls/tls.exp ...
Running /home/sh/archive/gcc-4.6.2/gcc/testsuite/g++.dg/torture/dg-torture.exp ...
Running /home/sh/archive/gcc-4.6.2/gcc/testsuite/g++.dg/torture/stackalign/stackalign.exp ...
Running /home/sh/archive/gcc-4.6.2/gcc/testsuite/g++.dg/tree-prof/tree-prof.exp ...
Running /home/sh/archive/gcc-4.6.2/gcc/testsuite/g++.dg/vect/vect.exp ...
FAIL: g++.dg/vect/pr36648.cc scan-tree-dump-times vect "vectorized 1 loops" 1
FAIL: g++.dg/vect/pr36648.cc scan-tree-dump-times vect "vectorizing stmts using SLP" 1
Running /home/sh/archive/gcc-4.6.2/gcc/testsuite/g++.old-deja/old-deja.exp ...


=== g++ Summary ===

# of expected passes		24495
# of unexpected failures	5
# of unexpected successes	1
# of expected failures		164
# of unsupported tests		413

--
Sebastian Huber, embedded brains GmbH

Address : Obere Lagerstr. 30, D-82178 Puchheim, Germany
Phone   : +49 89 18 90 80 79-6
Fax     : +49 89 18 90 80 79-9
E-Mail  : sebastian.huber@embedded-brains.de
PGP     : Public key available on request.

Diese Nachricht ist keine geschäftliche Mitteilung im Sinne des EHUG.


Index Nav: [Date Index] [Subject Index] [Author Index] [Thread Index]
Message Nav: [Date Prev] [Date Next] [Thread Prev] [Thread Next]