This is the mail archive of the gcc-testresults@gcc.gnu.org mailing list for the GCC project.


Index Nav: [Date Index] [Subject Index] [Author Index] [Thread Index]
Message Nav: [Date Prev] [Date Next] [Thread Prev] [Thread Next]
Other format: [Raw text]

Results for 4.7.0 20111026 (experimental) [trunk revision 180545] (GCC) gcc testsuite on mn10300-unknown-elf


Debian 5 on x86_64
cross tool versions:
GNU assembler (GNU Binutils) 2.18.50.20080419
GNU gdb 6.8.50.20080419-cvs
GNU ld (GNU Binutils) 2.18.50.20080419

GNU Make 3.81
expect version 5.43.0
host gcc version: gcc (GCC) 4.7.0 20111025 (experimental) [trunk revision 180455]
LAST_UPDATED: Wed Oct 26 22:19:06 UTC 2011 (revision 180545)

Target is mn10300-unknown-elf
Host   is x86_64-unknown-linux-gnu

		=== gcc tests ===


Running target mn10300-sim
FAIL: gcc.c-torture/compile/20000804-1.c  -O0  (test for excess errors)
FAIL: gcc.c-torture/execute/20040811-1.c compilation,  -O1  (internal compiler error)
UNRESOLVED: gcc.c-torture/execute/20040811-1.c execution,  -O1 
FAIL: gcc.c-torture/execute/20040811-1.c compilation,  -Os  (internal compiler error)
UNRESOLVED: gcc.c-torture/execute/20040811-1.c execution,  -Os 
FAIL: gcc.c-torture/execute/20101011-1.c execution,  -O0 
FAIL: gcc.c-torture/execute/20101011-1.c execution,  -O1 
FAIL: gcc.c-torture/execute/20101011-1.c execution,  -O2 
FAIL: gcc.c-torture/execute/20101011-1.c execution,  -O3 -fomit-frame-pointer 
FAIL: gcc.c-torture/execute/20101011-1.c execution,  -O3 -g 
FAIL: gcc.c-torture/execute/20101011-1.c execution,  -Os 
FAIL: gcc.c-torture/execute/20101011-1.c execution,  -O2 -flto -flto-partition=none 
FAIL: gcc.c-torture/execute/20101011-1.c execution,  -O2 -flto 
FAIL: gcc.c-torture/execute/961213-1.c compilation,  -O3 -fomit-frame-pointer -funroll-loops  (internal compiler error)
UNRESOLVED: gcc.c-torture/execute/961213-1.c execution,  -O3 -fomit-frame-pointer -funroll-loops 
FAIL: gcc.c-torture/execute/961213-1.c compilation,  -O3 -fomit-frame-pointer -funroll-all-loops -finline-functions  (internal compiler error)
UNRESOLVED: gcc.c-torture/execute/961213-1.c execution,  -O3 -fomit-frame-pointer -funroll-all-loops -finline-functions 
FAIL: gcc.c-torture/execute/memset-1.c execution,  -O0 
FAIL: gcc.c-torture/execute/memset-1.c execution,  -O1 
FAIL: gcc.c-torture/execute/memset-1.c execution,  -O2 
FAIL: gcc.c-torture/execute/memset-1.c execution,  -O3 -fomit-frame-pointer 
FAIL: gcc.c-torture/execute/memset-1.c execution,  -O3 -fomit-frame-pointer -funroll-loops 
FAIL: gcc.c-torture/execute/memset-1.c execution,  -O3 -fomit-frame-pointer -funroll-all-loops -finline-functions 
FAIL: gcc.c-torture/execute/memset-1.c execution,  -O3 -g 
FAIL: gcc.c-torture/execute/memset-1.c execution,  -Os 
FAIL: gcc.c-torture/execute/memset-1.c execution,  -O2 -flto -flto-partition=none 
FAIL: gcc.c-torture/execute/memset-1.c execution,  -O2 -flto 
FAIL: gcc.c-torture/execute/memset-2.c execution,  -O0 
FAIL: gcc.c-torture/execute/memset-2.c execution,  -O1 
FAIL: gcc.c-torture/execute/memset-2.c execution,  -O2 
FAIL: gcc.c-torture/execute/memset-2.c execution,  -O3 -fomit-frame-pointer 
FAIL: gcc.c-torture/execute/memset-2.c execution,  -O3 -fomit-frame-pointer -funroll-loops 
FAIL: gcc.c-torture/execute/memset-2.c execution,  -O3 -fomit-frame-pointer -funroll-all-loops -finline-functions 
FAIL: gcc.c-torture/execute/memset-2.c execution,  -O3 -g 
FAIL: gcc.c-torture/execute/memset-2.c execution,  -Os 
FAIL: gcc.c-torture/execute/memset-2.c execution,  -O2 -flto -flto-partition=none 
FAIL: gcc.c-torture/execute/memset-2.c execution,  -O2 -flto 
FAIL: gcc.c-torture/execute/memset-3.c execution,  -O0 
FAIL: gcc.c-torture/execute/memset-3.c execution,  -O1 
FAIL: gcc.c-torture/execute/memset-3.c execution,  -O2 
FAIL: gcc.c-torture/execute/memset-3.c execution,  -O3 -fomit-frame-pointer 
FAIL: gcc.c-torture/execute/memset-3.c execution,  -O3 -fomit-frame-pointer -funroll-loops 
FAIL: gcc.c-torture/execute/memset-3.c execution,  -O3 -fomit-frame-pointer -funroll-all-loops -finline-functions 
FAIL: gcc.c-torture/execute/memset-3.c execution,  -O3 -g 
FAIL: gcc.c-torture/execute/memset-3.c execution,  -Os 
FAIL: gcc.c-torture/execute/memset-3.c execution,  -O2 -flto -flto-partition=none 
FAIL: gcc.c-torture/execute/memset-3.c execution,  -O2 -flto 
FAIL: gcc.c-torture/execute/vla-dealloc-1.c compilation,  -O1  (internal compiler error)
UNRESOLVED: gcc.c-torture/execute/vla-dealloc-1.c execution,  -O1 
FAIL: gcc.c-torture/execute/vla-dealloc-1.c compilation,  -Os  (internal compiler error)
UNRESOLVED: gcc.c-torture/execute/vla-dealloc-1.c execution,  -Os 
WARNING: program timed out.
FAIL: tmpdir-gcc.dg-struct-layout-1/t001 c_compat_x_tst.o-c_compat_y_tst.o execute 
FAIL: tmpdir-gcc.dg-struct-layout-1/t002 c_compat_x_tst.o-c_compat_y_tst.o execute 
WARNING: program timed out.
FAIL: tmpdir-gcc.dg-struct-layout-1/t003 c_compat_x_tst.o-c_compat_y_tst.o execute 
FAIL: tmpdir-gcc.dg-struct-layout-1/t024 c_compat_x_tst.o-c_compat_y_tst.o execute 
FAIL: tmpdir-gcc.dg-struct-layout-1/t025 c_compat_x_tst.o-c_compat_y_tst.o execute 
FAIL: tmpdir-gcc.dg-struct-layout-1/t026 c_compat_x_tst.o-c_compat_y_tst.o execute 
FAIL: tmpdir-gcc.dg-struct-layout-1/t027 c_compat_x_tst.o-c_compat_y_tst.o execute 
FAIL: tmpdir-gcc.dg-struct-layout-1/t028 c_compat_x_tst.o-c_compat_y_tst.o execute 
FAIL: gcc.dg/c99-stdint-7.c (test for excess errors)
FAIL: gcc.dg/pr46309.c scan-tree-dump-times reassoc1 "Optimizing range tests a_[0-9]*.D. -.1, 1. and -.2, 2. and -.3, 3. and -.4, 4.[
FAIL: gcc.dg/pr46309.c scan-tree-dump-times reassoc1 "Optimizing range tests a_[0-9]*.D. -.1, 1. and -.3, 3.[
FAIL: gcc.dg/pr46309.c scan-tree-dump-times reassoc1 "Optimizing range tests a_[0-9]*.D. -.1, 1. and -.2, 2.[
FAIL: gcc.dg/pr46309.c scan-tree-dump-times reassoc1 "Optimizing range tests a_[0-9]*.D. -.0, 31. and -.64, 95.[
FAIL: gcc.dg/pr46309.c scan-tree-dump-times reassoc1 "Optimizing range tests a_[0-9]*.D. -.128, 159. and -.192, 223.[
FAIL: gcc.dg/pr46309.c scan-tree-dump-times reassoc2 "Optimizing range tests D.[0-9]*_[0-9]* -.0, 31. and -.128, 159.[
FAIL: gcc.dg/pr49994-3.c (test for excess errors)
FAIL: gcc.dg/stack-usage-1.c (test for excess errors)
FAIL: gcc.dg/stack-usage-1.c scan-file foo\\t(256|264)\\tstatic
FAIL: gcc.dg/stack-usage-2.c  (test for bogus messages, line 9)
FAIL: gcc.dg/stack-usage-2.c  (test for warnings, line 16)
FAIL: gcc.dg/stack-usage-2.c  (test for warnings, line 26)
FAIL: gcc.dg/stack-usage-2.c  (test for warnings, line 33)
FAIL: gcc.dg/ipa/inline-5.c scan-ipa-dump-times inline "Will be eliminated" 4
FAIL: gcc.dg/ipa/pr48195.c (test for excess errors)
FAIL: gcc.dg/torture/pr45764.c  -O1  (internal compiler error)
FAIL: gcc.dg/torture/pr45764.c  -O1  (test for excess errors)
UNRESOLVED: gcc.dg/torture/pr45764.c  -O1  compilation failed to produce executable
FAIL: gcc.dg/torture/pr47917.c  -O0  (test for excess errors)
FAIL: gcc.dg/torture/pr47917.c  -O1  (test for excess errors)
FAIL: gcc.dg/torture/pr47917.c  -O2  (test for excess errors)
FAIL: gcc.dg/torture/pr47917.c  -O3 -fomit-frame-pointer  (test for excess errors)
FAIL: gcc.dg/torture/pr47917.c  -O3 -g  (test for excess errors)
FAIL: gcc.dg/torture/pr47917.c  -Os  (test for excess errors)
FAIL: gcc.dg/torture/pr47917.c  -O2 -flto -flto-partition=none  (test for excess errors)
FAIL: gcc.dg/torture/pr47917.c  -O2 -flto  (test for excess errors)
XPASS: gcc.dg/tree-ssa/20040204-1.c scan-tree-dump-times optimized "link_error" 0
FAIL: gcc.dg/tree-ssa/ssa-dom-thread-4.c scan-tree-dump-times dom1 "Threaded" 3

		=== gcc Summary ===

# of expected passes		69782
# of unexpected failures	80
# of unexpected successes	1
# of expected failures		97
# of unresolved testcases	7
# of unsupported tests		1254
/home/mstein/sim/trunk/mn10300-elf/build/gcc/xgcc  version 4.7.0 20111026 (experimental) [trunk revision 180545] (GCC) 


Compiler version: 4.7.0 20111026 (experimental) [trunk revision 180545] (GCC) gcc 
Platform: mn10300-unknown-elf
configure flags: --target=mn10300-elf --prefix=/home/mstein/cross-local/mn10300-elf --enable-languages=c --disable-nls --disable-build-warnings --with-sysroot=/home/mstein/cross-local/mn10300-elf --with-build-sysroot=/home/mstein/cross-local/mn10300-elf --with-ld=/home/mstein/cross-local/mn10300-elf/usr/bin/ld --with-as=/home/mstein/cross-local/mn10300-elf/usr/bin/as --disable-libssp --with-mpfr=/opt/cfarm/mpfr-2.4.1 --with-gmp=/opt/cfarm/gmp-4.2.4 --with-libelf=/opt/cfarm/libelf-0.8.12 --with-mpc=/opt/cfarm/mpc-0.8


Index Nav: [Date Index] [Subject Index] [Author Index] [Thread Index]
Message Nav: [Date Prev] [Date Next] [Thread Prev] [Thread Next]