This is the mail archive of the gcc-testresults@gcc.gnu.org mailing list for the GCC project.


Index Nav: [Date Index] [Subject Index] [Author Index] [Thread Index]
Message Nav: [Date Prev] [Date Next] [Thread Prev] [Thread Next]
Other format: [Raw text]

Results for 4.7.0 20111026 (experimental) [trunk revision 180545] (GCC) gcc testsuite on m32r-unknown-elf


Debian 5 on x86_64
cross tool versions:
GNU assembler (GNU Binutils) 2.18.50.20080330
GNU gdb 6.8.50.20080329-cvs
GNU ld (GNU Binutils) 2.18.50.20080330

GNU Make 3.81
expect version 5.43.0
host gcc version: gcc (GCC) 4.7.0 20111025 (experimental) [trunk revision 180455]
LAST_UPDATED: Wed Oct 26 22:19:06 UTC 2011 (revision 180545)

Target is m32r-unknown-elf
Host   is x86_64-unknown-linux-gnu

		=== gcc tests ===


Running target m32r-sim
FAIL: gcc.c-torture/execute/20101011-1.c execution,  -O0 
FAIL: gcc.c-torture/execute/20101011-1.c execution,  -O1 
FAIL: gcc.c-torture/execute/20101011-1.c execution,  -O2 
FAIL: gcc.c-torture/execute/20101011-1.c execution,  -O3 -fomit-frame-pointer 
FAIL: gcc.c-torture/execute/20101011-1.c execution,  -O3 -g 
FAIL: gcc.c-torture/execute/20101011-1.c execution,  -Os 
FAIL: gcc.c-torture/execute/20101011-1.c execution,  -O2 -flto -flto-partition=none 
FAIL: gcc.c-torture/execute/20101011-1.c execution,  -O2 -flto 
XPASS: gcc.c-torture/execute/981130-1.c execution,  -O0 
XPASS: gcc.c-torture/execute/981130-1.c execution,  -O1 
XPASS: gcc.c-torture/execute/981130-1.c execution,  -O2 
XPASS: gcc.c-torture/execute/981130-1.c execution,  -Os 
XPASS: gcc.c-torture/execute/981130-1.c execution,  -O2 -flto -flto-partition=none 
XPASS: gcc.c-torture/execute/981130-1.c execution,  -O2 -flto 
FAIL: gcc.dg/20021014-1.c (test for excess errors)
UNRESOLVED: gcc.dg/20021014-1.c compilation failed to produce executable
FAIL: gcc.dg/20040123-1.c scan-assembler abort
FAIL: gcc.dg/builtin-apply2.c execution test
FAIL: gcc.dg/c99-stdint-7.c (test for excess errors)
FAIL: gcc.dg/initpri1.c execution test
FAIL: gcc.dg/initpri3.c execution test
FAIL: gcc.dg/nest.c (test for excess errors)
UNRESOLVED: gcc.dg/nest.c compilation failed to produce executable
FAIL: gcc.dg/nested-func-4.c (test for excess errors)
UNRESOLVED: gcc.dg/nested-func-4.c compilation failed to produce executable
FAIL: gcc.dg/pr32450.c (test for excess errors)
UNRESOLVED: gcc.dg/pr32450.c compilation failed to produce executable
FAIL: gcc.dg/pr43643.c (test for excess errors)
UNRESOLVED: gcc.dg/pr43643.c compilation failed to produce executable
FAIL: gcc.dg/pr46309.c scan-tree-dump-times reassoc1 "Optimizing range tests a_[0-9]*.D. -.1, 1. and -.2, 2. and -.3, 3. and -.4, 4.[
FAIL: gcc.dg/pr46309.c scan-tree-dump-times reassoc1 "Optimizing range tests a_[0-9]*.D. -.1, 1. and -.3, 3.[
FAIL: gcc.dg/pr46309.c scan-tree-dump-times reassoc1 "Optimizing range tests a_[0-9]*.D. -.1, 1. and -.2, 2.[
FAIL: gcc.dg/pr46309.c scan-tree-dump-times reassoc1 "Optimizing range tests a_[0-9]*.D. -.0, 31. and -.64, 95.[
FAIL: gcc.dg/pr46309.c scan-tree-dump-times reassoc1 "Optimizing range tests a_[0-9]*.D. -.128, 159. and -.192, 223.[
FAIL: gcc.dg/pr46309.c scan-tree-dump-times reassoc2 "Optimizing range tests D.[0-9]*_[0-9]* -.0, 31. and -.128, 159.[
FAIL: gcc.dg/stack-usage-1.c (test for excess errors)
FAIL: gcc.dg/stack-usage-1.c scan-file foo\\t(256|264)\\tstatic
FAIL: gcc.dg/stack-usage-2.c  (test for bogus messages, line 9)
FAIL: gcc.dg/stack-usage-2.c  (test for warnings, line 16)
FAIL: gcc.dg/stack-usage-2.c  (test for warnings, line 26)
FAIL: gcc.dg/stack-usage-2.c  (test for warnings, line 33)
FAIL: gcc.dg/ipa/pr48195.c (test for excess errors)
FAIL: gcc.dg/torture/pr47917.c  -O0  (test for excess errors)
FAIL: gcc.dg/torture/pr47917.c  -O1  (test for excess errors)
FAIL: gcc.dg/torture/pr47917.c  -O2  (test for excess errors)
FAIL: gcc.dg/torture/pr47917.c  -O3 -fomit-frame-pointer  (test for excess errors)
FAIL: gcc.dg/torture/pr47917.c  -O3 -g  (test for excess errors)
FAIL: gcc.dg/torture/pr47917.c  -Os  (test for excess errors)
FAIL: gcc.dg/torture/pr47917.c  -O2 -flto -flto-partition=none  (test for excess errors)
FAIL: gcc.dg/torture/pr47917.c  -O2 -flto  (test for excess errors)
FAIL: gcc.dg/torture/stackalign/builtin-apply-2.c  -O0  execution test
FAIL: gcc.dg/torture/stackalign/builtin-apply-2.c  -O0  execution test
FAIL: gcc.dg/torture/stackalign/builtin-apply-2.c  -O1  execution test
FAIL: gcc.dg/torture/stackalign/builtin-apply-2.c  -O2  execution test
FAIL: gcc.dg/torture/stackalign/builtin-apply-2.c  -O3 -fomit-frame-pointer  execution test
FAIL: gcc.dg/torture/stackalign/builtin-apply-2.c  -O3 -g  execution test
FAIL: gcc.dg/torture/stackalign/builtin-apply-2.c  -Os  execution test
FAIL: gcc.dg/torture/stackalign/builtin-apply-2.c  -O2 -flto -flto-partition=none  execution test
FAIL: gcc.dg/torture/stackalign/builtin-apply-2.c  -O2 -flto  execution test
FAIL: gcc.dg/tree-prof/pr34999.c execution,    -fprofile-generate -D_PROFILE_GENERATE
UNRESOLVED: gcc.dg/tree-prof/pr34999.c compilation,  -fprofile-use -D_PROFILE_USE
UNRESOLVED: gcc.dg/tree-prof/pr34999.c execution,    -fprofile-use -D_PROFILE_USE
XPASS: gcc.dg/tree-ssa/20040204-1.c scan-tree-dump-times optimized "link_error" 0
FAIL: gcc.dg/tree-ssa/pr42585.c scan-tree-dump-times optimized "struct _fat_ptr _ans" 0
FAIL: gcc.dg/tree-ssa/pr42585.c scan-tree-dump-times optimized "struct _fat_ptr _T2" 0
FAIL: gcc.dg/tree-ssa/sra-12.c scan-tree-dump-times release_ssa "l;" 0
FAIL: gcc.dg/tree-ssa/ssa-dom-thread-4.c scan-tree-dump-times dom1 "Threaded" 3
FAIL: gcc.dg/tree-ssa/vrp47.c scan-tree-dump-times vrp1 "[xy][^ ]* !=" 0
FAIL: gcc.dg/tree-ssa/vrp47.c scan-tree-dump-times dom1 "x[^ ]* & y" 1
FAIL: gcc.dg/tree-ssa/vrp47.c scan-tree-dump-times vrp1 "x[^ ]* [|] y" 1

		=== gcc Summary ===

# of expected passes		70002
# of unexpected failures	56
# of unexpected successes	7
# of expected failures		98
# of unresolved testcases	7
# of unsupported tests		1254
/home/mstein/sim/trunk/m32r-elf/build/gcc/xgcc  version 4.7.0 20111026 (experimental) [trunk revision 180545] (GCC) 


Compiler version: 4.7.0 20111026 (experimental) [trunk revision 180545] (GCC) gcc 
Platform: m32r-unknown-elf
configure flags: --target=m32r-elf --prefix=/home/mstein/cross-local/m32r-elf --enable-languages=c --disable-nls --disable-build-warnings --with-sysroot=/home/mstein/cross-local/m32r-elf --with-build-sysroot=/home/mstein/cross-local/m32r-elf --with-ld=/home/mstein/cross-local/m32r-elf/usr/bin/ld --with-as=/home/mstein/cross-local/m32r-elf/usr/bin/as --disable-libssp --with-mpfr=/opt/cfarm/mpfr-2.4.1 --with-gmp=/opt/cfarm/gmp-4.2.4 --with-libelf=/opt/cfarm/libelf-0.8.12 --with-mpc=/opt/cfarm/mpc-0.8


Index Nav: [Date Index] [Subject Index] [Author Index] [Thread Index]
Message Nav: [Date Prev] [Date Next] [Thread Prev] [Thread Next]