This is the mail archive of the gcc-testresults@gcc.gnu.org mailing list for the GCC project.


Index Nav: [Date Index] [Subject Index] [Author Index] [Thread Index]
Message Nav: [Date Prev] [Date Next] [Thread Prev] [Thread Next]
Other format: [Raw text]

Results for 4.7.0 20111025 (experimental) [trunk revision 180455] (GCC) gcc testsuite on sh-unknown-elf


Debian 5 on x86_64
cross tool versions:
GNU assembler (GNU Binutils) 2.18.50.20080419
GNU gdb 6.8.50.20080419-cvs
GNU ld (GNU Binutils) 2.18.50.20080419

GNU Make 3.81
expect version 5.43.0
host gcc version: gcc (GCC) 4.7.0 20111025 (experimental) [trunk revision 180455]
LAST_UPDATED: Tue Oct 25 22:09:02 UTC 2011 (revision 180455)

Target is sh-unknown-elf
Host   is x86_64-unknown-linux-gnu

		=== gcc tests ===


Running target sh-sim
FAIL: gcc.c-torture/execute/pr42248.c compilation,  -O0 
UNRESOLVED: gcc.c-torture/execute/pr42248.c execution,  -O0 
FAIL: gcc.c-torture/execute/pr42248.c compilation,  -O1 
UNRESOLVED: gcc.c-torture/execute/pr42248.c execution,  -O1 
FAIL: gcc.c-torture/execute/pr42248.c compilation,  -O2 
UNRESOLVED: gcc.c-torture/execute/pr42248.c execution,  -O2 
FAIL: gcc.c-torture/execute/pr42248.c compilation,  -O3 -fomit-frame-pointer 
UNRESOLVED: gcc.c-torture/execute/pr42248.c execution,  -O3 -fomit-frame-pointer 
FAIL: gcc.c-torture/execute/pr42248.c compilation,  -O3 -g 
UNRESOLVED: gcc.c-torture/execute/pr42248.c execution,  -O3 -g 
FAIL: gcc.c-torture/execute/pr42248.c compilation,  -Os 
UNRESOLVED: gcc.c-torture/execute/pr42248.c execution,  -Os 
FAIL: gcc.c-torture/execute/pr42248.c compilation,  -O2 -flto -flto-partition=none 
UNRESOLVED: gcc.c-torture/execute/pr42248.c execution,  -O2 -flto -flto-partition=none 
FAIL: gcc.c-torture/execute/pr42248.c compilation,  -O2 -flto 
UNRESOLVED: gcc.c-torture/execute/pr42248.c execution,  -O2 -flto 
FAIL: gcc.c-torture/execute/pr42614.c compilation,  -O0 
UNRESOLVED: gcc.c-torture/execute/pr42614.c execution,  -O0 
FAIL: gcc.c-torture/execute/pr42614.c compilation,  -O1 
UNRESOLVED: gcc.c-torture/execute/pr42614.c execution,  -O1 
FAIL: gcc.c-torture/execute/pr42614.c compilation,  -O2 
UNRESOLVED: gcc.c-torture/execute/pr42614.c execution,  -O2 
FAIL: gcc.c-torture/execute/pr42614.c compilation,  -O3 -fomit-frame-pointer 
UNRESOLVED: gcc.c-torture/execute/pr42614.c execution,  -O3 -fomit-frame-pointer 
FAIL: gcc.c-torture/execute/pr42614.c compilation,  -O3 -fomit-frame-pointer -funroll-loops 
UNRESOLVED: gcc.c-torture/execute/pr42614.c execution,  -O3 -fomit-frame-pointer -funroll-loops 
FAIL: gcc.c-torture/execute/pr42614.c compilation,  -O3 -fomit-frame-pointer -funroll-all-loops -finline-functions 
UNRESOLVED: gcc.c-torture/execute/pr42614.c execution,  -O3 -fomit-frame-pointer -funroll-all-loops -finline-functions 
FAIL: gcc.c-torture/execute/pr42614.c compilation,  -O3 -g 
UNRESOLVED: gcc.c-torture/execute/pr42614.c execution,  -O3 -g 
FAIL: gcc.c-torture/execute/pr42614.c compilation,  -Os 
UNRESOLVED: gcc.c-torture/execute/pr42614.c execution,  -Os 
FAIL: gcc.c-torture/execute/pr42614.c compilation,  -O2 -flto -flto-partition=none 
UNRESOLVED: gcc.c-torture/execute/pr42614.c execution,  -O2 -flto -flto-partition=none 
FAIL: gcc.c-torture/execute/pr42614.c compilation,  -O2 -flto 
UNRESOLVED: gcc.c-torture/execute/pr42614.c execution,  -O2 -flto 
FAIL: gcc.dg/c99-stdint-7.c (test for excess errors)
FAIL: gcc.dg/pr49994-3.c (test for excess errors)
FAIL: gcc.dg/lto/20090210 c_lto_20090210_0.o-c_lto_20090210_1.o link, -O0 -flto -flto-partition=none 
UNRESOLVED: gcc.dg/lto/20090210 c_lto_20090210_0.o-c_lto_20090210_1.o execute -O0 -flto -flto-partition=none 
FAIL: gcc.dg/lto/20090210 c_lto_20090210_0.o-c_lto_20090210_1.o link, -O2 -flto -flto-partition=none 
UNRESOLVED: gcc.dg/lto/20090210 c_lto_20090210_0.o-c_lto_20090210_1.o execute -O2 -flto -flto-partition=none 
FAIL: gcc.dg/lto/20090210 c_lto_20090210_0.o-c_lto_20090210_1.o link, -O0 -flto -flto-partition=1to1 
UNRESOLVED: gcc.dg/lto/20090210 c_lto_20090210_0.o-c_lto_20090210_1.o execute -O0 -flto -flto-partition=1to1 
FAIL: gcc.dg/lto/20090210 c_lto_20090210_0.o-c_lto_20090210_1.o link, -O2 -flto -flto-partition=1to1 
UNRESOLVED: gcc.dg/lto/20090210 c_lto_20090210_0.o-c_lto_20090210_1.o execute -O2 -flto -flto-partition=1to1 
FAIL: gcc.dg/lto/20090210 c_lto_20090210_0.o-c_lto_20090210_1.o link, -O0 -flto 
UNRESOLVED: gcc.dg/lto/20090210 c_lto_20090210_0.o-c_lto_20090210_1.o execute -O0 -flto 
FAIL: gcc.dg/lto/20090210 c_lto_20090210_0.o-c_lto_20090210_1.o link, -O2 -flto
UNRESOLVED: gcc.dg/lto/20090210 c_lto_20090210_0.o-c_lto_20090210_1.o execute -O2 -flto
FAIL: gcc.dg/tls/opt-12.c (test for excess errors)
UNRESOLVED: gcc.dg/tls/opt-12.c compilation failed to produce executable
FAIL: gcc.dg/tls/thr-init-2.c execution test
FAIL: gcc.dg/torture/pr47917.c  -O0  (test for excess errors)
FAIL: gcc.dg/torture/pr47917.c  -O1  (test for excess errors)
FAIL: gcc.dg/torture/pr47917.c  -O2  (test for excess errors)
FAIL: gcc.dg/torture/pr47917.c  -O3 -fomit-frame-pointer  (test for excess errors)
FAIL: gcc.dg/torture/pr47917.c  -O3 -g  (test for excess errors)
FAIL: gcc.dg/torture/pr47917.c  -Os  (test for excess errors)
FAIL: gcc.dg/torture/pr47917.c  -O2 -flto -flto-partition=none  (test for excess errors)
FAIL: gcc.dg/torture/pr47917.c  -O2 -flto  (test for excess errors)
FAIL: gcc.dg/torture/tls/run-gd.c  -O0  (test for excess errors)
UNRESOLVED: gcc.dg/torture/tls/run-gd.c  -O0  compilation failed to produce executable
FAIL: gcc.dg/torture/tls/run-gd.c  -O1  (test for excess errors)
UNRESOLVED: gcc.dg/torture/tls/run-gd.c  -O1  compilation failed to produce executable
FAIL: gcc.dg/torture/tls/run-gd.c  -O2  (test for excess errors)
UNRESOLVED: gcc.dg/torture/tls/run-gd.c  -O2  compilation failed to produce executable
FAIL: gcc.dg/torture/tls/run-gd.c  -O3 -fomit-frame-pointer  (test for excess errors)
UNRESOLVED: gcc.dg/torture/tls/run-gd.c  -O3 -fomit-frame-pointer  compilation failed to produce executable
FAIL: gcc.dg/torture/tls/run-gd.c  -O3 -g  (test for excess errors)
UNRESOLVED: gcc.dg/torture/tls/run-gd.c  -O3 -g  compilation failed to produce executable
FAIL: gcc.dg/torture/tls/run-gd.c  -Os  (test for excess errors)
UNRESOLVED: gcc.dg/torture/tls/run-gd.c  -Os  compilation failed to produce executable
FAIL: gcc.dg/torture/tls/run-gd.c  -O0  -fpic  (test for excess errors)
UNRESOLVED: gcc.dg/torture/tls/run-gd.c  -O0  -fpic  compilation failed to produce executable
FAIL: gcc.dg/torture/tls/run-gd.c  -O1  -fpic  (test for excess errors)
UNRESOLVED: gcc.dg/torture/tls/run-gd.c  -O1  -fpic  compilation failed to produce executable
FAIL: gcc.dg/torture/tls/run-gd.c  -O2  -fpic  (test for excess errors)
UNRESOLVED: gcc.dg/torture/tls/run-gd.c  -O2  -fpic  compilation failed to produce executable
FAIL: gcc.dg/torture/tls/run-gd.c  -O3 -fomit-frame-pointer  -fpic  (test for excess errors)
UNRESOLVED: gcc.dg/torture/tls/run-gd.c  -O3 -fomit-frame-pointer  -fpic  compilation failed to produce executable
FAIL: gcc.dg/torture/tls/run-gd.c  -O3 -g  -fpic  (test for excess errors)
UNRESOLVED: gcc.dg/torture/tls/run-gd.c  -O3 -g  -fpic  compilation failed to produce executable
FAIL: gcc.dg/torture/tls/run-gd.c  -Os  -fpic  (test for excess errors)
UNRESOLVED: gcc.dg/torture/tls/run-gd.c  -Os  -fpic  compilation failed to produce executable
FAIL: gcc.dg/torture/tls/run-gd.c  -O0  -fPIC  (test for excess errors)
UNRESOLVED: gcc.dg/torture/tls/run-gd.c  -O0  -fPIC  compilation failed to produce executable
FAIL: gcc.dg/torture/tls/run-gd.c  -O1  -fPIC  (test for excess errors)
UNRESOLVED: gcc.dg/torture/tls/run-gd.c  -O1  -fPIC  compilation failed to produce executable
FAIL: gcc.dg/torture/tls/run-gd.c  -O2  -fPIC  (test for excess errors)
UNRESOLVED: gcc.dg/torture/tls/run-gd.c  -O2  -fPIC  compilation failed to produce executable
FAIL: gcc.dg/torture/tls/run-gd.c  -O3 -fomit-frame-pointer  -fPIC  (test for excess errors)
UNRESOLVED: gcc.dg/torture/tls/run-gd.c  -O3 -fomit-frame-pointer  -fPIC  compilation failed to produce executable
FAIL: gcc.dg/torture/tls/run-gd.c  -O3 -g  -fPIC  (test for excess errors)
UNRESOLVED: gcc.dg/torture/tls/run-gd.c  -O3 -g  -fPIC  compilation failed to produce executable
FAIL: gcc.dg/torture/tls/run-gd.c  -Os  -fPIC  (test for excess errors)
UNRESOLVED: gcc.dg/torture/tls/run-gd.c  -Os  -fPIC  compilation failed to produce executable
FAIL: gcc.dg/torture/tls/run-gd.c  -O2 -flto -flto-partition=none  (test for excess errors)
UNRESOLVED: gcc.dg/torture/tls/run-gd.c  -O2 -flto -flto-partition=none  compilation failed to produce executable
FAIL: gcc.dg/torture/tls/run-gd.c  -O2 -flto  (test for excess errors)
UNRESOLVED: gcc.dg/torture/tls/run-gd.c  -O2 -flto  compilation failed to produce executable
FAIL: gcc.dg/torture/tls/run-ie.c  -O0  execution test
FAIL: gcc.dg/torture/tls/run-ie.c  -O1  execution test
FAIL: gcc.dg/torture/tls/run-ie.c  -O2  execution test
FAIL: gcc.dg/torture/tls/run-ie.c  -O3 -fomit-frame-pointer  execution test
FAIL: gcc.dg/torture/tls/run-ie.c  -O3 -g  execution test
FAIL: gcc.dg/torture/tls/run-ie.c  -Os  execution test
FAIL: gcc.dg/torture/tls/run-ie.c  -O0  -fpic  execution test
FAIL: gcc.dg/torture/tls/run-ie.c  -O1  -fpic  execution test
FAIL: gcc.dg/torture/tls/run-ie.c  -O2  -fpic  execution test
FAIL: gcc.dg/torture/tls/run-ie.c  -O3 -fomit-frame-pointer  -fpic  execution test
FAIL: gcc.dg/torture/tls/run-ie.c  -O3 -g  -fpic  execution test
FAIL: gcc.dg/torture/tls/run-ie.c  -Os  -fpic  execution test
FAIL: gcc.dg/torture/tls/run-ie.c  -O0  -fPIC  execution test
FAIL: gcc.dg/torture/tls/run-ie.c  -O1  -fPIC  execution test
FAIL: gcc.dg/torture/tls/run-ie.c  -O2  -fPIC  execution test
FAIL: gcc.dg/torture/tls/run-ie.c  -O3 -fomit-frame-pointer  -fPIC  execution test
FAIL: gcc.dg/torture/tls/run-ie.c  -O3 -g  -fPIC  execution test
FAIL: gcc.dg/torture/tls/run-ie.c  -Os  -fPIC  execution test
FAIL: gcc.dg/torture/tls/run-ie.c  -O2 -flto -flto-partition=none  execution test
FAIL: gcc.dg/torture/tls/run-ie.c  -O2 -flto  execution test
FAIL: gcc.dg/torture/tls/run-ld.c  -O0  (test for excess errors)
UNRESOLVED: gcc.dg/torture/tls/run-ld.c  -O0  compilation failed to produce executable
FAIL: gcc.dg/torture/tls/run-ld.c  -O1  (test for excess errors)
UNRESOLVED: gcc.dg/torture/tls/run-ld.c  -O1  compilation failed to produce executable
FAIL: gcc.dg/torture/tls/run-ld.c  -O2  (test for excess errors)
UNRESOLVED: gcc.dg/torture/tls/run-ld.c  -O2  compilation failed to produce executable
FAIL: gcc.dg/torture/tls/run-ld.c  -O3 -fomit-frame-pointer  (test for excess errors)
UNRESOLVED: gcc.dg/torture/tls/run-ld.c  -O3 -fomit-frame-pointer  compilation failed to produce executable
FAIL: gcc.dg/torture/tls/run-ld.c  -O3 -g  (test for excess errors)
UNRESOLVED: gcc.dg/torture/tls/run-ld.c  -O3 -g  compilation failed to produce executable
FAIL: gcc.dg/torture/tls/run-ld.c  -Os  (test for excess errors)
UNRESOLVED: gcc.dg/torture/tls/run-ld.c  -Os  compilation failed to produce executable
FAIL: gcc.dg/torture/tls/run-ld.c  -O0  -fpic  (test for excess errors)
UNRESOLVED: gcc.dg/torture/tls/run-ld.c  -O0  -fpic  compilation failed to produce executable
FAIL: gcc.dg/torture/tls/run-ld.c  -O1  -fpic  (test for excess errors)
UNRESOLVED: gcc.dg/torture/tls/run-ld.c  -O1  -fpic  compilation failed to produce executable
FAIL: gcc.dg/torture/tls/run-ld.c  -O2  -fpic  (test for excess errors)
UNRESOLVED: gcc.dg/torture/tls/run-ld.c  -O2  -fpic  compilation failed to produce executable
FAIL: gcc.dg/torture/tls/run-ld.c  -O3 -fomit-frame-pointer  -fpic  (test for excess errors)
UNRESOLVED: gcc.dg/torture/tls/run-ld.c  -O3 -fomit-frame-pointer  -fpic  compilation failed to produce executable
FAIL: gcc.dg/torture/tls/run-ld.c  -O3 -g  -fpic  (test for excess errors)
UNRESOLVED: gcc.dg/torture/tls/run-ld.c  -O3 -g  -fpic  compilation failed to produce executable
FAIL: gcc.dg/torture/tls/run-ld.c  -Os  -fpic  (test for excess errors)
UNRESOLVED: gcc.dg/torture/tls/run-ld.c  -Os  -fpic  compilation failed to produce executable
FAIL: gcc.dg/torture/tls/run-ld.c  -O0  -fPIC  (test for excess errors)
UNRESOLVED: gcc.dg/torture/tls/run-ld.c  -O0  -fPIC  compilation failed to produce executable
FAIL: gcc.dg/torture/tls/run-ld.c  -O1  -fPIC  (test for excess errors)
UNRESOLVED: gcc.dg/torture/tls/run-ld.c  -O1  -fPIC  compilation failed to produce executable
FAIL: gcc.dg/torture/tls/run-ld.c  -O2  -fPIC  (test for excess errors)
UNRESOLVED: gcc.dg/torture/tls/run-ld.c  -O2  -fPIC  compilation failed to produce executable
FAIL: gcc.dg/torture/tls/run-ld.c  -O3 -fomit-frame-pointer  -fPIC  (test for excess errors)
UNRESOLVED: gcc.dg/torture/tls/run-ld.c  -O3 -fomit-frame-pointer  -fPIC  compilation failed to produce executable
FAIL: gcc.dg/torture/tls/run-ld.c  -O3 -g  -fPIC  (test for excess errors)
UNRESOLVED: gcc.dg/torture/tls/run-ld.c  -O3 -g  -fPIC  compilation failed to produce executable
FAIL: gcc.dg/torture/tls/run-ld.c  -Os  -fPIC  (test for excess errors)
UNRESOLVED: gcc.dg/torture/tls/run-ld.c  -Os  -fPIC  compilation failed to produce executable
FAIL: gcc.dg/torture/tls/run-ld.c  -O2 -flto -flto-partition=none  (test for excess errors)
UNRESOLVED: gcc.dg/torture/tls/run-ld.c  -O2 -flto -flto-partition=none  compilation failed to produce executable
FAIL: gcc.dg/torture/tls/run-ld.c  -O2 -flto  (test for excess errors)
UNRESOLVED: gcc.dg/torture/tls/run-ld.c  -O2 -flto  compilation failed to produce executable
FAIL: gcc.dg/torture/tls/run-le.c  -O0  execution test
FAIL: gcc.dg/torture/tls/run-le.c  -O1  execution test
FAIL: gcc.dg/torture/tls/run-le.c  -O2  execution test
FAIL: gcc.dg/torture/tls/run-le.c  -O3 -fomit-frame-pointer  execution test
FAIL: gcc.dg/torture/tls/run-le.c  -O3 -g  execution test
FAIL: gcc.dg/torture/tls/run-le.c  -Os  execution test
FAIL: gcc.dg/torture/tls/run-le.c  -O0  -fpic  execution test
FAIL: gcc.dg/torture/tls/run-le.c  -O1  -fpic  execution test
FAIL: gcc.dg/torture/tls/run-le.c  -O2  -fpic  execution test
FAIL: gcc.dg/torture/tls/run-le.c  -O3 -fomit-frame-pointer  -fpic  execution test
FAIL: gcc.dg/torture/tls/run-le.c  -O3 -g  -fpic  execution test
FAIL: gcc.dg/torture/tls/run-le.c  -Os  -fpic  execution test
FAIL: gcc.dg/torture/tls/run-le.c  -O0  -fPIC  execution test
FAIL: gcc.dg/torture/tls/run-le.c  -O1  -fPIC  execution test
FAIL: gcc.dg/torture/tls/run-le.c  -O2  -fPIC  execution test
FAIL: gcc.dg/torture/tls/run-le.c  -O3 -fomit-frame-pointer  -fPIC  execution test
FAIL: gcc.dg/torture/tls/run-le.c  -O3 -g  -fPIC  execution test
FAIL: gcc.dg/torture/tls/run-le.c  -Os  -fPIC  execution test
FAIL: gcc.dg/torture/tls/run-le.c  -O2 -flto -flto-partition=none  execution test
FAIL: gcc.dg/torture/tls/run-le.c  -O2 -flto  execution test
FAIL: gcc.dg/torture/tls/thr-init-1.c  -O0  execution test
FAIL: gcc.dg/torture/tls/thr-init-1.c  -O1  execution test
FAIL: gcc.dg/torture/tls/thr-init-1.c  -O2  execution test
FAIL: gcc.dg/torture/tls/thr-init-1.c  -O3 -fomit-frame-pointer  execution test
FAIL: gcc.dg/torture/tls/thr-init-1.c  -O3 -g  execution test
FAIL: gcc.dg/torture/tls/thr-init-1.c  -Os  execution test
FAIL: gcc.dg/torture/tls/thr-init-1.c  -O0  -fpic  (test for excess errors)
UNRESOLVED: gcc.dg/torture/tls/thr-init-1.c  -O0  -fpic  compilation failed to produce executable
FAIL: gcc.dg/torture/tls/thr-init-1.c  -O1  -fpic  (test for excess errors)
UNRESOLVED: gcc.dg/torture/tls/thr-init-1.c  -O1  -fpic  compilation failed to produce executable
FAIL: gcc.dg/torture/tls/thr-init-1.c  -O2  -fpic  (test for excess errors)
UNRESOLVED: gcc.dg/torture/tls/thr-init-1.c  -O2  -fpic  compilation failed to produce executable
FAIL: gcc.dg/torture/tls/thr-init-1.c  -O3 -fomit-frame-pointer  -fpic  (test for excess errors)
UNRESOLVED: gcc.dg/torture/tls/thr-init-1.c  -O3 -fomit-frame-pointer  -fpic  compilation failed to produce executable
FAIL: gcc.dg/torture/tls/thr-init-1.c  -O3 -g  -fpic  (test for excess errors)
UNRESOLVED: gcc.dg/torture/tls/thr-init-1.c  -O3 -g  -fpic  compilation failed to produce executable
FAIL: gcc.dg/torture/tls/thr-init-1.c  -Os  -fpic  (test for excess errors)
UNRESOLVED: gcc.dg/torture/tls/thr-init-1.c  -Os  -fpic  compilation failed to produce executable
FAIL: gcc.dg/torture/tls/thr-init-1.c  -O0  -fPIC  (test for excess errors)
UNRESOLVED: gcc.dg/torture/tls/thr-init-1.c  -O0  -fPIC  compilation failed to produce executable
FAIL: gcc.dg/torture/tls/thr-init-1.c  -O1  -fPIC  (test for excess errors)
UNRESOLVED: gcc.dg/torture/tls/thr-init-1.c  -O1  -fPIC  compilation failed to produce executable
FAIL: gcc.dg/torture/tls/thr-init-1.c  -O2  -fPIC  (test for excess errors)
UNRESOLVED: gcc.dg/torture/tls/thr-init-1.c  -O2  -fPIC  compilation failed to produce executable
FAIL: gcc.dg/torture/tls/thr-init-1.c  -O3 -fomit-frame-pointer  -fPIC  (test for excess errors)
UNRESOLVED: gcc.dg/torture/tls/thr-init-1.c  -O3 -fomit-frame-pointer  -fPIC  compilation failed to produce executable
FAIL: gcc.dg/torture/tls/thr-init-1.c  -O3 -g  -fPIC  (test for excess errors)
UNRESOLVED: gcc.dg/torture/tls/thr-init-1.c  -O3 -g  -fPIC  compilation failed to produce executable
FAIL: gcc.dg/torture/tls/thr-init-1.c  -Os  -fPIC  (test for excess errors)
UNRESOLVED: gcc.dg/torture/tls/thr-init-1.c  -Os  -fPIC  compilation failed to produce executable
FAIL: gcc.dg/torture/tls/thr-init-1.c  -O2 -flto -flto-partition=none  execution test
FAIL: gcc.dg/torture/tls/thr-init-1.c  -O2 -flto  execution test
FAIL: gcc.dg/torture/tls/thr-init-2.c  -O0  execution test
FAIL: gcc.dg/torture/tls/thr-init-2.c  -O1  execution test
FAIL: gcc.dg/torture/tls/thr-init-2.c  -O2  execution test
FAIL: gcc.dg/torture/tls/thr-init-2.c  -O3 -fomit-frame-pointer  execution test
FAIL: gcc.dg/torture/tls/thr-init-2.c  -O3 -g  execution test
FAIL: gcc.dg/torture/tls/thr-init-2.c  -Os  execution test
FAIL: gcc.dg/torture/tls/thr-init-2.c  -O0  -fpic  (test for excess errors)
UNRESOLVED: gcc.dg/torture/tls/thr-init-2.c  -O0  -fpic  compilation failed to produce executable
FAIL: gcc.dg/torture/tls/thr-init-2.c  -O1  -fpic  (test for excess errors)
UNRESOLVED: gcc.dg/torture/tls/thr-init-2.c  -O1  -fpic  compilation failed to produce executable
FAIL: gcc.dg/torture/tls/thr-init-2.c  -O2  -fpic  (test for excess errors)
UNRESOLVED: gcc.dg/torture/tls/thr-init-2.c  -O2  -fpic  compilation failed to produce executable
FAIL: gcc.dg/torture/tls/thr-init-2.c  -O3 -fomit-frame-pointer  -fpic  (test for excess errors)
UNRESOLVED: gcc.dg/torture/tls/thr-init-2.c  -O3 -fomit-frame-pointer  -fpic  compilation failed to produce executable
FAIL: gcc.dg/torture/tls/thr-init-2.c  -O3 -g  -fpic  (test for excess errors)
UNRESOLVED: gcc.dg/torture/tls/thr-init-2.c  -O3 -g  -fpic  compilation failed to produce executable
FAIL: gcc.dg/torture/tls/thr-init-2.c  -Os  -fpic  (test for excess errors)
UNRESOLVED: gcc.dg/torture/tls/thr-init-2.c  -Os  -fpic  compilation failed to produce executable
FAIL: gcc.dg/torture/tls/thr-init-2.c  -O0  -fPIC  (test for excess errors)
UNRESOLVED: gcc.dg/torture/tls/thr-init-2.c  -O0  -fPIC  compilation failed to produce executable
FAIL: gcc.dg/torture/tls/thr-init-2.c  -O1  -fPIC  (test for excess errors)
UNRESOLVED: gcc.dg/torture/tls/thr-init-2.c  -O1  -fPIC  compilation failed to produce executable
FAIL: gcc.dg/torture/tls/thr-init-2.c  -O2  -fPIC  (test for excess errors)
UNRESOLVED: gcc.dg/torture/tls/thr-init-2.c  -O2  -fPIC  compilation failed to produce executable
FAIL: gcc.dg/torture/tls/thr-init-2.c  -O3 -fomit-frame-pointer  -fPIC  (test for excess errors)
UNRESOLVED: gcc.dg/torture/tls/thr-init-2.c  -O3 -fomit-frame-pointer  -fPIC  compilation failed to produce executable
FAIL: gcc.dg/torture/tls/thr-init-2.c  -O3 -g  -fPIC  (test for excess errors)
UNRESOLVED: gcc.dg/torture/tls/thr-init-2.c  -O3 -g  -fPIC  compilation failed to produce executable
FAIL: gcc.dg/torture/tls/thr-init-2.c  -Os  -fPIC  (test for excess errors)
UNRESOLVED: gcc.dg/torture/tls/thr-init-2.c  -Os  -fPIC  compilation failed to produce executable
FAIL: gcc.dg/torture/tls/thr-init-2.c  -O2 -flto -flto-partition=none  execution test
FAIL: gcc.dg/torture/tls/thr-init-2.c  -O2 -flto  execution test
WARNING: program timed out.
XPASS: gcc.dg/tree-ssa/20040204-1.c scan-tree-dump-times optimized "link_error" 0
FAIL: gcc.dg/tree-ssa/sra-12.c scan-tree-dump-times release_ssa "l;" 0
FAIL: gcc.dg/tree-ssa/vrp47.c scan-tree-dump-times dom1 "x[^ ]* & y" 1

		=== gcc Summary ===

# of expected passes		69910
# of unexpected failures	158
# of unexpected successes	1
# of expected failures		98
# of unresolved testcases	89
# of unsupported tests		1270
/home/mstein/sim/trunk/sh-elf/build/gcc/xgcc  version 4.7.0 20111025 (experimental) [trunk revision 180455] (GCC) 


Compiler version: 4.7.0 20111025 (experimental) [trunk revision 180455] (GCC) gcc 
Platform: sh-unknown-elf
configure flags: --target=sh-elf --prefix=/home/mstein/cross-local/sh-elf --enable-languages=c --disable-nls --disable-build-warnings --with-sysroot=/home/mstein/cross-local/sh-elf --with-build-sysroot=/home/mstein/cross-local/sh-elf --with-ld=/home/mstein/cross-local/sh-elf/usr/bin/ld --with-as=/home/mstein/cross-local/sh-elf/usr/bin/as --disable-libssp --with-mpfr=/opt/cfarm/mpfr-2.4.1 --with-gmp=/opt/cfarm/gmp-4.2.4 --with-libelf=/opt/cfarm/libelf-0.8.12 --with-mpc=/opt/cfarm/mpc-0.8


Index Nav: [Date Index] [Subject Index] [Author Index] [Thread Index]
Message Nav: [Date Prev] [Date Next] [Thread Prev] [Thread Next]