This is the mail archive of the gcc-testresults@gcc.gnu.org mailing list for the GCC project.


Index Nav: [Date Index] [Subject Index] [Author Index] [Thread Index]
Message Nav: [Date Prev] [Date Next] [Thread Prev] [Thread Next]
Other format: [Raw text]

Results for 4.7.0 20111023 (experimental) [trunk revision 180334] (Debian 20111023-1) testsuite on arm-unknown-linux-gnueabi


LAST_UPDATED: Sun Oct 23 14:02:11 UTC 2011 (revision 180334)

Native configuration is arm-unknown-linux-gnueabi

		=== boehm-gc tests ===


Running target unix
FAIL: boehm-gc.c/thread_leak_test.c -O2 (test for excess errors)

		=== boehm-gc Summary ===

# of expected passes		11
# of unexpected failures	1
# of unsupported tests		1
		=== libffi tests ===


Running target unix
XPASS: libffi.call/cls_longdouble.c -O0 -W -Wall execution test
XPASS: libffi.call/cls_longdouble.c -O2 execution test
XPASS: libffi.call/cls_longdouble.c -O3 execution test
XPASS: libffi.call/cls_longdouble.c -Os execution test
XPASS: libffi.call/cls_longdouble.c -O2 -fomit-frame-pointer execution test

		=== libffi Summary ===

# of expected passes		1629
# of unexpected successes	5
# of expected failures		10
# of unsupported tests		15
		=== libgomp tests ===


Running target unix
FAIL: libgomp.c++/ctor-3.C  -O0  execution test
FAIL: libgomp.c++/ctor-3.C  -O1  execution test
FAIL: libgomp.c++/ctor-3.C  -O2  execution test
FAIL: libgomp.c++/ctor-3.C  -O3 -fomit-frame-pointer  execution test
FAIL: libgomp.c++/ctor-3.C  -O3 -fomit-frame-pointer -funroll-loops  execution test
FAIL: libgomp.c++/ctor-3.C  -O3 -fomit-frame-pointer -funroll-all-loops -finline-functions  execution test
FAIL: libgomp.c++/ctor-3.C  -O3 -g  execution test
FAIL: libgomp.c++/ctor-3.C  -Os  execution test
WARNING: program timed out.
FAIL: libgomp.fortran/strassen.f90  -O  execution test

		=== libgomp Summary ===

# of expected passes		2983
# of unexpected failures	9
# of unsupported tests		1
		=== libjava tests ===


Running target unix
FAIL: Throw_2 execution - source compiled test
FAIL: Throw_2 -findirect-dispatch execution - source compiled test
FAIL: Throw_2 -O3 execution - source compiled test
FAIL: Throw_2 -O3 -findirect-dispatch execution - source compiled test

		=== libjava Summary ===

# of expected passes		2566
# of unexpected failures	4
# of untested testcases		4
		=== libmudflap tests ===


Running target unix
FAIL: libmudflap.c++/pass55-frag.cxx ( -O) execution test

		=== libmudflap Summary ===

# of expected passes		1893
# of unexpected failures	1
Target: arm-linux-gnueabi
gcc version 4.7.0 20111023 (experimental) [trunk revision 180334] (Debian 20111023-1) 

		=== acats tests ===
FAIL:	c58005h

		=== acats Summary ===
# of expected passes		2320
# of unexpected failures	1

		=== g++ tests ===


Running target unix
FAIL: g++.dg/init/copy7.C execution test
FAIL: 23:is 1:should be 2
FAIL: g++.dg/gcov/gcov-2.C gcov: 1 failures in line counts, 0 in branch percentages, 0 in return percentages
FAIL: g++.dg/gomp/clause-2.C  (test for errors, line 32)
UNRESOLVED: attribute_plugin.c compilation, -I. -I/build/buildd-gcc-snapshot_20111023-1-armel-vY3P6B/gcc-snapshot-20111023/src/gcc/testsuite -I/build/buildd-gcc-snapshot_20111023-1-armel-vY3P6B/gcc-snapshot-20111023/src/gcc/testsuite/../../gcc -I/build/buildd-gcc-snapshot_20111023-1-armel-vY3P6B/gcc-snapshot-20111023/build/gcc/testsuite/g++/../../../gcc  -I/build/buildd-gcc-snapshot_20111023-1-armel-vY3P6B/gcc-snapshot-20111023/src/gcc/testsuite/../../include -I/build/buildd-gcc-snapshot_20111023-1-armel-vY3P6B/gcc-snapshot-20111023/src/gcc/testsuite/../../libcpp/include   -I/build/buildd-gcc-snapshot_20111023-1-armel-vY3P6B/gcc-snapshot-20111023/build/gcc/testsuite/g++/../../../intl  -DIN_GCC -fPIC -shared
UNRESOLVED: pragma_plugin.c compilation, -I. -I/build/buildd-gcc-snapshot_20111023-1-armel-vY3P6B/gcc-snapshot-20111023/src/gcc/testsuite -I/build/buildd-gcc-snapshot_20111023-1-armel-vY3P6B/gcc-snapshot-20111023/src/gcc/testsuite/../../gcc -I/build/buildd-gcc-snapshot_20111023-1-armel-vY3P6B/gcc-snapshot-20111023/build/gcc/testsuite/g++/../../../gcc  -I/build/buildd-gcc-snapshot_20111023-1-armel-vY3P6B/gcc-snapshot-20111023/src/gcc/testsuite/../../include -I/build/buildd-gcc-snapshot_20111023-1-armel-vY3P6B/gcc-snapshot-20111023/src/gcc/testsuite/../../libcpp/include   -I/build/buildd-gcc-snapshot_20111023-1-armel-vY3P6B/gcc-snapshot-20111023/build/gcc/testsuite/g++/../../../intl  -DIN_GCC -fPIC -shared
UNRESOLVED: selfassign.c compilation, -I. -I/build/buildd-gcc-snapshot_20111023-1-armel-vY3P6B/gcc-snapshot-20111023/src/gcc/testsuite -I/build/buildd-gcc-snapshot_20111023-1-armel-vY3P6B/gcc-snapshot-20111023/src/gcc/testsuite/../../gcc -I/build/buildd-gcc-snapshot_20111023-1-armel-vY3P6B/gcc-snapshot-20111023/build/gcc/testsuite/g++/../../../gcc  -I/build/buildd-gcc-snapshot_20111023-1-armel-vY3P6B/gcc-snapshot-20111023/src/gcc/testsuite/../../include -I/build/buildd-gcc-snapshot_20111023-1-armel-vY3P6B/gcc-snapshot-20111023/src/gcc/testsuite/../../libcpp/include   -I/build/buildd-gcc-snapshot_20111023-1-armel-vY3P6B/gcc-snapshot-20111023/build/gcc/testsuite/g++/../../../intl -O -DIN_GCC -fPIC -shared
UNRESOLVED: dumb_plugin.c compilation, -I. -I/build/buildd-gcc-snapshot_20111023-1-armel-vY3P6B/gcc-snapshot-20111023/src/gcc/testsuite -I/build/buildd-gcc-snapshot_20111023-1-armel-vY3P6B/gcc-snapshot-20111023/src/gcc/testsuite/../../gcc -I/build/buildd-gcc-snapshot_20111023-1-armel-vY3P6B/gcc-snapshot-20111023/build/gcc/testsuite/g++/../../../gcc  -I/build/buildd-gcc-snapshot_20111023-1-armel-vY3P6B/gcc-snapshot-20111023/src/gcc/testsuite/../../include -I/build/buildd-gcc-snapshot_20111023-1-armel-vY3P6B/gcc-snapshot-20111023/src/gcc/testsuite/../../libcpp/include   -I/build/buildd-gcc-snapshot_20111023-1-armel-vY3P6B/gcc-snapshot-20111023/build/gcc/testsuite/g++/../../../intl  -DIN_GCC -fPIC -shared
UNRESOLVED: header_plugin.c compilation, -I. -I/build/buildd-gcc-snapshot_20111023-1-armel-vY3P6B/gcc-snapshot-20111023/src/gcc/testsuite -I/build/buildd-gcc-snapshot_20111023-1-armel-vY3P6B/gcc-snapshot-20111023/src/gcc/testsuite/../../gcc -I/build/buildd-gcc-snapshot_20111023-1-armel-vY3P6B/gcc-snapshot-20111023/build/gcc/testsuite/g++/../../../gcc  -I/build/buildd-gcc-snapshot_20111023-1-armel-vY3P6B/gcc-snapshot-20111023/src/gcc/testsuite/../../include -I/build/buildd-gcc-snapshot_20111023-1-armel-vY3P6B/gcc-snapshot-20111023/src/gcc/testsuite/../../libcpp/include   -I/build/buildd-gcc-snapshot_20111023-1-armel-vY3P6B/gcc-snapshot-20111023/build/gcc/testsuite/g++/../../../intl  -DIN_GCC -fPIC -shared
UNRESOLVED: decl_plugin.c compilation, -I. -I/build/buildd-gcc-snapshot_20111023-1-armel-vY3P6B/gcc-snapshot-20111023/src/gcc/testsuite -I/build/buildd-gcc-snapshot_20111023-1-armel-vY3P6B/gcc-snapshot-20111023/src/gcc/testsuite/../../gcc -I/build/buildd-gcc-snapshot_20111023-1-armel-vY3P6B/gcc-snapshot-20111023/build/gcc/testsuite/g++/../../../gcc  -I/build/buildd-gcc-snapshot_20111023-1-armel-vY3P6B/gcc-snapshot-20111023/src/gcc/testsuite/../../include -I/build/buildd-gcc-snapshot_20111023-1-armel-vY3P6B/gcc-snapshot-20111023/src/gcc/testsuite/../../libcpp/include   -I/build/buildd-gcc-snapshot_20111023-1-armel-vY3P6B/gcc-snapshot-20111023/build/gcc/testsuite/g++/../../../intl  -DIN_GCC -fPIC -shared
FAIL: g++.dg/vect/pr36648.cc scan-tree-dump-times vect "vectorized 1 loops" 1
FAIL: g++.dg/vect/pr36648.cc scan-tree-dump-times vect "vectorizing stmts using SLP" 1

		=== g++ Summary ===

# of expected passes		27333
# of unexpected failures	6
# of expected failures		154
# of unresolved testcases	6
# of unsupported tests		391
/build/buildd-gcc-snapshot_20111023-1-armel-vY3P6B/gcc-snapshot-20111023/build/gcc/testsuite/g++/../../g++  version 4.7.0 20111023 (experimental) [trunk revision 180334] (Debian 20111023-1) 

		=== gcc tests ===


Running target unix
FAIL: gcc.dg/c99-stdint-1.c (test for excess errors)
FAIL: gcc.dg/c99-stdint-7.c (test for excess errors)
FAIL: gcc.dg/pr49994-3.c (test for excess errors)
FAIL: gcc.dg/uninit-13.c unconditional (test for warnings, line 8)
FAIL: gcc.dg/uninit-13.c (test for excess errors)
UNRESOLVED: selfassign.c compilation, -I. -I/build/buildd-gcc-snapshot_20111023-1-armel-vY3P6B/gcc-snapshot-20111023/src/gcc/testsuite -I/build/buildd-gcc-snapshot_20111023-1-armel-vY3P6B/gcc-snapshot-20111023/src/gcc/testsuite/../../gcc -I/build/buildd-gcc-snapshot_20111023-1-armel-vY3P6B/gcc-snapshot-20111023/build/gcc/testsuite/gcc/../../../gcc  -I/build/buildd-gcc-snapshot_20111023-1-armel-vY3P6B/gcc-snapshot-20111023/src/gcc/testsuite/../../include -I/build/buildd-gcc-snapshot_20111023-1-armel-vY3P6B/gcc-snapshot-20111023/src/gcc/testsuite/../../libcpp/include   -I/build/buildd-gcc-snapshot_20111023-1-armel-vY3P6B/gcc-snapshot-20111023/build/gcc/testsuite/gcc/../../../intl -O -DIN_GCC -fPIC -shared
UNRESOLVED: ggcplug.c compilation, -I. -I/build/buildd-gcc-snapshot_20111023-1-armel-vY3P6B/gcc-snapshot-20111023/src/gcc/testsuite -I/build/buildd-gcc-snapshot_20111023-1-armel-vY3P6B/gcc-snapshot-20111023/src/gcc/testsuite/../../gcc -I/build/buildd-gcc-snapshot_20111023-1-armel-vY3P6B/gcc-snapshot-20111023/build/gcc/testsuite/gcc/../../../gcc  -I/build/buildd-gcc-snapshot_20111023-1-armel-vY3P6B/gcc-snapshot-20111023/src/gcc/testsuite/../../include -I/build/buildd-gcc-snapshot_20111023-1-armel-vY3P6B/gcc-snapshot-20111023/src/gcc/testsuite/../../libcpp/include   -I/build/buildd-gcc-snapshot_20111023-1-armel-vY3P6B/gcc-snapshot-20111023/build/gcc/testsuite/gcc/../../../intl -O -DIN_GCC -fPIC -shared
UNRESOLVED: one_time_plugin.c compilation, -I. -I/build/buildd-gcc-snapshot_20111023-1-armel-vY3P6B/gcc-snapshot-20111023/src/gcc/testsuite -I/build/buildd-gcc-snapshot_20111023-1-armel-vY3P6B/gcc-snapshot-20111023/src/gcc/testsuite/../../gcc -I/build/buildd-gcc-snapshot_20111023-1-armel-vY3P6B/gcc-snapshot-20111023/build/gcc/testsuite/gcc/../../../gcc  -I/build/buildd-gcc-snapshot_20111023-1-armel-vY3P6B/gcc-snapshot-20111023/src/gcc/testsuite/../../include -I/build/buildd-gcc-snapshot_20111023-1-armel-vY3P6B/gcc-snapshot-20111023/src/gcc/testsuite/../../libcpp/include   -I/build/buildd-gcc-snapshot_20111023-1-armel-vY3P6B/gcc-snapshot-20111023/build/gcc/testsuite/gcc/../../../intl  -DIN_GCC -fPIC -shared
UNRESOLVED: start_unit_plugin.c compilation, -I. -I/build/buildd-gcc-snapshot_20111023-1-armel-vY3P6B/gcc-snapshot-20111023/src/gcc/testsuite -I/build/buildd-gcc-snapshot_20111023-1-armel-vY3P6B/gcc-snapshot-20111023/src/gcc/testsuite/../../gcc -I/build/buildd-gcc-snapshot_20111023-1-armel-vY3P6B/gcc-snapshot-20111023/build/gcc/testsuite/gcc/../../../gcc  -I/build/buildd-gcc-snapshot_20111023-1-armel-vY3P6B/gcc-snapshot-20111023/src/gcc/testsuite/../../include -I/build/buildd-gcc-snapshot_20111023-1-armel-vY3P6B/gcc-snapshot-20111023/src/gcc/testsuite/../../libcpp/include   -I/build/buildd-gcc-snapshot_20111023-1-armel-vY3P6B/gcc-snapshot-20111023/build/gcc/testsuite/gcc/../../../intl  -DIN_GCC -fPIC -shared
UNRESOLVED: finish_unit_plugin.c compilation, -I. -I/build/buildd-gcc-snapshot_20111023-1-armel-vY3P6B/gcc-snapshot-20111023/src/gcc/testsuite -I/build/buildd-gcc-snapshot_20111023-1-armel-vY3P6B/gcc-snapshot-20111023/src/gcc/testsuite/../../gcc -I/build/buildd-gcc-snapshot_20111023-1-armel-vY3P6B/gcc-snapshot-20111023/build/gcc/testsuite/gcc/../../../gcc  -I/build/buildd-gcc-snapshot_20111023-1-armel-vY3P6B/gcc-snapshot-20111023/src/gcc/testsuite/../../include -I/build/buildd-gcc-snapshot_20111023-1-armel-vY3P6B/gcc-snapshot-20111023/src/gcc/testsuite/../../libcpp/include   -I/build/buildd-gcc-snapshot_20111023-1-armel-vY3P6B/gcc-snapshot-20111023/build/gcc/testsuite/gcc/../../../intl  -DIN_GCC -fPIC -shared
UNRESOLVED: gcc.dg/torture/ipa-pta-1.c  -O2 -flto -fuse-linker-plugin -fno-fat-lto-objects  scan-ipa-dump pta "bar.arg0 = { test4.arg0 test3.arg0 test2.arg0 test1.arg0 }"
UNRESOLVED: gcc.dg/torture/pr23821.c  -O2 -flto -fuse-linker-plugin -fno-fat-lto-objects  scan-tree-dump ivcanon "Added canonical iv"
UNRESOLVED: gcc.dg/torture/pr39074-2.c  -O2 -flto -fuse-linker-plugin -fno-fat-lto-objects  scan-tree-dump alias "y.._., points-to vars: { i }"
UNRESOLVED: gcc.dg/torture/pr39074.c  -O2 -flto -fuse-linker-plugin -fno-fat-lto-objects  scan-tree-dump alias "y.._., points-to vars: { i }"
UNRESOLVED: gcc.dg/torture/pr42898-2.c  -O2 -flto -fuse-linker-plugin -fno-fat-lto-objects  scan-tree-dump-times optimized "\\*ptr" 1
UNRESOLVED: gcc.dg/torture/pr42898.c  -O2 -flto -fuse-linker-plugin -fno-fat-lto-objects  scan-tree-dump-times optimized "\\*ptr" 1
UNRESOLVED: gcc.dg/torture/pr45704.c  -O2 -flto -fuse-linker-plugin -fno-fat-lto-objects  scan-tree-dump-times optimized "={v}" 1
FAIL: gcc.dg/torture/pr49169.c scan-assembler abort
UNRESOLVED: gcc.dg/torture/pr50472.c  -O2 -flto -fuse-linker-plugin -fno-fat-lto-objects  scan-tree-dump-not optimized "return 1"
UNRESOLVED: gcc.dg/torture/pta-callused-1.c  -O2 -flto -fuse-linker-plugin -fno-fat-lto-objects  scan-tree-dump alias "p.._., points-to vars: { i j }"
UNRESOLVED: gcc.dg/torture/pta-escape-1.c  -O2 -flto -fuse-linker-plugin -fno-fat-lto-objects  scan-tree-dump alias "ESCAPED = {[^
UNRESOLVED: gcc.dg/torture/pta-ptrarith-1.c  -O2 -flto -fuse-linker-plugin -fno-fat-lto-objects  scan-tree-dump alias "ESCAPED = {[^
UNRESOLVED: gcc.dg/torture/pta-ptrarith-2.c  -O2 -flto -fuse-linker-plugin -fno-fat-lto-objects  scan-tree-dump alias "= { i j }"
UNRESOLVED: gcc.dg/torture/pta-ptrarith-3.c  -O2 -flto -fuse-linker-plugin -fno-fat-lto-objects  scan-tree-dump alias "q_., points-to vars: { i j k }"
UNRESOLVED: gcc.dg/torture/ssa-pta-fn-1.c  -O2 -flto -fuse-linker-plugin -fno-fat-lto-objects  scan-tree-dump alias "q_const_., points-to non-local, points-to vars: { i }"
UNRESOLVED: gcc.dg/torture/ssa-pta-fn-1.c  -O2 -flto -fuse-linker-plugin -fno-fat-lto-objects  scan-tree-dump alias "q_pure_., points-to non-local, points-to escaped, points-to vars: { i }"
UNRESOLVED: gcc.dg/torture/ssa-pta-fn-1.c  -O2 -flto -fuse-linker-plugin -fno-fat-lto-objects  scan-tree-dump alias "q_normal_., points-to non-local, points-to escaped, points-to vars: { }"
FAIL: gcc.dg/tree-ssa/sra-12.c scan-tree-dump-times release_ssa "l;" 0
FAIL: gcc.dg/tree-ssa/vrp47.c scan-tree-dump-times dom1 "x[^ ]* & y" 1
FAIL: gcc.dg/vect/pr30858.c scan-tree-dump-times vect "Unknown def-use cycle pattern." 1
FAIL: gcc.dg/vect/vect-104.c scan-tree-dump-times vect "possible dependence between data-refs" 1
FAIL: gcc.dg/vect/vect-multitypes-11.c scan-tree-dump-times vect "vectorized 1 loops" 1
FAIL: gcc.dg/vect/vect-multitypes-12.c scan-tree-dump-times vect "vectorized 1 loops" 1
FAIL: gcc.dg/vect/vect-outer-1.c scan-tree-dump-times vect "strided access in outer loop" 1
FAIL: gcc.dg/vect/vect-outer-1a.c scan-tree-dump-times vect "strided access in outer loop" 1
FAIL: gcc.dg/vect/vect-outer-1b.c scan-tree-dump-times vect "strided access in outer loop" 1
FAIL: gcc.dg/vect/vect-outer-2b.c scan-tree-dump-times vect "strided access in outer loop" 1
FAIL: gcc.dg/vect/vect-outer-3a.c scan-tree-dump-times vect "step doesn't divide the vector-size" 2
FAIL: gcc.dg/vect/vect-outer-3b.c scan-tree-dump-times vect "strided access in outer loop" 2
FAIL: gcc.dg/vect/vect-reduc-dot-s16b.c scan-tree-dump-times vect "vectorized 1 loops" 0
FAIL: gcc.dg/vect/vect-reduc-dot-s8b.c scan-tree-dump-times vect "vect_recog_widen_mult_pattern: detected" 1
FAIL: gcc.dg/vect/vect-reduc-pattern-1a.c scan-tree-dump-times vect "vectorized 1 loops" 0
FAIL: gcc.dg/vect/vect-reduc-pattern-1b.c scan-tree-dump-times vect "vectorized 1 loops" 0
FAIL: gcc.dg/vect/vect-reduc-pattern-1c.c scan-tree-dump-times vect "vectorized 1 loops" 0
FAIL: gcc.dg/vect/vect-reduc-pattern-2a.c scan-tree-dump-times vect "vectorized 1 loops" 0
FAIL: gcc.dg/vect/vect-reduc-pattern-2b.c scan-tree-dump-times vect "vectorized 1 loops" 0
XPASS: gcc.dg/vect/slp-reduc-3.c scan-tree-dump-times vect "vectorizing stmts using SLP" 1
FAIL: gcc.dg/vect/pr30858.c -flto scan-tree-dump-times vect "Unknown def-use cycle pattern." 1
FAIL: gcc.dg/vect/vect-104.c -flto scan-tree-dump-times vect "possible dependence between data-refs" 1
FAIL: gcc.dg/vect/vect-multitypes-11.c -flto scan-tree-dump-times vect "vectorized 1 loops" 1
FAIL: gcc.dg/vect/vect-multitypes-12.c -flto scan-tree-dump-times vect "vectorized 1 loops" 1
FAIL: gcc.dg/vect/vect-outer-1.c -flto scan-tree-dump-times vect "strided access in outer loop" 1
FAIL: gcc.dg/vect/vect-outer-1a.c -flto scan-tree-dump-times vect "strided access in outer loop" 1
FAIL: gcc.dg/vect/vect-outer-1b.c -flto scan-tree-dump-times vect "strided access in outer loop" 1
FAIL: gcc.dg/vect/vect-outer-2b.c -flto scan-tree-dump-times vect "strided access in outer loop" 1
FAIL: gcc.dg/vect/vect-outer-3a.c -flto scan-tree-dump-times vect "step doesn't divide the vector-size" 2
FAIL: gcc.dg/vect/vect-outer-3b.c -flto scan-tree-dump-times vect "strided access in outer loop" 2
FAIL: gcc.dg/vect/vect-reduc-dot-s16b.c -flto scan-tree-dump-times vect "vectorized 1 loops" 0
FAIL: gcc.dg/vect/vect-reduc-dot-s8b.c -flto scan-tree-dump-times vect "vect_recog_widen_mult_pattern: detected" 1
FAIL: gcc.dg/vect/vect-reduc-pattern-1a.c -flto scan-tree-dump-times vect "vectorized 1 loops" 0
FAIL: gcc.dg/vect/vect-reduc-pattern-1b.c -flto scan-tree-dump-times vect "vectorized 1 loops" 0
FAIL: gcc.dg/vect/vect-reduc-pattern-1c.c -flto scan-tree-dump-times vect "vectorized 1 loops" 0
FAIL: gcc.dg/vect/vect-reduc-pattern-2a.c -flto scan-tree-dump-times vect "vectorized 1 loops" 0
FAIL: gcc.dg/vect/vect-reduc-pattern-2b.c -flto scan-tree-dump-times vect "vectorized 1 loops" 0
XPASS: gcc.dg/vect/slp-reduc-3.c -flto scan-tree-dump-times vect "vectorizing stmts using SLP" 1
FAIL: gcc.dg/vect/no-vfa-vect-101.c scan-tree-dump-times vect "can't determine dependence" 1
FAIL: gcc.dg/vect/no-vfa-vect-102.c scan-tree-dump-times vect "possible dependence between data-refs" 1
FAIL: gcc.dg/vect/no-vfa-vect-102a.c scan-tree-dump-times vect "possible dependence between data-refs" 1
FAIL: gcc.dg/vect/no-vfa-vect-37.c scan-tree-dump-times vect "can't determine dependence" 2
FAIL: gcc.dg/vect/no-vfa-vect-79.c scan-tree-dump-times vect "can't determine dependence" 1
FAIL: gcc.dg/vect/wrapv-vect-reduc-pattern-2c.c scan-tree-dump-times vect "vectorized 1 loops" 0
XPASS: gcc.dg/vect/no-scevccp-outer-16.c scan-tree-dump-times vect "OUTER LOOP VECTORIZED." 1
XPASS: gcc.dg/vect/no-scevccp-outer-17.c scan-tree-dump-times vect "OUTER LOOP VECTORIZED." 1
XPASS: gcc.dg/vect/no-scevccp-outer-19.c scan-tree-dump-times vect "OUTER LOOP VECTORIZED." 1
XPASS: gcc.dg/vect/no-scevccp-outer-21.c scan-tree-dump-times vect "OUTER LOOP VECTORIZED." 1
XPASS: gcc.dg/vect/no-scevccp-outer-6-global.c scan-tree-dump-times vect "OUTER LOOP VECTORIZED." 1
FAIL: gcc.target/arm/pr42575.c scan-assembler-not mov
FAIL: gcc.target/arm/sibcall-1.c scan-assembler \\tb\\tfunc2(\\\\(PLT\\\\))?\\n

		=== gcc Summary ===

# of expected passes		78799
# of unexpected failures	50
# of unexpected successes	7
# of expected failures		230
# of unresolved testcases	21
# of unsupported tests		1242
/build/buildd-gcc-snapshot_20111023-1-armel-vY3P6B/gcc-snapshot-20111023/build/gcc/xgcc  version 4.7.0 20111023 (experimental) [trunk revision 180334] (Debian 20111023-1) 

		=== gfortran tests ===


Running target unix
FAIL: gfortran.dg/select_type_12.f03  -O  (internal compiler error)
FAIL: gfortran.dg/select_type_12.f03  -O  (test for excess errors)
FAIL: gfortran.dg/zero_sized_1.f90  -O0  execution test
FAIL: gfortran.dg/vect/pr19049.f90  -O  scan-tree-dump-times vect "complicated access pattern" 1

		=== gfortran Summary ===

# of expected passes		38799
# of unexpected failures	4
# of expected failures		52
# of unsupported tests		398
/build/buildd-gcc-snapshot_20111023-1-armel-vY3P6B/gcc-snapshot-20111023/build/gcc/testsuite/gfortran/../../gfortran  version 4.7.0 20111023 (experimental) [trunk revision 180334] (Debian 20111023-1) 

		=== gnat tests ===


Running target unix
FAIL: gnat.dg/lto8.adb (test for excess errors)
UNRESOLVED: gnat.dg/lto8.adb compilation failed to produce executable

		=== gnat Summary ===

# of expected passes		922
# of unexpected failures	1
# of expected failures		12
# of unresolved testcases	1
# of unsupported tests		11
/build/buildd-gcc-snapshot_20111023-1-armel-vY3P6B/gcc-snapshot-20111023/build/gcc/gnatmake version 4.7.0 20111023 (experimental) [trunk revision 180334]

		=== obj-c++ tests ===


Running target unix

		=== obj-c++ Summary ===

# of expected passes		1450
# of expected failures		2
# of unsupported tests		86
/build/buildd-gcc-snapshot_20111023-1-armel-vY3P6B/gcc-snapshot-20111023/build/gcc/testsuite/obj-c++/../../g++  version 4.7.0 20111023 (experimental) [trunk revision 180334] (Debian 20111023-1) 

		=== objc tests ===


Running target unix
FAIL: objc.dg-struct-layout-encoding-1/t025_main.m execution test
FAIL: objc.dg-struct-layout-encoding-1/t027_main.m execution test
FAIL: objc.dg-struct-layout-encoding-1/t028_main.m execution test
FAIL: objc.dg-struct-layout-encoding-1/t029_main.m execution test
FAIL: objc.dg-struct-layout-encoding-1/t030_main.m execution test
FAIL: objc.dg-struct-layout-encoding-1/t031_main.m execution test

		=== objc Summary ===

# of expected passes		2988
# of unexpected failures	6
# of unsupported tests		74
/build/buildd-gcc-snapshot_20111023-1-armel-vY3P6B/gcc-snapshot-20111023/build/gcc/xgcc  version 4.7.0 20111023 (experimental) [trunk revision 180334] (Debian 20111023-1) 


Compiler version: 4.7.0 20111023 (experimental) [trunk revision 180334] (Debian 20111023-1) 
Platform: arm-unknown-linux-gnueabi
configure flags: -v --with-pkgversion='Debian 20111023-1' --with-bugurl=file:///usr/share/doc/gcc-snapshot/README.Bugs --enable-languages=c,ada,c++,java,fortran,objc,obj-c++ --prefix=/usr/lib/gcc-snapshot --enable-shared --enable-linker-build-id --with-system-zlib --disable-nls --enable-clocale=gnu --enable-libstdcxx-debug --enable-libstdcxx-time=yes --enable-plugin --disable-browser-plugin --enable-java-awt=gtk --enable-gtk-cairo --with-java-home=/usr/lib/jvm/java-1.5.0-gcj-4.7-snap/jre --enable-java-home --with-jvm-root-dir=/usr/lib/jvm/java-1.5.0-gcj-4.7-snap --with-jvm-jar-dir=/usr/lib/jvm-exports/java-1.5.0-gcj-4.7-snap --with-arch-directory=arm --with-ecj-jar=/usr/share/java/eclipse-ecj.jar --enable-objc-gc --disable-sjlj-exceptions --disable-werror --enable-checking=yes --build=arm-linux-gnueabi --host=arm-linux-gnueabi --target=arm-linux-gnueabi
BOOT_CFLAGS=


Build Dependencies:
Desired=Unknown/Install/Remove/Purge/Hold
| Status=Not/Inst/Conf-files/Unpacked/halF-conf/Half-inst/trig-aWait/Trig-pend
|/ Err?=(none)/Reinst-required (Status,Err: uppercase=bad)
||/ Name                              Version               Description
+++-=================================-=====================-========================================================================
ii  binutils                          2.21.90.20111004-2    The GNU assembler, linker and binary utilities
ii  g++-4.4                           4.4.6-11              GNU C++ compiler
ii  g++-4.6                           4.6.1-15              GNU C++ compiler
ii  libc6                             2.13-21               Embedded GNU C Library: Shared libraries
ii  libcloog-ppl-dev                  0.15.9-3              the Chunky Loop Generator (development files)
ii  libgmp-dev                        2:5.0.2+dfsg-2        Multiprecision arithmetic library developers tools
ii  libmpc-dev                        0.9-4                 multiple precision complex floating-point library development package
ii  libmpfr-dev                       3.1.0-2               multiple precision floating-point computation developers tools
ii  libppl0.11-dev                    0.11.2-6              Parma Polyhedra Library (development)


gcc-ice-hack:
  Retry the build on an ice, save the calling options and preprocessed
  source when the ice is reproducible.

gcc-ice-apport:
  Report an ICE to apport (if apport is available
  and the environment variable GCC_NOAPPORT is not set)

libjava-fixed-symlinks:
  Remove unneed '..' elements from symlinks in JAVA_HOME

libstdc++-arm-wno-abi:
  Temporary work around:
  On arm-linux-gnueabi run the libstdc++v3 testsuite with -Wno-abi

libstdc++-no-testsuite:
  Don't run the libstdc++ testsuite on hppa and mipsel (timeouts on the buildds)

ada-mips:
  Improve support for mips.

libffi-ro-eh_frame_sect:
  PR libffi/47248, force a read only eh frame section.

arm-unbreak-eabi-armv4t:
  Fix armv4t build on ARM

libjava-nobiarch-check:
  For biarch builds, disable the testsuite for the non-default architecture
  for runtime libraries, which are not built by default (libjava).

config-ml:
  disable some biarch libraries for biarch builds

gcc-powerpc-nof-trunk:
  Don't build nof multlib on powerpc.

gcc-powerpc-undef:
  Undefine LINK_EH_SPEC before redefining it
  http://gcc.gnu.org/ml/gcc-patches/2011-02/msg01082.html

gcc-no-add-needed:
  On linux targets pass --no-add-needed to the linker.

mips-fix-loongson2f-nop:
  On mips, pass -mfix-loongson2f-nop to as, if -mno-fix-loongson2f-nop
  is not passed.

gcc-system-root:
  Avoid include paths starting with a double slash

libgomp-kfreebsd-testsuite:
  Disable lock-2.c test on kfreebsd-*

armhf-triplet-trunk:
  add support for arm-linux-*eabi* triplets; useful for armhf

Counting all warnings,
there are 0 warnings in stage3 of this bootstrap.

Number of warnings per file:

Number of warning types:


Index Nav: [Date Index] [Subject Index] [Author Index] [Thread Index]
Message Nav: [Date Prev] [Date Next] [Thread Prev] [Thread Next]