This is the mail archive of the
gcc-testresults@gcc.gnu.org
mailing list for the GCC project.
Results for 4.7.0 20111023 (experimental) [trunk revision 180334] (Debian 20111023-1) testsuite on ia64-unknown-linux-gnu
- From: Matthias Klose <doko at debian dot org>
- To: gcc-testresults at gcc dot gnu dot org
- Cc: debian-gcc at lists dot debian dot org
- Date: Tue, 25 Oct 2011 17:54:24 +0000
- Subject: Results for 4.7.0 20111023 (experimental) [trunk revision 180334] (Debian 20111023-1) testsuite on ia64-unknown-linux-gnu
- Reply-to: Matthias Klose <doko at debian dot org>
LAST_UPDATED: Sun Oct 23 14:02:11 UTC 2011 (revision 180334)
Target: ia64-linux-gnu
gcc version 4.7.0 20111023 (experimental) [trunk revision 180334] (Debian 20111023-1)
=== acats tests ===
FAIL: cb1010a
FAIL: cb1010c
FAIL: cb1010d
=== acats Summary ===
# of expected passes 2318
# of unexpected failures 3
Native configuration is ia64-unknown-linux-gnu
=== g++ tests ===
Running target unix
FAIL: g++.dg/cpp0x/constexpr-rom.C scan-assembler rodata
FAIL: g++.dg/inherit/covariant7.C scan-tree-dump class "48 .*c6::_ZTcv0_n32_v0_n24_NV2c62f2Ev"
FAIL: g++.dg/inherit/covariant7.C scan-tree-dump class "56 .*c6::f2"
FAIL: g++.dg/inherit/covariant7.C scan-tree-dump class "168 .*c6::_ZTv0_n32_NV2c62f2Ev"
FAIL: g++.dg/init/copy7.C execution test
UNRESOLVED: attribute_plugin.c compilation, -I. -I/build/buildd-gcc-snapshot_20111023-1-ia64-d9Kasi/gcc-snapshot-20111023/src/gcc/testsuite -I/build/buildd-gcc-snapshot_20111023-1-ia64-d9Kasi/gcc-snapshot-20111023/src/gcc/testsuite/../../gcc -I/build/buildd-gcc-snapshot_20111023-1-ia64-d9Kasi/gcc-snapshot-20111023/build/gcc/testsuite/g++/../../../gcc -I/build/buildd-gcc-snapshot_20111023-1-ia64-d9Kasi/gcc-snapshot-20111023/src/gcc/testsuite/../../include -I/build/buildd-gcc-snapshot_20111023-1-ia64-d9Kasi/gcc-snapshot-20111023/src/gcc/testsuite/../../libcpp/include -I/build/buildd-gcc-snapshot_20111023-1-ia64-d9Kasi/gcc-snapshot-20111023/build/gcc/testsuite/g++/../../../intl -DIN_GCC -fPIC -shared
UNRESOLVED: pragma_plugin.c compilation, -I. -I/build/buildd-gcc-snapshot_20111023-1-ia64-d9Kasi/gcc-snapshot-20111023/src/gcc/testsuite -I/build/buildd-gcc-snapshot_20111023-1-ia64-d9Kasi/gcc-snapshot-20111023/src/gcc/testsuite/../../gcc -I/build/buildd-gcc-snapshot_20111023-1-ia64-d9Kasi/gcc-snapshot-20111023/build/gcc/testsuite/g++/../../../gcc -I/build/buildd-gcc-snapshot_20111023-1-ia64-d9Kasi/gcc-snapshot-20111023/src/gcc/testsuite/../../include -I/build/buildd-gcc-snapshot_20111023-1-ia64-d9Kasi/gcc-snapshot-20111023/src/gcc/testsuite/../../libcpp/include -I/build/buildd-gcc-snapshot_20111023-1-ia64-d9Kasi/gcc-snapshot-20111023/build/gcc/testsuite/g++/../../../intl -DIN_GCC -fPIC -shared
UNRESOLVED: selfassign.c compilation, -I. -I/build/buildd-gcc-snapshot_20111023-1-ia64-d9Kasi/gcc-snapshot-20111023/src/gcc/testsuite -I/build/buildd-gcc-snapshot_20111023-1-ia64-d9Kasi/gcc-snapshot-20111023/src/gcc/testsuite/../../gcc -I/build/buildd-gcc-snapshot_20111023-1-ia64-d9Kasi/gcc-snapshot-20111023/build/gcc/testsuite/g++/../../../gcc -I/build/buildd-gcc-snapshot_20111023-1-ia64-d9Kasi/gcc-snapshot-20111023/src/gcc/testsuite/../../include -I/build/buildd-gcc-snapshot_20111023-1-ia64-d9Kasi/gcc-snapshot-20111023/src/gcc/testsuite/../../libcpp/include -I/build/buildd-gcc-snapshot_20111023-1-ia64-d9Kasi/gcc-snapshot-20111023/build/gcc/testsuite/g++/../../../intl -O -DIN_GCC -fPIC -shared
UNRESOLVED: dumb_plugin.c compilation, -I. -I/build/buildd-gcc-snapshot_20111023-1-ia64-d9Kasi/gcc-snapshot-20111023/src/gcc/testsuite -I/build/buildd-gcc-snapshot_20111023-1-ia64-d9Kasi/gcc-snapshot-20111023/src/gcc/testsuite/../../gcc -I/build/buildd-gcc-snapshot_20111023-1-ia64-d9Kasi/gcc-snapshot-20111023/build/gcc/testsuite/g++/../../../gcc -I/build/buildd-gcc-snapshot_20111023-1-ia64-d9Kasi/gcc-snapshot-20111023/src/gcc/testsuite/../../include -I/build/buildd-gcc-snapshot_20111023-1-ia64-d9Kasi/gcc-snapshot-20111023/src/gcc/testsuite/../../libcpp/include -I/build/buildd-gcc-snapshot_20111023-1-ia64-d9Kasi/gcc-snapshot-20111023/build/gcc/testsuite/g++/../../../intl -DIN_GCC -fPIC -shared
UNRESOLVED: header_plugin.c compilation, -I. -I/build/buildd-gcc-snapshot_20111023-1-ia64-d9Kasi/gcc-snapshot-20111023/src/gcc/testsuite -I/build/buildd-gcc-snapshot_20111023-1-ia64-d9Kasi/gcc-snapshot-20111023/src/gcc/testsuite/../../gcc -I/build/buildd-gcc-snapshot_20111023-1-ia64-d9Kasi/gcc-snapshot-20111023/build/gcc/testsuite/g++/../../../gcc -I/build/buildd-gcc-snapshot_20111023-1-ia64-d9Kasi/gcc-snapshot-20111023/src/gcc/testsuite/../../include -I/build/buildd-gcc-snapshot_20111023-1-ia64-d9Kasi/gcc-snapshot-20111023/src/gcc/testsuite/../../libcpp/include -I/build/buildd-gcc-snapshot_20111023-1-ia64-d9Kasi/gcc-snapshot-20111023/build/gcc/testsuite/g++/../../../intl -DIN_GCC -fPIC -shared
UNRESOLVED: decl_plugin.c compilation, -I. -I/build/buildd-gcc-snapshot_20111023-1-ia64-d9Kasi/gcc-snapshot-20111023/src/gcc/testsuite -I/build/buildd-gcc-snapshot_20111023-1-ia64-d9Kasi/gcc-snapshot-20111023/src/gcc/testsuite/../../gcc -I/build/buildd-gcc-snapshot_20111023-1-ia64-d9Kasi/gcc-snapshot-20111023/build/gcc/testsuite/g++/../../../gcc -I/build/buildd-gcc-snapshot_20111023-1-ia64-d9Kasi/gcc-snapshot-20111023/src/gcc/testsuite/../../include -I/build/buildd-gcc-snapshot_20111023-1-ia64-d9Kasi/gcc-snapshot-20111023/src/gcc/testsuite/../../libcpp/include -I/build/buildd-gcc-snapshot_20111023-1-ia64-d9Kasi/gcc-snapshot-20111023/build/gcc/testsuite/g++/../../../intl -DIN_GCC -fPIC -shared
=== g++ Summary ===
# of expected passes 26893
# of unexpected failures 5
# of expected failures 154
# of unresolved testcases 6
# of unsupported tests 399
/build/buildd-gcc-snapshot_20111023-1-ia64-d9Kasi/gcc-snapshot-20111023/build/gcc/testsuite/g++/../../g++ version 4.7.0 20111023 (experimental) [trunk revision 180334] (Debian 20111023-1)
=== gcc tests ===
Running target unix
FAIL: gcc.c-torture/execute/20040811-1.c execution, -O0
FAIL: gcc.c-torture/execute/pr43220.c execution, -O0
FAIL: gcc.c-torture/execute/vla-dealloc-1.c execution, -O0
WARNING: program timed out.
WARNING: program timed out.
WARNING: program timed out.
FAIL: gcc.dg/pr49994-3.c (test for excess errors)
UNRESOLVED: selfassign.c compilation, -I. -I/build/buildd-gcc-snapshot_20111023-1-ia64-d9Kasi/gcc-snapshot-20111023/src/gcc/testsuite -I/build/buildd-gcc-snapshot_20111023-1-ia64-d9Kasi/gcc-snapshot-20111023/src/gcc/testsuite/../../gcc -I/build/buildd-gcc-snapshot_20111023-1-ia64-d9Kasi/gcc-snapshot-20111023/build/gcc/testsuite/gcc/../../../gcc -I/build/buildd-gcc-snapshot_20111023-1-ia64-d9Kasi/gcc-snapshot-20111023/src/gcc/testsuite/../../include -I/build/buildd-gcc-snapshot_20111023-1-ia64-d9Kasi/gcc-snapshot-20111023/src/gcc/testsuite/../../libcpp/include -I/build/buildd-gcc-snapshot_20111023-1-ia64-d9Kasi/gcc-snapshot-20111023/build/gcc/testsuite/gcc/../../../intl -O -DIN_GCC -fPIC -shared
UNRESOLVED: ggcplug.c compilation, -I. -I/build/buildd-gcc-snapshot_20111023-1-ia64-d9Kasi/gcc-snapshot-20111023/src/gcc/testsuite -I/build/buildd-gcc-snapshot_20111023-1-ia64-d9Kasi/gcc-snapshot-20111023/src/gcc/testsuite/../../gcc -I/build/buildd-gcc-snapshot_20111023-1-ia64-d9Kasi/gcc-snapshot-20111023/build/gcc/testsuite/gcc/../../../gcc -I/build/buildd-gcc-snapshot_20111023-1-ia64-d9Kasi/gcc-snapshot-20111023/src/gcc/testsuite/../../include -I/build/buildd-gcc-snapshot_20111023-1-ia64-d9Kasi/gcc-snapshot-20111023/src/gcc/testsuite/../../libcpp/include -I/build/buildd-gcc-snapshot_20111023-1-ia64-d9Kasi/gcc-snapshot-20111023/build/gcc/testsuite/gcc/../../../intl -O -DIN_GCC -fPIC -shared
UNRESOLVED: one_time_plugin.c compilation, -I. -I/build/buildd-gcc-snapshot_20111023-1-ia64-d9Kasi/gcc-snapshot-20111023/src/gcc/testsuite -I/build/buildd-gcc-snapshot_20111023-1-ia64-d9Kasi/gcc-snapshot-20111023/src/gcc/testsuite/../../gcc -I/build/buildd-gcc-snapshot_20111023-1-ia64-d9Kasi/gcc-snapshot-20111023/build/gcc/testsuite/gcc/../../../gcc -I/build/buildd-gcc-snapshot_20111023-1-ia64-d9Kasi/gcc-snapshot-20111023/src/gcc/testsuite/../../include -I/build/buildd-gcc-snapshot_20111023-1-ia64-d9Kasi/gcc-snapshot-20111023/src/gcc/testsuite/../../libcpp/include -I/build/buildd-gcc-snapshot_20111023-1-ia64-d9Kasi/gcc-snapshot-20111023/build/gcc/testsuite/gcc/../../../intl -DIN_GCC -fPIC -shared
UNRESOLVED: start_unit_plugin.c compilation, -I. -I/build/buildd-gcc-snapshot_20111023-1-ia64-d9Kasi/gcc-snapshot-20111023/src/gcc/testsuite -I/build/buildd-gcc-snapshot_20111023-1-ia64-d9Kasi/gcc-snapshot-20111023/src/gcc/testsuite/../../gcc -I/build/buildd-gcc-snapshot_20111023-1-ia64-d9Kasi/gcc-snapshot-20111023/build/gcc/testsuite/gcc/../../../gcc -I/build/buildd-gcc-snapshot_20111023-1-ia64-d9Kasi/gcc-snapshot-20111023/src/gcc/testsuite/../../include -I/build/buildd-gcc-snapshot_20111023-1-ia64-d9Kasi/gcc-snapshot-20111023/src/gcc/testsuite/../../libcpp/include -I/build/buildd-gcc-snapshot_20111023-1-ia64-d9Kasi/gcc-snapshot-20111023/build/gcc/testsuite/gcc/../../../intl -DIN_GCC -fPIC -shared
UNRESOLVED: finish_unit_plugin.c compilation, -I. -I/build/buildd-gcc-snapshot_20111023-1-ia64-d9Kasi/gcc-snapshot-20111023/src/gcc/testsuite -I/build/buildd-gcc-snapshot_20111023-1-ia64-d9Kasi/gcc-snapshot-20111023/src/gcc/testsuite/../../gcc -I/build/buildd-gcc-snapshot_20111023-1-ia64-d9Kasi/gcc-snapshot-20111023/build/gcc/testsuite/gcc/../../../gcc -I/build/buildd-gcc-snapshot_20111023-1-ia64-d9Kasi/gcc-snapshot-20111023/src/gcc/testsuite/../../include -I/build/buildd-gcc-snapshot_20111023-1-ia64-d9Kasi/gcc-snapshot-20111023/src/gcc/testsuite/../../libcpp/include -I/build/buildd-gcc-snapshot_20111023-1-ia64-d9Kasi/gcc-snapshot-20111023/build/gcc/testsuite/gcc/../../../intl -DIN_GCC -fPIC -shared
UNRESOLVED: gcc.dg/torture/ipa-pta-1.c -O2 -flto -fuse-linker-plugin -fno-fat-lto-objects scan-ipa-dump pta "bar.arg0 = { test4.arg0 test3.arg0 test2.arg0 test1.arg0 }"
UNRESOLVED: gcc.dg/torture/pr23821.c -O2 -flto -fuse-linker-plugin -fno-fat-lto-objects scan-tree-dump ivcanon "Added canonical iv"
UNRESOLVED: gcc.dg/torture/pr39074-2.c -O2 -flto -fuse-linker-plugin -fno-fat-lto-objects scan-tree-dump alias "y.._., points-to vars: { i }"
UNRESOLVED: gcc.dg/torture/pr39074.c -O2 -flto -fuse-linker-plugin -fno-fat-lto-objects scan-tree-dump alias "y.._., points-to vars: { i }"
UNRESOLVED: gcc.dg/torture/pr42898-2.c -O2 -flto -fuse-linker-plugin -fno-fat-lto-objects scan-tree-dump-times optimized "\\*ptr" 1
UNRESOLVED: gcc.dg/torture/pr42898.c -O2 -flto -fuse-linker-plugin -fno-fat-lto-objects scan-tree-dump-times optimized "\\*ptr" 1
UNRESOLVED: gcc.dg/torture/pr45704.c -O2 -flto -fuse-linker-plugin -fno-fat-lto-objects scan-tree-dump-times optimized "={v}" 1
UNRESOLVED: gcc.dg/torture/pr50472.c -O2 -flto -fuse-linker-plugin -fno-fat-lto-objects scan-tree-dump-not optimized "return 1"
UNRESOLVED: gcc.dg/torture/pta-callused-1.c -O2 -flto -fuse-linker-plugin -fno-fat-lto-objects scan-tree-dump alias "p.._., points-to vars: { i j }"
UNRESOLVED: gcc.dg/torture/pta-escape-1.c -O2 -flto -fuse-linker-plugin -fno-fat-lto-objects scan-tree-dump alias "ESCAPED = {[^
UNRESOLVED: gcc.dg/torture/pta-ptrarith-1.c -O2 -flto -fuse-linker-plugin -fno-fat-lto-objects scan-tree-dump alias "ESCAPED = {[^
UNRESOLVED: gcc.dg/torture/pta-ptrarith-2.c -O2 -flto -fuse-linker-plugin -fno-fat-lto-objects scan-tree-dump alias "= { i j }"
UNRESOLVED: gcc.dg/torture/pta-ptrarith-3.c -O2 -flto -fuse-linker-plugin -fno-fat-lto-objects scan-tree-dump alias "q_., points-to vars: { i j k }"
UNRESOLVED: gcc.dg/torture/ssa-pta-fn-1.c -O2 -flto -fuse-linker-plugin -fno-fat-lto-objects scan-tree-dump alias "q_const_., points-to non-local, points-to vars: { i }"
UNRESOLVED: gcc.dg/torture/ssa-pta-fn-1.c -O2 -flto -fuse-linker-plugin -fno-fat-lto-objects scan-tree-dump alias "q_pure_., points-to non-local, points-to escaped, points-to vars: { i }"
UNRESOLVED: gcc.dg/torture/ssa-pta-fn-1.c -O2 -flto -fuse-linker-plugin -fno-fat-lto-objects scan-tree-dump alias "q_normal_., points-to non-local, points-to escaped, points-to vars: { }"
XPASS: gcc.dg/tree-ssa/20040204-1.c scan-tree-dump-times optimized "link_error" 0
XPASS: gcc.dg/tree-ssa/loop-1.c scan-assembler-times foo 5
FAIL: gcc.dg/tree-ssa/vrp47.c scan-tree-dump-times dom1 "x[^ ]* & y" 1
FAIL: gcc.dg/vect/vec-scal-opt.c scan-tree-dump-times veclower2 ">> k.[0-9_]*" 1
FAIL: gcc.dg/vect/vec-scal-opt1.c scan-tree-dump-times veclower2 ">> 2" 1
FAIL: gcc.dg/vect/vec-scal-opt2.c scan-tree-dump-times veclower2 ">> 2" 1
XPASS: gcc.dg/vect/pr33804.c scan-tree-dump-times vect "vectorized 1 loops" 1
XPASS: gcc.dg/vect/pr33804.c scan-tree-dump-times vect "vectorizing stmts using SLP" 1
XPASS: gcc.dg/vect/pr33953.c scan-tree-dump-times vect "vectorized 1 loops" 1
XPASS: gcc.dg/vect/pr33953.c scan-tree-dump-times vect "vectorizing stmts using SLP" 1
XPASS: gcc.dg/vect/vect-35.c scan-tree-dump-times vect "vectorized 2 loops" 1
XPASS: gcc.dg/vect/vect-outer-5.c scan-tree-dump-times vect "zero step in outer loop." 1
XPASS: gcc.dg/vect/pr33804.c -flto scan-tree-dump-times vect "vectorized 1 loops" 1
XPASS: gcc.dg/vect/pr33804.c -flto scan-tree-dump-times vect "vectorizing stmts using SLP" 1
XPASS: gcc.dg/vect/pr33953.c -flto scan-tree-dump-times vect "vectorized 1 loops" 1
XPASS: gcc.dg/vect/pr33953.c -flto scan-tree-dump-times vect "vectorizing stmts using SLP" 1
XPASS: gcc.dg/vect/vect-35.c -flto scan-tree-dump-times vect "vectorized 2 loops" 1
XPASS: gcc.dg/vect/vect-outer-5.c -flto scan-tree-dump-times vect "zero step in outer loop." 1
XPASS: gcc.dg/vect/no-scevccp-outer-21.c scan-tree-dump-times vect "OUTER LOOP VECTORIZED." 1
XPASS: gcc.dg/vect/if-cvt-stores-vect-ifcvt-18.c scan-tree-dump-times vect "vectorized 1 loops" 1
=== gcc Summary ===
# of expected passes 73830
# of unexpected failures 8
# of unexpected successes 16
# of expected failures 316
# of unresolved testcases 21
# of unsupported tests 1099
/build/buildd-gcc-snapshot_20111023-1-ia64-d9Kasi/gcc-snapshot-20111023/build/gcc/xgcc version 4.7.0 20111023 (experimental) [trunk revision 180334] (Debian 20111023-1)
=== gfortran tests ===
Running target unix
FAIL: gfortran.dg/select_type_12.f03 -O (internal compiler error)
FAIL: gfortran.dg/select_type_12.f03 -O (test for excess errors)
FAIL: gfortran.fortran-torture/execute/entry_4.f90 execution, -O2
FAIL: gfortran.fortran-torture/execute/entry_4.f90 execution, -O2 -fomit-frame-pointer -finline-functions
FAIL: gfortran.fortran-torture/execute/entry_4.f90 execution, -O2 -fomit-frame-pointer -finline-functions -funroll-loops
FAIL: gfortran.fortran-torture/execute/entry_4.f90 execution, -O2 -fbounds-check
FAIL: gfortran.fortran-torture/execute/entry_4.f90 execution, -O3 -g
FAIL: gfortran.fortran-torture/execute/entry_4.f90 execution, -O2 -ftree-vectorize
=== gfortran Summary ===
# of expected passes 39872
# of unexpected failures 8
# of expected failures 60
# of unsupported tests 73
/build/buildd-gcc-snapshot_20111023-1-ia64-d9Kasi/gcc-snapshot-20111023/build/gcc/testsuite/gfortran/../../gfortran version 4.7.0 20111023 (experimental) [trunk revision 180334] (Debian 20111023-1)
=== gnat tests ===
Running target unix
FAIL: gnat.dg/lto8.adb (test for excess errors)
UNRESOLVED: gnat.dg/lto8.adb compilation failed to produce executable
FAIL: gnat.dg/stack_check1.adb execution test
FAIL: gnat.dg/stack_check2.adb execution test
=== gnat Summary ===
# of expected passes 927
# of unexpected failures 3
# of expected failures 11
# of unresolved testcases 1
# of unsupported tests 9
/build/buildd-gcc-snapshot_20111023-1-ia64-d9Kasi/gcc-snapshot-20111023/build/gcc/gnatmake version 4.7.0 20111023 (experimental) [trunk revision 180334]
=== obj-c++ tests ===
Running target unix
=== obj-c++ Summary ===
# of expected passes 1442
# of expected failures 10
# of unsupported tests 86
/build/buildd-gcc-snapshot_20111023-1-ia64-d9Kasi/gcc-snapshot-20111023/build/gcc/testsuite/obj-c++/../../g++ version 4.7.0 20111023 (experimental) [trunk revision 180334] (Debian 20111023-1)
=== objc tests ===
Running target unix
=== objc Summary ===
# of expected passes 2992
# of unsupported tests 75
/build/buildd-gcc-snapshot_20111023-1-ia64-d9Kasi/gcc-snapshot-20111023/build/gcc/xgcc version 4.7.0 20111023 (experimental) [trunk revision 180334] (Debian 20111023-1)
=== boehm-gc tests ===
Running target unix
FAIL: boehm-gc.c/thread_leak_test.c -O2 (test for excess errors)
=== boehm-gc Summary ===
# of expected passes 11
# of unexpected failures 1
# of unsupported tests 1
=== libffi tests ===
Running target unix
=== libffi Summary ===
# of expected passes 1634
# of expected failures 10
# of unsupported tests 15
=== libgomp tests ===
Running target unix
=== libgomp Summary ===
# of expected passes 2994
=== libjava tests ===
Running target unix
FAIL: getlocalvartable output
FAIL: Throw_3 -O3 output - source compiled test
FAIL: Throw_3 -O3 -findirect-dispatch output - source compiled test
=== libjava Summary ===
# of expected passes 2571
# of unexpected failures 3
=== libmudflap tests ===
Running target unix
FAIL: libmudflap.c++/pass55-frag.cxx ( -O) execution test
=== libmudflap Summary ===
# of expected passes 1893
# of unexpected failures 1
=== libstdc++ tests ===
Running target unix
FAIL: 22_locale/time_get/get_date/wchar_t/4.cc execution test
=== libstdc++ Summary ===
# of expected passes 8482
# of unexpected failures 1
# of expected failures 46
# of unsupported tests 159
Compiler version: 4.7.0 20111023 (experimental) [trunk revision 180334] (Debian 20111023-1)
Platform: ia64-unknown-linux-gnu
configure flags: -v --with-pkgversion='Debian 20111023-1' --with-bugurl=file:///usr/share/doc/gcc-snapshot/README.Bugs --enable-languages=c,ada,c++,java,fortran,objc,obj-c++ --prefix=/usr/lib/gcc-snapshot --enable-shared --enable-linker-build-id --with-system-zlib --disable-nls --enable-clocale=gnu --enable-libstdcxx-debug --enable-libstdcxx-time=yes --disable-libssp --enable-plugin --disable-browser-plugin --enable-java-awt=gtk --enable-gtk-cairo --with-java-home=/usr/lib/jvm/java-1.5.0-gcj-4.7-snap/jre --enable-java-home --with-jvm-root-dir=/usr/lib/jvm/java-1.5.0-gcj-4.7-snap --with-jvm-jar-dir=/usr/lib/jvm-exports/java-1.5.0-gcj-4.7-snap --with-arch-directory=ia64 --with-ecj-jar=/usr/share/java/eclipse-ecj.jar --enable-objc-gc --with-system-libunwind --disable-werror --enable-checking=yes --build=ia64-linux-gnu --host=ia64-linux-gnu --target=ia64-linux-gnu
BOOT_CFLAGS=
Build Dependencies:
Desired=Unknown/Install/Remove/Purge/Hold
| Status=Not/Inst/Conf-files/Unpacked/halF-conf/Half-inst/trig-aWait/Trig-pend
|/ Err?=(none)/Reinst-required (Status,Err: uppercase=bad)
||/ Name Version Description
+++-=================================-========================-========================================================================
ii binutils 2.21.53.20110922-1 The GNU assembler, linker and binary utilities
ii g++-4.6 4.6.1-13 GNU C++ compiler
ii libc6.1 2.13-21 Embedded GNU C Library: Shared libraries
ii libcloog-ppl-dev 0.15.9-3 the Chunky Loop Generator (development files)
ii libgmp-dev 2:5.0.2+dfsg-2 Multiprecision arithmetic library developers tools
ii libmpc-dev 0.9-4 multiple precision complex floating-point library development package
ii libmpfr-dev 3.1.0-2 multiple precision floating-point computation developers tools
ii libppl0.11-dev 0.11.2-6 Parma Polyhedra Library (development)
gcc-ice-hack:
Retry the build on an ice, save the calling options and preprocessed
source when the ice is reproducible.
gcc-ice-apport:
Report an ICE to apport (if apport is available
and the environment variable GCC_NOAPPORT is not set)
libjava-fixed-symlinks:
Remove unneed '..' elements from symlinks in JAVA_HOME
libstdc++-arm-wno-abi:
Temporary work around:
On arm-linux-gnueabi run the libstdc++v3 testsuite with -Wno-abi
ada-mips:
Improve support for mips.
libffi-ro-eh_frame_sect:
PR libffi/47248, force a read only eh frame section.
arm-unbreak-eabi-armv4t:
Fix armv4t build on ARM
libjava-nobiarch-check:
For biarch builds, disable the testsuite for the non-default architecture
for runtime libraries, which are not built by default (libjava).
config-ml:
disable some biarch libraries for biarch builds
gcc-powerpc-nof-trunk:
Don't build nof multlib on powerpc.
gcc-powerpc-undef:
Undefine LINK_EH_SPEC before redefining it
http://gcc.gnu.org/ml/gcc-patches/2011-02/msg01082.html
gcc-no-add-needed:
On linux targets pass --no-add-needed to the linker.
mips-fix-loongson2f-nop:
On mips, pass -mfix-loongson2f-nop to as, if -mno-fix-loongson2f-nop
is not passed.
gcc-system-root:
Avoid include paths starting with a double slash
libgomp-kfreebsd-testsuite:
Disable lock-2.c test on kfreebsd-*
armhf-triplet-trunk:
add support for arm-linux-*eabi* triplets; useful for armhf
Counting all warnings,
there are 0 warnings in stage3 of this bootstrap.
Number of warnings per file:
Number of warning types: