This is the mail archive of the
gcc-testresults@gcc.gnu.org
mailing list for the GCC project.
Results for 4.7.0 20111022 (experimental) testsuite on armv5tel-brewer-linux-gnueabi
- From: Mikael Pettersson <mikpe at it dot uu dot se>
- To: gcc-testresults at gcc dot gnu dot org
- Date: Mon, 24 Oct 2011 21:04:07 +0200
- Subject: Results for 4.7.0 20111022 (experimental) testsuite on armv5tel-brewer-linux-gnueabi
LAST_UPDATED: Obtained from SVN: trunk revision 180329
Native configuration is armv5tel-brewer-linux-gnueabi
=== libgomp tests ===
Running target unix
=== libgomp Summary ===
# of expected passes 2946
# of unsupported tests 1
=== libstdc++ tests ===
Running target unix
=== libstdc++ Summary ===
# of expected passes 8318
# of expected failures 46
# of unsupported tests 209
=== acats tests ===
FAIL: c58005h
FAIL: cc3225a
=== acats Summary ===
# of expected passes 2319
# of unexpected failures 2
=== g++ tests ===
Running target unix
FAIL: g++.dg/init/copy7.C execution test
FAIL: 23:is 1:should be 2
FAIL: g++.dg/gcov/gcov-2.C gcov: 1 failures in line counts, 0 in branch percentages, 0 in return percentages
FAIL: g++.dg/guality/redeclaration1.C -O0 line 17 i == 24
FAIL: g++.dg/guality/redeclaration1.C -O1 line 17 i == 24
FAIL: g++.dg/guality/redeclaration1.C -O2 line 17 i == 24
FAIL: g++.dg/guality/redeclaration1.C -O3 -fomit-frame-pointer line 17 i == 24
FAIL: g++.dg/guality/redeclaration1.C -O3 -g line 17 i == 24
FAIL: g++.dg/guality/redeclaration1.C -Os line 17 i == 24
FAIL: g++.dg/vect/pr36648.cc scan-tree-dump-times vect "vectorized 1 loops" 1
FAIL: g++.dg/vect/pr36648.cc scan-tree-dump-times vect "vectorizing stmts using SLP" 1
=== g++ Summary ===
# of expected passes 25963
# of unexpected failures 11
# of expected failures 152
# of unsupported tests 393
/mnt/scratch/objdir47/gcc/testsuite/g++/../../g++ version 4.7.0 20111022 (experimental) (GCC)
=== gcc tests ===
Running target unix
FAIL: gcc.dg/c99-stdint-1.c (test for excess errors)
FAIL: gcc.dg/c99-stdint-7.c (test for excess errors)
FAIL: gcc.dg/cproj-fails-with-broken-glibc.c execution test
FAIL: gcc.dg/pr49994-3.c (test for excess errors)
FAIL: gcc.dg/uninit-13.c unconditional (test for warnings, line 8)
FAIL: gcc.dg/uninit-13.c (test for excess errors)
XPASS: gcc.dg/guality/example.c -O0 execution test
XPASS: gcc.dg/guality/guality.c -O0 execution test
FAIL: gcc.dg/guality/inline-params.c -O1 execution test
XPASS: gcc.dg/guality/pr41353-1.c -O0 line 28 j == 28 + 37
XPASS: gcc.dg/guality/pr41353-1.c -O1 line 28 j == 28 + 37
XPASS: gcc.dg/guality/pr41353-1.c -O2 line 28 j == 28 + 37
XPASS: gcc.dg/guality/pr41353-1.c -O3 -fomit-frame-pointer line 28 j == 28 + 37
XPASS: gcc.dg/guality/pr41353-1.c -O3 -g line 28 j == 28 + 37
XPASS: gcc.dg/guality/pr41353-1.c -Os line 28 j == 28 + 37
XPASS: gcc.dg/guality/pr41447-1.c -O0 execution test
XPASS: gcc.dg/guality/pr41616-1.c -O0 execution test
FAIL: gcc.dg/guality/pr43077-1.c -O1 line 42 b == 2
FAIL: gcc.dg/guality/pr43077-1.c -O1 line 42 c == 3
FAIL: gcc.dg/guality/pr43077-1.c -O1 line 42 varb == 2
FAIL: gcc.dg/guality/pr43077-1.c -O2 line 42 b == 2
FAIL: gcc.dg/guality/pr43077-1.c -O2 line 42 c == 3
FAIL: gcc.dg/guality/pr43077-1.c -O2 line 42 varc == 3
FAIL: gcc.dg/guality/pr43077-1.c -O3 -fomit-frame-pointer line 42 b == 2
FAIL: gcc.dg/guality/pr43077-1.c -O3 -fomit-frame-pointer line 42 c == 3
FAIL: gcc.dg/guality/pr43077-1.c -O3 -fomit-frame-pointer line 42 varc == 3
FAIL: gcc.dg/guality/pr43077-1.c -O3 -g line 42 b == 2
FAIL: gcc.dg/guality/pr43077-1.c -O3 -g line 42 c == 3
FAIL: gcc.dg/guality/pr43077-1.c -O3 -g line 42 varc == 3
FAIL: gcc.dg/guality/pr43077-1.c -Os line 42 b == 2
FAIL: gcc.dg/guality/pr43077-1.c -Os line 42 c == 3
FAIL: gcc.dg/guality/pr43077-1.c -Os line 42 varb == 2
FAIL: gcc.dg/guality/pr43077-1.c -Os line 42 varc == 3
FAIL: gcc.dg/guality/vla-1.c -O1 line 17 sizeof (a) == 6
FAIL: gcc.dg/guality/vla-1.c -O1 line 24 sizeof (a) == 17 * sizeof (short)
FAIL: gcc.dg/guality/vla-1.c -O2 line 17 sizeof (a) == 6
FAIL: gcc.dg/guality/vla-1.c -O2 line 24 sizeof (a) == 17 * sizeof (short)
FAIL: gcc.dg/guality/vla-1.c -O3 -fomit-frame-pointer line 17 sizeof (a) == 6
FAIL: gcc.dg/guality/vla-1.c -O3 -fomit-frame-pointer line 24 sizeof (a) == 17 * sizeof (short)
FAIL: gcc.dg/guality/vla-1.c -O3 -g line 17 sizeof (a) == 6
FAIL: gcc.dg/guality/vla-1.c -O3 -g line 24 sizeof (a) == 17 * sizeof (short)
FAIL: gcc.dg/guality/vla-1.c -Os line 17 sizeof (a) == 6
FAIL: gcc.dg/guality/vla-1.c -Os line 24 sizeof (a) == 17 * sizeof (short)
FAIL: gcc.dg/torture/tls/run-le.c -O0 -pie -fpie (test for excess errors)
FAIL: gcc.dg/torture/tls/run-le.c -O0 -pie -fpie execution test
FAIL: gcc.dg/torture/tls/run-le.c -O1 -pie -fpie (test for excess errors)
FAIL: gcc.dg/torture/tls/run-le.c -O1 -pie -fpie execution test
FAIL: gcc.dg/torture/tls/run-le.c -O2 -pie -fpie (test for excess errors)
FAIL: gcc.dg/torture/tls/run-le.c -O2 -pie -fpie execution test
FAIL: gcc.dg/torture/tls/run-le.c -O3 -fomit-frame-pointer -pie -fpie (test for excess errors)
FAIL: gcc.dg/torture/tls/run-le.c -O3 -fomit-frame-pointer -pie -fpie execution test
FAIL: gcc.dg/torture/tls/run-le.c -O3 -g -pie -fpie (test for excess errors)
FAIL: gcc.dg/torture/tls/run-le.c -O3 -g -pie -fpie execution test
FAIL: gcc.dg/torture/tls/run-le.c -Os -pie -fpie (test for excess errors)
FAIL: gcc.dg/torture/tls/run-le.c -Os -pie -fpie execution test
FAIL: gcc.dg/torture/tls/run-le.c -O0 -pie -fPIE (test for excess errors)
FAIL: gcc.dg/torture/tls/run-le.c -O0 -pie -fPIE execution test
FAIL: gcc.dg/torture/tls/run-le.c -O1 -pie -fPIE (test for excess errors)
FAIL: gcc.dg/torture/tls/run-le.c -O1 -pie -fPIE execution test
FAIL: gcc.dg/torture/tls/run-le.c -O2 -pie -fPIE (test for excess errors)
FAIL: gcc.dg/torture/tls/run-le.c -O2 -pie -fPIE execution test
FAIL: gcc.dg/torture/tls/run-le.c -O3 -fomit-frame-pointer -pie -fPIE (test for excess errors)
FAIL: gcc.dg/torture/tls/run-le.c -O3 -fomit-frame-pointer -pie -fPIE execution test
FAIL: gcc.dg/torture/tls/run-le.c -O3 -g -pie -fPIE (test for excess errors)
FAIL: gcc.dg/torture/tls/run-le.c -O3 -g -pie -fPIE execution test
FAIL: gcc.dg/torture/tls/run-le.c -Os -pie -fPIE (test for excess errors)
FAIL: gcc.dg/torture/tls/run-le.c -Os -pie -fPIE execution test
FAIL: gcc.dg/torture/tls/thr-init-1.c -O0 -pie -fpie (test for excess errors)
FAIL: gcc.dg/torture/tls/thr-init-1.c -O0 -pie -fpie execution test
FAIL: gcc.dg/torture/tls/thr-init-1.c -O1 -pie -fpie (test for excess errors)
FAIL: gcc.dg/torture/tls/thr-init-1.c -O1 -pie -fpie execution test
FAIL: gcc.dg/torture/tls/thr-init-1.c -O2 -pie -fpie (test for excess errors)
FAIL: gcc.dg/torture/tls/thr-init-1.c -O2 -pie -fpie execution test
FAIL: gcc.dg/torture/tls/thr-init-1.c -O3 -fomit-frame-pointer -pie -fpie (test for excess errors)
FAIL: gcc.dg/torture/tls/thr-init-1.c -O3 -fomit-frame-pointer -pie -fpie execution test
FAIL: gcc.dg/torture/tls/thr-init-1.c -O3 -g -pie -fpie (test for excess errors)
FAIL: gcc.dg/torture/tls/thr-init-1.c -O3 -g -pie -fpie execution test
FAIL: gcc.dg/torture/tls/thr-init-1.c -Os -pie -fpie (test for excess errors)
FAIL: gcc.dg/torture/tls/thr-init-1.c -Os -pie -fpie execution test
FAIL: gcc.dg/torture/tls/thr-init-1.c -O0 -pie -fPIE (test for excess errors)
FAIL: gcc.dg/torture/tls/thr-init-1.c -O0 -pie -fPIE execution test
FAIL: gcc.dg/torture/tls/thr-init-1.c -O1 -pie -fPIE (test for excess errors)
FAIL: gcc.dg/torture/tls/thr-init-1.c -O1 -pie -fPIE execution test
FAIL: gcc.dg/torture/tls/thr-init-1.c -O2 -pie -fPIE (test for excess errors)
FAIL: gcc.dg/torture/tls/thr-init-1.c -O2 -pie -fPIE execution test
FAIL: gcc.dg/torture/tls/thr-init-1.c -O3 -fomit-frame-pointer -pie -fPIE (test for excess errors)
FAIL: gcc.dg/torture/tls/thr-init-1.c -O3 -fomit-frame-pointer -pie -fPIE execution test
FAIL: gcc.dg/torture/tls/thr-init-1.c -O3 -g -pie -fPIE (test for excess errors)
FAIL: gcc.dg/torture/tls/thr-init-1.c -O3 -g -pie -fPIE execution test
FAIL: gcc.dg/torture/tls/thr-init-1.c -Os -pie -fPIE (test for excess errors)
FAIL: gcc.dg/torture/tls/thr-init-1.c -Os -pie -fPIE execution test
FAIL: gcc.dg/torture/tls/thr-init-2.c -O0 -pie -fpie (test for excess errors)
FAIL: gcc.dg/torture/tls/thr-init-2.c -O0 -pie -fpie execution test
FAIL: gcc.dg/torture/tls/thr-init-2.c -O1 -pie -fpie (test for excess errors)
FAIL: gcc.dg/torture/tls/thr-init-2.c -O1 -pie -fpie execution test
FAIL: gcc.dg/torture/tls/thr-init-2.c -O2 -pie -fpie (test for excess errors)
FAIL: gcc.dg/torture/tls/thr-init-2.c -O2 -pie -fpie execution test
FAIL: gcc.dg/torture/tls/thr-init-2.c -O3 -fomit-frame-pointer -pie -fpie (test for excess errors)
FAIL: gcc.dg/torture/tls/thr-init-2.c -O3 -fomit-frame-pointer -pie -fpie execution test
FAIL: gcc.dg/torture/tls/thr-init-2.c -O3 -g -pie -fpie (test for excess errors)
FAIL: gcc.dg/torture/tls/thr-init-2.c -O3 -g -pie -fpie execution test
FAIL: gcc.dg/torture/tls/thr-init-2.c -Os -pie -fpie (test for excess errors)
FAIL: gcc.dg/torture/tls/thr-init-2.c -Os -pie -fpie execution test
FAIL: gcc.dg/torture/tls/thr-init-2.c -O0 -pie -fPIE (test for excess errors)
FAIL: gcc.dg/torture/tls/thr-init-2.c -O0 -pie -fPIE execution test
FAIL: gcc.dg/torture/tls/thr-init-2.c -O1 -pie -fPIE (test for excess errors)
FAIL: gcc.dg/torture/tls/thr-init-2.c -O1 -pie -fPIE execution test
FAIL: gcc.dg/torture/tls/thr-init-2.c -O2 -pie -fPIE (test for excess errors)
FAIL: gcc.dg/torture/tls/thr-init-2.c -O2 -pie -fPIE execution test
FAIL: gcc.dg/torture/tls/thr-init-2.c -O3 -fomit-frame-pointer -pie -fPIE (test for excess errors)
FAIL: gcc.dg/torture/tls/thr-init-2.c -O3 -fomit-frame-pointer -pie -fPIE execution test
FAIL: gcc.dg/torture/tls/thr-init-2.c -O3 -g -pie -fPIE (test for excess errors)
FAIL: gcc.dg/torture/tls/thr-init-2.c -O3 -g -pie -fPIE execution test
FAIL: gcc.dg/torture/tls/thr-init-2.c -Os -pie -fPIE (test for excess errors)
FAIL: gcc.dg/torture/tls/thr-init-2.c -Os -pie -fPIE execution test
FAIL: gcc.dg/torture/tls/tls-test.c -O0 -pie -fpie (test for excess errors)
FAIL: gcc.dg/torture/tls/tls-test.c -O0 -pie -fpie execution test
FAIL: gcc.dg/torture/tls/tls-test.c -O1 -pie -fpie (test for excess errors)
FAIL: gcc.dg/torture/tls/tls-test.c -O1 -pie -fpie execution test
FAIL: gcc.dg/torture/tls/tls-test.c -O2 -pie -fpie (test for excess errors)
FAIL: gcc.dg/torture/tls/tls-test.c -O2 -pie -fpie execution test
FAIL: gcc.dg/torture/tls/tls-test.c -O3 -fomit-frame-pointer -pie -fpie (test for excess errors)
FAIL: gcc.dg/torture/tls/tls-test.c -O3 -fomit-frame-pointer -pie -fpie execution test
FAIL: gcc.dg/torture/tls/tls-test.c -O3 -g -pie -fpie (test for excess errors)
FAIL: gcc.dg/torture/tls/tls-test.c -O3 -g -pie -fpie execution test
FAIL: gcc.dg/torture/tls/tls-test.c -Os -pie -fpie (test for excess errors)
FAIL: gcc.dg/torture/tls/tls-test.c -Os -pie -fpie execution test
FAIL: gcc.dg/torture/tls/tls-test.c -O0 -pie -fPIE (test for excess errors)
FAIL: gcc.dg/torture/tls/tls-test.c -O0 -pie -fPIE execution test
FAIL: gcc.dg/torture/tls/tls-test.c -O1 -pie -fPIE (test for excess errors)
FAIL: gcc.dg/torture/tls/tls-test.c -O1 -pie -fPIE execution test
FAIL: gcc.dg/torture/tls/tls-test.c -O2 -pie -fPIE (test for excess errors)
FAIL: gcc.dg/torture/tls/tls-test.c -O2 -pie -fPIE execution test
FAIL: gcc.dg/torture/tls/tls-test.c -O3 -fomit-frame-pointer -pie -fPIE (test for excess errors)
FAIL: gcc.dg/torture/tls/tls-test.c -O3 -fomit-frame-pointer -pie -fPIE execution test
FAIL: gcc.dg/torture/tls/tls-test.c -O3 -g -pie -fPIE (test for excess errors)
FAIL: gcc.dg/torture/tls/tls-test.c -O3 -g -pie -fPIE execution test
FAIL: gcc.dg/torture/tls/tls-test.c -Os -pie -fPIE (test for excess errors)
FAIL: gcc.dg/torture/tls/tls-test.c -Os -pie -fPIE execution test
FAIL: gcc.dg/tree-ssa/vrp47.c scan-tree-dump-times dom1 "x[^ ]* & y" 1
FAIL: gcc.dg/vect/pr30858.c scan-tree-dump-times vect "Unknown def-use cycle pattern." 1
FAIL: gcc.dg/vect/vect-104.c scan-tree-dump-times vect "possible dependence between data-refs" 1
FAIL: gcc.dg/vect/vect-multitypes-11.c scan-tree-dump-times vect "vectorized 1 loops" 1
FAIL: gcc.dg/vect/vect-multitypes-12.c scan-tree-dump-times vect "vectorized 1 loops" 1
FAIL: gcc.dg/vect/vect-outer-1.c scan-tree-dump-times vect "strided access in outer loop" 1
FAIL: gcc.dg/vect/vect-outer-1a.c scan-tree-dump-times vect "strided access in outer loop" 1
FAIL: gcc.dg/vect/vect-outer-1b.c scan-tree-dump-times vect "strided access in outer loop" 1
FAIL: gcc.dg/vect/vect-outer-2b.c scan-tree-dump-times vect "strided access in outer loop" 1
FAIL: gcc.dg/vect/vect-outer-3a.c scan-tree-dump-times vect "step doesn't divide the vector-size" 2
FAIL: gcc.dg/vect/vect-outer-3b.c scan-tree-dump-times vect "strided access in outer loop" 2
FAIL: gcc.dg/vect/vect-reduc-dot-s16b.c scan-tree-dump-times vect "vectorized 1 loops" 0
FAIL: gcc.dg/vect/vect-reduc-dot-s8b.c scan-tree-dump-times vect "vect_recog_widen_mult_pattern: detected" 1
FAIL: gcc.dg/vect/vect-reduc-pattern-1a.c scan-tree-dump-times vect "vectorized 1 loops" 0
FAIL: gcc.dg/vect/vect-reduc-pattern-1b.c scan-tree-dump-times vect "vectorized 1 loops" 0
FAIL: gcc.dg/vect/vect-reduc-pattern-1c.c scan-tree-dump-times vect "vectorized 1 loops" 0
FAIL: gcc.dg/vect/vect-reduc-pattern-2a.c scan-tree-dump-times vect "vectorized 1 loops" 0
FAIL: gcc.dg/vect/vect-reduc-pattern-2b.c scan-tree-dump-times vect "vectorized 1 loops" 0
XPASS: gcc.dg/vect/slp-reduc-3.c scan-tree-dump-times vect "vectorizing stmts using SLP" 1
FAIL: gcc.dg/vect/no-vfa-vect-101.c scan-tree-dump-times vect "can't determine dependence" 1
FAIL: gcc.dg/vect/no-vfa-vect-102.c scan-tree-dump-times vect "possible dependence between data-refs" 1
FAIL: gcc.dg/vect/no-vfa-vect-102a.c scan-tree-dump-times vect "possible dependence between data-refs" 1
FAIL: gcc.dg/vect/no-vfa-vect-37.c scan-tree-dump-times vect "can't determine dependence" 2
FAIL: gcc.dg/vect/no-vfa-vect-79.c scan-tree-dump-times vect "can't determine dependence" 1
FAIL: gcc.dg/vect/wrapv-vect-reduc-pattern-2c.c scan-tree-dump-times vect "vectorized 1 loops" 0
XPASS: gcc.dg/vect/no-scevccp-outer-16.c scan-tree-dump-times vect "OUTER LOOP VECTORIZED." 1
XPASS: gcc.dg/vect/no-scevccp-outer-17.c scan-tree-dump-times vect "OUTER LOOP VECTORIZED." 1
XPASS: gcc.dg/vect/no-scevccp-outer-19.c scan-tree-dump-times vect "OUTER LOOP VECTORIZED." 1
XPASS: gcc.dg/vect/no-scevccp-outer-21.c scan-tree-dump-times vect "OUTER LOOP VECTORIZED." 1
XPASS: gcc.dg/vect/no-scevccp-outer-6-global.c scan-tree-dump-times vect "OUTER LOOP VECTORIZED." 1
FAIL: gcc.target/arm/pr40457-2.c scan-assembler stm
FAIL: gcc.target/arm/sibcall-1.c scan-assembler \\tb\\tfunc2(\\\\(PLT\\\\))?\\n
FAIL: gcc.target/arm/tlscall.c (test for excess errors)
FAIL: gcc.target/arm/neon/vld1Q_dups64.c (test for excess errors)
FAIL: gcc.target/arm/neon/vld1Q_dupu64.c (test for excess errors)
FAIL: gcc.target/arm/neon/vld1Q_lanes64.c (test for excess errors)
FAIL: gcc.target/arm/neon/vld1Q_laneu64.c (test for excess errors)
FAIL: gcc.target/arm/neon/vld1Qs64.c (test for excess errors)
FAIL: gcc.target/arm/neon/vld1Qu64.c (test for excess errors)
FAIL: gcc.target/arm/neon/vld1_dups64.c (test for excess errors)
FAIL: gcc.target/arm/neon/vld1_dupu64.c (test for excess errors)
FAIL: gcc.target/arm/neon/vld1_lanes64.c (test for excess errors)
FAIL: gcc.target/arm/neon/vld1_laneu64.c (test for excess errors)
FAIL: gcc.target/arm/neon/vld1s64.c (test for excess errors)
FAIL: gcc.target/arm/neon/vld1u64.c (test for excess errors)
FAIL: gcc.target/arm/neon/vld2_dups64.c (test for excess errors)
FAIL: gcc.target/arm/neon/vld2_dupu64.c (test for excess errors)
FAIL: gcc.target/arm/neon/vld2s64.c (test for excess errors)
FAIL: gcc.target/arm/neon/vld2u64.c (test for excess errors)
FAIL: gcc.target/arm/neon/vld3_dups64.c (test for excess errors)
FAIL: gcc.target/arm/neon/vld3_dupu64.c (test for excess errors)
FAIL: gcc.target/arm/neon/vld3s64.c (test for excess errors)
FAIL: gcc.target/arm/neon/vld3u64.c (test for excess errors)
FAIL: gcc.target/arm/neon/vld4_dups64.c (test for excess errors)
FAIL: gcc.target/arm/neon/vld4_dupu64.c (test for excess errors)
FAIL: gcc.target/arm/neon/vld4s64.c (test for excess errors)
FAIL: gcc.target/arm/neon/vld4u64.c (test for excess errors)
FAIL: gcc.target/arm/neon/vst1Q_lanes64.c (test for excess errors)
FAIL: gcc.target/arm/neon/vst1Q_laneu64.c (test for excess errors)
FAIL: gcc.target/arm/neon/vst1Qs64.c (test for excess errors)
FAIL: gcc.target/arm/neon/vst1Qu64.c (test for excess errors)
FAIL: gcc.target/arm/neon/vst1_lanes64.c (test for excess errors)
FAIL: gcc.target/arm/neon/vst1_laneu64.c (test for excess errors)
FAIL: gcc.target/arm/neon/vst1s64.c (test for excess errors)
FAIL: gcc.target/arm/neon/vst1u64.c (test for excess errors)
FAIL: gcc.target/arm/neon/vst2s64.c (test for excess errors)
FAIL: gcc.target/arm/neon/vst2u64.c (test for excess errors)
FAIL: gcc.target/arm/neon/vst3s64.c (test for excess errors)
FAIL: gcc.target/arm/neon/vst3u64.c (test for excess errors)
FAIL: gcc.target/arm/neon/vst4s64.c (test for excess errors)
FAIL: gcc.target/arm/neon/vst4u64.c (test for excess errors)
=== gcc Summary ===
# of expected passes 66844
# of unexpected failures 194
# of unexpected successes 16
# of expected failures 200
# of unsupported tests 1345
/mnt/scratch/objdir47/gcc/xgcc version 4.7.0 20111022 (experimental) (GCC)
=== gfortran tests ===
Running target unix
FAIL: gfortran.dg/select_type_12.f03 -O (internal compiler error)
FAIL: gfortran.dg/select_type_12.f03 -O (test for excess errors)
FAIL: gfortran.dg/vect/pr19049.f90 -O scan-tree-dump-times vect "complicated access pattern" 1
=== gfortran Summary ===
# of expected passes 38489
# of unexpected failures 3
# of expected failures 41
# of unsupported tests 385
/mnt/scratch/objdir47/gcc/testsuite/gfortran/../../gfortran version 4.7.0 20111022 (experimental) (GCC)
=== gnat tests ===
Running target unix
=== gnat Summary ===
# of expected passes 924
# of expected failures 12
# of unsupported tests 11
/mnt/scratch/objdir47/gcc/gnatmake version 4.7.0 20111022 (experimental)
Compiler version: 4.7.0 20111022 (experimental)
Platform: armv5tel-brewer-linux-gnueabi
configure flags: --prefix=/mnt/scratch/install47 --enable-bootstrap --enable-shared --enable-threads=posix --enable-checking=release --with-system-zlib --enable-__cxa_atexit --disable-libunwind-exceptions --enable-languages=c,c++,fortran,ada --enable-java-awt=gtk --disable-dssi --with-java-home=/usr/lib/jvm/java-1.5.0-gcj-1.5.0.0/jre --enable-libgcj-multifile --disable-java-maintainer-mode --with-ecj-jar=/usr/share/java/eclipse-ecj.jar --disable-libjava-multilib --disable-sjlj-exceptions --with-arch=armv5te --with-tune=xscale --build=armv5tel-brewer-linux-gnueabi --with-gmp=/home/mikpe/pkgs/linux-armv5l/gmp-5.0.2 --with-mpfr=/home/mikpe/pkgs/linux-armv5l/mpfr-3.0.1 --with-mpc=/home/mikpe/pkgs/linux-armv5l/mpc-0.9 --disable-plugin --disable-lto --disable-libmudflap --disable-build-poststage1-with-cxx
BOOT_CFLAGS=-g -O2