This is the mail archive of the
gcc-testresults@gcc.gnu.org
mailing list for the GCC project.
Results for 4.7.0 20111021 (experimental) [trunk revision 180287] (GCC) testsuite on alpha-dec-osf5.1b
- From: <ro at smtp-relay dot CeBiTec dot Uni-Bielefeld dot DE>
- To: gcc-testresults at gcc dot gnu dot org
- Date: Mon, 24 Oct 2011 13:19:44 +0200 (MEST)
- Subject: Results for 4.7.0 20111021 (experimental) [trunk revision 180287] (GCC) testsuite on alpha-dec-osf5.1b
LAST_UPDATED: Fri Oct 21 08:45:18 UTC 2011 (revision 180287)
Native configuration is alpha-dec-osf5.1b
=== boehm-gc tests ===
Running target unix
=== boehm-gc Summary ===
# of expected passes 12
# of unsupported tests 1
=== libffi tests ===
Running target unix
=== libffi Summary ===
# of expected passes 1634
# of expected failures 10
# of unsupported tests 15
=== libgomp tests ===
Running target unix
FAIL: libgomp.c++/pr24455.C -O0 (test for excess errors)
WARNING: libgomp.c++/pr24455.C -O0 compilation failed to produce executable
FAIL: libgomp.c++/pr24455.C -O1 (test for excess errors)
WARNING: libgomp.c++/pr24455.C -O1 compilation failed to produce executable
FAIL: libgomp.c++/pr24455.C -O2 (test for excess errors)
WARNING: libgomp.c++/pr24455.C -O2 compilation failed to produce executable
FAIL: libgomp.c++/pr24455.C -O3 -fomit-frame-pointer (test for excess errors)
WARNING: libgomp.c++/pr24455.C -O3 -fomit-frame-pointer compilation failed to produce executable
FAIL: libgomp.c++/pr24455.C -O3 -fomit-frame-pointer -funroll-loops (test for excess errors)
WARNING: libgomp.c++/pr24455.C -O3 -fomit-frame-pointer -funroll-loops compilation failed to produce executable
FAIL: libgomp.c++/pr24455.C -O3 -fomit-frame-pointer -funroll-all-loops -finline-functions (test for excess errors)
WARNING: libgomp.c++/pr24455.C -O3 -fomit-frame-pointer -funroll-all-loops -finline-functions compilation failed to produce executable
FAIL: libgomp.c++/pr24455.C -O3 -g (test for excess errors)
WARNING: libgomp.c++/pr24455.C -O3 -g compilation failed to produce executable
FAIL: libgomp.c++/pr24455.C -Os (test for excess errors)
WARNING: libgomp.c++/pr24455.C -Os compilation failed to produce executable
FAIL: libgomp.fortran/threadprivate4.f90 -O0 (test for excess errors)
WARNING: libgomp.fortran/threadprivate4.f90 -O0 compilation failed to produce executable
FAIL: libgomp.fortran/threadprivate4.f90 -O1 (test for excess errors)
WARNING: libgomp.fortran/threadprivate4.f90 -O1 compilation failed to produce executable
FAIL: libgomp.fortran/threadprivate4.f90 -O2 (test for excess errors)
WARNING: libgomp.fortran/threadprivate4.f90 -O2 compilation failed to produce executable
FAIL: libgomp.fortran/threadprivate4.f90 -O3 -fomit-frame-pointer (test for excess errors)
WARNING: libgomp.fortran/threadprivate4.f90 -O3 -fomit-frame-pointer compilation failed to produce executable
FAIL: libgomp.fortran/threadprivate4.f90 -O3 -fomit-frame-pointer -funroll-loops (test for excess errors)
WARNING: libgomp.fortran/threadprivate4.f90 -O3 -fomit-frame-pointer -funroll-loops compilation failed to produce executable
FAIL: libgomp.fortran/threadprivate4.f90 -O3 -fomit-frame-pointer -funroll-all-loops -finline-functions (test for excess errors)
WARNING: libgomp.fortran/threadprivate4.f90 -O3 -fomit-frame-pointer -funroll-all-loops -finline-functions compilation failed to produce executable
FAIL: libgomp.fortran/threadprivate4.f90 -O3 -g (test for excess errors)
WARNING: libgomp.fortran/threadprivate4.f90 -O3 -g compilation failed to produce executable
FAIL: libgomp.fortran/threadprivate4.f90 -Os (test for excess errors)
WARNING: libgomp.fortran/threadprivate4.f90 -Os compilation failed to produce executable
WARNING: program timed out.
FAIL: libgomp.fortran/vla3.f90 -O3 -fomit-frame-pointer -funroll-all-loops -finline-functions (test for excess errors)
WARNING: libgomp.fortran/vla3.f90 -O3 -fomit-frame-pointer -funroll-all-loops -finline-functions compilation failed to produce executable
WARNING: program timed out.
FAIL: libgomp.fortran/vla3.f90 -O3 -g (test for excess errors)
WARNING: libgomp.fortran/vla3.f90 -O3 -g compilation failed to produce executable
WARNING: program timed out.
WARNING: libgomp.fortran/vla4.f90 -O3 -fomit-frame-pointer compilation failed to produce executable
WARNING: program timed out.
WARNING: libgomp.fortran/vla4.f90 -O3 -fomit-frame-pointer -funroll-loops compilation failed to produce executable
WARNING: program timed out.
WARNING: libgomp.fortran/vla4.f90 -O3 -fomit-frame-pointer -funroll-all-loops -finline-functions compilation failed to produce executable
WARNING: program timed out.
WARNING: libgomp.fortran/vla5.f90 -O3 -fomit-frame-pointer -funroll-loops compilation failed to produce executable
WARNING: program timed out.
WARNING: libgomp.fortran/vla5.f90 -O3 -fomit-frame-pointer -funroll-all-loops -finline-functions compilation failed to produce executable
WARNING: program timed out.
WARNING: libgomp.fortran/vla5.f90 -O3 -g compilation failed to produce executable
=== libgomp Summary ===
# of expected passes 2900
# of unexpected failures 18
# of unsupported tests 3
=== libjava tests ===
Running target unix
=== libjava Summary ===
# of expected passes 2574
=== libstdc++ tests ===
Running target unix
=== libstdc++ Summary ===
# of expected passes 7129
# of expected failures 45
# of unsupported tests 821
=== libstdc++ Summary ===
=== acats tests ===
FAIL: c250002
FAIL: cd5011m
FAIL: cxa5a03
FAIL: cxg2017
FAIL: cxg2020
=== acats Summary ===
# of expected passes 2316
# of unexpected failures 5
=== g++ tests ===
Running target unix
FAIL: g++.dg/bprob/g++-bprob-2.C compilation, -g -fbranch-probabilities
UNRESOLVED: g++.dg/bprob/g++-bprob-2.C execution, -g -fbranch-probabilities
FAIL: g++.dg/bprob/g++-bprob-2.C compilation, -O0 -fbranch-probabilities
UNRESOLVED: g++.dg/bprob/g++-bprob-2.C execution, -O0 -fbranch-probabilities
FAIL: g++.dg/bprob/g++-bprob-2.C compilation, -O1 -fbranch-probabilities
UNRESOLVED: g++.dg/bprob/g++-bprob-2.C execution, -O1 -fbranch-probabilities
FAIL: g++.dg/bprob/g++-bprob-2.C compilation, -O2 -fbranch-probabilities
UNRESOLVED: g++.dg/bprob/g++-bprob-2.C execution, -O2 -fbranch-probabilities
FAIL: g++.dg/bprob/g++-bprob-2.C compilation, -O3 -fbranch-probabilities
UNRESOLVED: g++.dg/bprob/g++-bprob-2.C execution, -O3 -fbranch-probabilities
FAIL: g++.dg/bprob/g++-bprob-2.C compilation, -O3 -g -fbranch-probabilities
UNRESOLVED: g++.dg/bprob/g++-bprob-2.C execution, -O3 -g -fbranch-probabilities
FAIL: g++.dg/bprob/g++-bprob-2.C compilation, -Os -fbranch-probabilities
UNRESOLVED: g++.dg/bprob/g++-bprob-2.C execution, -Os -fbranch-probabilities
FAIL: tmpdir-g++.dg-struct-layout-1/t027 cp_compat_x_tst.o-cp_compat_y_tst.o execute
FAIL: g++.dg/abi/thunk5.C scan-assembler weak.*ZTv
WARNING: g++.dg/ext/label13.C compilation failed to produce executable
FAIL: g++.dg/init/copy7.C execution test
FAIL: g++.dg/other/unused1.C scan-assembler (string|ascii?)z?[\\t ]"printer("|\\\\\\\\0)
FAIL: c-c++-common/simulate-thread/bitfields-1.c -O0 -g
FAIL: c-c++-common/simulate-thread/bitfields-1.c -O1 -g
FAIL: c-c++-common/simulate-thread/bitfields-1.c -O2 -g
FAIL: c-c++-common/simulate-thread/bitfields-1.c -O3 -g
FAIL: c-c++-common/simulate-thread/bitfields-1.c -Os -g
FAIL: c-c++-common/simulate-thread/bitfields-2.c -O0 -g
FAIL: c-c++-common/simulate-thread/bitfields-2.c -O1 -g
FAIL: c-c++-common/simulate-thread/bitfields-2.c -O2 -g
FAIL: c-c++-common/simulate-thread/bitfields-2.c -O3 -g
FAIL: c-c++-common/simulate-thread/bitfields-2.c -Os -g
FAIL: c-c++-common/simulate-thread/bitfields-3.c -O0 -g
FAIL: c-c++-common/simulate-thread/bitfields-3.c -O1 -g
FAIL: c-c++-common/simulate-thread/bitfields-3.c -O2 -g
FAIL: c-c++-common/simulate-thread/bitfields-3.c -O3 -g
FAIL: c-c++-common/simulate-thread/bitfields-3.c -Os -g
FAIL: c-c++-common/simulate-thread/bitfields-4.c -O0 -g
FAIL: c-c++-common/simulate-thread/bitfields-4.c -O1 -g
FAIL: c-c++-common/simulate-thread/bitfields-4.c -O2 -g
FAIL: c-c++-common/simulate-thread/bitfields-4.c -O3 -g
FAIL: c-c++-common/simulate-thread/bitfields-4.c -Os -g
FAIL: g++.dg/tls/diag-1.C (internal compiler error)
FAIL: g++.dg/tls/diag-1.C (test for excess errors)
=== g++ Summary ===
# of expected passes 25569
# of unexpected failures 33
# of expected failures 157
# of unresolved testcases 7
# of unsupported tests 491
/var/gcc/regression/trunk/5.1b-gcc/build/gcc/testsuite/g++/../../g++ version 4.7.0 20111021 (experimental) [trunk revision 180287] (GCC)
=== gcc tests ===
Running target unix
FAIL: tmpdir-gcc.dg-struct-layout-1/t025 c_compat_x_tst.o-c_compat_y_tst.o execute
FAIL: tmpdir-gcc.dg-struct-layout-1/t027 c_compat_x_tst.o-c_compat_y_tst.o execute
FAIL: tmpdir-gcc.dg-struct-layout-1/t028 c_compat_x_tst.o-c_compat_y_tst.o execute
FAIL: gcc.dg/array-quals-1.c scan-assembler-not \\\\.data(?!\\\\.rel\\\\.ro)
FAIL: gcc.dg/pr44194-1.c scan-rtl-dump dse1 "global deletions = 2"
WARNING: program timed out.
FAIL: gcc.dg/struct-by-value-1.c (test for excess errors)
WARNING: gcc.dg/struct-by-value-1.c compilation failed to produce executable
FAIL: c-c++-common/simulate-thread/bitfields-1.c -O0 -g
FAIL: c-c++-common/simulate-thread/bitfields-1.c -O1 -g
FAIL: c-c++-common/simulate-thread/bitfields-1.c -O2 -g
FAIL: c-c++-common/simulate-thread/bitfields-1.c -O3 -g
FAIL: c-c++-common/simulate-thread/bitfields-1.c -Os -g
FAIL: c-c++-common/simulate-thread/bitfields-2.c -O0 -g
FAIL: c-c++-common/simulate-thread/bitfields-2.c -O1 -g
FAIL: c-c++-common/simulate-thread/bitfields-2.c -O2 -g
FAIL: c-c++-common/simulate-thread/bitfields-2.c -O3 -g
FAIL: c-c++-common/simulate-thread/bitfields-2.c -Os -g
FAIL: c-c++-common/simulate-thread/bitfields-3.c -O0 -g
FAIL: c-c++-common/simulate-thread/bitfields-3.c -O1 -g
FAIL: c-c++-common/simulate-thread/bitfields-3.c -O2 -g
FAIL: c-c++-common/simulate-thread/bitfields-3.c -O3 -g
FAIL: c-c++-common/simulate-thread/bitfields-3.c -Os -g
FAIL: c-c++-common/simulate-thread/bitfields-4.c -O0 -g
FAIL: c-c++-common/simulate-thread/bitfields-4.c -O1 -g
FAIL: c-c++-common/simulate-thread/bitfields-4.c -O2 -g
FAIL: c-c++-common/simulate-thread/bitfields-4.c -O3 -g
FAIL: c-c++-common/simulate-thread/bitfields-4.c -Os -g
FAIL: gcc.dg/tree-ssa/vrp47.c scan-tree-dump-times dom1 "x[^ ]* & y" 1
=== gcc Summary ===
# of expected passes 59365
# of unexpected failures 27
# of expected failures 107
# of unsupported tests 1153
/var/gcc/regression/trunk/5.1b-gcc/build/gcc/xgcc version 4.7.0 20111021 (experimental) [trunk revision 180287] (GCC)
=== gfortran tests ===
Running target unix
FAIL: gfortran.dg/coarray/lock_1.f90 -fcoarray=lib -O2 -lcaf_single execution test
FAIL: gfortran.dg/bessel_6.f90 -O0 execution test
FAIL: gfortran.dg/bessel_6.f90 -O1 execution test
FAIL: gfortran.dg/bessel_6.f90 -O2 execution test
FAIL: gfortran.dg/bessel_6.f90 -O3 -fomit-frame-pointer execution test
FAIL: gfortran.dg/bessel_6.f90 -O3 -fomit-frame-pointer -funroll-loops execution test
FAIL: gfortran.dg/bessel_6.f90 -O3 -fomit-frame-pointer -funroll-all-loops -finline-functions execution test
FAIL: gfortran.dg/bessel_6.f90 -O3 -g execution test
FAIL: gfortran.dg/bessel_6.f90 -Os execution test
FAIL: gfortran.dg/large_real_kind_2.F90 -O0 execution test
FAIL: gfortran.dg/large_real_kind_2.F90 -O1 execution test
FAIL: gfortran.dg/large_real_kind_2.F90 -O2 execution test
FAIL: gfortran.dg/large_real_kind_2.F90 -O3 -fomit-frame-pointer execution test
FAIL: gfortran.dg/large_real_kind_2.F90 -O3 -fomit-frame-pointer -funroll-loops execution test
FAIL: gfortran.dg/large_real_kind_2.F90 -O3 -fomit-frame-pointer -funroll-all-loops -finline-functions execution test
FAIL: gfortran.dg/large_real_kind_2.F90 -O3 -g execution test
FAIL: gfortran.dg/large_real_kind_2.F90 -Os execution test
FAIL: gfortran.dg/nint_2.f90 -O0 execution test
FAIL: gfortran.dg/pr45636.f90 -O scan-tree-dump-times forwprop2 "memset" 0
FAIL: gfortran.dg/realloc_on_assign_5.f03 -O0 execution test
FAIL: gfortran.dg/realloc_on_assign_5.f03 -O1 execution test
FAIL: gfortran.dg/realloc_on_assign_5.f03 -O2 execution test
FAIL: gfortran.dg/realloc_on_assign_5.f03 -O3 -fomit-frame-pointer execution test
FAIL: gfortran.dg/realloc_on_assign_5.f03 -O3 -fomit-frame-pointer -funroll-loops execution test
FAIL: gfortran.dg/realloc_on_assign_5.f03 -O3 -fomit-frame-pointer -funroll-all-loops -finline-functions execution test
FAIL: gfortran.dg/realloc_on_assign_5.f03 -O3 -g execution test
FAIL: gfortran.dg/realloc_on_assign_5.f03 -Os execution test
FAIL: gfortran.dg/select_type_12.f03 -O (internal compiler error)
FAIL: gfortran.dg/select_type_12.f03 -O (test for excess errors)
=== gfortran Summary ===
# of expected passes 39464
# of unexpected failures 29
# of expected failures 41
# of unsupported tests 80
/var/gcc/regression/trunk/5.1b-gcc/build/gcc/testsuite/gfortran/../../gfortran version 4.7.0 20111021 (experimental) [trunk revision 180287] (GCC)
=== gnat tests ===
Running target unix
FAIL: gnat.dg/frame_overflow.adb (test for errors, line 14)
FAIL: gnat.dg/frame_overflow.adb (test for excess errors)
=== gnat Summary ===
# of expected passes 925
# of unexpected failures 2
# of expected failures 11
# of unsupported tests 11
/var/gcc/regression/trunk/5.1b-gcc/build/gcc/gnatmake version 4.7.0 20111021 (experimental) [trunk revision 180287]
=== obj-c++ tests ===
Running target unix
=== obj-c++ Summary ===
# of expected passes 1400
# of expected failures 10
# of unsupported tests 69
/var/gcc/regression/trunk/5.1b-gcc/build/gcc/testsuite/obj-c++/../../g++ version 4.7.0 20111021 (experimental) [trunk revision 180287] (GCC)
=== objc tests ===
Running target unix
=== objc Summary ===
# of expected passes 2918
# of unsupported tests 66
/var/gcc/regression/trunk/5.1b-gcc/build/gcc/xgcc version 4.7.0 20111021 (experimental) [trunk revision 180287] (GCC)
Compiler version: 4.7.0 20111021 (experimental) [trunk revision 180287] (GCC)
Platform: alpha-dec-osf5.1b
configure flags: --prefix=/vol/gcc --target=alpha-dec-osf5.1b --enable-checking=release --enable-objc-gc --enable-obsolete --with-gmp-include=/vol/gcc/include --with-gmp-lib=/vol/gcc/lib --with-mpfr-include=/vol/gcc/include --with-mpfr-lib=/vol/gcc/lib --with-mpc-include=/vol/gcc/include --with-mpc-lib=/vol/gcc/lib --enable-languages=all,ada,obj-c++ --build=alpha-dec-osf5.1b --host=alpha-dec-osf5.1b
BOOT_CFLAGS=-g -O2