This is the mail archive of the
gcc-testresults@gcc.gnu.org
mailing list for the GCC project.
Results for 4.6.2 20111014 (prerelease) [gcc-4_6-branch revision 179974] (GCC) testsuite on sparc-sun-solaris2.8
- From: Rainer Orth <ro at CeBiTec dot Uni-Bielefeld dot DE>
- To: gcc-testresults at gcc dot gnu dot org
- Date: Mon, 17 Oct 2011 13:24:32 +0200 (MEST)
- Subject: Results for 4.6.2 20111014 (prerelease) [gcc-4_6-branch revision 179974] (GCC) testsuite on sparc-sun-solaris2.8
LAST_UPDATED: Fri Oct 14 15:18:38 UTC 2011 (revision 179974)
=== acats tests ===
=== acats Summary ===
# of expected passes 2321
# of unexpected failures 0
Native configuration is sparc-sun-solaris2.8
=== g++ tests ===
Running target unix
XPASS: g++.dg/uninit-pred-3_b.C (test for excess errors)
WARNING: program timed out.
FAIL: g++.dg/lto/20091219 cp_lto_20091219_0.o-cp_lto_20091219_0.o link, -O3 -flto
UNRESOLVED: g++.dg/lto/20091219 cp_lto_20091219_0.o-cp_lto_20091219_0.o execute -O3 -flto
FAIL: g++.dg/torture/pr31863.C -O2 -flto (test for excess errors)
=== g++ Summary for unix ===
# of expected passes 26407
# of unexpected failures 2
# of unexpected successes 1
# of expected failures 169
# of unresolved testcases 1
# of unsupported tests 496
Running target unix/-m64
XPASS: g++.dg/uninit-pred-3_b.C (test for excess errors)
FAIL: g++.dg/lto/20091219 cp_lto_20091219_0.o-cp_lto_20091219_0.o link, -O3 -flto
UNRESOLVED: g++.dg/lto/20091219 cp_lto_20091219_0.o-cp_lto_20091219_0.o execute -O3 -flto
FAIL: g++.dg/torture/pr31863.C -O2 -flto (test for excess errors)
=== g++ Summary for unix/-m64 ===
# of expected passes 27019
# of unexpected failures 2
# of unexpected successes 1
# of expected failures 169
# of unresolved testcases 1
# of unsupported tests 493
=== g++ Summary ===
# of expected passes 53426
# of unexpected failures 4
# of unexpected successes 2
# of expected failures 338
# of unresolved testcases 2
# of unsupported tests 989
/var/gcc/regression/gcc-4.6-branch/8-gcc/build/gcc/testsuite/g++/../../g++ version 4.6.2 20111014 (prerelease) [gcc-4_6-branch revision 179974] (GCC)
=== gcc tests ===
Running target unix
FAIL: gcc.dg/ipa/ipa-sra-2.c scan-tree-dump eipa_sra "About to replace expr cow_.*D.->red with \\*ISRA"
FAIL: gcc.dg/ipa/ipa-sra-2.c scan-tree-dump eipa_sra "About to replace expr cow_.*D.->green with ISRA"
FAIL: gcc.dg/ipa/ipa-sra-2.c scan-tree-dump eipa_sra "About to replace expr calf_.*D.->red with \\*ISRA"
FAIL: gcc.dg/ipa/ipa-sra-2.c scan-tree-dump eipa_sra "About to replace expr calf_.*D.->green with ISRA"
FAIL: gcc.dg/ipa/ipa-sra-6.c scan-tree-dump-times eipa_sra "foo " 1
FAIL: gcc.dg/lto/20110201-1 c_lto_20110201-1_0.o-c_lto_20110201-1_0.o link, -O0 -flto
UNRESOLVED: gcc.dg/lto/20110201-1 c_lto_20110201-1_0.o-c_lto_20110201-1_0.o execute -O0 -flto
=== gcc Summary for unix ===
# of expected passes 70024
# of unexpected failures 6
# of expected failures 235
# of unresolved testcases 1
# of unsupported tests 1238
Running target unix/-m64
FAIL: gcc.dg/ipa/ipa-sra-2.c scan-tree-dump eipa_sra "About to replace expr cow_.*D.->red with \\*ISRA"
FAIL: gcc.dg/ipa/ipa-sra-2.c scan-tree-dump eipa_sra "About to replace expr cow_.*D.->green with ISRA"
FAIL: gcc.dg/ipa/ipa-sra-2.c scan-tree-dump eipa_sra "About to replace expr calf_.*D.->red with \\*ISRA"
FAIL: gcc.dg/ipa/ipa-sra-2.c scan-tree-dump eipa_sra "About to replace expr calf_.*D.->green with ISRA"
FAIL: gcc.dg/ipa/ipa-sra-6.c scan-tree-dump-times eipa_sra "foo " 1
=== gcc Summary for unix/-m64 ===
# of expected passes 70613
# of unexpected failures 5
# of expected failures 227
# of unsupported tests 1240
=== gcc Summary ===
# of expected passes 140637
# of unexpected failures 11
# of expected failures 462
# of unresolved testcases 1
# of unsupported tests 2478
/var/gcc/regression/gcc-4.6-branch/8-gcc/build/gcc/xgcc version 4.6.2 20111014 (prerelease) [gcc-4_6-branch revision 179974] (GCC)
=== gfortran tests ===
Running target unix
=== gfortran Summary for unix ===
# of expected passes 38205
# of expected failures 43
# of unsupported tests 396
Running target unix/-m64
=== gfortran Summary for unix/-m64 ===
# of expected passes 38484
# of expected failures 43
# of unsupported tests 259
=== gfortran Summary ===
# of expected passes 76689
# of expected failures 86
# of unsupported tests 655
/var/gcc/regression/gcc-4.6-branch/8-gcc/build/gcc/testsuite/gfortran/../../gfortran version 4.6.2 20111014 (prerelease) [gcc-4_6-branch revision 179974] (GCC)
=== gnat tests ===
Running target unix
=== gnat Summary for unix ===
# of expected passes 871
# of expected failures 10
# of unsupported tests 4
Running target unix/-m64
=== gnat Summary for unix/-m64 ===
# of expected passes 871
# of expected failures 10
# of unsupported tests 4
=== gnat Summary ===
# of expected passes 1742
# of expected failures 20
# of unsupported tests 8
/var/gcc/regression/gcc-4.6-branch/8-gcc/build/gcc/gnatmake version 4.6.2 20111014 (prerelease) [gcc-4_6-branch revision 179974]
=== objc tests ===
Running target unix
=== objc Summary for unix ===
# of expected passes 2916
# of expected failures 10
# of unsupported tests 74
Running target unix/-m64
=== objc Summary for unix/-m64 ===
# of expected passes 2916
# of expected failures 10
# of unsupported tests 74
=== objc Summary ===
# of expected passes 5832
# of expected failures 20
# of unsupported tests 148
/var/gcc/regression/gcc-4.6-branch/8-gcc/build/gcc/xgcc version 4.6.2 20111014 (prerelease) [gcc-4_6-branch revision 179974] (GCC)
=== libffi tests ===
Running target unix
=== libffi Summary for unix ===
# of expected passes 1634
# of expected failures 10
# of unsupported tests 15
Running target unix/-m64
=== libffi Summary for unix/-m64 ===
# of expected passes 1634
# of expected failures 10
# of unsupported tests 15
=== libffi Summary ===
# of expected passes 3268
# of expected failures 20
# of unsupported tests 30
=== libgomp tests ===
Running target unix
=== libgomp Summary for unix ===
# of expected passes 2612
# of unsupported tests 10
Running target unix/-m64
=== libgomp Summary for unix/-m64 ===
# of expected passes 2612
# of unsupported tests 10
=== libgomp Summary ===
# of expected passes 5224
# of unsupported tests 20
=== libjava tests ===
Running target unix
FAIL: InvokeInterface execution - source compiled test
FAIL: InvokeInterface -O3 execution - source compiled test
=== libjava Summary for unix ===
# of expected passes 2570
# of unexpected failures 2
# of untested testcases 2
Running target unix/-m64
FAIL: InvokeInterface execution - source compiled test
FAIL: InvokeInterface -O3 execution - source compiled test
=== libjava Summary for unix/-m64 ===
# of expected passes 2570
# of unexpected failures 2
# of untested testcases 2
=== libjava Summary ===
# of expected passes 5140
# of unexpected failures 4
# of untested testcases 4
=== libstdc++ tests ===
Running target unix
=== libstdc++ Summary for unix ===
# of expected passes 6881
# of expected failures 84
# of unsupported tests 742
Running target unix/-m64
=== libstdc++ Summary for unix/-m64 ===
# of expected passes 6881
# of expected failures 84
# of unsupported tests 742
=== libstdc++ Summary ===
# of expected passes 13762
# of expected failures 168
# of unsupported tests 1484
Compiler version: 4.6.2 20111014 (prerelease) [gcc-4_6-branch revision 179974] (GCC)
Platform: sparc-sun-solaris2.8
configure flags: --prefix=/vol/gcc --target=sparc-sun-solaris2.8 --with-gmp-include=/vol/gcc/include --with-gmp-lib=/vol/gcc/lib --with-mpfr-include=/vol/gcc/include --with-mpfr-lib=/vol/gcc/lib --with-mpc-include=/vol/gcc/include --with-mpc-lib=/vol/gcc/lib --enable-languages=all,ada --without-ppl --without-cloog
BOOT_CFLAGS=-g -O2