This is the mail archive of the
gcc-testresults@gcc.gnu.org
mailing list for the GCC project.
Results for 4.7.0 20111014 (experimental) [trunk revision 179988] (GCC) testsuite on i386-pc-solaris2.8
- From: <ro at smtp-relay dot CeBiTec dot Uni-Bielefeld dot DE>
- To: gcc-testresults at gcc dot gnu dot org
- Date: Mon, 17 Oct 2011 12:36:34 +0200 (MEST)
- Subject: Results for 4.7.0 20111014 (experimental) [trunk revision 179988] (GCC) testsuite on i386-pc-solaris2.8
LAST_UPDATED: Fri Oct 14 15:17:30 UTC 2011 (revision 179988)
=== acats tests ===
=== acats Summary ===
# of expected passes 2321
# of unexpected failures 0
Native configuration is i386-pc-solaris2.8
=== g++ tests ===
Running target unix
=== g++ Summary ===
# of expected passes 27814
# of expected failures 157
# of unsupported tests 197
/var/gcc/regression/trunk/8-gcc-gas-gld/build/gcc/testsuite/g++/../../g++ version 4.7.0 20111014 (experimental) [trunk revision 179988] (GCC)
=== gcc tests ===
Running target unix
FAIL: gcc.dg/lto/20081201-2 c_lto_20081201-2_0.o-c_lto_20081201-2_1.o execute -O3 -flto -flto-partition=1to1
FAIL: gcc.dg/lto/20110201-1 c_lto_20110201-1_0.o-c_lto_20110201-1_0.o link, -O0 -flto
UNRESOLVED: gcc.dg/lto/20110201-1 c_lto_20110201-1_0.o-c_lto_20110201-1_0.o execute -O0 -flto
FAIL: gcc.dg/lto/ipareference2 c_lto_ipareference2_0.o-c_lto_ipareference2_1.o execute -O1 -flto -flto-partition=1to1 -fwhole-program
FAIL: gcc.dg/tree-ssa/vrp47.c scan-tree-dump-times dom1 "x[^ ]* & y" 1
FAIL: gcc.target/i386/warn-vect-op-1.c (test for warnings, line 15)
FAIL: gcc.target/i386/warn-vect-op-1.c (test for excess errors)
FAIL: gcc.target/i386/warn-vect-op-3.c (test for warnings, line 12)
FAIL: gcc.target/i386/warn-vect-op-3.c (test for warnings, line 13)
FAIL: gcc.target/i386/warn-vect-op-3.c (test for excess errors)
=== gcc Summary ===
# of expected passes 79669
# of unexpected failures 9
# of expected failures 245
# of unresolved testcases 1
# of unsupported tests 1307
/var/gcc/regression/trunk/8-gcc-gas-gld/build/gcc/xgcc version 4.7.0 20111014 (experimental) [trunk revision 179988] (GCC)
=== gfortran tests ===
Running target unix
FAIL: gfortran.dg/select_type_12.f03 -O (internal compiler error)
FAIL: gfortran.dg/select_type_12.f03 -O (test for excess errors)
=== gfortran Summary ===
# of expected passes 38797
# of unexpected failures 2
# of expected failures 52
# of unsupported tests 365
/var/gcc/regression/trunk/8-gcc-gas-gld/build/gcc/testsuite/gfortran/../../gfortran version 4.7.0 20111014 (experimental) [trunk revision 179988] (GCC)
=== gnat tests ===
Running target unix
=== gnat Summary ===
# of expected passes 934
# of expected failures 11
# of unsupported tests 6
/var/gcc/regression/trunk/8-gcc-gas-gld/build/gcc/gnatmake version 4.7.0 20111014 (experimental) [trunk revision 179988]
=== go tests ===
Running target unix
FAIL: go.test/test/fixedbugs/bug273.go execution, -O2 -g
=== go Summary ===
# of expected passes 3157
# of unexpected failures 1
# of expected failures 22
# of untested testcases 2
# of unsupported tests 4
/var/gcc/regression/trunk/8-gcc-gas-gld/build/gcc/testsuite/go/../../gccgo version 4.7.0 20111014 (experimental) [trunk revision 179988] (GCC)
=== obj-c++ tests ===
Running target unix
=== obj-c++ Summary ===
# of expected passes 1449
# of expected failures 2
# of unsupported tests 86
/var/gcc/regression/trunk/8-gcc-gas-gld/build/gcc/testsuite/obj-c++/../../g++ version 4.7.0 20111014 (experimental) [trunk revision 179988] (GCC)
=== objc tests ===
Running target unix
=== objc Summary ===
# of expected passes 2988
# of expected failures 6
# of unsupported tests 74
/var/gcc/regression/trunk/8-gcc-gas-gld/build/gcc/xgcc version 4.7.0 20111014 (experimental) [trunk revision 179988] (GCC)
=== boehm-gc tests ===
Running target unix
=== boehm-gc Summary ===
# of expected passes 12
# of unsupported tests 1
=== libffi tests ===
Running target unix
=== libffi Summary ===
# of expected passes 1634
# of expected failures 10
# of unsupported tests 15
=== libgo tests ===
Running target unix
FAIL: http
FAIL: time
FAIL: crypto/rand
=== libgo Summary ===
# of expected passes 132
# of unexpected failures 3
=== libgomp tests ===
Running target unix
FAIL: libgomp.graphite/force-parallel-1.c execution test
=== libgomp Summary ===
# of expected passes 2987
# of unexpected failures 1
# of unsupported tests 3
=== libjava tests ===
Running target unix
FAIL: Divide_1 output - source compiled test
FAIL: Divide_1 -findirect-dispatch output - source compiled test
FAIL: Divide_1 -O3 output - source compiled test
FAIL: Divide_1 -O3 -findirect-dispatch output - source compiled test
=== libjava Summary ===
# of expected passes 2570
# of unexpected failures 4
=== libstdc++ tests ===
Running target unix
=== libstdc++ Summary ===
# of expected passes 7181
# of expected failures 47
# of unsupported tests 797
Compiler version: 4.7.0 20111014 (experimental) [trunk revision 179988] (GCC)
Platform: i386-pc-solaris2.8
configure flags: --prefix=/vol/gcc --target=i386-pc-solaris2.8 --enable-obsolete --enable-objc-gc --with-host-libstdcxx='-L/vol/gcc-4.4/lib -Wl,-Bstatic -lstdc++ -Wl,-Bdynamic -lm' --with-boot-ldflags='-static-libstdc++ -static-libgcc -L/vol/gcc-4.4/lib' --with-as=/vol/gcc/bin/gas-2.21.1 --with-gnu-as --with-ld=/vol/gcc/bin/gld-2.21.1 --with-gnu-ld --with-gmp-include=/vol/gcc/include --with-gmp-lib=/vol/gcc/lib --with-mpfr-include=/vol/gcc/include --with-mpfr-lib=/vol/gcc/lib --with-mpc-include=/vol/gcc/include --with-mpc-lib=/vol/gcc/lib --enable-languages=all,ada,obj-c++,go --with-ppl-include=/vol/gcc/include --with-ppl-lib=/vol/gcc/lib --with-cloog-include=/vol/gcc/include --with-cloog-lib=/vol/gcc/lib --enable-cloog-backend=ppl
BOOT_CFLAGS=-g -O2