This is the mail archive of the gcc-testresults@gcc.gnu.org mailing list for the GCC project.


Index Nav: [Date Index] [Subject Index] [Author Index] [Thread Index]
Message Nav: [Date Prev] [Date Next] [Thread Prev] [Thread Next]
Other format: [Raw text]

Results for 4.7.0 20110803 (experimental) [trunk revision 177255] (GCC) testsuite on hppa2.0w-hp-hpux11.11


Native configuration is hppa2.0w-hp-hpux11.11

		=== g++ tests ===


Running target unix
FAIL: g++.dg/compat/eh/unexpected1 cp_compat_x_tst.o-cp_compat_y_tst.o execute 
FAIL: g++.dg/eh/forced1.C execution test
WARNING: program timed out.
FAIL: g++.dg/eh/ia64-2.C execution test
WARNING: program timed out.
FAIL: g++.dg/eh/simd-1.C execution test
WARNING: program timed out.
FAIL: g++.dg/eh/simd-2.C execution test
FAIL: g++.dg/eh/uncaught1.C execution test
FAIL: g++.dg/eh/unexpected1.C execution test
WARNING: program timed out.
FAIL: g++.dg/ext/cleanup-10.C execution test
WARNING: program timed out.
FAIL: g++.dg/ext/cleanup-11.C execution test
WARNING: program timed out.
FAIL: g++.dg/ext/cleanup-8.C execution test
WARNING: program timed out.
FAIL: g++.dg/ext/cleanup-9.C execution test
WARNING: g++.dg/ext/label13.C compilation failed to produce executable
WARNING: program timed out.
FAIL: g++.dg/opt/eh2.C execution test
WARNING: program timed out.
FAIL: g++.dg/opt/eh3.C execution test
WARNING: program timed out.
FAIL: g++.dg/opt/eh4.C execution test
WARNING: program timed out.
FAIL: g++.dg/opt/pr23478.C execution test
WARNING: program timed out.
WARNING: program timed out.
FAIL: g++.dg/torture/pr49115.C  -O1  execution test
WARNING: program timed out.
FAIL: g++.dg/torture/pr49115.C  -O2  execution test
WARNING: program timed out.
FAIL: g++.dg/torture/pr49115.C  -O3 -fomit-frame-pointer  execution test
WARNING: program timed out.
FAIL: g++.dg/torture/pr49115.C  -O3 -g  execution test
WARNING: program timed out.
FAIL: g++.dg/torture/pr49115.C  -Os  execution test
WARNING: program timed out.
FAIL: g++.dg/tree-prof/indir-call-prof-2.C execution,    -g  -fprofile-use
WARNING: program timed out.
FAIL: g++.dg/tree-prof/indir-call-prof-2.C execution,    -O0  -fprofile-use
WARNING: program timed out.
FAIL: g++.dg/tree-prof/indir-call-prof-2.C execution,    -O1  -fprofile-use
WARNING: program timed out.
FAIL: g++.dg/tree-prof/indir-call-prof-2.C execution,    -O2  -fprofile-use
WARNING: program timed out.
FAIL: g++.dg/tree-prof/indir-call-prof-2.C execution,    -O3  -fprofile-use
WARNING: program timed out.
FAIL: g++.dg/tree-prof/indir-call-prof-2.C execution,    -O3 -g  -fprofile-use
WARNING: program timed out.
FAIL: g++.dg/tree-prof/indir-call-prof-2.C execution,    -Os  -fprofile-use
FAIL: g++.old-deja/g++.eh/badalloc1.C execution test
FAIL: g++.old-deja/g++.eh/fntry1.C execution test
FAIL: g++.old-deja/g++.eh/rethrow1.C execution test
FAIL: g++.old-deja/g++.eh/rethrow2.C execution test
FAIL: g++.old-deja/g++.eh/rethrow3.C execution test
FAIL: g++.old-deja/g++.eh/rethrow4.C execution test
FAIL: g++.old-deja/g++.eh/rethrow5.C execution test
FAIL: g++.old-deja/g++.eh/rethrow6.C execution test
FAIL: g++.old-deja/g++.mike/eh39.C execution test
FAIL: g++.old-deja/g++.mike/eh40.C execution test
WARNING: program timed out.
FAIL: g++.old-deja/g++.mike/eh49.C execution test
FAIL: g++.old-deja/g++.robertl/eb31.C execution test

		=== g++ Summary ===

# of expected passes		23921
# of unexpected failures	39
# of expected failures		158
# of unsupported tests		603
/test/gnu/gcc/objdir/gcc/testsuite/g++/../../g++  version 4.7.0 20110803 (experimental) [trunk revision 177255] (GCC) 

		=== gcc tests ===


Running target unix
FAIL: gcc.c-torture/execute/divconst-2.c compilation,  -O0  (internal compiler error)
UNRESOLVED: gcc.c-torture/execute/divconst-2.c execution,  -O0 
FAIL: gcc.c-torture/execute/divconst-2.c compilation,  -O1  (internal compiler error)
UNRESOLVED: gcc.c-torture/execute/divconst-2.c execution,  -O1 
FAIL: gcc.c-torture/execute/divconst-2.c compilation,  -O2  (internal compiler error)
UNRESOLVED: gcc.c-torture/execute/divconst-2.c execution,  -O2 
FAIL: gcc.c-torture/execute/divconst-2.c compilation,  -O3 -fomit-frame-pointer  (internal compiler error)
UNRESOLVED: gcc.c-torture/execute/divconst-2.c execution,  -O3 -fomit-frame-pointer 
FAIL: gcc.c-torture/execute/divconst-2.c compilation,  -O3 -fomit-frame-pointer -funroll-loops  (internal compiler error)
UNRESOLVED: gcc.c-torture/execute/divconst-2.c execution,  -O3 -fomit-frame-pointer -funroll-loops 
FAIL: gcc.c-torture/execute/divconst-2.c compilation,  -O3 -fomit-frame-pointer -funroll-all-loops -finline-functions  (internal compiler error)
UNRESOLVED: gcc.c-torture/execute/divconst-2.c execution,  -O3 -fomit-frame-pointer -funroll-all-loops -finline-functions 
FAIL: gcc.c-torture/execute/divconst-2.c compilation,  -O3 -g  (internal compiler error)
UNRESOLVED: gcc.c-torture/execute/divconst-2.c execution,  -O3 -g 
FAIL: gcc.c-torture/execute/divconst-2.c compilation,  -Os  (internal compiler error)
UNRESOLVED: gcc.c-torture/execute/divconst-2.c execution,  -Os 
WARNING: program timed out.
FAIL: gcc.dg/cleanup-10.c execution test
WARNING: program timed out.
FAIL: gcc.dg/cleanup-11.c execution test
WARNING: program timed out.
FAIL: gcc.dg/cleanup-12.c execution test
WARNING: program timed out.
FAIL: gcc.dg/cleanup-8.c execution test
WARNING: program timed out.
FAIL: gcc.dg/cleanup-9.c execution test
FAIL: gcc.dg/scal-to-vec2.c (test for excess errors)
WARNING: program timed out.
FAIL: gcc.dg/tree-ssa/ssa-fre-31.c scan-tree-dump-times fre1 "Replaced {" 4
FAIL: gcc.dg/tree-ssa/ssa-fre-31.c scan-tree-dump-times fre1 "Deleted redundant store" 4
FAIL: gcc.dg/tree-ssa/vrp47.c scan-tree-dump-times dom1 "x[^ ]* & y" 1
FAIL: gcc.dg/tree-ssa/vrp47.c scan-tree-dump-times vrp1 "x[^ ]* \\^ 1" 1

		=== gcc Summary ===

# of expected passes		56652
# of unexpected failures	18
# of expected failures		112
# of unresolved testcases	8
# of unsupported tests		1191
/test/gnu/gcc/objdir/gcc/xgcc  version 4.7.0 20110803 (experimental) [trunk revision 177255] (GCC) 

		=== libstdc++ tests ===


Running target unix
WARNING: program timed out.
FAIL: 20_util/function/1.cc execution test
WARNING: program timed out.
WARNING: program timed out.
FAIL: 21_strings/basic_string/requirements/exception/propagation_consistent.cc execution test
WARNING: program timed out.
FAIL: 22_locale/locale/cons/12352.cc execution test
WARNING: program timed out.
FAIL: 22_locale/locale/cons/12438.cc execution test
WARNING: program timed out.
FAIL: 22_locale/numpunct/members/pod/2.cc execution test
WARNING: program timed out.
FAIL: 23_containers/deque/requirements/exception/basic.cc execution test
WARNING: program timed out.
WARNING: program timed out.
FAIL: 23_containers/forward_list/requirements/exception/basic.cc execution test
WARNING: program timed out.
FAIL: 23_containers/forward_list/requirements/exception/propagation_consistent.cc execution test
WARNING: program timed out.
FAIL: 23_containers/list/modifiers/3.cc execution test
WARNING: program timed out.
FAIL: 23_containers/list/requirements/exception/basic.cc execution test
WARNING: program timed out.
FAIL: 23_containers/list/requirements/exception/propagation_consistent.cc execution test
WARNING: program timed out.
FAIL: 23_containers/map/requirements/exception/basic.cc execution test
WARNING: program timed out.
FAIL: 23_containers/map/requirements/exception/propagation_consistent.cc execution test
WARNING: program timed out.
FAIL: 23_containers/multimap/requirements/exception/basic.cc execution test
WARNING: program timed out.
FAIL: 23_containers/multimap/requirements/exception/propagation_consistent.cc execution test
WARNING: program timed out.
FAIL: 23_containers/multiset/requirements/exception/basic.cc execution test
WARNING: program timed out.
FAIL: 23_containers/multiset/requirements/exception/propagation_consistent.cc execution test
WARNING: program timed out.
FAIL: 23_containers/set/requirements/exception/basic.cc execution test
WARNING: program timed out.
FAIL: 23_containers/set/requirements/exception/propagation_consistent.cc execution test
WARNING: program timed out.
FAIL: 23_containers/unordered_map/dr761.cc execution test
WARNING: program timed out.
FAIL: 23_containers/unordered_map/requirements/exception/basic.cc execution test
WARNING: program timed out.
FAIL: 23_containers/unordered_map/requirements/exception/propagation_consistent.cc execution test
WARNING: program timed out.
FAIL: 23_containers/unordered_multimap/requirements/exception/basic.cc execution test
WARNING: program timed out.
FAIL: 23_containers/unordered_multimap/requirements/exception/propagation_consistent.cc execution test
WARNING: program timed out.
FAIL: 23_containers/unordered_multiset/requirements/exception/basic.cc execution test
WARNING: program timed out.
FAIL: 23_containers/unordered_multiset/requirements/exception/propagation_consistent.cc execution test
WARNING: program timed out.
FAIL: 23_containers/unordered_set/requirements/exception/basic.cc execution test
WARNING: program timed out.
FAIL: 23_containers/unordered_set/requirements/exception/propagation_consistent.cc execution test
FAIL: 23_containers/vector/capacity/2.cc execution test
FAIL: 23_containers/vector/cons/4.cc execution test
WARNING: program timed out.
FAIL: 23_containers/vector/requirements/exception/basic.cc execution test
WARNING: program timed out.
FAIL: 23_containers/vector/requirements/exception/propagation_consistent.cc execution test
WARNING: program timed out.
FAIL: 27_io/basic_istream/exceptions/char/9561.cc execution test
WARNING: program timed out.
FAIL: 27_io/basic_istream/exceptions/wchar_t/9561.cc execution test
WARNING: program timed out.
FAIL: 27_io/basic_istream/extractors_arithmetic/char/exceptions_badbit_throw.cc execution test
WARNING: program timed out.
FAIL: 27_io/basic_istream/extractors_arithmetic/char/exceptions_failbit_throw.cc execution test
WARNING: program timed out.
FAIL: 27_io/basic_istream/extractors_arithmetic/wchar_t/exceptions_badbit_throw.cc execution test
WARNING: program timed out.
FAIL: 27_io/basic_istream/extractors_arithmetic/wchar_t/exceptions_failbit_throw.cc execution test
WARNING: program timed out.
FAIL: 27_io/basic_istream/extractors_other/char/error_failbit.cc execution test
WARNING: program timed out.
FAIL: 27_io/basic_istream/extractors_other/char/exceptions_badbit_throw.cc execution test
WARNING: program timed out.
FAIL: 27_io/basic_istream/extractors_other/char/exceptions_failbit_throw.cc execution test
WARNING: program timed out.
FAIL: 27_io/basic_istream/extractors_other/wchar_t/error_failbit.cc execution test
WARNING: program timed out.
FAIL: 27_io/basic_istream/extractors_other/wchar_t/exceptions_badbit_throw.cc execution test
WARNING: program timed out.
FAIL: 27_io/basic_istream/extractors_other/wchar_t/exceptions_failbit_throw.cc execution test
WARNING: program timed out.
FAIL: 27_io/basic_istream/seekg/char/exceptions_badbit_throw.cc execution test
WARNING: program timed out.
FAIL: 27_io/basic_istream/seekg/wchar_t/exceptions_badbit_throw.cc execution test
WARNING: program timed out.
FAIL: 27_io/basic_istream/tellg/char/exceptions_badbit_throw.cc execution test
WARNING: program timed out.
FAIL: 27_io/basic_istream/tellg/wchar_t/exceptions_badbit_throw.cc execution test
WARNING: program timed out.
FAIL: 27_io/basic_ostream/exceptions/char/9561.cc execution test
WARNING: program timed out.
FAIL: 27_io/basic_ostream/exceptions/wchar_t/9561.cc execution test
WARNING: program timed out.
FAIL: 27_io/basic_ostream/flush/char/exceptions_badbit_throw.cc execution test
WARNING: program timed out.
FAIL: 27_io/basic_ostream/flush/wchar_t/exceptions_badbit_throw.cc execution test

Compiler version: 4.7.0 20110803 (experimental) [trunk revision 177255] (GCC) 
Platform: hppa2.0w-hp-hpux11.11
configure flags:Test Run By dave on Fri Oct  7 21:03:40 2011


Index Nav: [Date Index] [Subject Index] [Author Index] [Thread Index]
Message Nav: [Date Prev] [Date Next] [Thread Prev] [Thread Next]