This is the mail archive of the
gcc-testresults@gcc.gnu.org
mailing list for the GCC project.
Results for 4.5.4 20110930 (prerelease) [gcc-4_5-branch revision 179373] (GCC) testsuite on sparc-sun-solaris2.10
- From: ro at CeBiTec dot Uni-Bielefeld dot DE (Rainer Orth)
- To: gcc-testresults at gcc dot gnu dot org
- Date: Tue, 4 Oct 2011 11:59:14 +0200 (CEST)
- Subject: Results for 4.5.4 20110930 (prerelease) [gcc-4_5-branch revision 179373] (GCC) testsuite on sparc-sun-solaris2.10
LAST_UPDATED: Fri Sep 30 15:41:31 UTC 2011 (revision 179373)
=== acats tests ===
=== acats Summary ===
# of expected passes 2321
# of unexpected failures 0
Native configuration is sparc-sun-solaris2.10
=== g++ tests ===
Running target unix
=== g++ Summary for unix ===
# of expected passes 22481
# of expected failures 154
# of unsupported tests 234
Running target unix/-m64
WARNING: program timed out.
FAIL: g++.dg/template/crash51.C (test for errors, line 10)
FAIL: g++.dg/template/crash51.C (test for excess errors)
WARNING: program timed out.
FAIL: g++.old-deja/g++.pt/decl4.C (test for errors, line 6)
FAIL: g++.old-deja/g++.pt/decl4.C (test for excess errors)
=== g++ Summary for unix/-m64 ===
# of expected passes 22438
# of unexpected failures 4
# of expected failures 154
# of unsupported tests 235
=== g++ Summary ===
# of expected passes 44919
# of unexpected failures 4
# of expected failures 308
# of unsupported tests 469
/var/gcc/regression/gcc-4.5-branch/10-gcc/build/gcc/testsuite/g++/../../g++ version 4.5.4 20110930 (prerelease) [gcc-4_5-branch revision 179373] (GCC)
=== gcc tests ===
Running target unix
FAIL: gcc.c-torture/execute/pr27073.c compilation, -O0
UNRESOLVED: gcc.c-torture/execute/pr27073.c execution, -O0
FAIL: gcc.c-torture/execute/pr38819.c execution, -O2
FAIL: gcc.c-torture/execute/pr38819.c execution, -O3 -fomit-frame-pointer
FAIL: gcc.c-torture/execute/pr38819.c execution, -O3 -fomit-frame-pointer -funroll-loops
FAIL: gcc.c-torture/execute/pr38819.c execution, -O3 -fomit-frame-pointer -funroll-all-loops -finline-functions
FAIL: gcc.c-torture/execute/pr38819.c execution, -O3 -g
FAIL: gcc.c-torture/execute/pr38819.c execution, -O2 -flto
FAIL: gcc.c-torture/execute/pr38819.c execution, -O2 -fwhopr
WARNING: program timed out.
FAIL: gcc.dg/lto/20081201-2 c_lto_20081201-2_0.o-c_lto_20081201-2_1.o execute -O3 -fwhopr
=== gcc Summary for unix ===
# of expected passes 65247
# of unexpected failures 9
# of expected failures 195
# of unresolved testcases 1
# of unsupported tests 919
Running target unix/-m64
WARNING: program timed out.
FAIL: gcc.c-torture/execute/ieee/acc1.c compilation, -O3 -g
UNRESOLVED: gcc.c-torture/execute/ieee/acc1.c execution, -O3 -g
WARNING: program timed out.
FAIL: tmpdir-gcc.dg-struct-layout-1/t012 c_compat_main_tst.o compile
WARNING: program timed out.
FAIL: gcc.dg/pr41841.c (test for excess errors)
FAIL: gcc.dg/lto/20081201-2 c_lto_20081201-2_0.o-c_lto_20081201-2_1.o execute -O3 -fwhopr
=== gcc Summary for unix/-m64 ===
# of expected passes 65241
# of unexpected failures 4
# of expected failures 190
# of unresolved testcases 1
# of unsupported tests 927
=== gcc Summary ===
# of expected passes 130488
# of unexpected failures 13
# of expected failures 385
# of unresolved testcases 2
# of unsupported tests 1846
/var/gcc/regression/gcc-4.5-branch/10-gcc/build/gcc/xgcc version 4.5.4 20110930 (prerelease) [gcc-4_5-branch revision 179373] (GCC)
=== gfortran tests ===
Running target unix
FAIL: gfortran.dg/min_max_optional_5.f90 -O1 (test for excess errors)
FAIL: gfortran.dg/typebound_call_1.f03 -O3 -g (test for excess errors)
WARNING: gfortran.dg/typebound_call_1.f03 -O3 -g compilation failed to produce executable
WARNING: program timed out.
WARNING: program timed out.
=== gfortran Summary for unix ===
# of expected passes 34393
# of unexpected failures 2
# of expected failures 23
# of unsupported tests 172
Running target unix/-m64
=== gfortran Summary for unix/-m64 ===
# of expected passes 34579
# of expected failures 23
# of unsupported tests 83
=== gfortran Summary ===
# of expected passes 68972
# of unexpected failures 2
# of expected failures 46
# of unsupported tests 255
/var/gcc/regression/gcc-4.5-branch/10-gcc/build/gcc/testsuite/gfortran/../../gfortran version 4.5.4 20110930 (prerelease) [gcc-4_5-branch revision 179373] (GCC)
=== gnat tests ===
Running target unix
=== gnat Summary for unix ===
# of expected passes 766
# of expected failures 7
# of unsupported tests 2
Running target unix/-m64
=== gnat Summary for unix/-m64 ===
# of expected passes 766
# of expected failures 7
# of unsupported tests 2
=== gnat Summary ===
# of expected passes 1532
# of expected failures 14
# of unsupported tests 4
=== objc tests ===
Running target unix
=== objc Summary for unix ===
# of expected passes 1874
# of expected failures 15
# of unsupported tests 20
Running target unix/-m64
=== objc Summary for unix/-m64 ===
# of expected passes 1874
# of expected failures 15
# of unsupported tests 20
=== objc Summary ===
# of expected passes 3748
# of expected failures 30
# of unsupported tests 40
/var/gcc/regression/gcc-4.5-branch/10-gcc/build/gcc/xgcc version 4.5.4 20110930 (prerelease) [gcc-4_5-branch revision 179373] (GCC)
=== libffi tests ===
Running target unix
=== libffi Summary for unix ===
# of expected passes 1634
# of expected failures 10
# of unsupported tests 15
Running target unix/-m64
=== libffi Summary for unix/-m64 ===
# of expected passes 1634
# of expected failures 10
# of unsupported tests 15
=== libffi Summary ===
# of expected passes 3268
# of expected failures 20
# of unsupported tests 30
=== libgomp tests ===
Running target unix
=== libgomp Summary for unix ===
# of expected passes 2540
# of unsupported tests 9
Running target unix/-m64
=== libgomp Summary for unix/-m64 ===
# of expected passes 2540
# of unsupported tests 9
=== libgomp Summary ===
# of expected passes 5080
# of unsupported tests 18
=== libjava tests ===
Running target unix
WARNING: program timed out.
FAIL: stub -O3 compilation from source
=== libjava Summary for unix ===
# of expected passes 2571
# of unexpected failures 1
# of untested testcases 2
Running target unix/-m64
=== libjava Summary for unix/-m64 ===
# of expected passes 2574
=== libjava Summary ===
# of expected passes 5145
# of unexpected failures 1
# of untested testcases 2
=== libstdc++ tests ===
Running target unix
=== libstdc++ Summary for unix ===
# of expected passes 6698
# of expected failures 93
# of unsupported tests 436
Running target unix/-m64
=== libstdc++ Summary for unix/-m64 ===
# of expected passes 6698
# of expected failures 93
# of unsupported tests 436
=== libstdc++ Summary ===
# of expected passes 13396
# of expected failures 186
# of unsupported tests 872
=== libstdc++ Summary ===
Compiler version: 4.5.4 20110930 (prerelease) [gcc-4_5-branch revision 179373] (GCC)
Platform: sparc-sun-solaris2.10
configure flags: --prefix=/vol/gcc --target=sparc-sun-solaris2.10 --with-gmp-include=/vol/gcc/include --with-gmp-lib=/vol/gcc/lib --with-mpfr-include=/vol/gcc/include --with-mpfr-lib=/vol/gcc/lib --with-mpc-include=/vol/gcc/include --with-mpc-lib=/vol/gcc/lib --enable-languages=all,ada --without-ppl --without-cloog
BOOT_CFLAGS=-g -O2