This is the mail archive of the
gcc-testresults@gcc.gnu.org
mailing list for the GCC project.
Results for 4.7.0 20110930 (experimental) [trunk revision 179375] (GCC) testsuite on x86_64-apple-darwin10.8.0
- From: sean at seanmcgovern dot ca (Sean McGovern)
- To: gcc-testresults at gcc dot gnu dot org
- Date: Sat, 1 Oct 2011 02:30:26 -0400 (EDT)
- Subject: Results for 4.7.0 20110930 (experimental) [trunk revision 179375] (GCC) testsuite on x86_64-apple-darwin10.8.0
\$ uname -a
Darwin homura 10.8.0 Darwin Kernel Version 10.8.0: Tue Jun 7 16:32:41 PDT 2011; root:xnu-1504.15.3~1/RELEASE_X86_64 x86_64
********
LAST_UPDATED: Fri Sep 30 12:43:48 UTC 2011 (revision 179375)
Native configuration is x86_64-apple-darwin10.8.0
=== g++ tests ===
Running target unix/-m32
UNRESOLVED: g++.dg/ext/label13.C compilation failed to produce executable
FAIL: c-c++-common/cxxbitfields-3.c scan-assembler movl.*, var
=== g++ Summary for unix/-m32 ===
# of expected passes 26251
# of unexpected failures 1
# of expected failures 161
# of unresolved testcases 1
# of unsupported tests 216
Running target unix/-m64
UNRESOLVED: g++.dg/ext/label13.C compilation failed to produce executable
FAIL: c-c++-common/cxxbitfields-3.c scan-assembler movl.*, var
=== g++ Summary for unix/-m64 ===
# of expected passes 26564
# of unexpected failures 1
# of expected failures 161
# of unresolved testcases 1
# of unsupported tests 372
=== g++ Summary ===
# of expected passes 52815
# of unexpected failures 2
# of expected failures 322
# of unresolved testcases 2
# of unsupported tests 588
/BUILD/gcc/obj-179375/gcc/testsuite/g++/../../g++ version 4.7.0 20110930 (experimental) [trunk revision 179375] (GCC)
=== gcc tests ===
Running target unix/-m32
XPASS: gcc.dg/uninit-B.c uninit i warning (test for warnings, line 12)
XPASS: gcc.dg/uninit-pr19430.c (test for warnings, line 32)
XPASS: gcc.dg/uninit-pr19430.c uninitialized (test for warnings, line 41)
FAIL: c-c++-common/cxxbitfields-3.c scan-assembler movl.*, var
XPASS: gcc.dg/graphite/interchange-14.c scan-tree-dump-times graphite "will be interchanged" 1
XPASS: gcc.dg/graphite/interchange-15.c scan-tree-dump-times graphite "will be interchanged" 1
XPASS: gcc.dg/graphite/interchange-mvt.c scan-tree-dump-times graphite "will be interchanged" 1
FAIL: gcc.dg/tree-ssa/vrp47.c scan-tree-dump-times dom1 "x[^ ]* & y" 1
=== gcc Summary for unix/-m32 ===
# of expected passes 65949
# of unexpected failures 2
# of unexpected successes 6
# of expected failures 185
# of unsupported tests 1635
Running target unix/-m64
FAIL: gcc.dg/sibcall-6.c execution test
XPASS: gcc.dg/uninit-B.c uninit i warning (test for warnings, line 12)
XPASS: gcc.dg/uninit-pr19430.c (test for warnings, line 32)
XPASS: gcc.dg/uninit-pr19430.c uninitialized (test for warnings, line 41)
FAIL: c-c++-common/cxxbitfields-3.c scan-assembler movl.*, var
XPASS: gcc.dg/graphite/interchange-14.c scan-tree-dump-times graphite "will be interchanged" 1
XPASS: gcc.dg/graphite/interchange-15.c scan-tree-dump-times graphite "will be interchanged" 1
XPASS: gcc.dg/graphite/interchange-mvt.c scan-tree-dump-times graphite "will be interchanged" 1
FAIL: gcc.dg/matrix/transpose-3.c execution, -fprofile-use -fipa-matrix-reorg -fdump-ipa-matrix-reorg -O3 -fwhole-program -fno-tree-fre
FAIL: gcc.dg/tree-ssa/vrp47.c scan-tree-dump-times dom1 "x[^ ]* & y" 1
FAIL: gcc.target/i386/pr49866.c (test for excess errors)
=== gcc Summary for unix/-m64 ===
# of expected passes 66273
# of unexpected failures 5
# of unexpected successes 6
# of expected failures 186
# of unsupported tests 1911
=== gcc Summary ===
# of expected passes 132222
# of unexpected failures 7
# of unexpected successes 12
# of expected failures 371
# of unsupported tests 3546
/BUILD/gcc/obj-179375/gcc/xgcc version 4.7.0 20110930 (experimental) [trunk revision 179375] (GCC)
=== libgomp tests ===
Running target unix/-m64
=== libgomp Summary for unix/-m64 ===
# of expected passes 1283
# of unsupported tests 3
Running target unix/-m32
=== libgomp Summary for unix/-m32 ===
# of expected passes 1283
# of unsupported tests 3
=== libgomp Summary ===
# of expected passes 2566
# of unsupported tests 6
=== libstdc++ tests ===
Running target unix/-m32
=== libstdc++ Summary for unix/-m32 ===
# of expected passes 7314
# of expected failures 46
# of unsupported tests 722
Running target unix/-m64
=== libstdc++ Summary for unix/-m64 ===
# of expected passes 7312
# of expected failures 46
# of unsupported tests 723
=== libstdc++ Summary ===
# of expected passes 14626
# of expected failures 92
# of unsupported tests 1445
=== libstdc++ Summary ===
Compiler version: 4.7.0 20110930 (experimental) [trunk revision 179375] (GCC)
Platform: x86_64-apple-darwin10.8.0
configure flags: --prefix=/BUILD/gcc/179375 --target=x86_64-apple-darwin10.8.0 --host=x86_64-apple-darwin10.8.0 --build=x86_64-apple-darwin10.8.0 --with-tune=core2 --with-gmp=/opt/gnu --with-mpfr=/opt/gnu --with-mpc=/opt/gnu --with-ppl=/opt/gnu --with-cloog=/opt/gnu --enable-cloog-backend=isl --disable-libmudflap --disable-libssp --enable-languages=c,c++ --program-suffix=-trunk
BOOT_CFLAGS=-g -O2