This is the mail archive of the
gcc-testresults@gcc.gnu.org
mailing list for the GCC project.
Results for 4.7.0 20110923 (experimental) [trunk revision 179126] (GCC) testsuite on i386-pc-solaris2.8
- From: <ro at smtp-relay dot CeBiTec dot Uni-Bielefeld dot DE>
- To: gcc-testresults at gcc dot gnu dot org
- Date: Mon, 26 Sep 2011 11:09:49 +0200 (MEST)
- Subject: Results for 4.7.0 20110923 (experimental) [trunk revision 179126] (GCC) testsuite on i386-pc-solaris2.8
LAST_UPDATED: Fri Sep 23 17:43:19 UTC 2011 (revision 179126)
=== acats tests ===
=== acats Summary ===
# of expected passes 2321
# of unexpected failures 0
Native configuration is i386-pc-solaris2.8
=== g++ tests ===
Running target unix
FAIL: g++.dg/lto/20091219 cp_lto_20091219_0.o-cp_lto_20091219_0.o link, -O3 -flto
UNRESOLVED: g++.dg/lto/20091219 cp_lto_20091219_0.o-cp_lto_20091219_0.o execute -O3 -flto
FAIL: g++.dg/torture/pr31863.C -O2 -flto (test for excess errors)
=== g++ Summary ===
# of expected passes 27490
# of unexpected failures 2
# of expected failures 162
# of unresolved testcases 1
# of unsupported tests 275
/var/gcc/regression/trunk/8-gcc/build/gcc/testsuite/g++/../../g++ version 4.7.0 20110923 (experimental) [trunk revision 179126] (GCC)
=== gcc tests ===
Running target unix
XPASS: gcc.dg/uninit-B.c uninit i warning (test for warnings, line 12)
XPASS: gcc.dg/uninit-pr19430.c (test for warnings, line 32)
XPASS: gcc.dg/uninit-pr19430.c uninitialized (test for warnings, line 41)
XPASS: gcc.dg/graphite/interchange-14.c scan-tree-dump-times graphite "will be interchanged" 1
XPASS: gcc.dg/graphite/interchange-15.c scan-tree-dump-times graphite "will be interchanged" 1
XPASS: gcc.dg/graphite/interchange-mvt.c scan-tree-dump-times graphite "will be interchanged" 1
FAIL: gcc.dg/tree-ssa/vrp47.c scan-tree-dump-times dom1 "x[^ ]* & y" 1
=== gcc Summary ===
# of expected passes 76710
# of unexpected failures 1
# of unexpected successes 6
# of expected failures 244
# of unsupported tests 2223
/var/gcc/regression/trunk/8-gcc/build/gcc/xgcc version 4.7.0 20110923 (experimental) [trunk revision 179126] (GCC)
=== gfortran tests ===
Running target unix
=== gfortran Summary ===
# of expected passes 38653
# of expected failures 52
# of unsupported tests 369
/var/gcc/regression/trunk/8-gcc/build/gcc/testsuite/gfortran/../../gfortran version 4.7.0 20110923 (experimental) [trunk revision 179126] (GCC)
=== gnat tests ===
Running target unix
=== gnat Summary ===
# of expected passes 914
# of expected failures 11
# of unsupported tests 6
/var/gcc/regression/trunk/8-gcc/build/gcc/gnatmake version 4.7.0 20110923 (experimental) [trunk revision 179126]
=== obj-c++ tests ===
Running target unix
=== obj-c++ Summary ===
# of expected passes 1448
# of expected failures 2
# of unsupported tests 86
/var/gcc/regression/trunk/8-gcc/build/gcc/testsuite/obj-c++/../../g++ version 4.7.0 20110923 (experimental) [trunk revision 179126] (GCC)
=== objc tests ===
Running target unix
=== objc Summary ===
# of expected passes 2976
# of expected failures 6
# of unsupported tests 74
/var/gcc/regression/trunk/8-gcc/build/gcc/xgcc version 4.7.0 20110923 (experimental) [trunk revision 179126] (GCC)
=== boehm-gc tests ===
Running target unix
=== boehm-gc Summary ===
# of expected passes 12
# of unsupported tests 1
=== libffi tests ===
Running target unix
=== libffi Summary ===
# of expected passes 1634
# of expected failures 10
# of unsupported tests 15
=== libgomp tests ===
Running target unix
FAIL: libgomp.graphite/force-parallel-1.c execution test
=== libgomp Summary ===
# of expected passes 2987
# of unexpected failures 1
# of unsupported tests 3
=== libjava tests ===
Running target unix
FAIL: PR16923 run
FAIL: Divide_1 output - source compiled test
FAIL: Divide_1 -findirect-dispatch output - source compiled test
FAIL: Divide_1 -O3 output - source compiled test
FAIL: Divide_1 -O3 -findirect-dispatch output - source compiled test
FAIL: InvokeInterface execution - source compiled test
FAIL: InvokeInterface -O3 execution - source compiled test
=== libjava Summary ===
# of expected passes 2565
# of unexpected failures 7
# of untested testcases 3
=== libstdc++ tests ===
Running target unix
=== libstdc++ Summary ===
# of expected passes 7177
# of expected failures 47
# of unsupported tests 796
Compiler version: 4.7.0 20110923 (experimental) [trunk revision 179126] (GCC)
Platform: i386-pc-solaris2.8
configure flags: --prefix=/vol/gcc --target=i386-pc-solaris2.8 --enable-obsolete --enable-objc-gc --with-host-libstdcxx='-L/vol/gcc-4.4/lib -Wl,-Bstatic -lstdc++ -Wl,-Bdynamic -lm' --with-boot-ldflags='-static-libstdc++ -static-libgcc -L/vol/gcc-4.4/lib' --with-gmp-include=/vol/gcc/include --with-gmp-lib=/vol/gcc/lib --with-mpfr-include=/vol/gcc/include --with-mpfr-lib=/vol/gcc/lib --with-mpc-include=/vol/gcc/include --with-mpc-lib=/vol/gcc/lib --enable-languages=all,ada,obj-c++,go --with-ppl-include=/vol/gcc/include --with-ppl-lib=/vol/gcc/lib --with-cloog-include=/vol/gcc/include --with-cloog-lib=/vol/gcc/lib --enable-cloog-backend=ppl --enable-languages=all,ada,obj-c++
BOOT_CFLAGS=-g -O2