This is the mail archive of the
gcc-testresults@gcc.gnu.org
mailing list for the GCC project.
Results for 4.7.0 20110917 (experimental) [trunk revision 178930] (GCC) testsuite on hppa2.0w-hp-hpux11.11
- From: John David Anglin <dave at hiauly3 dot hia dot nrc dot ca>
- To: dave at hiauly3 dot hia dot nrc dot ca, gcc-testresults at gcc dot gnu dot org
- Date: Mon, 19 Sep 2011 13:27:00 -0400 (EDT)
- Subject: Results for 4.7.0 20110917 (experimental) [trunk revision 178930] (GCC) testsuite on hppa2.0w-hp-hpux11.11
=== acats tests ===
FAIL: c460010
FAIL: c761006
FAIL: c95040d
FAIL: c974004
FAIL: c974005
FAIL: c974009
FAIL: ca11d01
FAIL: ca11d02
FAIL: cb20001
FAIL: cb20003
FAIL: cb20004
FAIL: cb20006
FAIL: cb3003a
FAIL: cb3003b
FAIL: cb4002a
FAIL: cb4008a
FAIL: cb4009a
FAIL: cc3007a
FAIL: cd2b11a
FAIL: cd2b15c
FAIL: ce2102l
FAIL: ce2102m
FAIL: ce2103a
FAIL: ce2103b
FAIL: ce3102d
FAIL: ce3107a
FAIL: ce3115a
FAIL: cxa4034
FAIL: cxa5a02
FAIL: cxa5a08
FAIL: cxb3011
=== acats Summary ===
# of expected passes 2290
# of unexpected failures 31
Native configuration is hppa2.0w-hp-hpux11.11
=== g++ tests ===
Running target unix
WARNING: program timed out.
FAIL: g++.dg/eh/simd-1.C execution test
WARNING: program timed out.
FAIL: g++.dg/eh/simd-2.C execution test
WARNING: g++.dg/ext/label13.C compilation failed to produce executable
FAIL: g++.dg/init/copy7.C execution test
WARNING: program timed out.
FAIL: g++.dg/opt/eh2.C execution test
WARNING: program timed out.
=== g++ Summary ===
# of expected passes 24072
# of unexpected failures 4
# of expected failures 161
# of unsupported tests 604
/test/gnu/gcc/objdir/gcc/testsuite/g++/../../g++ version 4.7.0 20110917 (experimental) [trunk revision 178930] (GCC)
=== gcc tests ===
Running target unix
XPASS: gcc.dg/uninit-B.c uninit i warning (test for warnings, line 12)
XPASS: gcc.dg/uninit-pr19430.c (test for warnings, line 32)
XPASS: gcc.dg/uninit-pr19430.c uninitialized (test for warnings, line 41)
WARNING: program timed out.
FAIL: gcc.dg/ipa/ipa-sra-2.c scan-tree-dump eipa_sra "About to replace expr cow_.*D.->red with \\*ISRA"
FAIL: gcc.dg/ipa/ipa-sra-2.c scan-tree-dump eipa_sra "About to replace expr cow_.*D.->green with ISRA"
FAIL: gcc.dg/ipa/ipa-sra-2.c scan-tree-dump eipa_sra "About to replace expr calf_.*D.->red with \\*ISRA"
FAIL: gcc.dg/ipa/ipa-sra-2.c scan-tree-dump eipa_sra "About to replace expr calf_.*D.->green with ISRA"
FAIL: gcc.dg/ipa/ipa-sra-6.c scan-tree-dump-times eipa_sra "foo " 1
FAIL: gcc.dg/tree-ssa/vrp47.c scan-tree-dump-times dom1 "x[^ ]* & y" 1
=== gcc Summary ===
# of expected passes 57124
# of unexpected failures 6
# of unexpected successes 3
# of expected failures 111
# of unsupported tests 1212
/test/gnu/gcc/objdir/gcc/xgcc version 4.7.0 20110917 (experimental) [trunk revision 178930] (GCC)
=== gfortran tests ===
Running target unix
FAIL: gfortran.dg/pr45636.f90 -O scan-tree-dump-times forwprop2 "memset" 0
FAIL: gfortran.dg/guality/pr41558.f90 -O0 line 7 s == 'foo'
FAIL: gfortran.dg/guality/pr41558.f90 -O1 line 7 s == 'foo'
FAIL: gfortran.dg/guality/pr41558.f90 -O2 line 7 s == 'foo'
FAIL: gfortran.dg/guality/pr41558.f90 -O3 -fomit-frame-pointer line 7 s == 'foo'
FAIL: gfortran.dg/guality/pr41558.f90 -O3 -fomit-frame-pointer -funroll-loops line 7 s == 'foo'
FAIL: gfortran.dg/guality/pr41558.f90 -O3 -fomit-frame-pointer -funroll-all-loops -finline-functions line 7 s == 'foo'
FAIL: gfortran.dg/guality/pr41558.f90 -O3 -g line 7 s == 'foo'
FAIL: gfortran.dg/guality/pr41558.f90 -Os line 7 s == 'foo'
=== gfortran Summary ===
# of expected passes 38181
# of unexpected failures 9
# of expected failures 41
# of unsupported tests 376
/test/gnu/gcc/objdir/gcc/testsuite/gfortran/../../gfortran version 4.7.0 20110917 (experimental) [trunk revision 178930] (GCC)
=== gnat tests ===
Running target unix
WARNING: program timed out.
FAIL: gnat.dg/expect1.adb execution test
=== gnat Summary ===
# of expected passes 915
# of unexpected failures 1
# of expected failures 11
# of unsupported tests 5
/test/gnu/gcc/objdir/gcc/gnatmake version 4.7.0 20110917 (experimental) [trunk revision 178930]
=== obj-c++ tests ===
Running target unix
=== obj-c++ Summary ===
# of expected passes 1406
# of expected failures 2
# of unsupported tests 69
/test/gnu/gcc/objdir/gcc/testsuite/obj-c++/../../g++ version 4.7.0 20110917 (experimental) [trunk revision 178930] (GCC)
=== objc tests ===
Running target unix
=== objc Summary ===
# of expected passes 2908
# of unsupported tests 65
/test/gnu/gcc/objdir/gcc/xgcc version 4.7.0 20110917 (experimental) [trunk revision 178930] (GCC)
=== boehm-gc tests ===
Running target unix
=== boehm-gc Summary ===
# of expected passes 12
# of unsupported tests 1
=== libffi tests ===
Running target unix
=== libffi Summary ===
# of expected passes 1634
# of expected failures 10
# of unsupported tests 15
=== libgomp tests ===
Running target unix
=== libgomp Summary ===
# of expected passes 2928
# of unsupported tests 10
=== libjava tests ===
Running target unix
WARNING: program timed out.
FAIL: FileHandleGcTest -O3 -findirect-dispatch execution - source compiled test
FAIL: LargeFile execution - source compiled test
FAIL: LargeFile -findirect-dispatch execution - source compiled test
FAIL: LargeFile -O3 execution - source compiled test
FAIL: LargeFile -O3 -findirect-dispatch execution - source compiled test
WARNING: program timed out.
FAIL: PR19870_2 -O3 -findirect-dispatch execution - source compiled test
WARNING: program timed out.
FAIL: PR19921 -O3 -findirect-dispatch execution - source compiled test
WARNING: program timed out.
FAIL: PR29013 -O3 -findirect-dispatch execution - source compiled test
WARNING: program timed out.
FAIL: PR31264 -O3 -findirect-dispatch execution - source compiled test
WARNING: program timed out.
FAIL: PR7482 -O3 -findirect-dispatch execution - source compiled test
WARNING: program timed out.
FAIL: bclink -O3 execution - source compiled test
WARNING: program timed out.
FAIL: bclink -O3 -findirect-dispatch execution - source compiled test
WARNING: program timed out.
FAIL: initexc -O3 -findirect-dispatch execution - source compiled test
FAIL: pr13107_2 -O3 -findirect-dispatch output - source compiled test
WARNING: program timed out.
FAIL: verify -O3 -findirect-dispatch execution - source compiled test
=== libjava Summary ===
# of expected passes 2545
# of unexpected failures 15
# of untested testcases 14
=== libstdc++ tests ===
Running target unix
WARNING: program timed out.
WARNING: program timed out.
FAIL: 23_containers/forward_list/requirements/exception/basic.cc execution test
WARNING: program timed out.
FAIL: 23_containers/forward_list/requirements/exception/propagation_consistent.cc execution test
WARNING: program timed out.
FAIL: 23_containers/map/requirements/exception/basic.cc execution test
WARNING: program timed out.
FAIL: 23_containers/map/requirements/exception/propagation_consistent.cc execution test
WARNING: program timed out.
FAIL: 23_containers/multimap/requirements/exception/basic.cc execution test
WARNING: program timed out.
FAIL: 23_containers/multimap/requirements/exception/propagation_consistent.cc execution test
WARNING: program timed out.
FAIL: 23_containers/multiset/requirements/exception/basic.cc execution test
WARNING: program timed out.
FAIL: 23_containers/multiset/requirements/exception/propagation_consistent.cc execution test
WARNING: program timed out.
FAIL: 23_containers/set/requirements/exception/basic.cc execution test
WARNING: program timed out.
FAIL: 23_containers/set/requirements/exception/propagation_consistent.cc execution test
WARNING: program timed out.
FAIL: 27_io/ios_base/storage/11584.cc execution test
WARNING: program timed out.
=== libstdc++ Summary ===
# of expected passes 7126
# of unexpected failures 11
# of expected failures 46
# of unsupported tests 807
Compiler version: 4.7.0 20110917 (experimental) [trunk revision 178930] (GCC)
Platform: hppa2.0w-hp-hpux11.11
configure flags:Test Run By dave on Sun Sep 18 02:09:54 EDT 2011