This is the mail archive of the gcc-testresults@gcc.gnu.org mailing list for the GCC project.


Index Nav: [Date Index] [Subject Index] [Author Index] [Thread Index]
Message Nav: [Date Prev] [Date Next] [Thread Prev] [Thread Next]
Other format: [Raw text]

Results for 4.6.2 20110908 (prerelease) [gcc-4_6-branch revision 178712] (GCC) testsuite on powerpc64-unknown-linux-gnu


Linux 2.6.16.46-0.4-ppc64 ppc64
GNU C Library development release version 2.4 (20070330)
GNU ld (GNU Binutils) 2.21.0.20110412
GNU assembler (GNU Binutils) 2.21.0.20110412
GNU Make 3.80

DejaGnu:
	Expect version is	5.43.0
	Tcl version is		8.4
	Framework version is	1.4.4

32-bit biarch default32

LAST_UPDATED: Thu Sep  8 21:51:45 UTC 2011 (revision 178712)

Native configuration is powerpc64-unknown-linux-gnu

		=== gcc tests ===


Running target unix/-m32
FAIL: gcc.dg/and-1.c scan-assembler-not nand
FAIL: gcc.dg/cproj-fails-with-broken-glibc.c execution test
FAIL: gcc.dg/sms-2.c scan-rtl-dump-times sms "SMS succeeded" 1
FAIL: gcc.dg/sms-3.c scan-rtl-dump-times sms "SMS succeeded" 1
FAIL: gcc.dg/sms-4.c scan-rtl-dump-times sms "SMS succeeded" 1
FAIL: gcc.dg/sms-5.c scan-rtl-dump-times sms "SMS succeeded" 1
FAIL: gcc.dg/sms-6.c scan-rtl-dump-times sms "SMS succeeded" 3
FAIL: gcc.dg/sms-7.c scan-rtl-dump-times sms "SMS succeeded" 3
FAIL: gcc.dg/sms-8.c scan-rtl-dump-times sms "SMS succeeded" 1
FAIL: gcc.dg/graphite/id-pr46845.c (test for excess errors)
FAIL: gcc.dg/lto/20110201-1 c_lto_20110201-1_0.o-c_lto_20110201-1_0.o link,  -O0 -flto 
UNRESOLVED: gcc.dg/lto/20110201-1 c_lto_20110201-1_0.o-c_lto_20110201-1_0.o execute  -O0 -flto 
XPASS: gcc.dg/torture/pr49886.c  -O2 -flto -flto-partition=none  execution test
XPASS: gcc.dg/torture/pr49886.c  -O2 -flto  execution test
FAIL: gcc.dg/tree-ssa/vrp47.c scan-tree-dump-times vrp1 "[xy][^ ]* !=" 0
FAIL: gcc.dg/tree-ssa/vrp47.c scan-tree-dump-times dom1 "x[^ ]* & y" 1
FAIL: gcc.target/powerpc/405-dlmzb-strlen-1.c scan-assembler dlmzb\\\\. 
FAIL: gcc.target/powerpc/440-dlmzb-strlen-1.c scan-assembler dlmzb\\\\. 
FAIL: gcc.target/powerpc/ppc-vector-memcpy.c scan-assembler lvx
FAIL: gcc.target/powerpc/pr47755-2.c execution test

		=== gcc Summary for unix/-m32 ===

# of expected passes		74367
# of unexpected failures	17
# of unexpected successes	2
# of expected failures		203
# of unresolved testcases	1
# of unsupported tests		1025

Running target unix/-m64
FAIL: gcc.dg/and-1.c scan-assembler-not nand
FAIL: gcc.dg/cproj-fails-with-broken-glibc.c execution test
FAIL: gcc.dg/sms-2.c scan-rtl-dump-times sms "SMS succeeded" 1
FAIL: gcc.dg/sms-4.c scan-rtl-dump-times sms "SMS succeeded" 1
FAIL: gcc.dg/sms-5.c scan-rtl-dump-times sms "SMS succeeded" 1
FAIL: gcc.dg/sms-6.c scan-rtl-dump-times sms "SMS succeeded" 3
FAIL: gcc.dg/sms-7.c scan-rtl-dump-times sms "SMS succeeded" 3
FAIL: gcc.dg/sms-8.c scan-rtl-dump-times sms "SMS succeeded" 1
FAIL: gcc.dg/stack-usage-1.c scan-file foo\\t(256|264)\\tstatic
FAIL: gcc.dg/graphite/id-pr46845.c (test for excess errors)
FAIL: gcc.dg/lto/20090116 c_lto_20090116_0.o-c_lto_20090116_0.o link, -O1 -flto -flto-partition=1to1 -fPIC (internal compiler error)
UNRESOLVED: gcc.dg/lto/20090116 c_lto_20090116_0.o-c_lto_20090116_0.o execute -O1 -flto -flto-partition=1to1 -fPIC
FAIL: gcc.dg/lto/20110201-1 c_lto_20110201-1_0.o-c_lto_20110201-1_0.o link,  -O0 -flto 
UNRESOLVED: gcc.dg/lto/20110201-1 c_lto_20110201-1_0.o-c_lto_20110201-1_0.o execute  -O0 -flto 
XPASS: gcc.dg/torture/pr49886.c  -O2 -flto -flto-partition=none  execution test
XPASS: gcc.dg/torture/pr49886.c  -O2 -flto  execution test
FAIL: gcc.dg/tree-ssa/vrp47.c scan-tree-dump-times vrp1 "[xy][^ ]* !=" 0
FAIL: gcc.dg/tree-ssa/vrp47.c scan-tree-dump-times dom1 "x[^ ]* & y" 1
FAIL: gcc.target/powerpc/ppc-vector-memcpy.c scan-assembler lvx
FAIL: gcc.target/powerpc/pr47755-2.c execution test

		=== gcc Summary for unix/-m64 ===

# of expected passes		74986
# of unexpected failures	16
# of unexpected successes	2
# of expected failures		214
# of unresolved testcases	2
# of unsupported tests		1061

		=== gcc Summary ===

# of expected passes		149353
# of unexpected failures	33
# of unexpected successes	4
# of expected failures		417
# of unresolved testcases	3
# of unsupported tests		2086
/home/gccbuild/build/nightly/build-gcc-4.6/gcc/xgcc  version 4.6.2 20110908 (prerelease) [gcc-4_6-branch revision 178712] (GCC) 

		=== gfortran tests ===


Running target unix/-m32
XPASS: gfortran.dg/default_format_denormal_2.f90  -O0  execution test
XPASS: gfortran.dg/default_format_denormal_2.f90  -O1  execution test
XPASS: gfortran.dg/default_format_denormal_2.f90  -O2  execution test
XPASS: gfortran.dg/default_format_denormal_2.f90  -O3 -fomit-frame-pointer  execution test
XPASS: gfortran.dg/default_format_denormal_2.f90  -O3 -fomit-frame-pointer -funroll-loops  execution test
XPASS: gfortran.dg/default_format_denormal_2.f90  -O3 -fomit-frame-pointer -funroll-all-loops -finline-functions  execution test
XPASS: gfortran.dg/default_format_denormal_2.f90  -O3 -g  execution test
XPASS: gfortran.dg/default_format_denormal_2.f90  -Os  execution test

		=== gfortran Summary for unix/-m32 ===

# of expected passes		38625
# of unexpected successes	8
# of expected failures		70
# of unsupported tests		223

Running target unix/-m64
XPASS: gfortran.dg/default_format_denormal_2.f90  -O0  execution test
XPASS: gfortran.dg/default_format_denormal_2.f90  -O1  execution test
XPASS: gfortran.dg/default_format_denormal_2.f90  -O2  execution test
XPASS: gfortran.dg/default_format_denormal_2.f90  -O3 -fomit-frame-pointer  execution test
XPASS: gfortran.dg/default_format_denormal_2.f90  -O3 -fomit-frame-pointer -funroll-loops  execution test
XPASS: gfortran.dg/default_format_denormal_2.f90  -O3 -fomit-frame-pointer -funroll-all-loops -finline-functions  execution test
XPASS: gfortran.dg/default_format_denormal_2.f90  -O3 -g  execution test
XPASS: gfortran.dg/default_format_denormal_2.f90  -Os  execution test
FAIL: gfortran.dg/vect/pr45714-b.f  -O  (internal compiler error)
FAIL: gfortran.dg/vect/pr45714-b.f  -O  (test for excess errors)

		=== gfortran Summary for unix/-m64 ===

# of expected passes		38935
# of unexpected failures	2
# of unexpected successes	8
# of expected failures		70
# of unsupported tests		78

		=== gfortran Summary ===

# of expected passes		77560
# of unexpected failures	2
# of unexpected successes	16
# of expected failures		140
# of unsupported tests		301
/home/gccbuild/build/nightly/build-gcc-4.6/gcc/testsuite/gfortran/../../gfortran  version 4.6.2 20110908 (prerelease) [gcc-4_6-branch revision 178712] (GCC) 

		=== g++ tests ===


Running target unix/-m32

		=== g++ Summary for unix/-m32 ===

# of expected passes		27004
# of expected failures		168
# of unsupported tests		364

Running target unix/-m64

		=== g++ Summary for unix/-m64 ===

# of expected passes		27615
# of expected failures		168
# of unsupported tests		362

		=== g++ Summary ===

# of expected passes		54619
# of expected failures		336
# of unsupported tests		726
/home/gccbuild/build/nightly/build-gcc-4.6/gcc/testsuite/g++/../../g++  version 4.6.2 20110908 (prerelease) [gcc-4_6-branch revision 178712] (GCC) 

		=== obj-c++ tests ===


Running target unix/-m32

		=== obj-c++ Summary for unix/-m32 ===

# of expected passes		1386
# of expected failures		2
# of unsupported tests		86

Running target unix/-m64

		=== obj-c++ Summary for unix/-m64 ===

# of expected passes		1378
# of expected failures		10
# of unsupported tests		86

		=== obj-c++ Summary ===

# of expected passes		2764
# of expected failures		12
# of unsupported tests		172
/home/gccbuild/build/nightly/build-gcc-4.6/gcc/testsuite/obj-c++/../../g++  version 4.6.2 20110908 (prerelease) [gcc-4_6-branch revision 178712] (GCC) 

		=== objc tests ===


Running target unix/-m32

		=== objc Summary for unix/-m32 ===

# of expected passes		2916
# of expected failures		10
# of unsupported tests		74

Running target unix/-m64

		=== objc Summary for unix/-m64 ===

# of expected passes		2916
# of expected failures		10
# of unsupported tests		74

		=== objc Summary ===

# of expected passes		5832
# of expected failures		20
# of unsupported tests		148
/home/gccbuild/build/nightly/build-gcc-4.6/gcc/xgcc  version 4.6.2 20110908 (prerelease) [gcc-4_6-branch revision 178712] (GCC) 

		=== libgomp tests ===


Running target unix/-m32
FAIL: libgomp.graphite/force-parallel-1.c execution test

		=== libgomp Summary for unix/-m32 ===

# of expected passes		2675
# of unexpected failures	1
# of unsupported tests		1

Running target unix/-m64
FAIL: libgomp.graphite/force-parallel-1.c execution test

		=== libgomp Summary for unix/-m64 ===

# of expected passes		2675
# of unexpected failures	1
# of unsupported tests		1

		=== libgomp Summary ===

# of expected passes		5350
# of unexpected failures	2
# of unsupported tests		2
		=== libmudflap tests ===


Running target unix/-m32
FAIL: libmudflap.c/fail40-frag.c output pattern test
FAIL: libmudflap.c/pass49-frag.c execution test
FAIL: libmudflap.c/pass49-frag.c output pattern test
FAIL: libmudflap.c/pass49-frag.c execution test
FAIL: libmudflap.c/pass49-frag.c output pattern test
FAIL: libmudflap.c/pass51-frag.c execution test
FAIL: libmudflap.c/pass51-frag.c execution test
FAIL: libmudflap.c/fail40-frag.c (-static) output pattern test
FAIL: libmudflap.c/pass49-frag.c (-static) execution test
FAIL: libmudflap.c/pass49-frag.c (-static) output pattern test
FAIL: libmudflap.c/pass49-frag.c (-static) execution test
FAIL: libmudflap.c/pass49-frag.c (-static) output pattern test
FAIL: libmudflap.c/pass51-frag.c (-static) execution test
FAIL: libmudflap.c/pass51-frag.c (-static) execution test
FAIL: libmudflap.c/fail40-frag.c (-O2) output pattern test
FAIL: libmudflap.c/pass49-frag.c (-O2) execution test
FAIL: libmudflap.c/pass49-frag.c (-O2) output pattern test
FAIL: libmudflap.c/pass49-frag.c (-O2) execution test
FAIL: libmudflap.c/pass49-frag.c (-O2) output pattern test
FAIL: libmudflap.c/pass51-frag.c (-O2) execution test
FAIL: libmudflap.c/pass51-frag.c (-O2) execution test
FAIL: libmudflap.c/fail40-frag.c (-O3) output pattern test
FAIL: libmudflap.c/pass49-frag.c (-O3) execution test
FAIL: libmudflap.c/pass49-frag.c (-O3) output pattern test
FAIL: libmudflap.c/pass49-frag.c (-O3) execution test
FAIL: libmudflap.c/pass49-frag.c (-O3) output pattern test
FAIL: libmudflap.c/pass51-frag.c (-O3) execution test
FAIL: libmudflap.c/pass51-frag.c (-O3) execution test

		=== libmudflap Summary for unix/-m32 ===

# of expected passes		1866
# of unexpected failures	28

Running target unix/-m64
FAIL: libmudflap.c/fail40-frag.c output pattern test
FAIL: libmudflap.c/pass49-frag.c execution test
FAIL: libmudflap.c/pass49-frag.c output pattern test
FAIL: libmudflap.c/pass49-frag.c execution test
FAIL: libmudflap.c/pass49-frag.c output pattern test
FAIL: libmudflap.c/pass51-frag.c execution test
FAIL: libmudflap.c/pass51-frag.c execution test
FAIL: libmudflap.c/fail40-frag.c (-static) output pattern test
FAIL: libmudflap.c/pass49-frag.c (-static) execution test
FAIL: libmudflap.c/pass49-frag.c (-static) output pattern test
FAIL: libmudflap.c/pass49-frag.c (-static) execution test
FAIL: libmudflap.c/pass49-frag.c (-static) output pattern test
FAIL: libmudflap.c/pass51-frag.c (-static) execution test
FAIL: libmudflap.c/pass51-frag.c (-static) execution test
FAIL: libmudflap.c/fail40-frag.c (-O2) output pattern test
FAIL: libmudflap.c/pass49-frag.c (-O2) execution test
FAIL: libmudflap.c/pass49-frag.c (-O2) output pattern test
FAIL: libmudflap.c/pass49-frag.c (-O2) execution test
FAIL: libmudflap.c/pass49-frag.c (-O2) output pattern test
FAIL: libmudflap.c/pass51-frag.c (-O2) execution test
FAIL: libmudflap.c/pass51-frag.c (-O2) execution test
FAIL: libmudflap.c/fail40-frag.c (-O3) output pattern test
FAIL: libmudflap.c/pass49-frag.c (-O3) execution test
FAIL: libmudflap.c/pass49-frag.c (-O3) output pattern test
FAIL: libmudflap.c/pass49-frag.c (-O3) execution test
FAIL: libmudflap.c/pass49-frag.c (-O3) output pattern test
FAIL: libmudflap.c/pass51-frag.c (-O3) execution test
FAIL: libmudflap.c/pass51-frag.c (-O3) execution test

		=== libmudflap Summary for unix/-m64 ===

# of expected passes		1866
# of unexpected failures	28

		=== libmudflap Summary ===

# of expected passes		3732
# of unexpected failures	56
		=== libstdc++ tests ===


Running target unix/-m32
FAIL: libstdc++-abi/abi_check

		=== libstdc++ Summary for unix/-m32 ===

# of expected passes		8286
# of unexpected failures	1
# of expected failures		84
# of unsupported tests		110

Running target unix/-m64

		=== libstdc++ Summary for unix/-m64 ===

# of expected passes		8287
# of expected failures		84
# of unsupported tests		110

		=== libstdc++ Summary ===

# of expected passes		16573
# of unexpected failures	1
# of expected failures		168
# of unsupported tests		220

Compiler version: 4.6.2 20110908 (prerelease) [gcc-4_6-branch revision 178712] (GCC) 
Platform: powerpc64-unknown-linux-gnu
configure flags: --prefix=/opt/gcc-nightly/4.6-20110908 --build=powerpc64-linux --host=powerpc64-linux --target=powerpc64-linux --with-cpu=default32 --with-as=/opt/gcc-nightly/binutils-2.21/bin/as --with-ld=/opt/gcc-nightly/binutils-2.21/bin/ld --enable-threads=posix --enable-shared --enable-__cxa_atexit --enable-languages=c,c++,fortran,objc,obj-c++ --with-long-double-128 --enable-secureplt --enable-checking --disable-alsa --with-gmp=/opt/gcc-nightly/gcc-host-libs --with-mpfr=/opt/gcc-nightly/gcc-host-libs --with-ppl=/opt/gcc-nightly/gcc-host-libs --with-cloog=/opt/gcc-nightly/gcc-host-libs --with-mpc=/opt/gcc-nightly/gcc-host-libs --with-libelf=/opt/gcc-nightly/gcc-host-libs --with-host-libstdcxx=-Wl,-Bstatic,-L/opt/gcc-nightly/gcc-host-libs/lib,-lstdc++,-Bdynamic,-lm


Index Nav: [Date Index] [Subject Index] [Author Index] [Thread Index]
Message Nav: [Date Prev] [Date Next] [Thread Prev] [Thread Next]