This is the mail archive of the gcc-testresults@gcc.gnu.org mailing list for the GCC project.


Index Nav: [Date Index] [Subject Index] [Author Index] [Thread Index]
Message Nav: [Date Prev] [Date Next] [Thread Prev] [Thread Next]
Other format: [Raw text]

Results for 4.6.1 (GCC) testsuite on mips-sgi-irix6.5


Using: GNU assembler (GNU Binutils) 2.21
Using: native linker Version 7.44.
Build host: IRIX64 speedo 6.5 07202013 IP35
Operating system: IRIX 6.5 6.5.30f

LAST_UPDATED: Obtained from SVN: tags/gcc_4_6_1_release revision 175473

Native configuration is mips-sgi-irix6.5

		=== g++ tests ===


Running target unix/-mabi=64
FAIL: g++.dg/debug/dwarf2/icf.C scan-assembler \\\\.section.*.debug_dcall
FAIL: g++.dg/debug/dwarf2/icf.C scan-assembler New caller
FAIL: g++.dg/debug/dwarf2/icf.C scan-assembler Caller DIE offset
FAIL: g++.dg/debug/dwarf2/icf.C scan-assembler Callee DIE offset
FAIL: g++.dg/cpp0x/lambda/lambda-eh2.C execution test
FAIL: g++.dg/torture/pr31863.C  -O2 -flto  (test for excess errors)
FAIL: g++.dg/torture/type-generic-1.C  -O0  execution test
FAIL: g++.dg/torture/type-generic-1.C  -O1  execution test
FAIL: g++.dg/torture/type-generic-1.C  -O2  execution test
FAIL: g++.dg/torture/type-generic-1.C  -O3 -fomit-frame-pointer  execution test
FAIL: g++.dg/torture/type-generic-1.C  -O3 -g  execution test
FAIL: g++.dg/torture/type-generic-1.C  -Os  execution test
FAIL: g++.dg/torture/type-generic-1.C  -O2 -flto -flto-partition=none
execution test
FAIL: g++.dg/torture/type-generic-1.C  -O2 -flto  execution test

		=== g++ Summary for unix/-mabi=64 ===

# of expected passes		26806
# of unexpected failures	14
# of expected failures		165
# of unsupported tests		495

Running target unix/-mabi=n32
FAIL: g++.dg/debug/dwarf2/icf.C scan-assembler \\\\.section.*.debug_dcall
FAIL: g++.dg/debug/dwarf2/icf.C scan-assembler New caller
FAIL: g++.dg/debug/dwarf2/icf.C scan-assembler Caller DIE offset
FAIL: g++.dg/debug/dwarf2/icf.C scan-assembler Callee DIE offset
FAIL: g++.dg/cpp0x/lambda/lambda-eh2.C execution test
FAIL: g++.dg/torture/pr31863.C  -O2 -flto  (test for excess errors)
FAIL: g++.dg/torture/type-generic-1.C  -O0  execution test
FAIL: g++.dg/torture/type-generic-1.C  -O1  execution test
FAIL: g++.dg/torture/type-generic-1.C  -O2  execution test
FAIL: g++.dg/torture/type-generic-1.C  -O3 -fomit-frame-pointer  execution test
FAIL: g++.dg/torture/type-generic-1.C  -O3 -g  execution test
FAIL: g++.dg/torture/type-generic-1.C  -Os  execution test
FAIL: g++.dg/torture/type-generic-1.C  -O2 -flto -flto-partition=none
execution test
FAIL: g++.dg/torture/type-generic-1.C  -O2 -flto  execution test

		=== g++ Summary for unix/-mabi=n32 ===

# of expected passes		26845
# of unexpected failures	14
# of expected failures		165
# of unsupported tests		494

		=== g++ Summary ===

# of expected passes		53651
# of unexpected failures	28
# of expected failures		330
# of unsupported tests		989
/xvm0/build/gcc/release/gcc-4.6.1-r0/obj-irix6.5/gcc/testsuite/g++/../../g++
 version 4.6.1 (GCC)

		=== gcc tests ===


Running target unix/-mabi=64
FAIL: gcc.dg/intmax_t-1.c (test for excess errors)
FAIL: gcc.dg/lto/20090116 c_lto_20090116_0.o-c_lto_20090116_0.o link,
-O1 -flto -flto-partition=1to1 -fPIC (internal compiler error)
UNRESOLVED: gcc.dg/lto/20090116 c_lto_20090116_0.o-c_lto_20090116_0.o
execute -O1 -flto -flto-partition=1to1 -fPIC
FAIL: gcc.dg/torture/builtin-modf-1.c  -O0  (test for excess errors)
FAIL: gcc.dg/torture/builtin-modf-1.c  -O1  (test for excess errors)
FAIL: gcc.dg/torture/builtin-modf-1.c  -O2  (test for excess errors)
FAIL: gcc.dg/torture/builtin-modf-1.c  -O3 -fomit-frame-pointer  (test
for excess errors)
FAIL: gcc.dg/torture/builtin-modf-1.c  -O3 -fomit-frame-pointer
-funroll-loops  (test for excess errors)
FAIL: gcc.dg/torture/builtin-modf-1.c  -O3 -fomit-frame-pointer
-funroll-all-loops -finline-functions  (test for excess errors)
FAIL: gcc.dg/torture/builtin-modf-1.c  -O3 -g  (test for excess errors)
FAIL: gcc.dg/torture/builtin-modf-1.c  -Os  (test for excess errors)
FAIL: gcc.dg/torture/builtin-modf-1.c  -O2 -flto -flto-partition=none
(test for excess errors)
FAIL: gcc.dg/torture/builtin-modf-1.c  -O2 -flto  (test for excess errors)
FAIL: gcc.dg/torture/type-generic-1.c  -O0  execution test
FAIL: gcc.dg/torture/type-generic-1.c  -O1  execution test
FAIL: gcc.dg/torture/type-generic-1.c  -O2  execution test
FAIL: gcc.dg/torture/type-generic-1.c  -O3 -fomit-frame-pointer  execution test
FAIL: gcc.dg/torture/type-generic-1.c  -O3 -g  execution test
FAIL: gcc.dg/torture/type-generic-1.c  -Os  execution test
FAIL: gcc.dg/torture/type-generic-1.c  -O2 -flto -flto-partition=none
execution test
FAIL: gcc.dg/torture/type-generic-1.c  -O2 -flto  execution test
FAIL: gcc.target/mips/dspr2-MULT.c scan-assembler ac2
FAIL: gcc.target/mips/dspr2-MULTU.c scan-assembler ac2
FAIL: gcc.target/mips/extend-1.c scan-assembler-times \\tdsll\\t 5
FAIL: gcc.target/mips/extend-1.c scan-assembler-times \\tdsra\\t 5
FAIL: gcc.target/mips/mult-1.c scan-assembler \\tdins\\t
FAIL: gcc.target/mips/octeon-bbit-2.c scan-assembler \\tbnel\\t
FAIL: gcc.target/mips/octeon-bbit-2.c scan-assembler-not \\tbne\\t
FAIL: gcc.target/mips/octeon-exts-6.c scan-assembler-times \\texts\\t 5

		=== gcc Summary for unix/-mabi=64 ===

# of expected passes		70182
# of unexpected failures	28
# of expected failures		130
# of unresolved testcases	1
# of unsupported tests		1039

Running target unix/-mabi=n32
FAIL: gcc.dg/torture/builtin-modf-1.c  -O0  (test for excess errors)
FAIL: gcc.dg/torture/builtin-modf-1.c  -O1  (test for excess errors)
FAIL: gcc.dg/torture/builtin-modf-1.c  -O2  (test for excess errors)
FAIL: gcc.dg/torture/builtin-modf-1.c  -O3 -fomit-frame-pointer  (test
for excess errors)
FAIL: gcc.dg/torture/builtin-modf-1.c  -O3 -fomit-frame-pointer
-funroll-loops  (test for excess errors)
FAIL: gcc.dg/torture/builtin-modf-1.c  -O3 -fomit-frame-pointer
-funroll-all-loops -finline-functions  (test for excess errors)
FAIL: gcc.dg/torture/builtin-modf-1.c  -O3 -g  (test for excess errors)
FAIL: gcc.dg/torture/builtin-modf-1.c  -Os  (test for excess errors)
FAIL: gcc.dg/torture/builtin-modf-1.c  -O2 -flto -flto-partition=none
(test for excess errors)
FAIL: gcc.dg/torture/builtin-modf-1.c  -O2 -flto  (test for excess errors)
FAIL: gcc.dg/torture/type-generic-1.c  -O0  execution test
FAIL: gcc.dg/torture/type-generic-1.c  -O1  execution test
FAIL: gcc.dg/torture/type-generic-1.c  -O2  execution test
FAIL: gcc.dg/torture/type-generic-1.c  -O3 -fomit-frame-pointer  execution test
FAIL: gcc.dg/torture/type-generic-1.c  -O3 -g  execution test
FAIL: gcc.dg/torture/type-generic-1.c  -Os  execution test
FAIL: gcc.dg/torture/type-generic-1.c  -O2 -flto -flto-partition=none
execution test
FAIL: gcc.dg/torture/type-generic-1.c  -O2 -flto  execution test
FAIL: gcc.target/mips/dspr2-MULT.c scan-assembler ac2
FAIL: gcc.target/mips/dspr2-MULTU.c scan-assembler ac2
FAIL: gcc.target/mips/extend-1.c scan-assembler-times \\tdsll\\t 5
FAIL: gcc.target/mips/extend-1.c scan-assembler-times \\tdsra\\t 5
FAIL: gcc.target/mips/octeon-exts-6.c scan-assembler-times \\texts\\t 5

		=== gcc Summary for unix/-mabi=n32 ===

# of expected passes		70185
# of unexpected failures	23
# of expected failures		129
# of unsupported tests		1040

		=== gcc Summary ===

# of expected passes		140367
# of unexpected failures	51
# of expected failures		259
# of unresolved testcases	1
# of unsupported tests		2079
/xvm0/build/gcc/release/gcc-4.6.1-r0/obj-irix6.5/gcc/xgcc  version 4.6.1 (GCC)

		=== gfortran tests ===


Running target unix/-mabi=64
FAIL: gfortran.dg/complex_intrinsic_5.f90  -O0  execution test
FAIL: gfortran.dg/complex_intrinsic_5.f90  -O1  execution test
FAIL: gfortran.dg/complex_intrinsic_5.f90  -O2  execution test
FAIL: gfortran.dg/complex_intrinsic_5.f90  -O3 -fomit-frame-pointer
execution test
FAIL: gfortran.dg/complex_intrinsic_5.f90  -O3 -fomit-frame-pointer
-funroll-loops  execution test
FAIL: gfortran.dg/complex_intrinsic_5.f90  -O3 -fomit-frame-pointer
-funroll-all-loops -finline-functions  execution test
FAIL: gfortran.dg/complex_intrinsic_5.f90  -O3 -g  execution test
FAIL: gfortran.dg/complex_intrinsic_5.f90  -Os  execution test
FAIL: gfortran.dg/default_format_1.f90  -O0  execution test
FAIL: gfortran.dg/default_format_1.f90  -O1  execution test
FAIL: gfortran.dg/default_format_1.f90  -O2  execution test
FAIL: gfortran.dg/default_format_1.f90  -O3 -fomit-frame-pointer  execution test
FAIL: gfortran.dg/default_format_1.f90  -O3 -fomit-frame-pointer
-funroll-loops  execution test
FAIL: gfortran.dg/default_format_1.f90  -O3 -fomit-frame-pointer
-funroll-all-loops -finline-functions  execution test
FAIL: gfortran.dg/default_format_1.f90  -O3 -g  execution test
FAIL: gfortran.dg/default_format_1.f90  -Os  execution test
FAIL: gfortran.dg/default_format_denormal_1.f90  -O0  execution test
FAIL: gfortran.dg/default_format_denormal_1.f90  -O1  execution test
FAIL: gfortran.dg/default_format_denormal_1.f90  -O2  execution test
FAIL: gfortran.dg/default_format_denormal_1.f90  -O3
-fomit-frame-pointer  execution test
FAIL: gfortran.dg/default_format_denormal_1.f90  -O3
-fomit-frame-pointer -funroll-loops  execution test
FAIL: gfortran.dg/default_format_denormal_1.f90  -O3
-fomit-frame-pointer -funroll-all-loops -finline-functions  execution
test
FAIL: gfortran.dg/default_format_denormal_1.f90  -O3 -g  execution test
FAIL: gfortran.dg/default_format_denormal_1.f90  -Os  execution test
FAIL: gfortran.dg/default_format_denormal_2.f90  -O0  execution test
FAIL: gfortran.dg/default_format_denormal_2.f90  -O1  execution test
FAIL: gfortran.dg/default_format_denormal_2.f90  -O2  execution test
FAIL: gfortran.dg/default_format_denormal_2.f90  -O3
-fomit-frame-pointer  execution test
FAIL: gfortran.dg/default_format_denormal_2.f90  -O3
-fomit-frame-pointer -funroll-loops  execution test
FAIL: gfortran.dg/default_format_denormal_2.f90  -O3
-fomit-frame-pointer -funroll-all-loops -finline-functions  execution
test
FAIL: gfortran.dg/default_format_denormal_2.f90  -O3 -g  execution test
FAIL: gfortran.dg/default_format_denormal_2.f90  -Os  execution test
FAIL: gfortran.dg/integer_exponentiation_2.f90  -O0  execution test
FAIL: gfortran.dg/integer_exponentiation_2.f90  -O1  execution test
FAIL: gfortran.dg/integer_exponentiation_2.f90  -O2  execution test
FAIL: gfortran.dg/integer_exponentiation_2.f90  -O3
-fomit-frame-pointer  execution test
FAIL: gfortran.dg/integer_exponentiation_2.f90  -O3
-fomit-frame-pointer -funroll-loops  execution test
FAIL: gfortran.dg/integer_exponentiation_2.f90  -O3
-fomit-frame-pointer -funroll-all-loops -finline-functions  execution
test
FAIL: gfortran.dg/integer_exponentiation_2.f90  -O3 -g  execution test
FAIL: gfortran.dg/integer_exponentiation_2.f90  -Os  execution test
FAIL: gfortran.dg/large_real_kind_2.F90  -O1  execution test
FAIL: gfortran.dg/large_real_kind_2.F90  -O3 -fomit-frame-pointer
-funroll-loops  execution test
FAIL: gfortran.dg/large_real_kind_2.F90  -O3 -fomit-frame-pointer
-funroll-all-loops -finline-functions  execution test
FAIL: gfortran.dg/large_real_kind_2.F90  -Os  execution test
FAIL: gfortran.dg/large_real_kind_form_io_2.f90  -O0  execution test
FAIL: gfortran.dg/large_real_kind_form_io_2.f90  -O1  execution test
FAIL: gfortran.dg/large_real_kind_form_io_2.f90  -O2  execution test
FAIL: gfortran.dg/large_real_kind_form_io_2.f90  -O3
-fomit-frame-pointer  execution test
FAIL: gfortran.dg/large_real_kind_form_io_2.f90  -O3
-fomit-frame-pointer -funroll-loops  execution test
FAIL: gfortran.dg/large_real_kind_form_io_2.f90  -O3
-fomit-frame-pointer -funroll-all-loops -finline-functions  execution
test
FAIL: gfortran.dg/large_real_kind_form_io_2.f90  -O3 -g  execution test
FAIL: gfortran.dg/large_real_kind_form_io_2.f90  -Os  execution test
FAIL: gfortran.dg/nan_3.f90  -O0  execution test
FAIL: gfortran.dg/nan_3.f90  -O1  execution test
FAIL: gfortran.dg/nan_3.f90  -O2  execution test
FAIL: gfortran.dg/nan_3.f90  -O3 -fomit-frame-pointer  execution test
FAIL: gfortran.dg/nan_3.f90  -O3 -fomit-frame-pointer -funroll-loops
execution test
FAIL: gfortran.dg/nan_3.f90  -O3 -fomit-frame-pointer
-funroll-all-loops -finline-functions  execution test
FAIL: gfortran.dg/nan_3.f90  -O3 -g  execution test
FAIL: gfortran.dg/nan_3.f90  -Os  execution test
FAIL: gfortran.dg/nan_6.f90  -O0  execution test
FAIL: gfortran.dg/nan_6.f90  -O1  execution test
FAIL: gfortran.dg/nan_6.f90  -O2  execution test
FAIL: gfortran.dg/nan_6.f90  -O3 -fomit-frame-pointer  execution test
FAIL: gfortran.dg/nan_6.f90  -O3 -fomit-frame-pointer -funroll-loops
execution test
FAIL: gfortran.dg/nan_6.f90  -O3 -fomit-frame-pointer
-funroll-all-loops -finline-functions  execution test
FAIL: gfortran.dg/nan_6.f90  -O3 -g  execution test
FAIL: gfortran.dg/nan_6.f90  -Os  execution test
FAIL: gfortran.dg/nan_7.f90  -O0  execution test
FAIL: gfortran.dg/nan_7.f90  -O1  execution test
FAIL: gfortran.dg/nan_7.f90  -O2  execution test
FAIL: gfortran.dg/nan_7.f90  -O3 -fomit-frame-pointer  execution test
FAIL: gfortran.dg/nan_7.f90  -O3 -fomit-frame-pointer -funroll-loops
execution test
FAIL: gfortran.dg/nan_7.f90  -O3 -fomit-frame-pointer
-funroll-all-loops -finline-functions  execution test
FAIL: gfortran.dg/nan_7.f90  -O3 -g  execution test
FAIL: gfortran.dg/nan_7.f90  -Os  execution test
FAIL: gfortran.dg/nearest_1.f90  -O0  execution test
FAIL: gfortran.dg/nearest_1.f90  -O1  execution test
FAIL: gfortran.dg/nearest_1.f90  -O2  execution test
FAIL: gfortran.dg/nearest_1.f90  -O3 -fomit-frame-pointer  execution test
FAIL: gfortran.dg/nearest_1.f90  -O3 -fomit-frame-pointer
-funroll-loops  execution test
FAIL: gfortran.dg/nearest_1.f90  -O3 -fomit-frame-pointer
-funroll-all-loops -finline-functions  execution test
FAIL: gfortran.dg/nearest_1.f90  -O3 -g  execution test
FAIL: gfortran.dg/nearest_1.f90  -Os  execution test
FAIL: gfortran.dg/pr45636.f90  -O  scan-tree-dump-times forwprop2 "memset" 0
FAIL: gfortran.dg/read_infnan_1.f90  -O0  execution test
FAIL: gfortran.dg/read_infnan_1.f90  -O1  execution test
FAIL: gfortran.dg/read_infnan_1.f90  -O2  execution test
FAIL: gfortran.dg/read_infnan_1.f90  -O3 -fomit-frame-pointer  execution test
FAIL: gfortran.dg/read_infnan_1.f90  -O3 -fomit-frame-pointer
-funroll-loops  execution test
FAIL: gfortran.dg/read_infnan_1.f90  -O3 -fomit-frame-pointer
-funroll-all-loops -finline-functions  execution test
FAIL: gfortran.dg/read_infnan_1.f90  -O3 -g  execution test
FAIL: gfortran.dg/read_infnan_1.f90  -Os  execution test
FAIL: gfortran.dg/specifics_1.f90  -O0  execution test
FAIL: gfortran.dg/specifics_1.f90  -O1  execution test
FAIL: gfortran.dg/specifics_1.f90  -O2  execution test
FAIL: gfortran.dg/specifics_1.f90  -O3 -fomit-frame-pointer  execution test
FAIL: gfortran.dg/specifics_1.f90  -O3 -fomit-frame-pointer
-funroll-loops  execution test
FAIL: gfortran.dg/specifics_1.f90  -O3 -fomit-frame-pointer
-funroll-all-loops -finline-functions  execution test
FAIL: gfortran.dg/specifics_1.f90  -O3 -g  execution test
FAIL: gfortran.dg/specifics_1.f90  -Os  execution test
FAIL: gfortran.fortran-torture/execute/intrinsic_abs.f90 execution,  -O0
FAIL: gfortran.fortran-torture/execute/specifics.f90 execution,  -O0
FAIL: gfortran.fortran-torture/execute/specifics.f90 execution,  -O1
FAIL: gfortran.fortran-torture/execute/specifics.f90 execution,  -O2
FAIL: gfortran.fortran-torture/execute/specifics.f90 execution,  -O2
-fomit-frame-pointer -finline-functions
FAIL: gfortran.fortran-torture/execute/specifics.f90 execution,  -O2
-fomit-frame-pointer -finline-functions -funroll-loops
FAIL: gfortran.fortran-torture/execute/specifics.f90 execution,  -O2
-fbounds-check
FAIL: gfortran.fortran-torture/execute/specifics.f90 execution,  -O3 -g
FAIL: gfortran.fortran-torture/execute/specifics.f90 execution,  -Os

		=== gfortran Summary for unix/-mabi=64 ===

# of expected passes		37983
# of unexpected failures	110
# of expected failures		42
# of unsupported tests		90

Running target unix/-mabi=n32
FAIL: gfortran.dg/complex_intrinsic_5.f90  -O0  execution test
FAIL: gfortran.dg/complex_intrinsic_5.f90  -O1  execution test
FAIL: gfortran.dg/complex_intrinsic_5.f90  -O2  execution test
FAIL: gfortran.dg/complex_intrinsic_5.f90  -O3 -fomit-frame-pointer
execution test
FAIL: gfortran.dg/complex_intrinsic_5.f90  -O3 -fomit-frame-pointer
-funroll-loops  execution test
FAIL: gfortran.dg/complex_intrinsic_5.f90  -O3 -fomit-frame-pointer
-funroll-all-loops -finline-functions  execution test
FAIL: gfortran.dg/complex_intrinsic_5.f90  -O3 -g  execution test
FAIL: gfortran.dg/complex_intrinsic_5.f90  -Os  execution test
FAIL: gfortran.dg/default_format_1.f90  -O0  execution test
FAIL: gfortran.dg/default_format_1.f90  -O1  execution test
FAIL: gfortran.dg/default_format_1.f90  -O2  execution test
FAIL: gfortran.dg/default_format_1.f90  -O3 -fomit-frame-pointer  execution test
FAIL: gfortran.dg/default_format_1.f90  -O3 -fomit-frame-pointer
-funroll-loops  execution test
FAIL: gfortran.dg/default_format_1.f90  -O3 -fomit-frame-pointer
-funroll-all-loops -finline-functions  execution test
FAIL: gfortran.dg/default_format_1.f90  -O3 -g  execution test
FAIL: gfortran.dg/default_format_1.f90  -Os  execution test
FAIL: gfortran.dg/default_format_denormal_1.f90  -O0  execution test
FAIL: gfortran.dg/default_format_denormal_1.f90  -O1  execution test
FAIL: gfortran.dg/default_format_denormal_1.f90  -O2  execution test
FAIL: gfortran.dg/default_format_denormal_1.f90  -O3
-fomit-frame-pointer  execution test
FAIL: gfortran.dg/default_format_denormal_1.f90  -O3
-fomit-frame-pointer -funroll-loops  execution test
FAIL: gfortran.dg/default_format_denormal_1.f90  -O3
-fomit-frame-pointer -funroll-all-loops -finline-functions  execution
test
FAIL: gfortran.dg/default_format_denormal_1.f90  -O3 -g  execution test
FAIL: gfortran.dg/default_format_denormal_1.f90  -Os  execution test
FAIL: gfortran.dg/default_format_denormal_2.f90  -O0  execution test
FAIL: gfortran.dg/default_format_denormal_2.f90  -O1  execution test
FAIL: gfortran.dg/default_format_denormal_2.f90  -O2  execution test
FAIL: gfortran.dg/default_format_denormal_2.f90  -O3
-fomit-frame-pointer  execution test
FAIL: gfortran.dg/default_format_denormal_2.f90  -O3
-fomit-frame-pointer -funroll-loops  execution test
FAIL: gfortran.dg/default_format_denormal_2.f90  -O3
-fomit-frame-pointer -funroll-all-loops -finline-functions  execution
test
FAIL: gfortran.dg/default_format_denormal_2.f90  -O3 -g  execution test
FAIL: gfortran.dg/default_format_denormal_2.f90  -Os  execution test
FAIL: gfortran.dg/integer_exponentiation_2.f90  -O0  execution test
FAIL: gfortran.dg/integer_exponentiation_2.f90  -O1  execution test
FAIL: gfortran.dg/integer_exponentiation_2.f90  -O2  execution test
FAIL: gfortran.dg/integer_exponentiation_2.f90  -O3
-fomit-frame-pointer  execution test
FAIL: gfortran.dg/integer_exponentiation_2.f90  -O3
-fomit-frame-pointer -funroll-loops  execution test
FAIL: gfortran.dg/integer_exponentiation_2.f90  -O3
-fomit-frame-pointer -funroll-all-loops -finline-functions  execution
test
FAIL: gfortran.dg/integer_exponentiation_2.f90  -O3 -g  execution test
FAIL: gfortran.dg/integer_exponentiation_2.f90  -Os  execution test
FAIL: gfortran.dg/large_real_kind_2.F90  -O1  execution test
FAIL: gfortran.dg/large_real_kind_2.F90  -O3 -fomit-frame-pointer
-funroll-loops  execution test
FAIL: gfortran.dg/large_real_kind_2.F90  -O3 -fomit-frame-pointer
-funroll-all-loops -finline-functions  execution test
FAIL: gfortran.dg/large_real_kind_2.F90  -Os  execution test
FAIL: gfortran.dg/large_real_kind_form_io_2.f90  -O0  execution test
FAIL: gfortran.dg/large_real_kind_form_io_2.f90  -O1  execution test
FAIL: gfortran.dg/large_real_kind_form_io_2.f90  -O2  execution test
FAIL: gfortran.dg/large_real_kind_form_io_2.f90  -O3
-fomit-frame-pointer  execution test
FAIL: gfortran.dg/large_real_kind_form_io_2.f90  -O3
-fomit-frame-pointer -funroll-loops  execution test
FAIL: gfortran.dg/large_real_kind_form_io_2.f90  -O3
-fomit-frame-pointer -funroll-all-loops -finline-functions  execution
test
FAIL: gfortran.dg/large_real_kind_form_io_2.f90  -O3 -g  execution test
FAIL: gfortran.dg/large_real_kind_form_io_2.f90  -Os  execution test
FAIL: gfortran.dg/nan_3.f90  -O0  execution test
FAIL: gfortran.dg/nan_3.f90  -O1  execution test
FAIL: gfortran.dg/nan_3.f90  -O2  execution test
FAIL: gfortran.dg/nan_3.f90  -O3 -fomit-frame-pointer  execution test
FAIL: gfortran.dg/nan_3.f90  -O3 -fomit-frame-pointer -funroll-loops
execution test
FAIL: gfortran.dg/nan_3.f90  -O3 -fomit-frame-pointer
-funroll-all-loops -finline-functions  execution test
FAIL: gfortran.dg/nan_3.f90  -O3 -g  execution test
FAIL: gfortran.dg/nan_3.f90  -Os  execution test
FAIL: gfortran.dg/nan_6.f90  -O0  execution test
FAIL: gfortran.dg/nan_6.f90  -O1  execution test
FAIL: gfortran.dg/nan_6.f90  -O2  execution test
FAIL: gfortran.dg/nan_6.f90  -O3 -fomit-frame-pointer  execution test
FAIL: gfortran.dg/nan_6.f90  -O3 -fomit-frame-pointer -funroll-loops
execution test
FAIL: gfortran.dg/nan_6.f90  -O3 -fomit-frame-pointer
-funroll-all-loops -finline-functions  execution test
FAIL: gfortran.dg/nan_6.f90  -O3 -g  execution test
FAIL: gfortran.dg/nan_6.f90  -Os  execution test
FAIL: gfortran.dg/nan_7.f90  -O0  execution test
FAIL: gfortran.dg/nan_7.f90  -O1  execution test
FAIL: gfortran.dg/nan_7.f90  -O2  execution test
FAIL: gfortran.dg/nan_7.f90  -O3 -fomit-frame-pointer  execution test
FAIL: gfortran.dg/nan_7.f90  -O3 -fomit-frame-pointer -funroll-loops
execution test
FAIL: gfortran.dg/nan_7.f90  -O3 -fomit-frame-pointer
-funroll-all-loops -finline-functions  execution test
FAIL: gfortran.dg/nan_7.f90  -O3 -g  execution test
FAIL: gfortran.dg/nan_7.f90  -Os  execution test
FAIL: gfortran.dg/nearest_1.f90  -O0  execution test
FAIL: gfortran.dg/nearest_1.f90  -O1  execution test
FAIL: gfortran.dg/nearest_1.f90  -O2  execution test
FAIL: gfortran.dg/nearest_1.f90  -O3 -fomit-frame-pointer  execution test
FAIL: gfortran.dg/nearest_1.f90  -O3 -fomit-frame-pointer
-funroll-loops  execution test
FAIL: gfortran.dg/nearest_1.f90  -O3 -fomit-frame-pointer
-funroll-all-loops -finline-functions  execution test
FAIL: gfortran.dg/nearest_1.f90  -O3 -g  execution test
FAIL: gfortran.dg/nearest_1.f90  -Os  execution test
FAIL: gfortran.dg/pr45636.f90  -O  scan-tree-dump-times forwprop2 "memset" 0
FAIL: gfortran.dg/read_infnan_1.f90  -O0  execution test
FAIL: gfortran.dg/read_infnan_1.f90  -O1  execution test
FAIL: gfortran.dg/read_infnan_1.f90  -O2  execution test
FAIL: gfortran.dg/read_infnan_1.f90  -O3 -fomit-frame-pointer  execution test
FAIL: gfortran.dg/read_infnan_1.f90  -O3 -fomit-frame-pointer
-funroll-loops  execution test
FAIL: gfortran.dg/read_infnan_1.f90  -O3 -fomit-frame-pointer
-funroll-all-loops -finline-functions  execution test
FAIL: gfortran.dg/read_infnan_1.f90  -O3 -g  execution test
FAIL: gfortran.dg/read_infnan_1.f90  -Os  execution test
FAIL: gfortran.dg/specifics_1.f90  -O0  execution test
FAIL: gfortran.dg/specifics_1.f90  -O1  execution test
FAIL: gfortran.dg/specifics_1.f90  -O2  execution test
FAIL: gfortran.dg/specifics_1.f90  -O3 -fomit-frame-pointer  execution test
FAIL: gfortran.dg/specifics_1.f90  -O3 -fomit-frame-pointer
-funroll-loops  execution test
FAIL: gfortran.dg/specifics_1.f90  -O3 -fomit-frame-pointer
-funroll-all-loops -finline-functions  execution test
FAIL: gfortran.dg/specifics_1.f90  -O3 -g  execution test
FAIL: gfortran.dg/specifics_1.f90  -Os  execution test
WARNING: program timed out.
FAIL: gfortran.fortran-torture/execute/intrinsic_abs.f90 execution,  -O0
FAIL: gfortran.fortran-torture/execute/specifics.f90 execution,  -O0
FAIL: gfortran.fortran-torture/execute/specifics.f90 execution,  -O1
FAIL: gfortran.fortran-torture/execute/specifics.f90 execution,  -O2
FAIL: gfortran.fortran-torture/execute/specifics.f90 execution,  -O2
-fomit-frame-pointer -finline-functions
FAIL: gfortran.fortran-torture/execute/specifics.f90 execution,  -O2
-fomit-frame-pointer -finline-functions -funroll-loops
FAIL: gfortran.fortran-torture/execute/specifics.f90 execution,  -O2
-fbounds-check
FAIL: gfortran.fortran-torture/execute/specifics.f90 execution,  -O3 -g
FAIL: gfortran.fortran-torture/execute/specifics.f90 execution,  -Os

		=== gfortran Summary for unix/-mabi=n32 ===

# of expected passes		37983
# of unexpected failures	110
# of expected failures		42
# of unsupported tests		90

		=== gfortran Summary ===

# of expected passes		75966
# of unexpected failures	220
# of expected failures		84
# of unsupported tests		180
/xvm0/build/gcc/release/gcc-4.6.1-r0/obj-irix6.5/gcc/testsuite/gfortran/../../gfortran
 version 4.6.1 (GCC)

		=== gnat tests ===


Running target unix/-mabi=n32
FAIL: gnat.dg/frame_overflow.adb (test for excess errors)
WARNING: program timed out.
FAIL: gnat.dg/lto8.adb execution test
FAIL: gnat.dg/null_pointer_deref1.adb execution test
FAIL: gnat.dg/null_pointer_deref2.adb execution test
FAIL: gnat.dg/stack_check1.adb execution test
FAIL: gnat.dg/stack_check2.adb execution test
WARNING: program timed out.
FAIL: gnat.dg/test_prio.adb execution test
FAIL: gnat.dg/specs/addr1.ads  (test for bogus messages, line 24)
FAIL: gnat.dg/specs/addr1.ads (test for excess errors)

		=== gnat Summary for unix/-mabi=n32 ===

# of expected passes		855
# of unexpected failures	9
# of expected failures		10
# of unsupported tests		5

Running target unix/-mabi=64
FAIL: gnat.dg/align_max.adb execution test
FAIL: gnat.dg/allocator_maxalign1.adb execution test
FAIL: gnat.dg/null_pointer_deref1.adb execution test
FAIL: gnat.dg/null_pointer_deref2.adb execution test
FAIL: gnat.dg/stack_check1.adb execution test
FAIL: gnat.dg/stack_check2.adb execution test
FAIL: gnat.dg/test_allocator_maxalign2.adb execution test

		=== gnat Summary for unix/-mabi=64 ===

# of expected passes		857
# of unexpected failures	7
# of expected failures		10
# of unsupported tests		5

		=== gnat Summary ===

# of expected passes		1712
# of unexpected failures	16
# of expected failures		20
# of unsupported tests		10
/xvm0/build/gcc/release/gcc-4.6.1-r0/obj-irix6.5/gcc/gnatmake version 4.6.1

		=== obj-c++ tests ===


Running target unix/-mabi=n32

		=== obj-c++ Summary for unix/-mabi=n32 ===

# of expected passes		1386
# of expected failures		2
# of unsupported tests		86

Running target unix/-mabi=64

		=== obj-c++ Summary for unix/-mabi=64 ===

# of expected passes		1378
# of expected failures		10
# of unsupported tests		86

		=== obj-c++ Summary ===

# of expected passes		2764
# of expected failures		12
# of unsupported tests		172
/xvm0/build/gcc/release/gcc-4.6.1-r0/obj-irix6.5/gcc/testsuite/obj-c++/../../g++
 version 4.6.1 (GCC)

		=== objc tests ===


Running target unix/-mabi=64
FAIL: objc.dg/stabs-1.m scan-assembler
(.SUBSPA.*[\$]CODE[\$]|.text"?)\\n\\t.stabs.*100,0,0,([.\$])?L?L[\$]?etext[0-9]*\\n([.\$])?L?L[\$]?etext

		=== objc Summary for unix/-mabi=64 ===

# of expected passes		2915
# of unexpected failures	1
# of expected failures		10
# of unsupported tests		74

Running target unix/-mabi=n32
FAIL: objc.dg/stabs-1.m scan-assembler
(.SUBSPA.*[\$]CODE[\$]|.text"?)\\n\\t.stabs.*100,0,0,([.\$])?L?L[\$]?etext[0-9]*\\n([.\$])?L?L[\$]?etext

		=== objc Summary for unix/-mabi=n32 ===

# of expected passes		2915
# of unexpected failures	1
# of expected failures		10
# of unsupported tests		74

		=== objc Summary ===

# of expected passes		5830
# of unexpected failures	2
# of expected failures		20
# of unsupported tests		148
/xvm0/build/gcc/release/gcc-4.6.1-r0/obj-irix6.5/gcc/xgcc  version 4.6.1 (GCC)

		=== libffi tests ===


Running target unix/-mabi=n32
FAIL: libffi.call/cls_double_va.c -O0 -W -Wall output pattern test, is 0.0
FAIL: libffi.call/cls_longdouble_va.c -O0 -W -Wall output pattern test, is 0.0
FAIL: libffi.call/cls_double_va.c -O2 output pattern test, is 0.0
FAIL: libffi.call/cls_longdouble_va.c -O2 output pattern test, is 0.0
FAIL: libffi.call/cls_double_va.c -O3 output pattern test, is 0.0
FAIL: libffi.call/cls_longdouble_va.c -O3 output pattern test, is 0.0
FAIL: libffi.call/cls_double_va.c -Os output pattern test, is 0.0
FAIL: libffi.call/cls_longdouble_va.c -Os output pattern test, is 0.0
FAIL: libffi.call/cls_double_va.c -O2 -fomit-frame-pointer output
pattern test, is 0.0
FAIL: libffi.call/cls_longdouble_va.c -O2 -fomit-frame-pointer output
pattern test, is 0.0

		=== libffi Summary for unix/-mabi=n32 ===

# of expected passes		1624
# of unexpected failures	10
# of expected failures		10
# of unsupported tests		15

Running target unix/-mabi=64
FAIL: libffi.call/cls_double_va.c -O0 -W -Wall output pattern test, is 0.0
FAIL: libffi.call/cls_longdouble_va.c -O0 -W -Wall output pattern test, is 0.0
FAIL: libffi.call/cls_double_va.c -O2 output pattern test, is 0.0
FAIL: libffi.call/cls_longdouble_va.c -O2 output pattern test, is 0.0
FAIL: libffi.call/cls_double_va.c -O3 output pattern test, is 0.0
FAIL: libffi.call/cls_longdouble_va.c -O3 output pattern test, is 0.0
FAIL: libffi.call/cls_double_va.c -Os output pattern test, is 0.0
FAIL: libffi.call/cls_longdouble_va.c -Os output pattern test, is 0.0
FAIL: libffi.call/cls_double_va.c -O2 -fomit-frame-pointer output
pattern test, is 0.0
FAIL: libffi.call/cls_longdouble_va.c -O2 -fomit-frame-pointer output
pattern test, is 0.0

		=== libffi Summary for unix/-mabi=64 ===

# of expected passes		1624
# of unexpected failures	10
# of expected failures		10
# of unsupported tests		15

		=== libffi Summary ===

# of expected passes		3248
# of unexpected failures	20
# of expected failures		20
# of unsupported tests		30
		=== libgomp tests ===


Running target unix/-mabi=n32

		=== libgomp Summary for unix/-mabi=n32 ===

# of expected passes		2586
# of unsupported tests		3

Running target unix/-mabi=64

		=== libgomp Summary for unix/-mabi=64 ===

# of expected passes		2586
# of unsupported tests		3

		=== libgomp Summary ===

# of expected passes		5172
# of unsupported tests		6
		=== libjava tests ===


Running target unix/-mabi=n32
WARNING: program timed out.
FAIL: getstacktrace run
WARNING: program timed out.
FAIL: getallthreads run
FAIL: FileHandleGcTest execution - source compiled test
FAIL: FileHandleGcTest -findirect-dispatch execution - source compiled test
FAIL: FileHandleGcTest -O3 execution - source compiled test
FAIL: FileHandleGcTest -O3 -findirect-dispatch execution - source compiled test
FAIL: Thread_Interrupt output - source compiled test
FAIL: Thread_Interrupt -findirect-dispatch output - source compiled test
FAIL: Thread_Interrupt -O3 output - source compiled test
FAIL: Throw_2 execution - source compiled test
FAIL: Throw_2 -findirect-dispatch execution - source compiled test
FAIL: Throw_2 -O3 execution - source compiled test
FAIL: Throw_2 -O3 -findirect-dispatch execution - source compiled test

		=== libjava Summary for unix/-mabi=n32 ===

# of expected passes		2553
# of unexpected failures	13
# of untested testcases		10

Running target unix/-mabi=64
WARNING: program timed out.
FAIL: getstacktrace run
WARNING: program timed out.
FAIL: getallthreads run
FAIL: FileHandleGcTest execution - source compiled test
FAIL: FileHandleGcTest -findirect-dispatch execution - source compiled test
FAIL: FileHandleGcTest -O3 execution - source compiled test
FAIL: FileHandleGcTest -O3 -findirect-dispatch execution - source compiled test
FAIL: Process_1 output - source compiled test
FAIL: Process_1 -O3 output - source compiled test
FAIL: Process_1 -O3 -findirect-dispatch output - source compiled test
FAIL: Process_2 output - source compiled test
FAIL: Process_2 -findirect-dispatch output - source compiled test
FAIL: Process_2 -O3 output - source compiled test
FAIL: Process_2 -O3 -findirect-dispatch output - source compiled test
FAIL: Process_7 output - source compiled test
FAIL: Process_7 -O3 output - source compiled test
FAIL: Process_7 -O3 -findirect-dispatch output - source compiled test
FAIL: Thread_Interrupt output - source compiled test
FAIL: Thread_Interrupt -findirect-dispatch output - source compiled test
FAIL: Thread_Interrupt -O3 output - source compiled test
FAIL: Thread_Interrupt -O3 -findirect-dispatch output - source compiled test
FAIL: Throw_2 execution - source compiled test
FAIL: Throw_2 -findirect-dispatch execution - source compiled test
FAIL: Throw_2 -O3 execution - source compiled test
FAIL: Throw_2 -O3 -findirect-dispatch execution - source compiled test

		=== libjava Summary for unix/-mabi=64 ===

# of expected passes		2542
# of unexpected failures	24
# of untested testcases		10

		=== libjava Summary ===

# of expected passes		5095
# of unexpected failures	37
# of untested testcases		20
		=== libstdc++ tests ===


Running target unix/-mabi=64
FAIL: 18_support/numeric_limits/epsilon.cc execution test
FAIL: 21_strings/basic_string/inserters_extractors/wchar_t/1.cc execution test
FAIL: 21_strings/basic_string/inserters_extractors/wchar_t/11.cc execution test
FAIL: 21_strings/basic_string/inserters_extractors/wchar_t/5.cc execution test
FAIL: 22_locale/ctype/cons/char/1.cc execution test
FAIL: 22_locale/ctype/is/wchar_t/1.cc execution test
FAIL: 22_locale/ctype/scan/wchar_t/1.cc execution test
FAIL: 22_locale/money_get/get/wchar_t/19.cc execution test
FAIL: 22_locale/money_get/get/wchar_t/8.cc execution test
FAIL: 26_numerics/complex/inserters_extractors/wchar_t/1.cc execution test
FAIL: 26_numerics/headers/cmath/c99_classification_macros_c.cc (test
for excess errors)
FAIL: 27_io/basic_istream/extractors_arithmetic/char/12.cc execution test
FAIL: 27_io/basic_istream/extractors_arithmetic/wchar_t/01.cc execution test
FAIL: 27_io/basic_istream/extractors_arithmetic/wchar_t/07.cc execution test
FAIL: 27_io/basic_istream/extractors_arithmetic/wchar_t/08.cc execution test
FAIL: 27_io/basic_istream/extractors_arithmetic/wchar_t/10.cc execution test
FAIL: 27_io/basic_istream/extractors_arithmetic/wchar_t/12.cc execution test
FAIL: 27_io/basic_istream/extractors_arithmetic/wchar_t/13.cc execution test
FAIL: 27_io/basic_istream/extractors_character/wchar_t/1.cc execution test
FAIL: 27_io/basic_istream/extractors_character/wchar_t/11095-i.cc execution test
FAIL: 27_io/basic_istream/extractors_character/wchar_t/2.cc execution test
FAIL: 27_io/basic_istream/extractors_character/wchar_t/3.cc execution test
FAIL: 27_io/basic_istream/extractors_character/wchar_t/4.cc execution test
FAIL: 27_io/basic_istream/sentry/wchar_t/2.cc execution test
FAIL: 27_io/basic_istream/ws/wchar_t/1.cc execution test

		=== libstdc++ Summary for unix/-mabi=64 ===

# of expected passes		6894
# of unexpected failures	25
# of expected failures		81
# of unsupported tests		712

Running target unix/-mabi=n32
FAIL: 18_support/numeric_limits/epsilon.cc execution test
FAIL: 21_strings/basic_string/inserters_extractors/wchar_t/1.cc execution test
FAIL: 21_strings/basic_string/inserters_extractors/wchar_t/11.cc execution test
FAIL: 21_strings/basic_string/inserters_extractors/wchar_t/5.cc execution test
FAIL: 22_locale/ctype/cons/char/1.cc execution test
FAIL: 22_locale/ctype/is/wchar_t/1.cc execution test
FAIL: 22_locale/ctype/scan/wchar_t/1.cc execution test
FAIL: 22_locale/money_get/get/wchar_t/19.cc execution test
FAIL: 22_locale/money_get/get/wchar_t/8.cc execution test
FAIL: 26_numerics/complex/inserters_extractors/wchar_t/1.cc execution test
FAIL: 26_numerics/headers/cmath/c99_classification_macros_c.cc (test
for excess errors)
FAIL: 27_io/basic_istream/extractors_arithmetic/char/12.cc execution test
FAIL: 27_io/basic_istream/extractors_arithmetic/wchar_t/01.cc execution test
FAIL: 27_io/basic_istream/extractors_arithmetic/wchar_t/07.cc execution test
FAIL: 27_io/basic_istream/extractors_arithmetic/wchar_t/08.cc execution test
FAIL: 27_io/basic_istream/extractors_arithmetic/wchar_t/10.cc execution test
FAIL: 27_io/basic_istream/extractors_arithmetic/wchar_t/12.cc execution test
FAIL: 27_io/basic_istream/extractors_arithmetic/wchar_t/13.cc execution test
FAIL: 27_io/basic_istream/extractors_character/wchar_t/1.cc execution test
FAIL: 27_io/basic_istream/extractors_character/wchar_t/11095-i.cc execution test
FAIL: 27_io/basic_istream/extractors_character/wchar_t/2.cc execution test
FAIL: 27_io/basic_istream/extractors_character/wchar_t/3.cc execution test
FAIL: 27_io/basic_istream/extractors_character/wchar_t/4.cc execution test
FAIL: 27_io/basic_istream/sentry/wchar_t/2.cc execution test
FAIL: 27_io/basic_istream/ws/wchar_t/1.cc execution test

		=== libstdc++ Summary for unix/-mabi=n32 ===

# of expected passes		6894
# of unexpected failures	25
# of expected failures		81
# of unsupported tests		712

		=== libstdc++ Summary ===

# of expected passes		13788
# of unexpected failures	50
# of expected failures		162
# of unsupported tests		1424

		=== libstdc++ Summary ===


Compiler version: 4.6.1 (GCC)
Platform: mips-sgi-irix6.5
configure flags: -v
--enable-languages=c,ada,c++,fortran,java,objc,obj-c++
--prefix=/usr/local/gnu --enable-shared --enable-threads=posix
--enable-libgcj --enable-java-awt=xlib --disable-nls --with-gnu-as
--with-as=/usr/local/gnu/mips-sgi-irix6.5/bin/as --without-gnu-ld
--with-ld=/usr/bin/ld --with-arch-32=mips3 --with-tune-32=mips4
--with-arch-64=mips3 --with-tune-64=mips4
--with-mpfr-include=/usr/local/gnu/include
--with-mpfr-lib=/usr/local/gnu/lib32 --enable-checking=release


Index Nav: [Date Index] [Subject Index] [Author Index] [Thread Index]
Message Nav: [Date Prev] [Date Next] [Thread Prev] [Thread Next]