This is the mail archive of the gcc-testresults@gcc.gnu.org mailing list for the GCC project.


Index Nav: [Date Index] [Subject Index] [Author Index] [Thread Index]
Message Nav: [Date Prev] [Date Next] [Thread Prev] [Thread Next]
Other format: [Raw text]

Results for 4.7.0 20110909 (experimental) [trunk revision 178719] (GCC) testsuite on x86_64-unknown-linux-gnu


LAST_UPDATED: Fri Sep  9 05:25:35 UTC 2011 (revision 178719)

Native configuration is x86_64-unknown-linux-gnu

		=== g++ tests ===


Running target unix

		=== g++ Summary for unix ===

# of expected passes		21197
# of expected failures		151
# of unsupported tests		154

Running target unix/-m32

		=== g++ Summary for unix/-m32 ===

# of expected passes		20662
# of expected failures		151
# of unsupported tests		118

		=== g++ Summary ===

# of expected passes		41859
# of expected failures		302
# of unsupported tests		272
/export/gnu/import/svn/gcc-test-intel64/bld/gcc/testsuite/g++/../../g++  version 4.7.0 20110909 (experimental) [trunk revision 178719] (GCC) 

		=== gcc tests ===


Running target unix
FAIL: gcc.c-torture/execute/builtins/strstr-asm.c compilation,  -O2 -flto -flto-partition=none 
UNRESOLVED: gcc.c-torture/execute/builtins/strstr-asm.c execution,  -O2 -flto -flto-partition=none 
FAIL: gcc.c-torture/execute/builtins/strstr-asm.c compilation,  -O2 -flto 
UNRESOLVED: gcc.c-torture/execute/builtins/strstr-asm.c execution,  -O2 -flto 
XPASS: gcc.dg/inline_3.c (test for excess errors)
XPASS: gcc.dg/inline_4.c (test for excess errors)
XPASS: gcc.dg/uninit-B.c uninit i warning (test for warnings, line 12)
XPASS: gcc.dg/uninit-pr19430.c  (test for warnings, line 32)
XPASS: gcc.dg/uninit-pr19430.c uninitialized (test for warnings, line 41)
XPASS: gcc.dg/unroll_2.c (test for excess errors)
XPASS: gcc.dg/unroll_3.c (test for excess errors)
XPASS: gcc.dg/unroll_4.c (test for excess errors)
XPASS: gcc.dg/guality/example.c  -O0  execution test
XPASS: gcc.dg/guality/example.c  -O1  execution test
XPASS: gcc.dg/guality/example.c  -O2  execution test
XPASS: gcc.dg/guality/guality.c  -O0  execution test
XPASS: gcc.dg/guality/inline-params.c  -O2  execution test
XPASS: gcc.dg/guality/inline-params.c  -O3 -fomit-frame-pointer  execution test
XPASS: gcc.dg/guality/inline-params.c  -O3 -g  execution test
XPASS: gcc.dg/guality/inline-params.c  -Os  execution test
XPASS: gcc.dg/guality/inline-params.c  -O2 -flto -flto-partition=none  execution test
XPASS: gcc.dg/guality/inline-params.c  -O2 -flto  execution test
XPASS: gcc.dg/guality/pr41353-1.c  -O0  line 28 j == 28 + 37
XPASS: gcc.dg/guality/pr41353-1.c  -O1  line 28 j == 28 + 37
XPASS: gcc.dg/guality/pr41353-1.c  -O2  line 28 j == 28 + 37
XPASS: gcc.dg/guality/pr41353-1.c  -O3 -fomit-frame-pointer  line 28 j == 28 + 37
XPASS: gcc.dg/guality/pr41353-1.c  -O3 -g  line 28 j == 28 + 37
XPASS: gcc.dg/guality/pr41353-1.c  -Os  line 28 j == 28 + 37
XPASS: gcc.dg/guality/pr41353-1.c  -O2 -flto -flto-partition=none  line 28 j == 28 + 37
XPASS: gcc.dg/guality/pr41353-1.c  -O2 -flto  line 28 j == 28 + 37
XPASS: gcc.dg/guality/pr41447-1.c  -O0  execution test
XPASS: gcc.dg/guality/pr41447-1.c  -O1  execution test
XPASS: gcc.dg/guality/pr41447-1.c  -O2  execution test
XPASS: gcc.dg/guality/pr41447-1.c  -O3 -fomit-frame-pointer  execution test
XPASS: gcc.dg/guality/pr41447-1.c  -O3 -g  execution test
XPASS: gcc.dg/guality/pr41447-1.c  -Os  execution test
XPASS: gcc.dg/guality/pr41447-1.c  -O2 -flto -flto-partition=none  execution test
XPASS: gcc.dg/guality/pr41447-1.c  -O2 -flto  execution test
XPASS: gcc.dg/guality/pr41616-1.c  -O0  execution test
XPASS: gcc.dg/guality/pr41616-1.c  -O1  execution test
XPASS: gcc.dg/guality/pr41616-1.c  -O2  execution test
XPASS: gcc.dg/guality/pr41616-1.c  -O3 -fomit-frame-pointer  execution test
XPASS: gcc.dg/guality/pr41616-1.c  -O3 -g  execution test
XPASS: gcc.dg/guality/pr41616-1.c  -Os  execution test
FAIL: gcc.dg/guality/pr45003-1.c  -O1  line 10 a == 0x8078
FAIL: gcc.dg/guality/pr45003-1.c  -O1  line 19 a == 0xffff8078
FAIL: gcc.dg/guality/pr45003-1.c  -O2  line 10 a == 0x8078
FAIL: gcc.dg/guality/pr45003-1.c  -O2  line 19 a == 0xffff8078
FAIL: gcc.dg/guality/pr45003-1.c  -O3 -fomit-frame-pointer  line 10 a == 0x8078
FAIL: gcc.dg/guality/pr45003-1.c  -O3 -fomit-frame-pointer  line 19 a == 0xffff8078
FAIL: gcc.dg/guality/pr45003-1.c  -O3 -g  line 10 a == 0x8078
FAIL: gcc.dg/guality/pr45003-1.c  -O3 -g  line 19 a == 0xffff8078
FAIL: gcc.dg/guality/pr45003-1.c  -Os  line 10 a == 0x8078
FAIL: gcc.dg/guality/pr45003-1.c  -Os  line 19 a == 0xffff8078
FAIL: gcc.dg/guality/pr45003-1.c  -O2 -flto -flto-partition=none  line 10 a == 0x8078
FAIL: gcc.dg/guality/pr45003-1.c  -O2 -flto -flto-partition=none  line 19 a == 0xffff8078
FAIL: gcc.dg/guality/pr45003-1.c  -O2 -flto  line 10 a == 0x8078
FAIL: gcc.dg/guality/pr45003-1.c  -O2 -flto  line 19 a == 0xffff8078
FAIL: gcc.dg/guality/pr45003-2.c  -O1  line 10 a == 0x8078
FAIL: gcc.dg/guality/pr45003-2.c  -O1  line 19 a == 0xffff8078
FAIL: gcc.dg/guality/pr45003-2.c  -O2  line 10 a == 0x8078
FAIL: gcc.dg/guality/pr45003-2.c  -O2  line 19 a == 0xffff8078
FAIL: gcc.dg/guality/pr45003-2.c  -O3 -fomit-frame-pointer  line 10 a == 0x8078
FAIL: gcc.dg/guality/pr45003-2.c  -O3 -fomit-frame-pointer  line 19 a == 0xffff8078
FAIL: gcc.dg/guality/pr45003-2.c  -O3 -g  line 10 a == 0x8078
FAIL: gcc.dg/guality/pr45003-2.c  -O3 -g  line 19 a == 0xffff8078
FAIL: gcc.dg/guality/pr45003-2.c  -Os  line 10 a == 0x8078
FAIL: gcc.dg/guality/pr45003-2.c  -Os  line 19 a == 0xffff8078
FAIL: gcc.dg/guality/pr45003-2.c  -O2 -flto -flto-partition=none  line 10 a == 0x8078
FAIL: gcc.dg/guality/pr45003-2.c  -O2 -flto -flto-partition=none  line 19 a == 0xffff8078
FAIL: gcc.dg/guality/pr45003-2.c  -O2 -flto  line 10 a == 0x8078
FAIL: gcc.dg/guality/pr45003-2.c  -O2 -flto  line 19 a == 0xffff8078
FAIL: gcc.dg/guality/pr45003-3.c  -O1  line 10 a == -32648
FAIL: gcc.dg/guality/pr45003-3.c  -O1  line 19 a == 0x8078
FAIL: gcc.dg/guality/pr45003-3.c  -O2  line 10 a == -32648
FAIL: gcc.dg/guality/pr45003-3.c  -O2  line 19 a == 0x8078
FAIL: gcc.dg/guality/pr45003-3.c  -O3 -fomit-frame-pointer  line 10 a == -32648
FAIL: gcc.dg/guality/pr45003-3.c  -O3 -fomit-frame-pointer  line 19 a == 0x8078
FAIL: gcc.dg/guality/pr45003-3.c  -O3 -g  line 10 a == -32648
FAIL: gcc.dg/guality/pr45003-3.c  -O3 -g  line 19 a == 0x8078
FAIL: gcc.dg/guality/pr45003-3.c  -Os  line 10 a == -32648
FAIL: gcc.dg/guality/pr45003-3.c  -Os  line 19 a == 0x8078
FAIL: gcc.dg/guality/pr45003-3.c  -O2 -flto -flto-partition=none  line 10 a == -32648
FAIL: gcc.dg/guality/pr45003-3.c  -O2 -flto -flto-partition=none  line 19 a == 0x8078
FAIL: gcc.dg/guality/pr45003-3.c  -O2 -flto  line 10 a == -32648
FAIL: gcc.dg/guality/pr45003-3.c  -O2 -flto  line 19 a == 0x8078
FAIL: gcc.dg/guality/sra-1.c  -O1  line 43 a.i == 4
FAIL: gcc.dg/guality/sra-1.c  -O1  line 43 a.j == 14
FAIL: gcc.dg/guality/vla-1.c  -O2 -flto -flto-partition=none  line 17 sizeof (a) == 6
FAIL: gcc.dg/guality/vla-1.c  -O2 -flto -flto-partition=none  line 24 sizeof (a) == 17 * sizeof (short)
FAIL: gcc.dg/guality/vla-1.c  -O2 -flto  line 17 sizeof (a) == 6
FAIL: gcc.dg/guality/vla-1.c  -O2 -flto  line 24 sizeof (a) == 17 * sizeof (short)
FAIL: gcc.dg/guality/vla-2.c  -O2 -flto -flto-partition=none  line 16 sizeof (a) == 5 * sizeof (int)
FAIL: gcc.dg/guality/vla-2.c  -O2 -flto -flto-partition=none  line 25 sizeof (a) == 6 * sizeof (int)
FAIL: gcc.dg/guality/vla-2.c  -O2 -flto  line 16 sizeof (a) == 5 * sizeof (int)
FAIL: gcc.dg/guality/vla-2.c  -O2 -flto  line 25 sizeof (a) == 6 * sizeof (int)
FAIL: gcc.dg/tree-ssa/vrp47.c scan-tree-dump-times dom1 "x[^ ]* & y" 1
FAIL: gcc.target/i386/avx256-unaligned-load-3.c scan-assembler \\\\*sse2_movupd/1
FAIL: gcc.target/i386/avx256-unaligned-load-3.c scan-assembler vinsertf128
FAIL: gcc.target/i386/avx256-unaligned-store-3.c scan-assembler vmovupd.*\\\\*movv2df_internal/3
FAIL: gcc.target/i386/avx256-unaligned-store-3.c scan-assembler vextractf128

		=== gcc Summary for unix ===

# of expected passes		88172
# of unexpected failures	12
# of unexpected successes	8
# of expected failures		306
# of unresolved testcases	2
# of unsupported tests		1431

Running target unix/-m32
FAIL: gcc.c-torture/execute/builtins/strstr-asm.c compilation,  -O2 -flto -flto-partition=none 
UNRESOLVED: gcc.c-torture/execute/builtins/strstr-asm.c execution,  -O2 -flto -flto-partition=none 
FAIL: gcc.c-torture/execute/builtins/strstr-asm.c compilation,  -O2 -flto 
UNRESOLVED: gcc.c-torture/execute/builtins/strstr-asm.c execution,  -O2 -flto 
FAIL: gcc.c-torture/execute/20010209-1.c compilation,  -O2 -flto -flto-partition=none  (internal compiler error)
UNRESOLVED: gcc.c-torture/execute/20010209-1.c execution,  -O2 -flto -flto-partition=none 
FAIL: gcc.c-torture/execute/20010209-1.c compilation,  -O2 -flto  (internal compiler error)
UNRESOLVED: gcc.c-torture/execute/20010209-1.c execution,  -O2 -flto 
XPASS: gcc.dg/inline_3.c (test for excess errors)
XPASS: gcc.dg/inline_4.c (test for excess errors)
XPASS: gcc.dg/uninit-B.c uninit i warning (test for warnings, line 12)
XPASS: gcc.dg/uninit-pr19430.c  (test for warnings, line 32)
XPASS: gcc.dg/uninit-pr19430.c uninitialized (test for warnings, line 41)
XPASS: gcc.dg/unroll_2.c (test for excess errors)
XPASS: gcc.dg/unroll_3.c (test for excess errors)
XPASS: gcc.dg/unroll_4.c (test for excess errors)
XPASS: gcc.dg/guality/example.c  -O0  execution test
XPASS: gcc.dg/guality/example.c  -O1  execution test
XPASS: gcc.dg/guality/example.c  -O2  execution test
XPASS: gcc.dg/guality/example.c  -Os  execution test
XPASS: gcc.dg/guality/guality.c  -O0  execution test
XPASS: gcc.dg/guality/guality.c  -O1  execution test
XPASS: gcc.dg/guality/guality.c  -O2  execution test
XPASS: gcc.dg/guality/guality.c  -O3 -fomit-frame-pointer  execution test
XPASS: gcc.dg/guality/guality.c  -O3 -g  execution test
XPASS: gcc.dg/guality/guality.c  -Os  execution test
XPASS: gcc.dg/guality/guality.c  -O2 -flto -flto-partition=none  execution test
XPASS: gcc.dg/guality/guality.c  -O2 -flto  execution test
XPASS: gcc.dg/guality/inline-params.c  -O2  execution test
XPASS: gcc.dg/guality/inline-params.c  -O3 -fomit-frame-pointer  execution test
XPASS: gcc.dg/guality/inline-params.c  -O3 -g  execution test
XPASS: gcc.dg/guality/inline-params.c  -Os  execution test
XPASS: gcc.dg/guality/inline-params.c  -O2 -flto -flto-partition=none  execution test
XPASS: gcc.dg/guality/inline-params.c  -O2 -flto  execution test
FAIL: gcc.dg/guality/pr36728-1.c  -O2 -flto -flto-partition=none  line 12 arg1 == 1
FAIL: gcc.dg/guality/pr36728-1.c  -O2 -flto -flto-partition=none  line 14 arg1 == 1
FAIL: gcc.dg/guality/pr36728-1.c  -O2 -flto  line 12 arg1 == 1
FAIL: gcc.dg/guality/pr36728-1.c  -O2 -flto  line 14 arg1 == 1
XPASS: gcc.dg/guality/pr41353-1.c  -O0  line 28 j == 28 + 37
XPASS: gcc.dg/guality/pr41353-1.c  -O1  line 28 j == 28 + 37
XPASS: gcc.dg/guality/pr41353-1.c  -O2  line 28 j == 28 + 37
XPASS: gcc.dg/guality/pr41353-1.c  -O3 -fomit-frame-pointer  line 28 j == 28 + 37
XPASS: gcc.dg/guality/pr41353-1.c  -O3 -g  line 28 j == 28 + 37
XPASS: gcc.dg/guality/pr41353-1.c  -Os  line 28 j == 28 + 37
XPASS: gcc.dg/guality/pr41353-1.c  -O2 -flto -flto-partition=none  line 28 j == 28 + 37
XPASS: gcc.dg/guality/pr41353-1.c  -O2 -flto  line 28 j == 28 + 37
XPASS: gcc.dg/guality/pr41447-1.c  -O0  execution test
XPASS: gcc.dg/guality/pr41447-1.c  -O1  execution test
XPASS: gcc.dg/guality/pr41447-1.c  -Os  execution test
XPASS: gcc.dg/guality/pr41447-1.c  -O2 -flto -flto-partition=none  execution test
XPASS: gcc.dg/guality/pr41447-1.c  -O2 -flto  execution test
XPASS: gcc.dg/guality/pr41616-1.c  -O0  execution test
XPASS: gcc.dg/guality/pr41616-1.c  -O1  execution test
XPASS: gcc.dg/guality/pr41616-1.c  -O2  execution test
XPASS: gcc.dg/guality/pr41616-1.c  -O3 -fomit-frame-pointer  execution test
XPASS: gcc.dg/guality/pr41616-1.c  -O3 -g  execution test
XPASS: gcc.dg/guality/pr41616-1.c  -Os  execution test
FAIL: gcc.dg/guality/vla-1.c  -Os  line 17 sizeof (a) == 6
FAIL: gcc.dg/guality/vla-1.c  -O2 -flto -flto-partition=none  line 17 sizeof (a) == 6
FAIL: gcc.dg/guality/vla-1.c  -O2 -flto -flto-partition=none  line 24 sizeof (a) == 17 * sizeof (short)
FAIL: gcc.dg/guality/vla-1.c  -O2 -flto  line 17 sizeof (a) == 6
FAIL: gcc.dg/guality/vla-1.c  -O2 -flto  line 24 sizeof (a) == 17 * sizeof (short)
FAIL: gcc.dg/guality/vla-2.c  -O2 -flto -flto-partition=none  line 16 sizeof (a) == 5 * sizeof (int)
FAIL: gcc.dg/guality/vla-2.c  -O2 -flto -flto-partition=none  line 25 sizeof (a) == 6 * sizeof (int)
FAIL: gcc.dg/guality/vla-2.c  -O2 -flto  line 16 sizeof (a) == 5 * sizeof (int)
FAIL: gcc.dg/guality/vla-2.c  -O2 -flto  line 25 sizeof (a) == 6 * sizeof (int)
FAIL: gcc.dg/tree-ssa/vrp47.c scan-tree-dump-times dom1 "x[^ ]* & y" 1
FAIL: gcc.target/i386/avx256-unaligned-load-3.c scan-assembler \\\\*sse2_movupd/1
FAIL: gcc.target/i386/avx256-unaligned-load-3.c scan-assembler vinsertf128
FAIL: gcc.target/i386/avx256-unaligned-store-3.c scan-assembler vmovupd.*\\\\*movv2df_internal/3
FAIL: gcc.target/i386/avx256-unaligned-store-3.c scan-assembler vextractf128

		=== gcc Summary for unix/-m32 ===

# of expected passes		38807
# of unexpected failures	4
# of unexpected successes	8
# of expected failures		188
# of unresolved testcases	4
# of unsupported tests		422

		=== gcc Summary ===

# of expected passes		126979
# of unexpected failures	16
# of unexpected successes	16
# of expected failures		494
# of unresolved testcases	6
# of unsupported tests		1853
/export/gnu/import/svn/gcc-test-intel64/bld/gcc/xgcc  version 4.7.0 20110909 (experimental) [trunk revision 178719] (GCC) 

		=== gfortran tests ===


Running target unix

		=== gfortran Summary for unix ===

# of expected passes		38213
# of expected failures		38
# of unsupported tests		36

Running target unix/-m32
FAIL: gfortran.dg/actual_array_constructor_1.f90  -O1  (internal compiler error)
FAIL: gfortran.dg/actual_array_constructor_1.f90  -O1  (test for excess errors)
WARNING: gfortran.dg/actual_array_constructor_1.f90  -O1  compilation failed to produce executable
FAIL: gfortran.dg/actual_array_constructor_1.f90  -O2  (internal compiler error)
FAIL: gfortran.dg/actual_array_constructor_1.f90  -O2  (test for excess errors)
WARNING: gfortran.dg/actual_array_constructor_1.f90  -O2  compilation failed to produce executable
FAIL: gfortran.dg/actual_array_constructor_1.f90  -O3 -fomit-frame-pointer  (internal compiler error)
FAIL: gfortran.dg/actual_array_constructor_1.f90  -O3 -fomit-frame-pointer  (test for excess errors)
WARNING: gfortran.dg/actual_array_constructor_1.f90  -O3 -fomit-frame-pointer  compilation failed to produce executable
FAIL: gfortran.dg/actual_array_constructor_1.f90  -O3 -fomit-frame-pointer -funroll-loops  (internal compiler error)
FAIL: gfortran.dg/actual_array_constructor_1.f90  -O3 -fomit-frame-pointer -funroll-loops  (test for excess errors)
WARNING: gfortran.dg/actual_array_constructor_1.f90  -O3 -fomit-frame-pointer -funroll-loops  compilation failed to produce executable
FAIL: gfortran.dg/actual_array_constructor_1.f90  -O3 -fomit-frame-pointer -funroll-all-loops -finline-functions  (internal compiler error)
FAIL: gfortran.dg/actual_array_constructor_1.f90  -O3 -fomit-frame-pointer -funroll-all-loops -finline-functions  (test for excess errors)
WARNING: gfortran.dg/actual_array_constructor_1.f90  -O3 -fomit-frame-pointer -funroll-all-loops -finline-functions  compilation failed to produce executable
FAIL: gfortran.dg/actual_array_constructor_1.f90  -O3 -g  (internal compiler error)
FAIL: gfortran.dg/actual_array_constructor_1.f90  -O3 -g  (test for excess errors)
WARNING: gfortran.dg/actual_array_constructor_1.f90  -O3 -g  compilation failed to produce executable

		=== gfortran Summary for unix/-m32 ===

# of expected passes		37911
# of unexpected failures	12
# of expected failures		38
# of unsupported tests		177

		=== gfortran Summary ===

# of expected passes		76124
# of unexpected failures	12
# of expected failures		76
# of unsupported tests		213
/export/gnu/import/svn/gcc-test-intel64/bld/gcc/testsuite/gfortran/../../gfortran  version 4.7.0 20110909 (experimental) [trunk revision 178719] (GCC) 

		=== objc tests ===


Running target unix

		=== objc Summary for unix ===

# of expected passes		1292
# of expected failures		6

Running target unix/-m32

		=== objc Summary for unix/-m32 ===

# of expected passes		1292
# of expected failures		6

		=== objc Summary ===

# of expected passes		2584
# of expected failures		12
/export/gnu/import/svn/gcc-test-intel64/bld/gcc/xgcc  version 4.7.0 20110909 (experimental) [trunk revision 178719] (GCC) 

		=== boehm-gc tests ===


Running target unix/-m32
FAIL: boehm-gc.c/thread_leak_test.c -O2 (test for excess errors)

		=== boehm-gc Summary for unix/-m32 ===

# of expected passes		4

Running target unix
FAIL: boehm-gc.c/thread_leak_test.c -O2 (test for excess errors)

		=== boehm-gc Summary for unix ===

# of expected passes		4

		=== boehm-gc Summary ===

# of expected passes		22
# of unexpected failures	2
# of unsupported tests		2
		=== libffi tests ===


Running target unix/-m32

		=== libffi Summary for unix/-m32 ===

# of expected passes		24

Running target unix

		=== libffi Summary for unix ===

# of expected passes		24

		=== libffi Summary ===

# of expected passes		3268
# of expected failures		20
# of unsupported tests		30
		=== libgomp tests ===


Running target unix/-m32
FAIL: libgomp.graphite/force-parallel-1.c execution test

		=== libgomp Summary for unix/-m32 ===

# of expected passes		45
# of unexpected failures	1

Running target unix
FAIL: libgomp.graphite/force-parallel-1.c execution test

		=== libgomp Summary for unix ===

# of expected passes		45
# of unexpected failures	1

		=== libgomp Summary ===

# of expected passes		5986
# of unexpected failures	2
		=== libjava tests ===


Running target unix/-m32

		=== libjava Summary for unix/-m32 ===


Running target unix

		=== libjava Summary for unix ===


		=== libjava Summary ===

# of expected passes		5148
		=== libmudflap tests ===


Running target unix/-m32

		=== libmudflap Summary for unix/-m32 ===

# of expected passes		264

Running target unix
FAIL: libmudflap.c++/pass55-frag.cxx ( -O) execution test

		=== libmudflap Summary for unix ===

# of expected passes		264

		=== libmudflap Summary ===

# of expected passes		2853
# of unexpected failures	1
		=== libstdc++ tests ===


Running target unix

		=== libstdc++ Summary for unix ===

# of expected passes		8656
# of expected failures		46
# of unsupported tests		140

Running target unix/-m32

		=== libstdc++ Summary for unix/-m32 ===

# of expected passes		8656
# of expected failures		46
# of unsupported tests		140

		=== libstdc++ Summary ===

# of expected passes		17312
# of expected failures		92
# of unsupported tests		280

Compiler version: 4.7.0 20110909 (experimental) [trunk revision 178719] (GCC) 
Platform: x86_64-unknown-linux-gnu
configure flags: --with-arch=core2 --with-cpu=atom --enable-clocale=gnu --with-system-zlib --enable-shared --with-demangler-in-ld --enable-cloog-backend=isl --with-ppl-include=/opt/gnu/include --with-ppl-lib=/opt/gnu/lib64 --with-cloog-include=/opt/gnu/include --with-cloog-lib=/opt/gnu/lib64 --with-fpmath=sse --enable-languages=c,c++,fortran,java,lto,objc


Index Nav: [Date Index] [Subject Index] [Author Index] [Thread Index]
Message Nav: [Date Prev] [Date Next] [Thread Prev] [Thread Next]