This is the mail archive of the
gcc-testresults@gcc.gnu.org
mailing list for the GCC project.
Results for 4.6.2 20110902 (prerelease) [gcc-4_6-branch revision 178490] (GCC) testsuite on hppa64-hp-hpux11.11
- From: John David Anglin <dave at hiauly3 dot hia dot nrc dot ca>
- To: dave at hiauly3 dot hia dot nrc dot ca, gcc-testresults at gcc dot gnu dot org
- Date: Sat, 3 Sep 2011 14:48:06 -0400 (EDT)
- Subject: Results for 4.6.2 20110902 (prerelease) [gcc-4_6-branch revision 178490] (GCC) testsuite on hppa64-hp-hpux11.11
Native configuration is hppa64-hp-hpux11.11
=== g++ tests ===
Running target unix
WARNING: program timed out.
=== g++ Summary ===
# of expected passes 25047
# of expected failures 170
# of unsupported tests 593
/mnt/gnu/gcc/objdir-test/gcc/testsuite/g++/../../g++ version 4.6.2 20110902 (prerelease) [gcc-4_6-branch revision 178490] (GCC)
=== gcc tests ===
Running target unix
WARNING: program timed out.
FAIL: gcc.dg/ipa/ipa-sra-2.c scan-tree-dump eipa_sra "About to replace expr cow_.*D.->red with \\*ISRA"
FAIL: gcc.dg/ipa/ipa-sra-2.c scan-tree-dump eipa_sra "About to replace expr cow_.*D.->green with ISRA"
FAIL: gcc.dg/ipa/ipa-sra-2.c scan-tree-dump eipa_sra "About to replace expr calf_.*D.->red with \\*ISRA"
FAIL: gcc.dg/ipa/ipa-sra-2.c scan-tree-dump eipa_sra "About to replace expr calf_.*D.->green with ISRA"
FAIL: gcc.dg/ipa/ipa-sra-6.c scan-tree-dump-times eipa_sra "foo " 1
FAIL: gcc.dg/lto/20090116 c_lto_20090116_0.o-c_lto_20090116_0.o link, -O1 -flto -flto-partition=1to1 -fPIC (internal compiler error)
UNRESOLVED: gcc.dg/lto/20090116 c_lto_20090116_0.o-c_lto_20090116_0.o execute -O1 -flto -flto-partition=1to1 -fPIC
=== gcc Summary ===
# of expected passes 66992
# of unexpected failures 6
# of expected failures 134
# of unresolved testcases 1
# of unsupported tests 1251
/mnt/gnu/gcc/objdir-test/gcc/xgcc version 4.6.2 20110902 (prerelease) [gcc-4_6-branch revision 178490] (GCC)
=== gfortran tests ===
Running target unix
=== gfortran Summary ===
# of expected passes 37588
# of expected failures 41
# of unsupported tests 362
/mnt/gnu/gcc/objdir-test/gcc/testsuite/gfortran/../../gfortran version 4.6.2 20110902 (prerelease) [gcc-4_6-branch revision 178490] (GCC)
=== obj-c++ tests ===
Running target unix
=== obj-c++ Summary ===
# of expected passes 1378
# of expected failures 10
# of unsupported tests 86
/mnt/gnu/gcc/objdir-test/gcc/testsuite/obj-c++/../../g++ version 4.6.2 20110902 (prerelease) [gcc-4_6-branch revision 178490] (GCC)
=== objc tests ===
Running target unix
=== objc Summary ===
# of expected passes 2914
# of expected failures 10
# of unsupported tests 75
/mnt/gnu/gcc/objdir-test/gcc/xgcc version 4.6.2 20110902 (prerelease) [gcc-4_6-branch revision 178490] (GCC)
=== libgomp tests ===
Running target unix
=== libgomp Summary ===
# of expected passes 2612
# of unsupported tests 10
=== libstdc++ tests ===
Running target unix
=== libstdc++ Summary ===
# of expected passes 6869
# of expected failures 82
# of unsupported tests 737
Compiler version: 4.6.2 20110902 (prerelease) [gcc-4_6-branch revision 178490] (GCC)
Platform: hppa64-hp-hpux11.11
configure flags:Test Run By dave on Sat Sep 3 03:05:30 2011