This is the mail archive of the gcc-testresults@gcc.gnu.org mailing list for the GCC project.


Index Nav: [Date Index] [Subject Index] [Author Index] [Thread Index]
Message Nav: [Date Prev] [Date Next] [Thread Prev] [Thread Next]
Other format: [Raw text]

Results for 4.6.1 (GCC) testsuite on i386-pc-mingw32


LAST_UPDATED: Obtained from SVN: tags/gcc_4_6_1_release revision 175473

Native configuration is i386-pc-mingw32

=== g++ tests ===


Running target unix FAIL: tmpdir-g++.dg-struct-layout-1/t001 cp_compat_x_tst.o compile FAIL: tmpdir-g++.dg-struct-layout-1/t001 cp_compat_y_tst.o compile FAIL: tmpdir-g++.dg-struct-layout-1/t002 cp_compat_x_tst.o compile FAIL: tmpdir-g++.dg-struct-layout-1/t002 cp_compat_y_tst.o compile FAIL: tmpdir-g++.dg-struct-layout-1/t003 cp_compat_x_tst.o compile FAIL: tmpdir-g++.dg-struct-layout-1/t003 cp_compat_y_tst.o compile FAIL: tmpdir-g++.dg-struct-layout-1/t004 cp_compat_x_tst.o compile FAIL: tmpdir-g++.dg-struct-layout-1/t004 cp_compat_y_tst.o compile FAIL: tmpdir-g++.dg-struct-layout-1/t005 cp_compat_x_tst.o compile FAIL: tmpdir-g++.dg-struct-layout-1/t005 cp_compat_y_tst.o compile FAIL: tmpdir-g++.dg-struct-layout-1/t006 cp_compat_x_tst.o compile FAIL: tmpdir-g++.dg-struct-layout-1/t006 cp_compat_y_tst.o compile FAIL: tmpdir-g++.dg-struct-layout-1/t007 cp_compat_x_tst.o compile FAIL: tmpdir-g++.dg-struct-layout-1/t007 cp_compat_y_tst.o compile FAIL: tmpdir-g++.dg-struct-layout-1/t008 cp_compat_x_tst.o compile FAIL: tmpdir-g++.dg-struct-layout-1/t008 cp_compat_y_tst.o compile FAIL: tmpdir-g++.dg-struct-layout-1/t009 cp_compat_x_tst.o compile FAIL: tmpdir-g++.dg-struct-layout-1/t009 cp_compat_y_tst.o compile FAIL: tmpdir-g++.dg-struct-layout-1/t010 cp_compat_x_tst.o compile FAIL: tmpdir-g++.dg-struct-layout-1/t010 cp_compat_y_tst.o compile FAIL: tmpdir-g++.dg-struct-layout-1/t011 cp_compat_x_tst.o compile FAIL: tmpdir-g++.dg-struct-layout-1/t011 cp_compat_y_tst.o compile FAIL: tmpdir-g++.dg-struct-layout-1/t012 cp_compat_x_tst.o compile FAIL: tmpdir-g++.dg-struct-layout-1/t012 cp_compat_y_tst.o compile FAIL: tmpdir-g++.dg-struct-layout-1/t013 cp_compat_x_tst.o compile FAIL: tmpdir-g++.dg-struct-layout-1/t013 cp_compat_y_tst.o compile FAIL: tmpdir-g++.dg-struct-layout-1/t014 cp_compat_x_tst.o compile FAIL: tmpdir-g++.dg-struct-layout-1/t014 cp_compat_y_tst.o compile FAIL: tmpdir-g++.dg-struct-layout-1/t015 cp_compat_x_tst.o compile FAIL: tmpdir-g++.dg-struct-layout-1/t015 cp_compat_y_tst.o compile FAIL: tmpdir-g++.dg-struct-layout-1/t016 cp_compat_x_tst.o compile FAIL: tmpdir-g++.dg-struct-layout-1/t016 cp_compat_y_tst.o compile FAIL: tmpdir-g++.dg-struct-layout-1/t017 cp_compat_x_tst.o compile FAIL: tmpdir-g++.dg-struct-layout-1/t017 cp_compat_y_tst.o compile FAIL: tmpdir-g++.dg-struct-layout-1/t018 cp_compat_x_tst.o compile FAIL: tmpdir-g++.dg-struct-layout-1/t018 cp_compat_y_tst.o compile FAIL: tmpdir-g++.dg-struct-layout-1/t019 cp_compat_x_tst.o compile FAIL: tmpdir-g++.dg-struct-layout-1/t019 cp_compat_y_tst.o compile FAIL: tmpdir-g++.dg-struct-layout-1/t020 cp_compat_x_tst.o compile FAIL: tmpdir-g++.dg-struct-layout-1/t020 cp_compat_y_tst.o compile FAIL: tmpdir-g++.dg-struct-layout-1/t021 cp_compat_x_tst.o compile FAIL: tmpdir-g++.dg-struct-layout-1/t021 cp_compat_y_tst.o compile FAIL: tmpdir-g++.dg-struct-layout-1/t022 cp_compat_x_tst.o compile FAIL: tmpdir-g++.dg-struct-layout-1/t022 cp_compat_y_tst.o compile FAIL: tmpdir-g++.dg-struct-layout-1/t023 cp_compat_x_tst.o compile FAIL: tmpdir-g++.dg-struct-layout-1/t023 cp_compat_y_tst.o compile FAIL: tmpdir-g++.dg-struct-layout-1/t024 cp_compat_x_tst.o compile FAIL: tmpdir-g++.dg-struct-layout-1/t024 cp_compat_y_tst.o compile FAIL: tmpdir-g++.dg-struct-layout-1/t025 cp_compat_x_tst.o compile FAIL: tmpdir-g++.dg-struct-layout-1/t025 cp_compat_y_tst.o compile FAIL: tmpdir-g++.dg-struct-layout-1/t026 cp_compat_x_tst.o compile FAIL: tmpdir-g++.dg-struct-layout-1/t026 cp_compat_y_tst.o compile FAIL: tmpdir-g++.dg-struct-layout-1/t027 cp_compat_x_tst.o compile FAIL: tmpdir-g++.dg-struct-layout-1/t027 cp_compat_y_tst.o compile FAIL: tmpdir-g++.dg-struct-layout-1/t028 cp_compat_x_tst.o compile FAIL: tmpdir-g++.dg-struct-layout-1/t028 cp_compat_y_tst.o compile FAIL: tmpdir-g++.dg-struct-layout-1/t029 cp_compat_x_tst.o compile FAIL: tmpdir-g++.dg-struct-layout-1/t029 cp_compat_y_tst.o compile FAIL: tmpdir-g++.dg-struct-layout-1/t030 cp_compat_x_tst.o compile FAIL: tmpdir-g++.dg-struct-layout-1/t030 cp_compat_y_tst.o compile FAIL: g++.dg/debug/debug9.C (test for excess errors) FAIL: g++.dg/debug/debug9.C (test for excess errors) FAIL: g++.dg/debug/debug9.C (test for excess errors) FAIL: g++.dg/debug/debug9.C (test for excess errors) FAIL: g++.dg/abi/local1.C execution test FAIL: g++.dg/abi/mangle36.C (test for excess errors) ERROR: g++.dg/abi/mangle36.C: error executing dg-final: couldn't open "mangle36.s": no such file or directory UNRESOLVED: g++.dg/abi/mangle36.C: error executing dg-final: couldn't open "mangle36.s": no such file or directory FAIL: g++.dg/abi/mangle40.C (test for excess errors) ERROR: g++.dg/abi/mangle40.C: error executing dg-final: couldn't open "mangle40.s": no such file or directory UNRESOLVED: g++.dg/abi/mangle40.C: error executing dg-final: couldn't open "mangle40.s": no such file or directory FAIL: g++.dg/abi/mangle41.C (test for excess errors) FAIL: g++.dg/abi/thunk5.C scan-assembler weak.*ZTv FAIL: g++.dg/init/cleanup3.C scan-assembler-not _tcf FAIL: g++.dg/other/i386-2.C (test for excess errors) FAIL: g++.dg/other/i386-3.C (test for excess errors) FAIL: g++.dg/lto/20081118 cp_lto_20081118_0.o-cp_lto_20081118_1.o link, -fPIC -flto -flto-partition=1to1 -r -nostdlib UNRESOLVED: g++.dg/lto/20081118 cp_lto_20081118_0.o-cp_lto_20081118_1.o execute -fPIC -flto -flto-partition=1to1 -r -nostdlib FAIL: g++.dg/lto/20081119 cp_lto_20081119_0.o-cp_lto_20081119_1.o link, -O0 -flto -flto-partition=none UNRESOLVED: g++.dg/lto/20081119 cp_lto_20081119_0.o-cp_lto_20081119_1.o execute -O0 -flto -flto-partition=none FAIL: g++.dg/lto/20081119 cp_lto_20081119_0.o-cp_lto_20081119_1.o link, -O2 -flto -flto-partition=none UNRESOLVED: g++.dg/lto/20081119 cp_lto_20081119_0.o-cp_lto_20081119_1.o execute -O2 -flto -flto-partition=none FAIL: g++.dg/lto/20081119 cp_lto_20081119_0.o-cp_lto_20081119_1.o link, -O0 -flto -flto-partition=1to1 UNRESOLVED: g++.dg/lto/20081119 cp_lto_20081119_0.o-cp_lto_20081119_1.o execute -O0 -flto -flto-partition=1to1 FAIL: g++.dg/lto/20081119 cp_lto_20081119_0.o-cp_lto_20081119_1.o link, -O2 -flto -flto-partition=1to1 UNRESOLVED: g++.dg/lto/20081119 cp_lto_20081119_0.o-cp_lto_20081119_1.o execute -O2 -flto -flto-partition=1to1 FAIL: g++.dg/lto/20081119 cp_lto_20081119_0.o-cp_lto_20081119_1.o link, -O0 -flto UNRESOLVED: g++.dg/lto/20081119 cp_lto_20081119_0.o-cp_lto_20081119_1.o execute -O0 -flto FAIL: g++.dg/lto/20081119 cp_lto_20081119_0.o-cp_lto_20081119_1.o link, -O2 -flto UNRESOLVED: g++.dg/lto/20081119 cp_lto_20081119_0.o-cp_lto_20081119_1.o execute -O2 -flto FAIL: g++.dg/lto/20081125 cp_lto_20081125_0.o-cp_lto_20081125_1.o link, -flto -flto-partition=1to1 UNRESOLVED: g++.dg/lto/20081125 cp_lto_20081125_0.o-cp_lto_20081125_1.o execute -flto -flto-partition=1to1 FAIL: g++.dg/lto/20081204-1 cp_lto_20081204-1_0.o-cp_lto_20081204-1_1.o link, -flto -flto-partition=1to1 -fPIC -r -nostdlib UNRESOLVED: g++.dg/lto/20081204-1 cp_lto_20081204-1_0.o-cp_lto_20081204-1_1.o execute -flto -flto-partition=1to1 -fPIC -r -nostdlib FAIL: g++.dg/lto/20090311 cp_lto_20090311_0.o-cp_lto_20090311_1.o link, -O0 -flto -flto-partition=none UNRESOLVED: g++.dg/lto/20090311 cp_lto_20090311_0.o-cp_lto_20090311_1.o execute -O0 -flto -flto-partition=none FAIL: g++.dg/lto/20090311 cp_lto_20090311_0.o-cp_lto_20090311_1.o link, -O2 -flto -flto-partition=none UNRESOLVED: g++.dg/lto/20090311 cp_lto_20090311_0.o-cp_lto_20090311_1.o execute -O2 -flto -flto-partition=none FAIL: g++.dg/lto/20090311 cp_lto_20090311_0.o-cp_lto_20090311_1.o link, -O0 -flto -flto-partition=1to1 UNRESOLVED: g++.dg/lto/20090311 cp_lto_20090311_0.o-cp_lto_20090311_1.o execute -O0 -flto -flto-partition=1to1 FAIL: g++.dg/lto/20090311 cp_lto_20090311_0.o-cp_lto_20090311_1.o link, -O2 -flto -flto-partition=1to1 UNRESOLVED: g++.dg/lto/20090311 cp_lto_20090311_0.o-cp_lto_20090311_1.o execute -O2 -flto -flto-partition=1to1 FAIL: g++.dg/lto/20090311 cp_lto_20090311_0.o-cp_lto_20090311_1.o link, -O0 -flto UNRESOLVED: g++.dg/lto/20090311 cp_lto_20090311_0.o-cp_lto_20090311_1.o execute -O0 -flto FAIL: g++.dg/lto/20090311 cp_lto_20090311_0.o-cp_lto_20090311_1.o link, -O2 -flto UNRESOLVED: g++.dg/lto/20090311 cp_lto_20090311_0.o-cp_lto_20090311_1.o execute -O2 -flto FAIL: g++.dg/lto/20091210-1 cp_lto_20091210-1_0.o-cp_lto_20091210-1_1.o link, -O0 -flto -flto-partition=none UNRESOLVED: g++.dg/lto/20091210-1 cp_lto_20091210-1_0.o-cp_lto_20091210-1_1.o execute -O0 -flto -flto-partition=none FAIL: g++.dg/lto/20091210-1 cp_lto_20091210-1_0.o-cp_lto_20091210-1_1.o link, -O2 -flto -flto-partition=none UNRESOLVED: g++.dg/lto/20091210-1 cp_lto_20091210-1_0.o-cp_lto_20091210-1_1.o execute -O2 -flto -flto-partition=none FAIL: g++.dg/lto/20091210-1 cp_lto_20091210-1_0.o-cp_lto_20091210-1_1.o link, -O0 -flto -flto-partition=1to1 UNRESOLVED: g++.dg/lto/20091210-1 cp_lto_20091210-1_0.o-cp_lto_20091210-1_1.o execute -O0 -flto -flto-partition=1to1 FAIL: g++.dg/lto/20091210-1 cp_lto_20091210-1_0.o-cp_lto_20091210-1_1.o link, -O2 -flto -flto-partition=1to1 UNRESOLVED: g++.dg/lto/20091210-1 cp_lto_20091210-1_0.o-cp_lto_20091210-1_1.o execute -O2 -flto -flto-partition=1to1 FAIL: g++.dg/lto/20091210-1 cp_lto_20091210-1_0.o-cp_lto_20091210-1_1.o link, -O0 -flto UNRESOLVED: g++.dg/lto/20091210-1 cp_lto_20091210-1_0.o-cp_lto_20091210-1_1.o execute -O0 -flto FAIL: g++.dg/lto/20091210-1 cp_lto_20091210-1_0.o-cp_lto_20091210-1_1.o link, -O2 -flto UNRESOLVED: g++.dg/lto/20091210-1 cp_lto_20091210-1_0.o-cp_lto_20091210-1_1.o execute -O2 -flto FAIL: g++.old-deja/g++.abi/cxa_vec.C execution test FAIL: g++.old-deja/g++.brendan/new3.C execution test

=== g++ Summary ===

# of expected passes		28886
# of unexpected failures	95
# of expected failures		167
# of unresolved testcases	23
# of unsupported tests		292
/projetos/gcc/bld/461/build/gcc/testsuite/g++/../../g++  version 4.6.1 (GCC)

=== gcc tests ===


Running target unix FAIL: gcc.c-torture/compile/limits-exprparen.c (test for excess errors) FAIL: gcc.c-torture/compile/limits-exprparen.c (test for excess errors) FAIL: gcc.c-torture/compile/limits-exprparen.c (test for excess errors) FAIL: gcc.c-torture/compile/limits-exprparen.c (test for excess errors) FAIL: gcc.c-torture/compile/limits-exprparen.c (test for excess errors) FAIL: gcc.c-torture/compile/limits-exprparen.c (test for excess errors) FAIL: gcc.c-torture/compile/limits-exprparen.c (test for excess errors) FAIL: gcc.c-torture/compile/limits-exprparen.c (test for excess errors) WARNING: program timed out. FAIL: gcc.c-torture/compile/pr46534.c (test for excess errors) FAIL: gcc.c-torture/execute/builtins/20010124-1.c compilation, -O2 -flto -flto-partition=none UNRESOLVED: gcc.c-torture/execute/builtins/20010124-1.c execution, -O2 -flto -flto-partition=none FAIL: gcc.c-torture/execute/builtins/20010124-1.c compilation, -O2 -flto UNRESOLVED: gcc.c-torture/execute/builtins/20010124-1.c execution, -O2 -flto FAIL: gcc.c-torture/execute/builtins/memcpy-chk.c compilation, -O2 -flto -flto-partition=none UNRESOLVED: gcc.c-torture/execute/builtins/memcpy-chk.c execution, -O2 -flto -flto-partition=none FAIL: gcc.c-torture/execute/builtins/memcpy-chk.c compilation, -O2 -flto UNRESOLVED: gcc.c-torture/execute/builtins/memcpy-chk.c execution, -O2 -flto FAIL: gcc.c-torture/execute/builtins/memmove-chk.c compilation, -O2 -flto -flto-partition=none UNRESOLVED: gcc.c-torture/execute/builtins/memmove-chk.c execution, -O2 -flto -flto-partition=none FAIL: gcc.c-torture/execute/builtins/memmove-chk.c compilation, -O2 -flto UNRESOLVED: gcc.c-torture/execute/builtins/memmove-chk.c execution, -O2 -flto FAIL: gcc.c-torture/execute/builtins/memops-asm.c compilation, -O2 -flto -flto-partition=none UNRESOLVED: gcc.c-torture/execute/builtins/memops-asm.c execution, -O2 -flto -flto-partition=none FAIL: gcc.c-torture/execute/builtins/memops-asm.c compilation, -O2 -flto UNRESOLVED: gcc.c-torture/execute/builtins/memops-asm.c execution, -O2 -flto FAIL: gcc.c-torture/execute/builtins/mempcpy-chk.c compilation, -O2 -flto -flto-partition=none UNRESOLVED: gcc.c-torture/execute/builtins/mempcpy-chk.c execution, -O2 -flto -flto-partition=none FAIL: gcc.c-torture/execute/builtins/mempcpy-chk.c compilation, -O2 -flto UNRESOLVED: gcc.c-torture/execute/builtins/mempcpy-chk.c execution, -O2 -flto FAIL: gcc.c-torture/execute/builtins/memset-chk.c compilation, -O2 -flto -flto-partition=none UNRESOLVED: gcc.c-torture/execute/builtins/memset-chk.c execution, -O2 -flto -flto-partition=none FAIL: gcc.c-torture/execute/builtins/memset-chk.c compilation, -O2 -flto UNRESOLVED: gcc.c-torture/execute/builtins/memset-chk.c execution, -O2 -flto FAIL: gcc.c-torture/execute/builtins/pr22237.c compilation, -O2 -flto -flto-partition=none UNRESOLVED: gcc.c-torture/execute/builtins/pr22237.c execution, -O2 -flto -flto-partition=none FAIL: gcc.c-torture/execute/builtins/pr22237.c compilation, -O2 -flto UNRESOLVED: gcc.c-torture/execute/builtins/pr22237.c execution, -O2 -flto FAIL: gcc.c-torture/execute/builtins/pr23484-chk.c compilation, -O2 -flto -flto-partition=none UNRESOLVED: gcc.c-torture/execute/builtins/pr23484-chk.c execution, -O2 -flto -flto-partition=none FAIL: gcc.c-torture/execute/builtins/pr23484-chk.c compilation, -O2 -flto UNRESOLVED: gcc.c-torture/execute/builtins/pr23484-chk.c execution, -O2 -flto FAIL: gcc.c-torture/execute/builtins/snprintf-chk.c compilation, -O2 -flto -flto-partition=none UNRESOLVED: gcc.c-torture/execute/builtins/snprintf-chk.c execution, -O2 -flto -flto-partition=none FAIL: gcc.c-torture/execute/builtins/snprintf-chk.c compilation, -O2 -flto UNRESOLVED: gcc.c-torture/execute/builtins/snprintf-chk.c execution, -O2 -flto FAIL: gcc.c-torture/execute/builtins/sprintf-chk.c compilation, -O2 -flto -flto-partition=none UNRESOLVED: gcc.c-torture/execute/builtins/sprintf-chk.c execution, -O2 -flto -flto-partition=none FAIL: gcc.c-torture/execute/builtins/sprintf-chk.c compilation, -O2 -flto UNRESOLVED: gcc.c-torture/execute/builtins/sprintf-chk.c execution, -O2 -flto FAIL: gcc.c-torture/execute/builtins/stpcpy-chk.c compilation, -O2 -flto -flto-partition=none UNRESOLVED: gcc.c-torture/execute/builtins/stpcpy-chk.c execution, -O2 -flto -flto-partition=none FAIL: gcc.c-torture/execute/builtins/stpcpy-chk.c compilation, -O2 -flto UNRESOLVED: gcc.c-torture/execute/builtins/stpcpy-chk.c execution, -O2 -flto FAIL: gcc.c-torture/execute/builtins/strcat-chk.c compilation, -O2 -flto -flto-partition=none UNRESOLVED: gcc.c-torture/execute/builtins/strcat-chk.c execution, -O2 -flto -flto-partition=none FAIL: gcc.c-torture/execute/builtins/strcat-chk.c compilation, -O2 -flto UNRESOLVED: gcc.c-torture/execute/builtins/strcat-chk.c execution, -O2 -flto FAIL: gcc.c-torture/execute/builtins/strcpy-chk.c compilation, -O2 -flto -flto-partition=none UNRESOLVED: gcc.c-torture/execute/builtins/strcpy-chk.c execution, -O2 -flto -flto-partition=none FAIL: gcc.c-torture/execute/builtins/strcpy-chk.c compilation, -O2 -flto UNRESOLVED: gcc.c-torture/execute/builtins/strcpy-chk.c execution, -O2 -flto FAIL: gcc.c-torture/execute/builtins/strncat-chk.c compilation, -O2 -flto -flto-partition=none UNRESOLVED: gcc.c-torture/execute/builtins/strncat-chk.c execution, -O2 -flto -flto-partition=none FAIL: gcc.c-torture/execute/builtins/strncat-chk.c compilation, -O2 -flto UNRESOLVED: gcc.c-torture/execute/builtins/strncat-chk.c execution, -O2 -flto FAIL: gcc.c-torture/execute/builtins/strncpy-chk.c compilation, -O2 -flto -flto-partition=none UNRESOLVED: gcc.c-torture/execute/builtins/strncpy-chk.c execution, -O2 -flto -flto-partition=none FAIL: gcc.c-torture/execute/builtins/strncpy-chk.c compilation, -O2 -flto UNRESOLVED: gcc.c-torture/execute/builtins/strncpy-chk.c execution, -O2 -flto FAIL: gcc.c-torture/execute/builtins/vsnprintf-chk.c compilation, -O2 -flto -flto-partition=none UNRESOLVED: gcc.c-torture/execute/builtins/vsnprintf-chk.c execution, -O2 -flto -flto-partition=none FAIL: gcc.c-torture/execute/builtins/vsnprintf-chk.c compilation, -O2 -flto UNRESOLVED: gcc.c-torture/execute/builtins/vsnprintf-chk.c execution, -O2 -flto FAIL: gcc.c-torture/execute/builtins/vsprintf-chk.c compilation, -O2 -flto -flto-partition=none UNRESOLVED: gcc.c-torture/execute/builtins/vsprintf-chk.c execution, -O2 -flto -flto-partition=none FAIL: gcc.c-torture/execute/builtins/vsprintf-chk.c compilation, -O2 -flto UNRESOLVED: gcc.c-torture/execute/builtins/vsprintf-chk.c execution, -O2 -flto FAIL: gcc.c-torture/execute/builtins/20010124-1.c compilation, -O2 -flto -flto-partition=none UNRESOLVED: gcc.c-torture/execute/builtins/20010124-1.c execution, -O2 -flto -flto-partition=none FAIL: gcc.c-torture/execute/builtins/20010124-1.c compilation, -O2 -flto UNRESOLVED: gcc.c-torture/execute/builtins/20010124-1.c execution, -O2 -flto FAIL: gcc.c-torture/execute/builtins/memcpy-chk.c compilation, -O2 -flto -flto-partition=none UNRESOLVED: gcc.c-torture/execute/builtins/memcpy-chk.c execution, -O2 -flto -flto-partition=none FAIL: gcc.c-torture/execute/builtins/memcpy-chk.c compilation, -O2 -flto UNRESOLVED: gcc.c-torture/execute/builtins/memcpy-chk.c execution, -O2 -flto FAIL: gcc.c-torture/execute/builtins/memmove-chk.c compilation, -O2 -flto -flto-partition=none UNRESOLVED: gcc.c-torture/execute/builtins/memmove-chk.c execution, -O2 -flto -flto-partition=none FAIL: gcc.c-torture/execute/builtins/memmove-chk.c compilation, -O2 -flto UNRESOLVED: gcc.c-torture/execute/builtins/memmove-chk.c execution, -O2 -flto FAIL: gcc.c-torture/execute/builtins/memops-asm.c compilation, -O2 -flto -flto-partition=none UNRESOLVED: gcc.c-torture/execute/builtins/memops-asm.c execution, -O2 -flto -flto-partition=none FAIL: gcc.c-torture/execute/builtins/memops-asm.c compilation, -O2 -flto UNRESOLVED: gcc.c-torture/execute/builtins/memops-asm.c execution, -O2 -flto FAIL: gcc.c-torture/execute/builtins/mempcpy-chk.c compilation, -O2 -flto -flto-partition=none UNRESOLVED: gcc.c-torture/execute/builtins/mempcpy-chk.c execution, -O2 -flto -flto-partition=none FAIL: gcc.c-torture/execute/builtins/mempcpy-chk.c compilation, -O2 -flto UNRESOLVED: gcc.c-torture/execute/builtins/mempcpy-chk.c execution, -O2 -flto FAIL: gcc.c-torture/execute/builtins/memset-chk.c compilation, -O2 -flto -flto-partition=none UNRESOLVED: gcc.c-torture/execute/builtins/memset-chk.c execution, -O2 -flto -flto-partition=none FAIL: gcc.c-torture/execute/builtins/memset-chk.c compilation, -O2 -flto UNRESOLVED: gcc.c-torture/execute/builtins/memset-chk.c execution, -O2 -flto FAIL: gcc.c-torture/execute/builtins/pr22237.c compilation, -O2 -flto -flto-partition=none UNRESOLVED: gcc.c-torture/execute/builtins/pr22237.c execution, -O2 -flto -flto-partition=none FAIL: gcc.c-torture/execute/builtins/pr22237.c compilation, -O2 -flto UNRESOLVED: gcc.c-torture/execute/builtins/pr22237.c execution, -O2 -flto FAIL: gcc.c-torture/execute/builtins/pr23484-chk.c compilation, -O2 -flto -flto-partition=none UNRESOLVED: gcc.c-torture/execute/builtins/pr23484-chk.c execution, -O2 -flto -flto-partition=none FAIL: gcc.c-torture/execute/builtins/pr23484-chk.c compilation, -O2 -flto UNRESOLVED: gcc.c-torture/execute/builtins/pr23484-chk.c execution, -O2 -flto FAIL: gcc.c-torture/execute/builtins/snprintf-chk.c compilation, -O2 -flto -flto-partition=none UNRESOLVED: gcc.c-torture/execute/builtins/snprintf-chk.c execution, -O2 -flto -flto-partition=none FAIL: gcc.c-torture/execute/builtins/snprintf-chk.c compilation, -O2 -flto UNRESOLVED: gcc.c-torture/execute/builtins/snprintf-chk.c execution, -O2 -flto FAIL: gcc.c-torture/execute/builtins/sprintf-chk.c compilation, -O2 -flto -flto-partition=none UNRESOLVED: gcc.c-torture/execute/builtins/sprintf-chk.c execution, -O2 -flto -flto-partition=none FAIL: gcc.c-torture/execute/builtins/sprintf-chk.c compilation, -O2 -flto UNRESOLVED: gcc.c-torture/execute/builtins/sprintf-chk.c execution, -O2 -flto FAIL: gcc.c-torture/execute/builtins/stpcpy-chk.c compilation, -O2 -flto -flto-partition=none UNRESOLVED: gcc.c-torture/execute/builtins/stpcpy-chk.c execution, -O2 -flto -flto-partition=none FAIL: gcc.c-torture/execute/builtins/stpcpy-chk.c compilation, -O2 -flto UNRESOLVED: gcc.c-torture/execute/builtins/stpcpy-chk.c execution, -O2 -flto FAIL: gcc.c-torture/execute/builtins/strcat-chk.c compilation, -O2 -flto -flto-partition=none UNRESOLVED: gcc.c-torture/execute/builtins/strcat-chk.c execution, -O2 -flto -flto-partition=none FAIL: gcc.c-torture/execute/builtins/strcat-chk.c compilation, -O2 -flto UNRESOLVED: gcc.c-torture/execute/builtins/strcat-chk.c execution, -O2 -flto FAIL: gcc.c-torture/execute/builtins/strcpy-chk.c compilation, -O2 -flto -flto-partition=none UNRESOLVED: gcc.c-torture/execute/builtins/strcpy-chk.c execution, -O2 -flto -flto-partition=none FAIL: gcc.c-torture/execute/builtins/strcpy-chk.c compilation, -O2 -flto UNRESOLVED: gcc.c-torture/execute/builtins/strcpy-chk.c execution, -O2 -flto FAIL: gcc.c-torture/execute/builtins/strncat-chk.c compilation, -O2 -flto -flto-partition=none UNRESOLVED: gcc.c-torture/execute/builtins/strncat-chk.c execution, -O2 -flto -flto-partition=none FAIL: gcc.c-torture/execute/builtins/strncat-chk.c compilation, -O2 -flto UNRESOLVED: gcc.c-torture/execute/builtins/strncat-chk.c execution, -O2 -flto FAIL: gcc.c-torture/execute/builtins/strncpy-chk.c compilation, -O2 -flto -flto-partition=none UNRESOLVED: gcc.c-torture/execute/builtins/strncpy-chk.c execution, -O2 -flto -flto-partition=none FAIL: gcc.c-torture/execute/builtins/strncpy-chk.c compilation, -O2 -flto UNRESOLVED: gcc.c-torture/execute/builtins/strncpy-chk.c execution, -O2 -flto FAIL: gcc.c-torture/execute/builtins/vsnprintf-chk.c compilation, -O2 -flto -flto-partition=none UNRESOLVED: gcc.c-torture/execute/builtins/vsnprintf-chk.c execution, -O2 -flto -flto-partition=none FAIL: gcc.c-torture/execute/builtins/vsnprintf-chk.c compilation, -O2 -flto UNRESOLVED: gcc.c-torture/execute/builtins/vsnprintf-chk.c execution, -O2 -flto FAIL: gcc.c-torture/execute/builtins/vsprintf-chk.c compilation, -O2 -flto -flto-partition=none UNRESOLVED: gcc.c-torture/execute/builtins/vsprintf-chk.c execution, -O2 -flto -flto-partition=none FAIL: gcc.c-torture/execute/builtins/vsprintf-chk.c compilation, -O2 -flto UNRESOLVED: gcc.c-torture/execute/builtins/vsprintf-chk.c execution, -O2 -flto FAIL: gcc.dg/pr47201.c (test for excess errors) FAIL: gcc.dg/uninit-pred-7_a.c bogus warning (test for bogus messages, line 26) FAIL: gcc.dg/uninit-pred-8_a.c bogus warning (test for bogus messages, line 26) FAIL: gcc.dg/format/dfp-printf-1.c bad use of %H (test for warnings, line 46) FAIL: gcc.dg/format/dfp-printf-1.c bad use of %H (test for warnings, line 47) FAIL: gcc.dg/format/dfp-printf-1.c bad use of %H (test for warnings, line 48) FAIL: gcc.dg/format/dfp-printf-1.c bad use of %H (test for warnings, line 49) FAIL: gcc.dg/format/dfp-printf-1.c bad use of %H (test for warnings, line 50) FAIL: gcc.dg/format/dfp-printf-1.c bad use of %H (test for warnings, line 51) FAIL: gcc.dg/format/dfp-printf-1.c bad use of %H (test for warnings, line 52) FAIL: gcc.dg/format/dfp-printf-1.c bad use of %H (test for warnings, line 53) FAIL: gcc.dg/format/dfp-printf-1.c bad use of %H (test for warnings, line 54) FAIL: gcc.dg/format/dfp-printf-1.c bad use of %H (test for warnings, line 55) FAIL: gcc.dg/format/dfp-printf-1.c bad use of %H (test for warnings, line 56) FAIL: gcc.dg/format/dfp-printf-1.c bad use of %H (test for warnings, line 57) FAIL: gcc.dg/format/dfp-printf-1.c bad use of %D (test for warnings, line 59) FAIL: gcc.dg/format/dfp-printf-1.c bad use of %D (test for warnings, line 60) FAIL: gcc.dg/format/dfp-printf-1.c bad use of %D (test for warnings, line 61) FAIL: gcc.dg/format/dfp-printf-1.c bad use of %D (test for warnings, line 62) FAIL: gcc.dg/format/dfp-printf-1.c bad use of %D (test for warnings, line 63) FAIL: gcc.dg/format/dfp-printf-1.c bad use of %D (test for warnings, line 64) FAIL: gcc.dg/format/dfp-printf-1.c bad use of %D (test for warnings, line 65) FAIL: gcc.dg/format/dfp-printf-1.c bad use of %D (test for warnings, line 66) FAIL: gcc.dg/format/dfp-printf-1.c bad use of %D (test for warnings, line 67) FAIL: gcc.dg/format/dfp-printf-1.c bad use of %D (test for warnings, line 68) FAIL: gcc.dg/format/dfp-printf-1.c bad use of %D (test for warnings, line 69) FAIL: gcc.dg/format/dfp-printf-1.c bad use of %D (test for warnings, line 70) FAIL: gcc.dg/format/dfp-printf-1.c bad use of %DD (test for warnings, line 72) FAIL: gcc.dg/format/dfp-printf-1.c bad use of %DD (test for warnings, line 73) FAIL: gcc.dg/format/dfp-printf-1.c bad use of %DD (test for warnings, line 74) FAIL: gcc.dg/format/dfp-printf-1.c bad use of %DD (test for warnings, line 75) FAIL: gcc.dg/format/dfp-printf-1.c bad use of %DD (test for warnings, line 76) FAIL: gcc.dg/format/dfp-printf-1.c bad use of %DD (test for warnings, line 77) FAIL: gcc.dg/format/dfp-printf-1.c bad use of %DD (test for warnings, line 78) FAIL: gcc.dg/format/dfp-printf-1.c bad use of %DD (test for warnings, line 79) FAIL: gcc.dg/format/dfp-printf-1.c bad use of %DD (test for warnings, line 80) FAIL: gcc.dg/format/dfp-printf-1.c bad use of %DD (test for warnings, line 81) FAIL: gcc.dg/format/dfp-printf-1.c bad use of %DD (test for warnings, line 82) FAIL: gcc.dg/format/dfp-printf-1.c bad use of %DD (test for warnings, line 83) FAIL: gcc.dg/format/dfp-printf-1.c bad use of %H (test for warnings, line 87) FAIL: gcc.dg/format/dfp-printf-1.c bad use of %H (test for warnings, line 88) FAIL: gcc.dg/format/dfp-printf-1.c bad use of %H (test for warnings, line 89) FAIL: gcc.dg/format/dfp-printf-1.c bad use of %H (test for warnings, line 90) FAIL: gcc.dg/format/dfp-printf-1.c bad use of %H (test for warnings, line 91) FAIL: gcc.dg/format/dfp-printf-1.c bad use of %H (test for warnings, line 92) FAIL: gcc.dg/format/dfp-printf-1.c bad use of %H (test for warnings, line 93) FAIL: gcc.dg/format/dfp-printf-1.c bad use of %H (test for warnings, line 94) FAIL: gcc.dg/format/dfp-printf-1.c bad use of %H (test for warnings, line 95) FAIL: gcc.dg/format/dfp-printf-1.c bad use of %H (test for warnings, line 96) FAIL: gcc.dg/format/dfp-printf-1.c bad use of %H (test for warnings, line 97) FAIL: gcc.dg/format/dfp-printf-1.c bad use of %H (test for warnings, line 98) FAIL: gcc.dg/format/dfp-printf-1.c ignore flag (test for warnings, line 114) FAIL: gcc.dg/format/dfp-printf-1.c ignore flag (test for warnings, line 115) FAIL: gcc.dg/format/dfp-printf-1.c ignore flag (test for warnings, line 121) FAIL: gcc.dg/format/dfp-printf-1.c (test for excess errors) FAIL: gcc.dg/format/dfp-printf-1.c bad use of %H (test for warnings, line 46) FAIL: gcc.dg/format/dfp-printf-1.c bad use of %H (test for warnings, line 47) FAIL: gcc.dg/format/dfp-printf-1.c bad use of %H (test for warnings, line 48) FAIL: gcc.dg/format/dfp-printf-1.c bad use of %H (test for warnings, line 49) FAIL: gcc.dg/format/dfp-printf-1.c bad use of %H (test for warnings, line 50) FAIL: gcc.dg/format/dfp-printf-1.c bad use of %H (test for warnings, line 51) FAIL: gcc.dg/format/dfp-printf-1.c bad use of %H (test for warnings, line 52) FAIL: gcc.dg/format/dfp-printf-1.c bad use of %H (test for warnings, line 53) FAIL: gcc.dg/format/dfp-printf-1.c bad use of %H (test for warnings, line 54) FAIL: gcc.dg/format/dfp-printf-1.c bad use of %H (test for warnings, line 55) FAIL: gcc.dg/format/dfp-printf-1.c bad use of %H (test for warnings, line 56) FAIL: gcc.dg/format/dfp-printf-1.c bad use of %H (test for warnings, line 57) FAIL: gcc.dg/format/dfp-printf-1.c bad use of %D (test for warnings, line 59) FAIL: gcc.dg/format/dfp-printf-1.c bad use of %D (test for warnings, line 60) FAIL: gcc.dg/format/dfp-printf-1.c bad use of %D (test for warnings, line 61) FAIL: gcc.dg/format/dfp-printf-1.c bad use of %D (test for warnings, line 62) FAIL: gcc.dg/format/dfp-printf-1.c bad use of %D (test for warnings, line 63) FAIL: gcc.dg/format/dfp-printf-1.c bad use of %D (test for warnings, line 64) FAIL: gcc.dg/format/dfp-printf-1.c bad use of %D (test for warnings, line 65) FAIL: gcc.dg/format/dfp-printf-1.c bad use of %D (test for warnings, line 66) FAIL: gcc.dg/format/dfp-printf-1.c bad use of %D (test for warnings, line 67) FAIL: gcc.dg/format/dfp-printf-1.c bad use of %D (test for warnings, line 68) FAIL: gcc.dg/format/dfp-printf-1.c bad use of %D (test for warnings, line 69) FAIL: gcc.dg/format/dfp-printf-1.c bad use of %D (test for warnings, line 70) FAIL: gcc.dg/format/dfp-printf-1.c bad use of %DD (test for warnings, line 72) FAIL: gcc.dg/format/dfp-printf-1.c bad use of %DD (test for warnings, line 73) FAIL: gcc.dg/format/dfp-printf-1.c bad use of %DD (test for warnings, line 74) FAIL: gcc.dg/format/dfp-printf-1.c bad use of %DD (test for warnings, line 75) FAIL: gcc.dg/format/dfp-printf-1.c bad use of %DD (test for warnings, line 76) FAIL: gcc.dg/format/dfp-printf-1.c bad use of %DD (test for warnings, line 77) FAIL: gcc.dg/format/dfp-printf-1.c bad use of %DD (test for warnings, line 78) FAIL: gcc.dg/format/dfp-printf-1.c bad use of %DD (test for warnings, line 79) FAIL: gcc.dg/format/dfp-printf-1.c bad use of %DD (test for warnings, line 80) FAIL: gcc.dg/format/dfp-printf-1.c bad use of %DD (test for warnings, line 81) FAIL: gcc.dg/format/dfp-printf-1.c bad use of %DD (test for warnings, line 82) FAIL: gcc.dg/format/dfp-printf-1.c bad use of %DD (test for warnings, line 83) FAIL: gcc.dg/format/dfp-printf-1.c bad use of %H (test for warnings, line 87) FAIL: gcc.dg/format/dfp-printf-1.c bad use of %H (test for warnings, line 88) FAIL: gcc.dg/format/dfp-printf-1.c bad use of %H (test for warnings, line 89) FAIL: gcc.dg/format/dfp-printf-1.c bad use of %H (test for warnings, line 90) FAIL: gcc.dg/format/dfp-printf-1.c bad use of %H (test for warnings, line 91) FAIL: gcc.dg/format/dfp-printf-1.c bad use of %H (test for warnings, line 92) FAIL: gcc.dg/format/dfp-printf-1.c bad use of %H (test for warnings, line 93) FAIL: gcc.dg/format/dfp-printf-1.c bad use of %H (test for warnings, line 94) FAIL: gcc.dg/format/dfp-printf-1.c bad use of %H (test for warnings, line 95) FAIL: gcc.dg/format/dfp-printf-1.c bad use of %H (test for warnings, line 96) FAIL: gcc.dg/format/dfp-printf-1.c bad use of %H (test for warnings, line 97) FAIL: gcc.dg/format/dfp-printf-1.c bad use of %H (test for warnings, line 98) FAIL: gcc.dg/format/dfp-printf-1.c ignore flag (test for warnings, line 114) FAIL: gcc.dg/format/dfp-printf-1.c ignore flag (test for warnings, line 115) FAIL: gcc.dg/format/dfp-printf-1.c ignore flag (test for warnings, line 121) FAIL: gcc.dg/format/dfp-printf-1.c (test for excess errors) FAIL: gcc.dg/format/ms_c90-printf-1.c wrong number of args (test for warnings, line 170) FAIL: gcc.dg/format/ms_c90-printf-1.c (test for excess errors) FAIL: gcc.dg/format/ms_c90-printf-1.c wrong number of args (test for warnings, line 170) FAIL: gcc.dg/format/ms_c90-printf-1.c (test for excess errors) FAIL: gcc.dg/format/ms_c90-scanf-1.c wrong number of args (test for warnings, line 109) FAIL: gcc.dg/format/ms_c90-scanf-1.c (test for excess errors) FAIL: gcc.dg/format/ms_c90-scanf-1.c wrong number of args (test for warnings, line 109) FAIL: gcc.dg/format/ms_c90-scanf-1.c (test for excess errors) ERROR: tcl error sourcing /projetos/gcc/bld/461/gcc-4.6.1/gcc/testsuite/gcc.dg/lto/lto.exp. ERROR: can't read "name": no such variable FAIL: gcc.dg/tls/thr-cse-1.c scan-assembler-not emutls_get_address.*emutls_get_address.* FAIL: gcc.dg/torture/pr48044.c (test for excess errors) FAIL: gcc.dg/torture/pr48044.c (test for excess errors) FAIL: gcc.dg/torture/pr48044.c (test for excess errors) FAIL: gcc.dg/torture/pr48044.c (test for excess errors) FAIL: gcc.dg/torture/pr48044.c (test for excess errors) FAIL: gcc.dg/torture/pr48044.c (test for excess errors) FAIL: gcc.dg/torture/pr48044.c (test for excess errors) FAIL: gcc.dg/torture/pr48044.c (test for excess errors) FAIL: gcc.dg/tree-prof/val-prof-7.c compilation, -fprofile-generate -D_PROFILE_GENERATE UNRESOLVED: gcc.dg/tree-prof/val-prof-7.c execution, -fprofile-generate -D_PROFILE_GENERATE UNRESOLVED: gcc.dg/tree-prof/val-prof-7.c compilation, -fprofile-use -D_PROFILE_USE UNRESOLVED: gcc.dg/tree-prof/val-prof-7.c execution, -fprofile-use -D_PROFILE_USE FAIL: gcc.dg/tree-ssa/pr36881.c scan-assembler-not CSWTCH FAIL: gcc.dg/tree-ssa/pr36881.c scan-tree-dump switchconv "need runtime relocations" FAIL: gcc.dg/tree-ssa/ssa-store-ccp-2.c scan-tree-dump-times optimized "conststaticvariable" 1 FAIL: gcc.dg/tree-ssa/ssa-store-ccp-4.c scan-tree-dump-times optimized "conststaticvariable" 1 FAIL: gcc.dg/vect/pr49038.c (test for excess errors) WARNING: gcc.dg/vect/pr49038.c compilation failed to produce executable FAIL: gcc.target/i386/387-3.c scan-assembler fldpi FAIL: gcc.target/i386/387-4.c scan-assembler fldpi FAIL: gcc.target/i386/combine-mul.c scan-assembler-not 12345 FAIL: gcc.target/i386/pad-4.c scan-assembler-times nop 8 FAIL: gcc.target/i386/pr37843-4.c scan-assembler jmp[\\\\t ]*foo FAIL: gcc.target/i386/pr40906-1.c (test for excess errors) FAIL: gcc.target/i386/pr40906-2.c (test for excess errors) FAIL: gcc.target/i386/pr46226.c (test for excess errors) FAIL: gcc.target/i386/testimm-1.c (test for errors, line 20) FAIL: gcc.target/i386/testimm-1.c (test for errors, line 21) FAIL: gcc.target/i386/testimm-1.c (test for errors, line 22) FAIL: gcc.target/i386/testimm-1.c (test for errors, line 23) FAIL: gcc.target/i386/testimm-1.c (test for errors, line 24) FAIL: gcc.target/i386/testimm-1.c (test for errors, line 25) FAIL: gcc.target/i386/testimm-1.c (test for errors, line 26) FAIL: gcc.target/i386/testimm-1.c (test for errors, line 27) FAIL: gcc.target/i386/testimm-1.c (test for errors, line 28) FAIL: gcc.target/i386/testimm-1.c (test for errors, line 29) FAIL: gcc.target/i386/testimm-1.c (test for errors, line 30) FAIL: gcc.target/i386/testimm-1.c (test for errors, line 31) FAIL: gcc.target/i386/testimm-1.c (test for errors, line 32) FAIL: gcc.target/i386/testimm-1.c (test for errors, line 33) FAIL: gcc.target/i386/testimm-1.c (test for errors, line 34) FAIL: gcc.target/i386/testimm-1.c (test for errors, line 35) FAIL: gcc.target/i386/testimm-1.c (test for errors, line 36) FAIL: gcc.target/i386/testimm-1.c (test for errors, line 37) FAIL: gcc.target/i386/testimm-1.c (test for errors, line 38) FAIL: gcc.target/i386/testimm-1.c (test for errors, line 39) FAIL: gcc.target/i386/testimm-1.c (test for errors, line 40) FAIL: gcc.target/i386/testimm-1.c (test for errors, line 41) FAIL: gcc.target/i386/testimm-1.c (test for errors, line 42) FAIL: gcc.target/i386/testimm-1.c (test for errors, line 43) FAIL: gcc.target/i386/testimm-1.c (test for errors, line 44) FAIL: gcc.target/i386/testimm-1.c (test for errors, line 45) FAIL: gcc.target/i386/testimm-1.c (test for errors, line 46) FAIL: gcc.target/i386/testimm-1.c (test for errors, line 47) FAIL: gcc.target/i386/testimm-1.c (test for errors, line 48) FAIL: gcc.target/i386/testimm-1.c (test for errors, line 49) FAIL: gcc.target/i386/testimm-1.c (test for errors, line 50) FAIL: gcc.target/i386/testimm-1.c (test for errors, line 51) FAIL: gcc.target/i386/testimm-1.c (test for errors, line 52) FAIL: gcc.target/i386/testimm-1.c (test for errors, line 58) FAIL: gcc.target/i386/testimm-1.c (test for errors, line 59) FAIL: gcc.target/i386/testimm-1.c (test for errors, line 60) FAIL: gcc.target/i386/testimm-1.c (test for errors, line 61) FAIL: gcc.target/i386/testimm-1.c (test for errors, line 62) FAIL: gcc.target/i386/testimm-1.c (test for errors, line 63) FAIL: gcc.target/i386/testimm-1.c (test for errors, line 69) FAIL: gcc.target/i386/testimm-1.c (test for errors, line 70) FAIL: gcc.target/i386/testimm-1.c (test for errors, line 71) FAIL: gcc.target/i386/testimm-1.c (test for errors, line 72) FAIL: gcc.target/i386/testimm-1.c (test for errors, line 73) FAIL: gcc.target/i386/testimm-1.c (test for errors, line 74) FAIL: gcc.target/i386/testimm-1.c (test for errors, line 75) FAIL: gcc.target/i386/testimm-1.c (test for errors, line 76) FAIL: gcc.target/i386/testimm-1.c (test for errors, line 82) FAIL: gcc.target/i386/testimm-1.c (test for errors, line 88) FAIL: gcc.target/i386/testimm-1.c (test for errors, line 89) FAIL: gcc.target/i386/testimm-1.c (test for errors, line 90) FAIL: gcc.target/i386/testimm-1.c (test for errors, line 91) FAIL: gcc.target/i386/testimm-1.c (test for errors, line 92) FAIL: gcc.target/i386/testimm-1.c (test for errors, line 93) FAIL: gcc.target/i386/testimm-1.c (test for excess errors) FAIL: gcc.target/i386/testimm-2.c (test for errors, line 20) FAIL: gcc.target/i386/testimm-2.c (test for errors, line 21) FAIL: gcc.target/i386/testimm-2.c (test for errors, line 22) FAIL: gcc.target/i386/testimm-2.c (test for errors, line 23) FAIL: gcc.target/i386/testimm-2.c (test for errors, line 24) FAIL: gcc.target/i386/testimm-2.c (test for errors, line 25) FAIL: gcc.target/i386/testimm-2.c (test for errors, line 26) FAIL: gcc.target/i386/testimm-2.c (test for errors, line 27) FAIL: gcc.target/i386/testimm-2.c (test for errors, line 28) FAIL: gcc.target/i386/testimm-2.c (test for errors, line 29) FAIL: gcc.target/i386/testimm-2.c (test for errors, line 30) FAIL: gcc.target/i386/testimm-2.c (test for errors, line 31) FAIL: gcc.target/i386/testimm-2.c (test for errors, line 32) FAIL: gcc.target/i386/testimm-2.c (test for errors, line 33) FAIL: gcc.target/i386/testimm-2.c (test for errors, line 34) FAIL: gcc.target/i386/testimm-2.c (test for errors, line 35) FAIL: gcc.target/i386/testimm-2.c (test for errors, line 36) FAIL: gcc.target/i386/testimm-2.c (test for errors, line 37) FAIL: gcc.target/i386/testimm-2.c (test for errors, line 38) FAIL: gcc.target/i386/testimm-2.c (test for errors, line 39) FAIL: gcc.target/i386/testimm-2.c (test for errors, line 40) FAIL: gcc.target/i386/testimm-2.c (test for errors, line 41) FAIL: gcc.target/i386/testimm-2.c (test for errors, line 42) FAIL: gcc.target/i386/testimm-2.c (test for errors, line 43) FAIL: gcc.target/i386/testimm-2.c (test for errors, line 44) FAIL: gcc.target/i386/testimm-2.c (test for errors, line 45) FAIL: gcc.target/i386/testimm-2.c (test for errors, line 46) FAIL: gcc.target/i386/testimm-2.c (test for errors, line 47) FAIL: gcc.target/i386/testimm-2.c (test for errors, line 48) FAIL: gcc.target/i386/testimm-2.c (test for errors, line 49) FAIL: gcc.target/i386/testimm-2.c (test for errors, line 50) FAIL: gcc.target/i386/testimm-2.c (test for errors, line 51) FAIL: gcc.target/i386/testimm-2.c (test for errors, line 52) FAIL: gcc.target/i386/testimm-2.c (test for errors, line 58) FAIL: gcc.target/i386/testimm-2.c (test for errors, line 59) FAIL: gcc.target/i386/testimm-2.c (test for errors, line 60) FAIL: gcc.target/i386/testimm-2.c (test for errors, line 61) FAIL: gcc.target/i386/testimm-2.c (test for errors, line 62) FAIL: gcc.target/i386/testimm-2.c (test for errors, line 63) FAIL: gcc.target/i386/testimm-2.c (test for errors, line 69) FAIL: gcc.target/i386/testimm-2.c (test for errors, line 70) FAIL: gcc.target/i386/testimm-2.c (test for errors, line 71) FAIL: gcc.target/i386/testimm-2.c (test for errors, line 72) FAIL: gcc.target/i386/testimm-2.c (test for errors, line 73) FAIL: gcc.target/i386/testimm-2.c (test for errors, line 74) FAIL: gcc.target/i386/testimm-2.c (test for errors, line 75) FAIL: gcc.target/i386/testimm-2.c (test for errors, line 76) FAIL: gcc.target/i386/testimm-2.c (test for errors, line 82) FAIL: gcc.target/i386/testimm-2.c (test for errors, line 88) FAIL: gcc.target/i386/testimm-2.c (test for errors, line 89) FAIL: gcc.target/i386/testimm-2.c (test for errors, line 90) FAIL: gcc.target/i386/testimm-2.c (test for errors, line 91) FAIL: gcc.target/i386/testimm-2.c (test for errors, line 92) FAIL: gcc.target/i386/testimm-2.c (test for errors, line 93) FAIL: gcc.target/i386/testimm-2.c (test for excess errors) FAIL: gcc.target/i386/testimm-3.c (test for errors, line 20) FAIL: gcc.target/i386/testimm-3.c (test for errors, line 21) FAIL: gcc.target/i386/testimm-3.c (test for errors, line 22) FAIL: gcc.target/i386/testimm-3.c (test for errors, line 23) FAIL: gcc.target/i386/testimm-3.c (test for errors, line 24) FAIL: gcc.target/i386/testimm-3.c (test for errors, line 25) FAIL: gcc.target/i386/testimm-3.c (test for errors, line 26) FAIL: gcc.target/i386/testimm-3.c (test for errors, line 27) FAIL: gcc.target/i386/testimm-3.c (test for errors, line 28) FAIL: gcc.target/i386/testimm-3.c (test for errors, line 29) FAIL: gcc.target/i386/testimm-3.c (test for errors, line 30) FAIL: gcc.target/i386/testimm-3.c (test for errors, line 31) FAIL: gcc.target/i386/testimm-3.c (test for errors, line 32) FAIL: gcc.target/i386/testimm-3.c (test for errors, line 33) FAIL: gcc.target/i386/testimm-3.c (test for errors, line 34) FAIL: gcc.target/i386/testimm-3.c (test for errors, line 35) FAIL: gcc.target/i386/testimm-3.c (test for errors, line 36) FAIL: gcc.target/i386/testimm-3.c (test for errors, line 37) FAIL: gcc.target/i386/testimm-3.c (test for errors, line 38) FAIL: gcc.target/i386/testimm-3.c (test for errors, line 39) FAIL: gcc.target/i386/testimm-3.c (test for errors, line 40) FAIL: gcc.target/i386/testimm-3.c (test for errors, line 41) FAIL: gcc.target/i386/testimm-3.c (test for errors, line 42) FAIL: gcc.target/i386/testimm-3.c (test for errors, line 43) FAIL: gcc.target/i386/testimm-3.c (test for errors, line 44) FAIL: gcc.target/i386/testimm-3.c (test for errors, line 45) FAIL: gcc.target/i386/testimm-3.c (test for errors, line 46) FAIL: gcc.target/i386/testimm-3.c (test for errors, line 47) FAIL: gcc.target/i386/testimm-3.c (test for errors, line 48) FAIL: gcc.target/i386/testimm-3.c (test for errors, line 49) FAIL: gcc.target/i386/testimm-3.c (test for errors, line 50) FAIL: gcc.target/i386/testimm-3.c (test for errors, line 51) FAIL: gcc.target/i386/testimm-3.c (test for errors, line 52) FAIL: gcc.target/i386/testimm-3.c (test for errors, line 58) FAIL: gcc.target/i386/testimm-3.c (test for errors, line 59) FAIL: gcc.target/i386/testimm-3.c (test for errors, line 60) FAIL: gcc.target/i386/testimm-3.c (test for errors, line 61) FAIL: gcc.target/i386/testimm-3.c (test for errors, line 62) FAIL: gcc.target/i386/testimm-3.c (test for errors, line 63) FAIL: gcc.target/i386/testimm-3.c (test for errors, line 69) FAIL: gcc.target/i386/testimm-3.c (test for errors, line 70) FAIL: gcc.target/i386/testimm-3.c (test for errors, line 71) FAIL: gcc.target/i386/testimm-3.c (test for errors, line 72) FAIL: gcc.target/i386/testimm-3.c (test for errors, line 73) FAIL: gcc.target/i386/testimm-3.c (test for errors, line 74) FAIL: gcc.target/i386/testimm-3.c (test for errors, line 75) FAIL: gcc.target/i386/testimm-3.c (test for errors, line 76) FAIL: gcc.target/i386/testimm-3.c (test for errors, line 82) FAIL: gcc.target/i386/testimm-3.c (test for errors, line 88) FAIL: gcc.target/i386/testimm-3.c (test for errors, line 89) FAIL: gcc.target/i386/testimm-3.c (test for errors, line 90) FAIL: gcc.target/i386/testimm-3.c (test for errors, line 91) FAIL: gcc.target/i386/testimm-3.c (test for errors, line 92) FAIL: gcc.target/i386/testimm-3.c (test for errors, line 93) FAIL: gcc.target/i386/testimm-3.c (test for excess errors) FAIL: gcc.target/i386/testimm-4.c (test for excess errors) FAIL: gcc.target/i386/testimm-5.c (test for excess errors) FAIL: gcc.target/i386/testimm-6.c (test for errors, line 20) FAIL: gcc.target/i386/testimm-6.c (test for errors, line 21) FAIL: gcc.target/i386/testimm-6.c (test for errors, line 22) FAIL: gcc.target/i386/testimm-6.c (test for errors, line 23) FAIL: gcc.target/i386/testimm-6.c (test for errors, line 24) FAIL: gcc.target/i386/testimm-6.c (test for errors, line 25) FAIL: gcc.target/i386/testimm-6.c (test for errors, line 26) FAIL: gcc.target/i386/testimm-6.c (test for errors, line 27) FAIL: gcc.target/i386/testimm-6.c (test for errors, line 33) FAIL: gcc.target/i386/testimm-6.c (test for errors, line 34) FAIL: gcc.target/i386/testimm-6.c (test for errors, line 35) FAIL: gcc.target/i386/testimm-6.c (test for errors, line 36) FAIL: gcc.target/i386/testimm-6.c (test for errors, line 37) FAIL: gcc.target/i386/testimm-6.c (test for errors, line 38) FAIL: gcc.target/i386/testimm-6.c (test for errors, line 39) FAIL: gcc.target/i386/testimm-6.c (test for errors, line 40) FAIL: gcc.target/i386/testimm-6.c (test for excess errors) FAIL: gcc.target/i386/testimm-7.c (test for excess errors) FAIL: gcc.target/i386/testimm-8.c (test for excess errors)

=== gcc Summary ===

# of expected passes		82493
# of unexpected failures	401
# of expected failures		210
# of unresolved testcases	71
# of unsupported tests		796
/projetos/gcc/bld/461/build/gcc/xgcc  version 4.6.1 (GCC)

=== gfortran tests ===


Running target unix FAIL: gfortran.dg/complex_intrinsic_5.f90 execution test FAIL: gfortran.dg/complex_intrinsic_5.f90 execution test FAIL: gfortran.dg/complex_intrinsic_5.f90 execution test FAIL: gfortran.dg/complex_intrinsic_5.f90 execution test FAIL: gfortran.dg/complex_intrinsic_5.f90 execution test FAIL: gfortran.dg/complex_intrinsic_5.f90 execution test FAIL: gfortran.dg/complex_intrinsic_5.f90 execution test FAIL: gfortran.dg/complex_intrinsic_5.f90 execution test FAIL: gfortran.dg/ctrl-z.f90 (test for excess errors) FAIL: gfortran.dg/dev_null.F90 execution test FAIL: gfortran.dg/dev_null.F90 execution test FAIL: gfortran.dg/dev_null.F90 execution test FAIL: gfortran.dg/dev_null.F90 execution test FAIL: gfortran.dg/dev_null.F90 execution test FAIL: gfortran.dg/dev_null.F90 execution test FAIL: gfortran.dg/dev_null.F90 execution test FAIL: gfortran.dg/dev_null.F90 execution test XPASS: gfortran.dg/nint_2.f90 execution test FAIL: gfortran.dg/write_to_null.F90 execution test FAIL: gfortran.dg/write_to_null.F90 execution test FAIL: gfortran.dg/write_to_null.F90 execution test FAIL: gfortran.dg/write_to_null.F90 execution test FAIL: gfortran.dg/write_to_null.F90 execution test FAIL: gfortran.dg/write_to_null.F90 execution test FAIL: gfortran.dg/write_to_null.F90 execution test FAIL: gfortran.dg/write_to_null.F90 execution test

=== gfortran Summary ===

# of expected passes		38295
# of unexpected failures	25
# of unexpected successes	1
# of expected failures		49
# of unsupported tests		278
/projetos/gcc/bld/461/build/gcc/testsuite/gfortran/../../gfortran  version 4.6.1 (GCC)

=== obj-c++ tests ===


Running target unix FAIL: obj-c++.dg/objc-gc-3.mm (test for excess errors)

=== obj-c++ Summary ===

# of expected passes		1481
# of unexpected failures	1
# of expected failures		2
# of unsupported tests		158
/projetos/gcc/bld/461/build/gcc/testsuite/obj-c++/../../g++  version 4.6.1 (GCC)

=== objc tests ===


Running target unix FAIL: objc.dg/objc-gc-4.m (test for excess errors) WARNING: Could not execute objc.dg/gnu-encoding/struct-layout-encoding-1 generator

=== objc Summary ===

# of expected passes		3171
# of unexpected failures	1
# of unsupported tests		122
/projetos/gcc/bld/461/build/gcc/xgcc  version 4.6.1 (GCC)

=== libgomp tests ===


Running target unix FAIL: libgomp.c/lib-1.c execution test FAIL: libgomp.c++/pr26943.C (test for excess errors) WARNING: libgomp.c++/pr26943.C compilation failed to produce executable FAIL: libgomp.c++/pr26943.C (test for excess errors) WARNING: libgomp.c++/pr26943.C compilation failed to produce executable FAIL: libgomp.c++/pr26943.C (test for excess errors) WARNING: libgomp.c++/pr26943.C compilation failed to produce executable FAIL: libgomp.c++/pr26943.C (test for excess errors) WARNING: libgomp.c++/pr26943.C compilation failed to produce executable FAIL: libgomp.c++/pr26943.C (test for excess errors) WARNING: libgomp.c++/pr26943.C compilation failed to produce executable FAIL: libgomp.c++/pr26943.C (test for excess errors) WARNING: libgomp.c++/pr26943.C compilation failed to produce executable FAIL: libgomp.c++/pr26943.C (test for excess errors) WARNING: libgomp.c++/pr26943.C compilation failed to produce executable FAIL: libgomp.c++/pr26943.C (test for excess errors) WARNING: libgomp.c++/pr26943.C compilation failed to produce executable FAIL: libgomp.fortran/lib1.f90 execution test FAIL: libgomp.fortran/lib1.f90 execution test FAIL: libgomp.fortran/lib1.f90 execution test FAIL: libgomp.fortran/lib1.f90 execution test FAIL: libgomp.fortran/lib2.f execution test FAIL: libgomp.fortran/lib2.f execution test FAIL: libgomp.fortran/lib3.f execution test FAIL: libgomp.fortran/lib3.f execution test

=== libgomp Summary ===

# of expected passes		2561
# of unexpected failures	17
# of unsupported tests		3
		=== libstdc++ tests ===


Running target unix FAIL: 19_diagnostics/error_code/cons/1.cc (test for excess errors) WARNING: 19_diagnostics/error_code/cons/1.cc compilation failed to produce executable FAIL: 19_diagnostics/error_code/cons/1.cc (test for excess errors) WARNING: 19_diagnostics/error_code/cons/1.cc compilation failed to produce executable FAIL: 19_diagnostics/error_code/operators/bool.cc (test for excess errors) WARNING: 19_diagnostics/error_code/operators/bool.cc compilation failed to produce executable FAIL: 19_diagnostics/error_code/operators/bool.cc (test for excess errors) WARNING: 19_diagnostics/error_code/operators/bool.cc compilation failed to produce executable FAIL: 19_diagnostics/error_code/operators/equal.cc (test for excess errors) WARNING: 19_diagnostics/error_code/operators/equal.cc compilation failed to produce executable FAIL: 19_diagnostics/error_code/operators/equal.cc (test for excess errors) WARNING: 19_diagnostics/error_code/operators/equal.cc compilation failed to produce executable FAIL: 19_diagnostics/error_code/operators/not_equal.cc (test for excess errors) WARNING: 19_diagnostics/error_code/operators/not_equal.cc compilation failed to produce executable FAIL: 19_diagnostics/error_code/operators/not_equal.cc (test for excess errors) WARNING: 19_diagnostics/error_code/operators/not_equal.cc compilation failed to produce executable FAIL: 19_diagnostics/error_condition/cons/1.cc (test for excess errors) WARNING: 19_diagnostics/error_condition/cons/1.cc compilation failed to produce executable FAIL: 19_diagnostics/error_condition/cons/1.cc (test for excess errors) WARNING: 19_diagnostics/error_condition/cons/1.cc compilation failed to produce executable FAIL: 19_diagnostics/error_condition/operators/bool.cc (test for excess errors) WARNING: 19_diagnostics/error_condition/operators/bool.cc compilation failed to produce executable FAIL: 19_diagnostics/error_condition/operators/bool.cc (test for excess errors) WARNING: 19_diagnostics/error_condition/operators/bool.cc compilation failed to produce executable FAIL: 19_diagnostics/error_condition/operators/equal.cc (test for excess errors) WARNING: 19_diagnostics/error_condition/operators/equal.cc compilation failed to produce executable FAIL: 19_diagnostics/error_condition/operators/equal.cc (test for excess errors) WARNING: 19_diagnostics/error_condition/operators/equal.cc compilation failed to produce executable FAIL: 19_diagnostics/error_condition/operators/not_equal.cc (test for excess errors) WARNING: 19_diagnostics/error_condition/operators/not_equal.cc compilation failed to produce executable FAIL: 19_diagnostics/error_condition/operators/not_equal.cc (test for excess errors) WARNING: 19_diagnostics/error_condition/operators/not_equal.cc compilation failed to produce executable FAIL: 19_diagnostics/headers/system_error/errc_std_c++0x.cc (test for excess errors) FAIL: 19_diagnostics/headers/system_error/errc_std_c++0x.cc (test for excess errors) FAIL: 19_diagnostics/system_error/39880.cc (test for excess errors) FAIL: 19_diagnostics/system_error/cons-1.cc (test for excess errors) WARNING: 19_diagnostics/system_error/cons-1.cc compilation failed to produce executable FAIL: 20_util/enable_shared_from_this/cons/constexpr.cc (test for excess errors) FAIL: 20_util/enable_shared_from_this/cons/constexpr.cc (test for excess errors) FAIL: 20_util/shared_ptr/cons/constexpr.cc (test for excess errors) FAIL: 20_util/shared_ptr/cons/constexpr.cc (test for excess errors) FAIL: 20_util/unique_ptr/cons/constexpr.cc (test for excess errors) FAIL: 20_util/unique_ptr/cons/constexpr.cc (test for excess errors) FAIL: 20_util/weak_ptr/cons/constexpr.cc (test for excess errors) FAIL: 20_util/weak_ptr/cons/constexpr.cc (test for excess errors) FAIL: 22_locale/num_put/put/char/6.cc execution test FAIL: 22_locale/num_put/put/char/6.cc execution test FAIL: 22_locale/num_put/put/char/6.cc execution test FAIL: 22_locale/num_put/put/wchar_t/6.cc execution test FAIL: 22_locale/num_put/put/wchar_t/6.cc execution test FAIL: 22_locale/num_put/put/wchar_t/6.cc execution test FAIL: 22_locale/time_put/put/char/1.cc execution test FAIL: 22_locale/time_put/put/char/1.cc execution test FAIL: 22_locale/time_put/put/char/1.cc execution test FAIL: 22_locale/time_put/put/wchar_t/1.cc execution test FAIL: 22_locale/time_put/put/wchar_t/1.cc execution test FAIL: 22_locale/time_put/put/wchar_t/1.cc execution test FAIL: 26_numerics/headers/cmath/c99_classification_macros_c.cc (test for excess errors) FAIL: 26_numerics/headers/cmath/c99_classification_macros_c.cc (test for excess errors) FAIL: 26_numerics/random/random_device/cons/default.cc execution test FAIL: 26_numerics/random/random_device/cons/default.cc execution test FAIL: 26_numerics/random/random_device/cons/default.cc execution test FAIL: 26_numerics/random/random_device/cons/token.cc execution test FAIL: 26_numerics/random/random_device/cons/token.cc execution test FAIL: 26_numerics/random/random_device/cons/token.cc execution test FAIL: 27_io/basic_filebuf/seekpos/char/1-io.cc execution test FAIL: 27_io/basic_filebuf/seekpos/char/1-io.cc execution test FAIL: 27_io/basic_filebuf/seekpos/char/2-io.cc execution test FAIL: 27_io/basic_filebuf/seekpos/char/2-io.cc execution test FAIL: 27_io/basic_istream/ignore/wchar_t/1.cc (test for excess errors) WARNING: 27_io/basic_istream/ignore/wchar_t/1.cc compilation failed to produce executable FAIL: 27_io/basic_istream/ignore/wchar_t/1.cc (test for excess errors) WARNING: 27_io/basic_istream/ignore/wchar_t/1.cc compilation failed to produce executable FAIL: 27_io/basic_istream/ignore/wchar_t/1.cc (test for excess errors) WARNING: 27_io/basic_istream/ignore/wchar_t/1.cc compilation failed to produce executable FAIL: 27_io/basic_istream/ignore/wchar_t/2.cc (test for excess errors) WARNING: 27_io/basic_istream/ignore/wchar_t/2.cc compilation failed to produce executable FAIL: 27_io/basic_istream/ignore/wchar_t/2.cc (test for excess errors) WARNING: 27_io/basic_istream/ignore/wchar_t/2.cc compilation failed to produce executable FAIL: 27_io/basic_istream/ignore/wchar_t/2.cc (test for excess errors) WARNING: 27_io/basic_istream/ignore/wchar_t/2.cc compilation failed to produce executable FAIL: 27_io/basic_istream/ignore/wchar_t/7220.cc (test for excess errors) WARNING: 27_io/basic_istream/ignore/wchar_t/7220.cc compilation failed to produce executable FAIL: 27_io/basic_istream/ignore/wchar_t/7220.cc (test for excess errors) WARNING: 27_io/basic_istream/ignore/wchar_t/7220.cc compilation failed to produce executable FAIL: 27_io/basic_istream/ignore/wchar_t/7220.cc (test for excess errors) WARNING: 27_io/basic_istream/ignore/wchar_t/7220.cc compilation failed to produce executable FAIL: 27_io/basic_istream/peek/wchar_t/1.cc (test for excess errors) WARNING: 27_io/basic_istream/peek/wchar_t/1.cc compilation failed to produce executable FAIL: 27_io/basic_istream/peek/wchar_t/1.cc (test for excess errors) WARNING: 27_io/basic_istream/peek/wchar_t/1.cc compilation failed to produce executable FAIL: 27_io/basic_istream/peek/wchar_t/1.cc (test for excess errors) WARNING: 27_io/basic_istream/peek/wchar_t/1.cc compilation failed to produce executable FAIL: 27_io/basic_ostream/inserters_arithmetic/char/1.cc execution test FAIL: 27_io/basic_ostream/inserters_arithmetic/char/1.cc execution test FAIL: 27_io/basic_ostream/inserters_arithmetic/char/1.cc execution test FAIL: 27_io/basic_ostream/inserters_arithmetic/char/4402.cc execution test FAIL: 27_io/basic_ostream/inserters_arithmetic/char/4402.cc execution test FAIL: 27_io/basic_ostream/inserters_arithmetic/char/4402.cc execution test FAIL: 27_io/basic_ostream/inserters_arithmetic/wchar_t/1.cc execution test FAIL: 27_io/basic_ostream/inserters_arithmetic/wchar_t/1.cc execution test FAIL: 27_io/basic_ostream/inserters_arithmetic/wchar_t/1.cc execution test FAIL: 27_io/basic_ostream/seekp/wchar_t/2346-fstream.cc (test for excess errors) WARNING: 27_io/basic_ostream/seekp/wchar_t/2346-fstream.cc compilation failed to produce executable FAIL: 27_io/basic_ostream/seekp/wchar_t/2346-fstream.cc (test for excess errors) WARNING: 27_io/basic_ostream/seekp/wchar_t/2346-fstream.cc compilation failed to produce executable FAIL: 27_io/basic_ostream/seekp/wchar_t/2346-fstream.cc (test for excess errors) WARNING: 27_io/basic_ostream/seekp/wchar_t/2346-fstream.cc compilation failed to produce executable FAIL: 27_io/basic_ostream/seekp/wchar_t/2346-sstream.cc (test for excess errors) WARNING: 27_io/basic_ostream/seekp/wchar_t/2346-sstream.cc compilation failed to produce executable FAIL: 27_io/basic_ostream/seekp/wchar_t/2346-sstream.cc (test for excess errors) WARNING: 27_io/basic_ostream/seekp/wchar_t/2346-sstream.cc compilation failed to produce executable FAIL: 27_io/basic_ostream/seekp/wchar_t/2346-sstream.cc (test for excess errors) WARNING: 27_io/basic_ostream/seekp/wchar_t/2346-sstream.cc compilation failed to produce executable FAIL: 27_io/ios_base/storage/11584.cc execution test FAIL: 27_io/ios_base/storage/11584.cc execution test FAIL: ext/codecvt/wchar_t.cc execution test FAIL: ext/mt_allocator/check_new.cc execution test FAIL: ext/pool_allocator/check_new.cc execution test FAIL: tr1/5_numerical_facilities/random/random_device/cons/default.cc execution test FAIL: tr1/5_numerical_facilities/random/random_device/cons/default.cc execution test FAIL: tr1/5_numerical_facilities/random/random_device/cons/default.cc execution test FAIL: tr1/5_numerical_facilities/random/random_device/cons/default.cc execution test FAIL: tr1/5_numerical_facilities/random/random_device/cons/token.cc execution test FAIL: tr1/5_numerical_facilities/random/random_device/cons/token.cc execution test FAIL: tr1/5_numerical_facilities/random/random_device/cons/token.cc execution test FAIL: tr1/5_numerical_facilities/random/random_device/cons/token.cc execution test

=== libstdc++ Summary ===

# of expected passes		16270
# of unexpected failures	92
# of expected failures		189
# of unsupported tests		1770

Compiler version: 4.6.1 (GCC)
Platform: i386-pc-mingw32
configure flags: --enable-languages=c,c++,fortran,objc,obj-c++ --disable-sjlj-exceptions --with-dwarf2 --enable-shared --enable-libgomp --disable-win32-registry --enable-libstdcxx-debug --enable-version-specific-runtime-libs --build=mingw32 --prefix=/mingw


Index Nav: [Date Index] [Subject Index] [Author Index] [Thread Index]
Message Nav: [Date Prev] [Date Next] [Thread Prev] [Thread Next]