This is the mail archive of the
gcc-testresults@gcc.gnu.org
mailing list for the GCC project.
Results for 4.7.0 20110821 (experimental) (GCC) testsuite on powerpc-apple-darwin9.8.0
- From: regress at apple dot com (regress)
- To: gcc-testresults at gcc dot gnu dot org
- Date: Sun, 21 Aug 2011 03:46:31 -0700 (PDT)
- Subject: Results for 4.7.0 20110821 (experimental) (GCC) testsuite on powerpc-apple-darwin9.8.0
This build run by an automatic regression tester.
See <http://gcc.gnu.org/regtest/HEAD/> for more information.
Date: 2011-08-21T00:47:46Z
Revision: 177938
URL: svn://gcc.gnu.org/svn/gcc/trunk
Status: regress-21
Prev-Endtime: 2011-08-21T00:44:40Z
Native configuration is powerpc-apple-darwin9.8.0
=== g++ tests ===
Running target unix
FAIL: g++.dg/eh/simd-3.C execution test
FAIL: g++.dg/eh/simd-4.C execution test
FAIL: g++.dg/ext/alignof2.C execution test
FAIL: g++.dg/ext/altivec-17.C (test for errors, line 15)
FAIL: g++.dg/ext/altivec-17.C (test for excess errors)
WARNING: g++.dg/ext/label13.C compilation failed to produce executable
FAIL: g++.dg/init/copy7.C execution test
=== g++ Summary ===
# of expected passes 27222
# of unexpected failures 6
# of expected failures 159
# of unsupported tests 397
/Users/regress/tbox/native/build/gcc/testsuite/g++/../../g++ version 4.7.0 20110821 (experimental) (GCC)
=== gcc tests ===
Running target unix
FAIL: gcc.c-torture/compile/pr34856.c -O1 (internal compiler error)
FAIL: gcc.c-torture/compile/pr34856.c -O1 (test for excess errors)
FAIL: gcc.c-torture/compile/pr34856.c -O2 (internal compiler error)
FAIL: gcc.c-torture/compile/pr34856.c -O2 (test for excess errors)
FAIL: gcc.c-torture/compile/pr34856.c -O3 -fomit-frame-pointer (internal compiler error)
FAIL: gcc.c-torture/compile/pr34856.c -O3 -fomit-frame-pointer (test for excess errors)
FAIL: gcc.c-torture/compile/pr34856.c -O3 -fomit-frame-pointer -funroll-loops (internal compiler error)
FAIL: gcc.c-torture/compile/pr34856.c -O3 -fomit-frame-pointer -funroll-loops (test for excess errors)
FAIL: gcc.c-torture/compile/pr34856.c -O3 -fomit-frame-pointer -funroll-all-loops -finline-functions (internal compiler error)
FAIL: gcc.c-torture/compile/pr34856.c -O3 -fomit-frame-pointer -funroll-all-loops -finline-functions (test for excess errors)
FAIL: gcc.c-torture/compile/pr34856.c -O3 -g (internal compiler error)
FAIL: gcc.c-torture/compile/pr34856.c -O3 -g (test for excess errors)
FAIL: gcc.c-torture/compile/pr34856.c -Os (internal compiler error)
FAIL: gcc.c-torture/compile/pr34856.c -Os (test for excess errors)
FAIL: gcc.c-torture/compile/pr34856.c -O2 -flto -flto-partition=none (internal compiler error)
FAIL: gcc.c-torture/compile/pr34856.c -O2 -flto -flto-partition=none (test for excess errors)
FAIL: gcc.c-torture/compile/pr34856.c -O2 -flto (internal compiler error)
FAIL: gcc.c-torture/compile/pr34856.c -O2 -flto (test for excess errors)
FAIL: gcc.c-torture/compile/pr44707.c -O1 (test for excess errors)
FAIL: gcc.c-torture/compile/pr44707.c -O2 (test for excess errors)
FAIL: gcc.c-torture/compile/pr44707.c -O3 -fomit-frame-pointer (test for excess errors)
FAIL: gcc.c-torture/compile/pr44707.c -O3 -g (test for excess errors)
FAIL: gcc.c-torture/compile/pr44707.c -Os (test for excess errors)
FAIL: gcc.c-torture/compile/pr44707.c -O2 -flto -flto-partition=none (test for excess errors)
FAIL: gcc.c-torture/compile/pr44707.c -O2 -flto (test for excess errors)
FAIL: gcc.c-torture/execute/20040811-1.c compilation, -O3 -g
UNRESOLVED: gcc.c-torture/execute/20040811-1.c execution, -O3 -g
FAIL: gcc.c-torture/execute/pr22061-4.c compilation, -O3 -g
UNRESOLVED: gcc.c-torture/execute/pr22061-4.c execution, -O3 -g
FAIL: gcc.c-torture/execute/pr43220.c compilation, -O3 -g
UNRESOLVED: gcc.c-torture/execute/pr43220.c execution, -O3 -g
FAIL: gcc.dg/20020103-1.c scan-assembler-not LC[0-9]
FAIL: gcc.dg/and-1.c scan-assembler-not nand
FAIL: gcc.dg/pr34856.c (internal compiler error)
FAIL: gcc.dg/pr34856.c (test for excess errors)
FAIL: gcc.dg/sms-2.c scan-rtl-dump-times sms "SMS succeeded" 1
FAIL: gcc.dg/sms-4.c scan-rtl-dump-times sms "SMS succeeded" 1
FAIL: gcc.dg/sms-5.c scan-rtl-dump-times sms "SMS succeeded" 1
FAIL: gcc.dg/sms-6.c scan-rtl-dump-times sms "SMS succeeded" 3
FAIL: gcc.dg/sms-7.c scan-rtl-dump-times sms "SMS succeeded" 3
FAIL: gcc.dg/sms-8.c scan-rtl-dump-times sms "SMS succeeded" 1
XPASS: gcc.dg/uninit-B.c uninit i warning (test for warnings, line 12)
XPASS: gcc.dg/uninit-pr19430.c (test for warnings, line 32)
XPASS: gcc.dg/uninit-pr19430.c uninitialized (test for warnings, line 41)
FAIL: gcc.dg/torture/pr50067-1.c -O0 execution test
FAIL: gcc.dg/torture/pr50067-1.c -O1 execution test
FAIL: gcc.dg/torture/pr50067-1.c -O2 execution test
FAIL: gcc.dg/torture/pr50067-1.c -O3 -fomit-frame-pointer execution test
FAIL: gcc.dg/torture/pr50067-1.c -O3 -fomit-frame-pointer -funroll-loops execution test
FAIL: gcc.dg/torture/pr50067-1.c -O3 -fomit-frame-pointer -funroll-all-loops -finline-functions execution test
FAIL: gcc.dg/torture/pr50067-1.c -O3 -g execution test
FAIL: gcc.dg/torture/pr50067-1.c -Os execution test
FAIL: gcc.dg/torture/pr50067-1.c -O2 -flto -flto-partition=none execution test
FAIL: gcc.dg/torture/pr50067-1.c -O2 -flto execution test
FAIL: gcc.dg/torture/pr50067-2.c -O0 execution test
FAIL: gcc.dg/torture/pr50067-2.c -O1 execution test
FAIL: gcc.dg/torture/pr50067-2.c -O2 execution test
FAIL: gcc.dg/torture/pr50067-2.c -O3 -fomit-frame-pointer execution test
FAIL: gcc.dg/torture/pr50067-2.c -O3 -fomit-frame-pointer -funroll-loops execution test
FAIL: gcc.dg/torture/pr50067-2.c -O3 -fomit-frame-pointer -funroll-all-loops -finline-functions execution test
FAIL: gcc.dg/torture/pr50067-2.c -O3 -g execution test
FAIL: gcc.dg/torture/pr50067-2.c -Os execution test
FAIL: gcc.dg/torture/pr50067-2.c -O2 -flto -flto-partition=none execution test
FAIL: gcc.dg/torture/pr50067-2.c -O2 -flto execution test
FAIL: gcc.dg/tree-ssa/sra-12.c scan-tree-dump-times release_ssa "l;" 0
FAIL: gcc.dg/tree-ssa/ssa-dom-thread-4.c scan-tree-dump-times dom1 "Threaded" 3
FAIL: gcc.dg/tree-ssa/vrp47.c scan-tree-dump-times vrp1 "[xy][^ ]* !=" 0
FAIL: gcc.dg/tree-ssa/vrp47.c scan-tree-dump-times dom1 "x[^ ]* & y" 1
FAIL: gcc.dg/vmx/gcc-bug-i.c -O0 (test for excess errors)
FAIL: gcc.dg/vmx/gcc-bug-i.c -O1 (test for excess errors)
FAIL: gcc.dg/vmx/gcc-bug-i.c -O2 (test for excess errors)
FAIL: gcc.dg/vmx/gcc-bug-i.c -O3 -fomit-frame-pointer (test for excess errors)
FAIL: gcc.dg/vmx/gcc-bug-i.c -O3 -fomit-frame-pointer -funroll-loops (test for excess errors)
FAIL: gcc.dg/vmx/gcc-bug-i.c -O3 -fomit-frame-pointer -funroll-all-loops -finline-functions (test for excess errors)
FAIL: gcc.dg/vmx/gcc-bug-i.c -O3 -g (test for excess errors)
FAIL: gcc.dg/vmx/gcc-bug-i.c -Os (test for excess errors)
FAIL: gcc.dg/vmx/gcc-bug-i.c -O2 -flto -flto-partition=none (test for excess errors)
FAIL: gcc.dg/vmx/gcc-bug-i.c -O2 -flto (test for excess errors)
FAIL: gcc.target/powerpc/405-dlmzb-strlen-1.c scan-assembler dlmzb\\\\.
FAIL: gcc.target/powerpc/440-dlmzb-strlen-1.c scan-assembler dlmzb\\\\.
FAIL: gcc.target/powerpc/ppc-vector-memcpy.c scan-assembler lvx
=== gcc Summary ===
# of expected passes 75155
# of unexpected failures 75
# of unexpected successes 3
# of expected failures 202
# of unresolved testcases 3
# of unsupported tests 1237
/Users/regress/tbox/native/build/gcc/xgcc version 4.7.0 20110821 (experimental) (GCC)
=== gfortran tests ===
Running target unix
FAIL: gfortran.dg/debug/pr35154-dwarf2.f -gdwarf-2 -g3 (internal compiler error)
FAIL: gfortran.dg/debug/pr35154-dwarf2.f -gdwarf-2 -g3 (test for excess errors)
UNRESOLVED: gfortran.dg/debug/pr35154-dwarf2.f scan-assembler DIE[^\\n]*DW_TAG_common_block
UNRESOLVED: gfortran.dg/debug/pr35154-dwarf2.f scan-assembler (DW_AT_name: "__BLNK__"|"__BLNK__[^\\n]*"[^\\n]*DW_AT_name)
UNRESOLVED: gfortran.dg/debug/pr35154-dwarf2.f scan-assembler DIE[^\\n]*DW_TAG_variable
UNRESOLVED: gfortran.dg/debug/pr35154-dwarf2.f scan-assembler "i[^\\n]*"[^\\n]*DW_AT_name
UNRESOLVED: gfortran.dg/debug/pr35154-dwarf2.f scan-assembler "j[^\\n]*"[^\\n]*DW_AT_name
UNRESOLVED: gfortran.dg/debug/pr35154-dwarf2.f scan-assembler DIE[^\\n]*DW_TAG_common_block
UNRESOLVED: gfortran.dg/debug/pr35154-dwarf2.f scan-assembler (DW_AT_name: "label"|"label[^\\n]*"[^\\n]*DW_AT_name)
UNRESOLVED: gfortran.dg/debug/pr35154-dwarf2.f scan-assembler DIE[^\\n]*DW_TAG_variable
UNRESOLVED: gfortran.dg/debug/pr35154-dwarf2.f scan-assembler "l[^\\n]*"[^\\n]*DW_AT_name
UNRESOLVED: gfortran.dg/debug/pr35154-dwarf2.f scan-assembler "m[^\\n]*"[^\\n]*DW_AT_name
FAIL: gfortran.dg/debug/pr37738.f -gdwarf-2 -g3 (internal compiler error)
FAIL: gfortran.dg/debug/pr37738.f -gdwarf-2 -g3 (test for excess errors)
UNRESOLVED: gfortran.dg/debug/pr37738.f scan-assembler-times DIE[^\\n]*DW_TAG_common_block 3
FAIL: gfortran.dg/large_real_kind_3.F90 -O0 execution test
=== gfortran Summary ===
# of expected passes 39064
# of unexpected failures 5
# of expected failures 73
# of unresolved testcases 11
# of unsupported tests 239
/Users/regress/tbox/native/build/gcc/testsuite/gfortran/../../gfortran version 4.7.0 20110821 (experimental) (GCC)
=== objc tests ===
Running target unix
=== objc Summary ===
# of expected passes 6081
# of expected failures 4
# of unsupported tests 84
/Users/regress/tbox/native/build/gcc/xgcc version 4.7.0 20110821 (experimental) (GCC)
=== boehm-gc tests ===
Running target unix
=== boehm-gc Summary ===
# of expected passes 12
# of unsupported tests 1
=== libffi tests ===
Running target unix
FAIL: libffi.call/nested_struct5.c -O0 -W -Wall execution test
FAIL: libffi.call/nested_struct5.c -O2 execution test
FAIL: libffi.call/nested_struct5.c -O3 execution test
FAIL: libffi.call/nested_struct5.c -Os execution test
FAIL: libffi.call/nested_struct5.c -O2 -fomit-frame-pointer execution test
=== libffi Summary ===
# of expected passes 1624
# of unexpected failures 5
# of expected failures 10
# of unsupported tests 15
=== libgomp tests ===
Running target unix
=== libgomp Summary ===
# of expected passes 2926
# of unsupported tests 3
=== libjava tests ===
Running target unix
FAIL: Thread_Sleep_2 -findirect-dispatch output - source compiled test
=== libjava Summary ===
# of expected passes 2573
# of unexpected failures 1
=== libstdc++ tests ===
Running target unix
FAIL: ext/mt_allocator/deallocate_global_thread-1.cc execution test
FAIL: ext/mt_allocator/deallocate_global_thread-3.cc execution test
=== libstdc++ Summary ===
# of expected passes 7233
# of unexpected failures 2
# of expected failures 46
# of unsupported tests 722
=== libstdc++ Summary ===
Compiler version: 4.7.0 20110821 (experimental) (GCC)
Platform: powerpc-apple-darwin9.8.0
configure flags: --prefix=/Users/regress/tbox/objs --target=powerpc-apple-darwin9.8.0