This is the mail archive of the
gcc-testresults@gcc.gnu.org
mailing list for the GCC project.
Results for 4.4.5 (GCC) testsuite on x86_64-unknown-linux-gnu
- From: ewahl at opt2003 dot ten dot osc dot edu (Ed Wahl)
- To: gcc-testresults at gcc dot gnu dot org
- Date: Wed, 10 Aug 2011 14:40:46 -0400 (EDT)
- Subject: Results for 4.4.5 (GCC) testsuite on x86_64-unknown-linux-gnu
Sort of half-assed it just to get a newer version compatible with what RHEL 6.x is shipping, for our older RHEL 5.x cluster. Works.
LAST_UPDATED: Obtained from SVN: tags/gcc_4_4_5_release revision 164871
Native configuration is x86_64-unknown-linux-gnu
=== gcc tests ===
Running target unix
FAIL: gcc.dg/cleanup-13.c (test for excess errors)
WARNING: gcc.dg/cleanup-13.c compilation failed to produce executable
FAIL: gcc.dg/tree-prof/bb-reorg.c compilation, -fprofile-use -D_PROFILE_USE
UNRESOLVED: gcc.dg/tree-prof/bb-reorg.c execution, -fprofile-use -D_PROFILE_USE
FAIL: gcc.dg/tree-prof/pr34999.c compilation, -fprofile-use -D_PROFILE_USE
UNRESOLVED: gcc.dg/tree-prof/pr34999.c execution, -fprofile-use -D_PROFILE_USE
=== gcc Summary ===
# of expected passes 56979
# of unexpected failures 3
# of expected failures 190
# of unresolved testcases 2
# of unsupported tests 1193
/nfs/07/ewahl/sandbox/gcc-build/gcc/xgcc version 4.4.5 (GCC)
=== gfortran tests ===
Running target unix
=== gfortran Summary ===
# of expected passes 30428
# of expected failures 9
# of unsupported tests 44
/nfs/07/ewahl/sandbox/gcc-build/gcc/testsuite/gfortran/../../gfortran version 4.4.5 (GCC)
=== g++ tests ===
Running target unix
=== g++ Summary ===
# of expected passes 19959
# of expected failures 157
# of unsupported tests 254
/nfs/07/ewahl/sandbox/gcc-build/gcc/testsuite/g++/../../g++ version 4.4.5 (GCC)
=== objc tests ===
Running target unix
=== objc Summary ===
# of expected passes 1866
# of expected failures 15
# of unsupported tests 24
/nfs/07/ewahl/sandbox/gcc-build/gcc/xgcc version 4.4.5 (GCC)
=== libffi tests ===
Running target unix
=== libffi Summary ===
# of expected passes 1389
# of unsupported tests 10
=== libgomp tests ===
Running target unix
=== libgomp Summary ===
# of expected passes 2476
=== libjava tests ===
Running target unix
=== libjava Summary ===
# of expected passes 2574
=== libmudflap tests ===
Running target unix
FAIL: libmudflap.c++/pass41-frag.cxx execution test
FAIL: libmudflap.c++/pass41-frag.cxx (-static) execution test
FAIL: libmudflap.c++/pass41-frag.cxx ( -O) execution test
FAIL: libmudflap.c++/pass41-frag.cxx (-O2) execution test
FAIL: libmudflap.c++/pass41-frag.cxx (-O3) execution test
=== libmudflap Summary ===
# of expected passes 1889
# of unexpected failures 5
=== libstdc++ tests ===
Running target unix
=== libstdc++ Summary ===
# of expected passes 6507
# of expected failures 80
# of unsupported tests 15
Compiler version: 4.4.5 (GCC)
Platform: x86_64-unknown-linux-gnu
configure flags: --with-mpfr=/nfs/07/ewahl/sandbox/tmp --prefix=/usr/local/gcc-4.4.5