This is the mail archive of the
gcc-testresults@gcc.gnu.org
mailing list for the GCC project.
Results for 4.7.0 20110809 (experimental) [trunk revision 177581] (GCC) testsuite on x86_64-unknown-linux-gnu
- From: "Kirill Yukhin [Intel64 Core i7 AVX]" <i64corei7avx at mailhost dot ims dot intel dot com>
- To: gcc-testresults at gcc dot gnu dot org
- Date: Tue, 09 Aug 2011 16:33:15 +0400
- Subject: Results for 4.7.0 20110809 (experimental) [trunk revision 177581] (GCC) testsuite on x86_64-unknown-linux-gnu
LAST_UPDATED: Tue Aug 9 07:10:48 UTC 2011 (revision 177581)
Native configuration is x86_64-unknown-linux-gnu
=== g++ tests ===
Running target unix
FAIL: g++.dg/tree-prof/partition2.C compilation, -Os -fprofile-use
UNRESOLVED: g++.dg/tree-prof/partition2.C execution, -Os -fprofile-use
=== g++ Summary for unix ===
# of expected passes 21130
# of expected failures 152
# of unsupported tests 154
Running target unix/-m32
FAIL: c-c++-common/dfp/inf-1.c execution test
FAIL: c-c++-common/dfp/operator-assignment.c execution test
FAIL: c-c++-common/dfp/usual-arith-conv.c execution test
FAIL: g++.dg/tree-prof/partition2.C compilation, -Os -fprofile-use
UNRESOLVED: g++.dg/tree-prof/partition2.C execution, -Os -fprofile-use
=== g++ Summary for unix/-m32 ===
# of expected passes 20594
# of expected failures 152
# of unsupported tests 119
=== g++ Summary ===
# of expected passes 41724
# of expected failures 304
# of unsupported tests 273
/nightly/gcc.svn/test-intel64corei7avx/gcc-build-trunk/bld/gcc/testsuite/g++/../../g++ version 4.7.0 20110809 (experimental) [trunk revision 177581] (GCC)
=== gcc tests ===
Running target unix
FAIL: gcc.dg/compat/union-m128-1 c_compat_x_tst.o-c_compat_y_tst.o execute
XPASS: gcc.dg/inline_3.c (test for excess errors)
XPASS: gcc.dg/inline_4.c (test for excess errors)
XPASS: gcc.dg/unroll_2.c (test for excess errors)
XPASS: gcc.dg/unroll_3.c (test for excess errors)
XPASS: gcc.dg/unroll_4.c (test for excess errors)
XPASS: gcc.dg/guality/example.c -O0 execution test
XPASS: gcc.dg/guality/example.c -O1 execution test
XPASS: gcc.dg/guality/example.c -O2 execution test
XPASS: gcc.dg/guality/example.c -O2 -flto -flto-partition=none execution test
XPASS: gcc.dg/guality/example.c -O2 -flto execution test
XPASS: gcc.dg/guality/guality.c -O0 execution test
XPASS: gcc.dg/guality/guality.c -O1 execution test
XPASS: gcc.dg/guality/guality.c -O2 execution test
XPASS: gcc.dg/guality/guality.c -O3 -fomit-frame-pointer execution test
XPASS: gcc.dg/guality/guality.c -O3 -g execution test
XPASS: gcc.dg/guality/guality.c -Os execution test
XPASS: gcc.dg/guality/guality.c -O2 -flto -flto-partition=none execution test
XPASS: gcc.dg/guality/guality.c -O2 -flto execution test
XPASS: gcc.dg/guality/inline-params.c -O2 execution test
XPASS: gcc.dg/guality/inline-params.c -O3 -fomit-frame-pointer execution test
XPASS: gcc.dg/guality/inline-params.c -O3 -g execution test
XPASS: gcc.dg/guality/inline-params.c -Os execution test
XPASS: gcc.dg/guality/inline-params.c -O2 -flto -flto-partition=none execution test
XPASS: gcc.dg/guality/inline-params.c -O2 -flto execution test
XPASS: gcc.dg/guality/pr41353-1.c -O0 line 28 j == 28 + 37
XPASS: gcc.dg/guality/pr41353-1.c -O1 line 28 j == 28 + 37
XPASS: gcc.dg/guality/pr41353-1.c -O2 line 28 j == 28 + 37
XPASS: gcc.dg/guality/pr41353-1.c -O3 -fomit-frame-pointer line 28 j == 28 + 37
XPASS: gcc.dg/guality/pr41353-1.c -O3 -g line 28 j == 28 + 37
XPASS: gcc.dg/guality/pr41353-1.c -Os line 28 j == 28 + 37
XPASS: gcc.dg/guality/pr41353-1.c -O2 -flto -flto-partition=none line 28 j == 28 + 37
XPASS: gcc.dg/guality/pr41353-1.c -O2 -flto line 28 j == 28 + 37
XPASS: gcc.dg/guality/pr41447-1.c -O0 execution test
XPASS: gcc.dg/guality/pr41447-1.c -O1 execution test
XPASS: gcc.dg/guality/pr41447-1.c -O2 execution test
XPASS: gcc.dg/guality/pr41447-1.c -O3 -fomit-frame-pointer execution test
XPASS: gcc.dg/guality/pr41447-1.c -O3 -g execution test
XPASS: gcc.dg/guality/pr41447-1.c -Os execution test
XPASS: gcc.dg/guality/pr41447-1.c -O2 -flto -flto-partition=none execution test
XPASS: gcc.dg/guality/pr41447-1.c -O2 -flto execution test
XPASS: gcc.dg/guality/pr41616-1.c -O0 execution test
XPASS: gcc.dg/guality/pr41616-1.c -O1 execution test
XPASS: gcc.dg/guality/pr41616-1.c -O2 execution test
XPASS: gcc.dg/guality/pr41616-1.c -O3 -fomit-frame-pointer execution test
XPASS: gcc.dg/guality/pr41616-1.c -O3 -g execution test
XPASS: gcc.dg/guality/pr41616-1.c -Os execution test
XPASS: gcc.dg/guality/pr41616-1.c -O2 -flto -flto-partition=none execution test
XPASS: gcc.dg/guality/pr41616-1.c -O2 -flto execution test
FAIL: gcc.dg/guality/vla-1.c -O2 -flto -flto-partition=none line 17 sizeof (a) == 6
FAIL: gcc.dg/guality/vla-1.c -O2 -flto -flto-partition=none line 24 sizeof (a) == 17 * sizeof (short)
FAIL: gcc.dg/guality/vla-1.c -O2 -flto line 17 sizeof (a) == 6
FAIL: gcc.dg/guality/vla-1.c -O2 -flto line 24 sizeof (a) == 17 * sizeof (short)
FAIL: gcc.dg/guality/vla-2.c -O2 -flto -flto-partition=none line 16 sizeof (a) == 5 * sizeof (int)
FAIL: gcc.dg/guality/vla-2.c -O2 -flto -flto-partition=none line 25 sizeof (a) == 6 * sizeof (int)
FAIL: gcc.dg/guality/vla-2.c -O2 -flto line 16 sizeof (a) == 5 * sizeof (int)
FAIL: gcc.dg/guality/vla-2.c -O2 -flto line 25 sizeof (a) == 6 * sizeof (int)
FAIL: gcc.dg/torture/fp-int-convert-float128-timode.c -O0 execution test
FAIL: gcc.dg/torture/fp-int-convert-float128-timode.c -O1 execution test
FAIL: gcc.dg/torture/fp-int-convert-float128-timode.c -O2 execution test
FAIL: gcc.dg/torture/fp-int-convert-float128-timode.c -O3 -fomit-frame-pointer execution test
FAIL: gcc.dg/torture/fp-int-convert-float128-timode.c -O3 -g execution test
FAIL: gcc.dg/torture/fp-int-convert-float128-timode.c -Os execution test
FAIL: gcc.dg/torture/fp-int-convert-float128-timode.c -O2 -flto -flto-partition=none execution test
FAIL: gcc.dg/torture/fp-int-convert-float128-timode.c -O2 -flto execution test
FAIL: gcc.dg/torture/fp-int-convert-float128.c -O0 execution test
FAIL: gcc.dg/torture/fp-int-convert-float128.c -O1 execution test
FAIL: gcc.dg/torture/fp-int-convert-float128.c -O2 execution test
FAIL: gcc.dg/torture/fp-int-convert-float128.c -O3 -fomit-frame-pointer execution test
FAIL: gcc.dg/torture/fp-int-convert-float128.c -O3 -g execution test
FAIL: gcc.dg/torture/fp-int-convert-float128.c -Os execution test
FAIL: gcc.dg/torture/fp-int-convert-float128.c -O2 -flto -flto-partition=none execution test
FAIL: gcc.dg/torture/fp-int-convert-float128.c -O2 -flto execution test
FAIL: gcc.dg/tree-ssa/vrp47.c scan-tree-dump-times dom1 "x[^ ]* & y" 1
FAIL: gcc.dg/vect/vect-104.c scan-tree-dump-times vect "possible dependence between data-refs" 1
FAIL: gcc.dg/vect/vect-6.c scan-tree-dump-times vect "Vectorizing an unaligned access" 0
FAIL: gcc.dg/vect/vect-all.c scan-tree-dump-times vect "Vectorizing an unaligned access" 0
FAIL: gcc.dg/vect/vect-outer-1.c scan-tree-dump-times vect "strided access in outer loop" 1
FAIL: gcc.dg/vect/vect-outer-1a.c scan-tree-dump-times vect "strided access in outer loop" 1
FAIL: gcc.dg/vect/vect-outer-1b.c scan-tree-dump-times vect "strided access in outer loop" 1
FAIL: gcc.dg/vect/vect-outer-2b.c scan-tree-dump-times vect "strided access in outer loop." 1
FAIL: gcc.dg/vect/vect-outer-3a.c scan-tree-dump-times vect "step doesn't divide the vector-size" 2
FAIL: gcc.dg/vect/vect-outer-3b.c scan-tree-dump-times vect "strided access in outer loop" 2
FAIL: gcc.dg/vect/vect-outer-5.c scan-tree-dump-times vect "zero step in outer loop." 1
FAIL: gcc.dg/vect/vect-reduc-dot-s8b.c scan-tree-dump-times vect "vect_recog_widen_mult_pattern: detected" 1
FAIL: gcc.dg/vect/vect-104.c -flto scan-tree-dump-times vect "possible dependence between data-refs" 1
FAIL: gcc.dg/vect/vect-6.c -flto scan-tree-dump-times vect "Vectorizing an unaligned access" 0
FAIL: gcc.dg/vect/vect-all.c -flto scan-tree-dump-times vect "Vectorizing an unaligned access" 0
FAIL: gcc.dg/vect/vect-outer-1.c -flto scan-tree-dump-times vect "strided access in outer loop" 1
FAIL: gcc.dg/vect/vect-outer-1a.c -flto scan-tree-dump-times vect "strided access in outer loop" 1
FAIL: gcc.dg/vect/vect-outer-1b.c -flto scan-tree-dump-times vect "strided access in outer loop" 1
FAIL: gcc.dg/vect/vect-outer-2b.c -flto scan-tree-dump-times vect "strided access in outer loop." 1
FAIL: gcc.dg/vect/vect-outer-3a.c -flto scan-tree-dump-times vect "step doesn't divide the vector-size" 2
FAIL: gcc.dg/vect/vect-outer-3b.c -flto scan-tree-dump-times vect "strided access in outer loop" 2
FAIL: gcc.dg/vect/vect-outer-5.c -flto scan-tree-dump-times vect "zero step in outer loop." 1
FAIL: gcc.dg/vect/vect-reduc-dot-s8b.c -flto scan-tree-dump-times vect "vect_recog_widen_mult_pattern: detected" 1
FAIL: gcc.dg/vect/no-vfa-vect-101.c scan-tree-dump-times vect "can't determine dependence" 1
FAIL: gcc.dg/vect/no-vfa-vect-102.c scan-tree-dump-times vect "possible dependence between data-refs" 1
FAIL: gcc.dg/vect/no-vfa-vect-102a.c scan-tree-dump-times vect "possible dependence between data-refs" 1
FAIL: gcc.dg/vect/no-vfa-vect-37.c scan-tree-dump-times vect "can't determine dependence between" 2
FAIL: gcc.dg/vect/no-vfa-vect-79.c scan-tree-dump-times vect "can't determine dependence between" 1
FAIL: gcc.target/i386/avx-vaddpd-1.c execution test
FAIL: gcc.target/i386/avx-vaddsd-1.c execution test
FAIL: gcc.target/i386/avx-vaddss-1.c execution test
FAIL: gcc.target/i386/avx-vandnpd-1.c execution test
FAIL: gcc.target/i386/avx-vandnps-1.c execution test
FAIL: gcc.target/i386/avx-vandpd-1.c execution test
FAIL: gcc.target/i386/avx-vandps-1.c execution test
FAIL: gcc.target/i386/avx-vcvtdq2pd-1.c execution test
FAIL: gcc.target/i386/avx-vcvtdq2ps-1.c execution test
FAIL: gcc.target/i386/avx-vcvtps2dq-1.c execution test
FAIL: gcc.target/i386/avx-vcvtps2pd-1.c execution test
FAIL: gcc.target/i386/avx-vcvtsd2ss-1.c execution test
FAIL: gcc.target/i386/avx-vcvtsi2sd-1.c execution test
FAIL: gcc.target/i386/avx-vcvtsi2sd-2.c execution test
FAIL: gcc.target/i386/avx-vcvtsi2ss-1.c execution test
FAIL: gcc.target/i386/avx-vcvtsi2ss-2.c execution test
FAIL: gcc.target/i386/avx-vcvtss2sd-1.c execution test
FAIL: gcc.target/i386/avx-vcvttps2dq-1.c execution test
FAIL: gcc.target/i386/avx-vdivpd-1.c execution test
FAIL: gcc.target/i386/avx-vdivps-1.c execution test
FAIL: gcc.target/i386/avx-vdivsd-1.c execution test
FAIL: gcc.target/i386/avx-vdivss-1.c execution test
FAIL: gcc.target/i386/avx-vmaxpd-1.c execution test
FAIL: gcc.target/i386/avx-vmaxsd-1.c execution test
FAIL: gcc.target/i386/avx-vmaxss-1.c execution test
FAIL: gcc.target/i386/avx-vminpd-1.c execution test
FAIL: gcc.target/i386/avx-vminsd-1.c execution test
FAIL: gcc.target/i386/avx-vminss-1.c execution test
FAIL: gcc.target/i386/avx-vmovapd-1.c execution test
FAIL: gcc.target/i386/avx-vmovaps-1.c execution test
FAIL: gcc.target/i386/avx-vmovdqa-1.c execution test
FAIL: gcc.target/i386/avx-vmovdqu-1.c execution test
FAIL: gcc.target/i386/avx-vmovhlps-1.c execution test
FAIL: gcc.target/i386/avx-vmovhpd-1.c execution test
FAIL: gcc.target/i386/avx-vmovhps-1.c execution test
FAIL: gcc.target/i386/avx-vmovlhps-1.c execution test
FAIL: gcc.target/i386/avx-vmovlpd-1.c execution test
FAIL: gcc.target/i386/avx-vmovss-3.c execution test
FAIL: gcc.target/i386/avx-vmovupd-1.c execution test
FAIL: gcc.target/i386/avx-vmovups-1.c execution test
FAIL: gcc.target/i386/avx-vmulpd-1.c execution test
FAIL: gcc.target/i386/avx-vmulps-1.c execution test
FAIL: gcc.target/i386/avx-vmulsd-1.c execution test
FAIL: gcc.target/i386/avx-vmulss-1.c execution test
FAIL: gcc.target/i386/avx-vorpd-1.c execution test
FAIL: gcc.target/i386/avx-vpaddq-1.c execution test
FAIL: gcc.target/i386/avx-vpmuludq-1.c execution test
FAIL: gcc.target/i386/avx-vpshufd-1.c execution test
FAIL: gcc.target/i386/avx-vpsllq-1.c execution test
FAIL: gcc.target/i386/avx-vpsrlq-1.c execution test
FAIL: gcc.target/i386/avx-vpsubq-1.c execution test
FAIL: gcc.target/i386/avx-vpunpckhdq-1.c execution test
FAIL: gcc.target/i386/avx-vpunpckhqdq-1.c execution test
FAIL: gcc.target/i386/avx-vpunpckhwd-1.c execution test
FAIL: gcc.target/i386/avx-vpunpckldq-1.c execution test
FAIL: gcc.target/i386/avx-vpunpcklqdq-1.c execution test
FAIL: gcc.target/i386/avx-vpunpcklwd-1.c execution test
FAIL: gcc.target/i386/avx-vshufpd-1.c execution test
FAIL: gcc.target/i386/avx-vshufps-1.c execution test
FAIL: gcc.target/i386/avx-vsqrtpd-1.c execution test
FAIL: gcc.target/i386/avx-vsubpd-1.c execution test
FAIL: gcc.target/i386/avx-vsubps-1.c execution test
FAIL: gcc.target/i386/avx-vsubsd-1.c execution test
FAIL: gcc.target/i386/avx-vsubss-1.c execution test
FAIL: gcc.target/i386/avx-vunpckhpd-1.c execution test
FAIL: gcc.target/i386/avx-vunpckhps-1.c execution test
FAIL: gcc.target/i386/avx-vunpcklpd-1.c execution test
FAIL: gcc.target/i386/avx-vunpcklps-1.c execution test
FAIL: gcc.target/i386/avx-vxorpd-1.c execution test
FAIL: gcc.target/i386/float128-2.c execution test
FAIL: gcc.target/i386/pr32268.c execution test
FAIL: gcc.target/i386/sse-addss-1.c execution test
FAIL: gcc.target/i386/sse-andnps-1.c execution test
FAIL: gcc.target/i386/sse-andps-1.c execution test
FAIL: gcc.target/i386/sse-cvtsi2ss-1.c execution test
FAIL: gcc.target/i386/sse-cvtsi2ss-2.c execution test
FAIL: gcc.target/i386/sse-divps-1.c execution test
FAIL: gcc.target/i386/sse-divss-1.c execution test
FAIL: gcc.target/i386/sse-maxss-1.c execution test
FAIL: gcc.target/i386/sse-minss-1.c execution test
FAIL: gcc.target/i386/sse-movaps-1.c execution test
FAIL: gcc.target/i386/sse-movhlps-1.c execution test
FAIL: gcc.target/i386/sse-movhps-1.c execution test
FAIL: gcc.target/i386/sse-movlhps-1.c execution test
FAIL: gcc.target/i386/sse-movss-3.c execution test
FAIL: gcc.target/i386/sse-movups-1.c execution test
FAIL: gcc.target/i386/sse-mulps-1.c execution test
FAIL: gcc.target/i386/sse-mulss-1.c execution test
FAIL: gcc.target/i386/sse-subps-1.c execution test
FAIL: gcc.target/i386/sse-subss-1.c execution test
FAIL: gcc.target/i386/sse-unpckhps-1.c execution test
FAIL: gcc.target/i386/sse-unpcklps-1.c execution test
FAIL: gcc.target/i386/sse2-addpd-1.c execution test
FAIL: gcc.target/i386/sse2-addsd-1.c execution test
FAIL: gcc.target/i386/sse2-andnpd-1.c execution test
FAIL: gcc.target/i386/sse2-andpd-1.c execution test
FAIL: gcc.target/i386/sse2-cvtdq2pd-1.c execution test
FAIL: gcc.target/i386/sse2-cvtdq2ps-1.c execution test
FAIL: gcc.target/i386/sse2-cvtps2dq-1.c execution test
FAIL: gcc.target/i386/sse2-cvtps2pd-1.c execution test
FAIL: gcc.target/i386/sse2-cvtsd2ss-1.c execution test
FAIL: gcc.target/i386/sse2-cvtsi2sd-1.c execution test
FAIL: gcc.target/i386/sse2-cvtsi2sd-2.c execution test
FAIL: gcc.target/i386/sse2-cvtss2sd-1.c execution test
FAIL: gcc.target/i386/sse2-cvttps2dq-1.c execution test
FAIL: gcc.target/i386/sse2-divpd-1.c execution test
FAIL: gcc.target/i386/sse2-divsd-1.c execution test
FAIL: gcc.target/i386/sse2-maxpd-1.c execution test
FAIL: gcc.target/i386/sse2-maxsd-1.c execution test
FAIL: gcc.target/i386/sse2-minpd-1.c execution test
FAIL: gcc.target/i386/sse2-minsd-1.c execution test
FAIL: gcc.target/i386/sse2-movapd-1.c execution test
FAIL: gcc.target/i386/sse2-movdqa-1.c execution test
FAIL: gcc.target/i386/sse2-movdqu-1.c execution test
FAIL: gcc.target/i386/sse2-movhpd-1.c execution test
FAIL: gcc.target/i386/sse2-movlpd-1.c execution test
FAIL: gcc.target/i386/sse2-movupd-1.c execution test
FAIL: gcc.target/i386/sse2-mulpd-1.c execution test
FAIL: gcc.target/i386/sse2-mulsd-1.c execution test
FAIL: gcc.target/i386/sse2-orpd-1.c execution test
FAIL: gcc.target/i386/sse2-paddq-1.c execution test
FAIL: gcc.target/i386/sse2-pmuludq-1.c execution test
FAIL: gcc.target/i386/sse2-pshufd-1.c execution test
FAIL: gcc.target/i386/sse2-psllq-1.c execution test
FAIL: gcc.target/i386/sse2-psrlq-1.c execution test
FAIL: gcc.target/i386/sse2-psubq-1.c execution test
FAIL: gcc.target/i386/sse2-punpckhdq-1.c execution test
FAIL: gcc.target/i386/sse2-punpckhqdq-1.c execution test
FAIL: gcc.target/i386/sse2-punpckhwd-1.c execution test
FAIL: gcc.target/i386/sse2-punpckldq-1.c execution test
FAIL: gcc.target/i386/sse2-punpcklqdq-1.c execution test
FAIL: gcc.target/i386/sse2-punpcklwd-1.c execution test
FAIL: gcc.target/i386/sse2-set-v16qi-1.c execution test
FAIL: gcc.target/i386/sse2-set-v16qi-2.c execution test
FAIL: gcc.target/i386/sse2-set-v16qi-3.c execution test
FAIL: gcc.target/i386/sse2-set-v8hi-1.c execution test
FAIL: gcc.target/i386/sse2-set-v8hi-1a.c execution test
FAIL: gcc.target/i386/sse2-set-v8hi-2.c execution test
FAIL: gcc.target/i386/sse2-set-v8hi-2a.c execution test
FAIL: gcc.target/i386/sse2-shufpd-1.c execution test
FAIL: gcc.target/i386/sse2-shufps-1.c execution test
FAIL: gcc.target/i386/sse2-sqrtpd-1.c execution test
FAIL: gcc.target/i386/sse2-subpd-1.c execution test
FAIL: gcc.target/i386/sse2-subsd-1.c execution test
FAIL: gcc.target/i386/sse2-unpckhpd-1.c execution test
FAIL: gcc.target/i386/sse2-unpcklpd-1.c execution test
FAIL: gcc.target/i386/sse2-xorpd-1.c execution test
FAIL: gcc.target/i386/sse4_1-set-v16qi-1.c execution test
FAIL: gcc.target/i386/sse4_1-set-v16qi-1a.c execution test
FAIL: gcc.target/i386/sse4_1-set-v16qi-2.c execution test
FAIL: gcc.target/i386/sse4_1-set-v16qi-2a.c execution test
FAIL: gcc.target/i386/sse4_1-set-v16qi-3.c execution test
FAIL: gcc.target/i386/sse4_1-set-v16qi-3a.c execution test
=== gcc Summary for unix ===
# of expected passes 85796
# of unexpected failures 213
# of unexpected successes 5
# of expected failures 305
# of unsupported tests 1427
Running target unix/-m32
FAIL: c-c++-common/dfp/inf-1.c execution test
FAIL: c-c++-common/dfp/operator-assignment.c execution test
FAIL: c-c++-common/dfp/usual-arith-conv.c execution test
XPASS: gcc.dg/inline_3.c (test for excess errors)
XPASS: gcc.dg/inline_4.c (test for excess errors)
FAIL: gcc.dg/pr43419.c execution test
XPASS: gcc.dg/unroll_2.c (test for excess errors)
XPASS: gcc.dg/unroll_3.c (test for excess errors)
XPASS: gcc.dg/unroll_4.c (test for excess errors)
XPASS: gcc.dg/guality/example.c -O0 execution test
XPASS: gcc.dg/guality/example.c -O1 execution test
XPASS: gcc.dg/guality/example.c -O2 execution test
XPASS: gcc.dg/guality/example.c -O2 -flto -flto-partition=none execution test
XPASS: gcc.dg/guality/example.c -O2 -flto execution test
XPASS: gcc.dg/guality/guality.c -O0 execution test
XPASS: gcc.dg/guality/guality.c -O1 execution test
XPASS: gcc.dg/guality/guality.c -O2 execution test
XPASS: gcc.dg/guality/guality.c -O3 -fomit-frame-pointer execution test
XPASS: gcc.dg/guality/guality.c -O3 -g execution test
XPASS: gcc.dg/guality/guality.c -Os execution test
XPASS: gcc.dg/guality/guality.c -O2 -flto -flto-partition=none execution test
XPASS: gcc.dg/guality/guality.c -O2 -flto execution test
XPASS: gcc.dg/guality/inline-params.c -O2 execution test
XPASS: gcc.dg/guality/inline-params.c -O3 -fomit-frame-pointer execution test
XPASS: gcc.dg/guality/inline-params.c -O3 -g execution test
XPASS: gcc.dg/guality/inline-params.c -Os execution test
XPASS: gcc.dg/guality/inline-params.c -O2 -flto -flto-partition=none execution test
XPASS: gcc.dg/guality/inline-params.c -O2 -flto execution test
XPASS: gcc.dg/guality/pr41353-1.c -O0 line 28 j == 28 + 37
XPASS: gcc.dg/guality/pr41353-1.c -O1 line 28 j == 28 + 37
XPASS: gcc.dg/guality/pr41353-1.c -O2 line 28 j == 28 + 37
XPASS: gcc.dg/guality/pr41353-1.c -O3 -fomit-frame-pointer line 28 j == 28 + 37
XPASS: gcc.dg/guality/pr41353-1.c -O3 -g line 28 j == 28 + 37
XPASS: gcc.dg/guality/pr41353-1.c -Os line 28 j == 28 + 37
XPASS: gcc.dg/guality/pr41353-1.c -O2 -flto -flto-partition=none line 28 j == 28 + 37
XPASS: gcc.dg/guality/pr41353-1.c -O2 -flto line 28 j == 28 + 37
XPASS: gcc.dg/guality/pr41447-1.c -O0 execution test
XPASS: gcc.dg/guality/pr41447-1.c -O1 execution test
XPASS: gcc.dg/guality/pr41447-1.c -Os execution test
XPASS: gcc.dg/guality/pr41616-1.c -O0 execution test
XPASS: gcc.dg/guality/pr41616-1.c -O1 execution test
XPASS: gcc.dg/guality/pr41616-1.c -O2 execution test
XPASS: gcc.dg/guality/pr41616-1.c -O3 -fomit-frame-pointer execution test
XPASS: gcc.dg/guality/pr41616-1.c -O3 -g execution test
XPASS: gcc.dg/guality/pr41616-1.c -Os execution test
XPASS: gcc.dg/guality/pr41616-1.c -O2 -flto -flto-partition=none execution test
XPASS: gcc.dg/guality/pr41616-1.c -O2 -flto execution test
FAIL: gcc.dg/guality/vla-1.c -O2 -flto -flto-partition=none line 17 sizeof (a) == 6
FAIL: gcc.dg/guality/vla-1.c -O2 -flto -flto-partition=none line 24 sizeof (a) == 17 * sizeof (short)
FAIL: gcc.dg/guality/vla-1.c -O2 -flto line 17 sizeof (a) == 6
FAIL: gcc.dg/guality/vla-1.c -O2 -flto line 24 sizeof (a) == 17 * sizeof (short)
FAIL: gcc.dg/guality/vla-2.c -O2 -flto -flto-partition=none line 16 sizeof (a) == 5 * sizeof (int)
FAIL: gcc.dg/guality/vla-2.c -O2 -flto -flto-partition=none line 25 sizeof (a) == 6 * sizeof (int)
FAIL: gcc.dg/guality/vla-2.c -O2 -flto line 16 sizeof (a) == 5 * sizeof (int)
FAIL: gcc.dg/guality/vla-2.c -O2 -flto line 25 sizeof (a) == 6 * sizeof (int)
FAIL: gcc.dg/torture/tls/run-ld.c -O1 -pie -fpie execution test
FAIL: gcc.dg/torture/tls/run-ld.c -O2 -pie -fpie execution test
FAIL: gcc.dg/torture/tls/run-ld.c -O3 -fomit-frame-pointer -pie -fpie execution test
FAIL: gcc.dg/torture/tls/run-ld.c -O3 -g -pie -fpie execution test
FAIL: gcc.dg/torture/tls/run-ld.c -Os -pie -fpie execution test
FAIL: gcc.dg/torture/tls/run-ld.c -O1 -pie -fPIE execution test
FAIL: gcc.dg/torture/tls/run-ld.c -O2 -pie -fPIE execution test
FAIL: gcc.dg/torture/tls/run-ld.c -O3 -fomit-frame-pointer -pie -fPIE execution test
FAIL: gcc.dg/torture/tls/run-ld.c -O3 -g -pie -fPIE execution test
FAIL: gcc.dg/torture/tls/run-ld.c -Os -pie -fPIE execution test
FAIL: gcc.dg/tree-ssa/vrp47.c scan-tree-dump-times dom1 "x[^ ]* & y" 1
FAIL: gcc.dg/vect/vect-104.c scan-tree-dump-times vect "possible dependence between data-refs" 1
FAIL: gcc.dg/vect/vect-6.c scan-tree-dump-times vect "Vectorizing an unaligned access" 0
FAIL: gcc.dg/vect/vect-all.c scan-tree-dump-times vect "Vectorizing an unaligned access" 0
FAIL: gcc.dg/vect/vect-outer-1.c scan-tree-dump-times vect "strided access in outer loop" 1
FAIL: gcc.dg/vect/vect-outer-1a.c scan-tree-dump-times vect "strided access in outer loop" 1
FAIL: gcc.dg/vect/vect-outer-1b.c scan-tree-dump-times vect "strided access in outer loop" 1
FAIL: gcc.dg/vect/vect-outer-2b.c scan-tree-dump-times vect "strided access in outer loop." 1
FAIL: gcc.dg/vect/vect-outer-3a.c scan-tree-dump-times vect "step doesn't divide the vector-size" 2
FAIL: gcc.dg/vect/vect-outer-3b.c scan-tree-dump-times vect "strided access in outer loop" 2
FAIL: gcc.dg/vect/vect-outer-5.c scan-tree-dump-times vect "zero step in outer loop." 1
FAIL: gcc.dg/vect/vect-reduc-dot-s8b.c scan-tree-dump-times vect "vect_recog_widen_mult_pattern: detected" 1
FAIL: gcc.dg/vect/vect-104.c -flto scan-tree-dump-times vect "possible dependence between data-refs" 1
FAIL: gcc.dg/vect/vect-6.c -flto scan-tree-dump-times vect "Vectorizing an unaligned access" 0
FAIL: gcc.dg/vect/vect-all.c -flto scan-tree-dump-times vect "Vectorizing an unaligned access" 0
FAIL: gcc.dg/vect/vect-outer-1.c -flto scan-tree-dump-times vect "strided access in outer loop" 1
FAIL: gcc.dg/vect/vect-outer-1a.c -flto scan-tree-dump-times vect "strided access in outer loop" 1
FAIL: gcc.dg/vect/vect-outer-1b.c -flto scan-tree-dump-times vect "strided access in outer loop" 1
FAIL: gcc.dg/vect/vect-outer-2b.c -flto scan-tree-dump-times vect "strided access in outer loop." 1
FAIL: gcc.dg/vect/vect-outer-3a.c -flto scan-tree-dump-times vect "step doesn't divide the vector-size" 2
FAIL: gcc.dg/vect/vect-outer-3b.c -flto scan-tree-dump-times vect "strided access in outer loop" 2
FAIL: gcc.dg/vect/vect-outer-5.c -flto scan-tree-dump-times vect "zero step in outer loop." 1
FAIL: gcc.dg/vect/vect-reduc-dot-s8b.c -flto scan-tree-dump-times vect "vect_recog_widen_mult_pattern: detected" 1
FAIL: gcc.dg/vect/no-vfa-vect-101.c scan-tree-dump-times vect "can't determine dependence" 1
FAIL: gcc.dg/vect/no-vfa-vect-102.c scan-tree-dump-times vect "possible dependence between data-refs" 1
FAIL: gcc.dg/vect/no-vfa-vect-102a.c scan-tree-dump-times vect "possible dependence between data-refs" 1
FAIL: gcc.dg/vect/no-vfa-vect-37.c scan-tree-dump-times vect "can't determine dependence between" 2
FAIL: gcc.dg/vect/no-vfa-vect-79.c scan-tree-dump-times vect "can't determine dependence between" 1
FAIL: gcc.target/i386/avx-vtestpd-256-1.c execution test
=== gcc Summary for unix/-m32 ===
# of expected passes 38546
# of unexpected failures 28
# of unexpected successes 5
# of expected failures 191
# of unsupported tests 394
=== gcc Summary ===
# of expected passes 124342
# of unexpected failures 241
# of unexpected successes 10
# of expected failures 496
# of unsupported tests 1821
/nightly/gcc.svn/test-intel64corei7avx/gcc-build-trunk/bld/gcc/xgcc version 4.7.0 20110809 (experimental) [trunk revision 177581] (GCC)
=== gfortran tests ===
Running target unix
FAIL: gfortran.dg/array_constructor_4.f90 -O3 -fomit-frame-pointer execution test
FAIL: gfortran.dg/array_constructor_4.f90 -O3 -fomit-frame-pointer -funroll-loops execution test
FAIL: gfortran.dg/array_constructor_4.f90 -O3 -fomit-frame-pointer -funroll-all-loops -finline-functions execution test
FAIL: gfortran.dg/array_constructor_4.f90 -O3 -g execution test
FAIL: gfortran.dg/array_constructor_5.f90 -O3 -fomit-frame-pointer execution test
FAIL: gfortran.dg/array_constructor_5.f90 -O3 -fomit-frame-pointer -funroll-loops execution test
FAIL: gfortran.dg/array_constructor_5.f90 -O3 -fomit-frame-pointer -funroll-all-loops -finline-functions execution test
FAIL: gfortran.dg/array_constructor_5.f90 -O3 -g execution test
XPASS: gfortran.dg/graphite/interchange-1.f -O scan-tree-dump-times graphite "will be interchanged" 1
FAIL: gfortran.dg/vect/pr19049.f90 -O scan-tree-dump-times vect "complicated access pattern" 1
FAIL: gfortran.dg/vect/fast-math-mgrid-resid.f scan-tree-dump-times optimized "vect_var[^\\n]*\\+ " 13
FAIL: gfortran.fortran-torture/execute/nestcons.f90 execution, -O3 -g
=== gfortran Summary for unix ===
# of expected passes 38037
# of unexpected failures 9
# of expected failures 38
# of unsupported tests 36
Running target unix/-m32
XPASS: gfortran.dg/graphite/interchange-1.f -O scan-tree-dump-times graphite "will be interchanged" 1
FAIL: gfortran.dg/vect/pr19049.f90 -O scan-tree-dump-times vect "complicated access pattern" 1
FAIL: gfortran.dg/vect/fast-math-mgrid-resid.f scan-tree-dump-times optimized "vect_var[^\\n]*\\+ " 13
=== gfortran Summary for unix/-m32 ===
# of expected passes 37740
# of expected failures 38
# of unsupported tests 185
=== gfortran Summary ===
# of expected passes 75777
# of unexpected failures 9
# of expected failures 76
# of unsupported tests 221
/nightly/gcc.svn/test-intel64corei7avx/gcc-build-trunk/bld/gcc/testsuite/gfortran/../../gfortran version 4.7.0 20110809 (experimental) [trunk revision 177581] (GCC)
=== objc tests ===
Running target unix
=== objc Summary for unix ===
# of expected passes 1292
# of expected failures 6
Running target unix/-m32
=== objc Summary for unix/-m32 ===
# of expected passes 1292
# of expected failures 6
=== objc Summary ===
# of expected passes 2584
# of expected failures 12
/nightly/gcc.svn/test-intel64corei7avx/gcc-build-trunk/bld/gcc/xgcc version 4.7.0 20110809 (experimental) [trunk revision 177581] (GCC)
=== boehm-gc tests ===
Running target unix/-m32
FAIL: boehm-gc.c/thread_leak_test.c -O2 (test for excess errors)
=== boehm-gc Summary for unix/-m32 ===
# of expected passes 4
Running target unix
FAIL: boehm-gc.c/thread_leak_test.c -O2 (test for excess errors)
=== boehm-gc Summary for unix ===
# of expected passes 4
=== boehm-gc Summary ===
# of expected passes 22
# of unexpected failures 2
# of unsupported tests 2
=== libffi tests ===
Running target unix/-m32
=== libffi Summary for unix/-m32 ===
# of expected passes 24
Running target unix
=== libffi Summary for unix ===
# of expected passes 24
=== libffi Summary ===
# of expected passes 3268
# of expected failures 20
# of unsupported tests 30
=== libgomp tests ===
Running target unix/-m32
FAIL: libgomp.graphite/force-parallel-1.c execution test
=== libgomp Summary for unix/-m32 ===
# of expected passes 45
# of unexpected failures 1
Running target unix
FAIL: libgomp.graphite/force-parallel-1.c execution test
=== libgomp Summary for unix ===
# of expected passes 45
# of unexpected failures 1
=== libgomp Summary ===
# of expected passes 5890
# of unexpected failures 2
=== libjava tests ===
Running target unix/-m32
WARNING: program timed out.
FAIL: PR3096 execution - source compiled test
WARNING: program timed out.
FAIL: PR3096 -findirect-dispatch execution - source compiled test
WARNING: program timed out.
FAIL: PR3096 -O3 execution - source compiled test
WARNING: program timed out.
FAIL: PR3096 -O3 -findirect-dispatch execution - source compiled test
WARNING: program timed out.
FAIL: md5test execution - source compiled test
WARNING: program timed out.
FAIL: md5test -findirect-dispatch execution - source compiled test
WARNING: program timed out.
FAIL: md5test -O3 execution - source compiled test
WARNING: program timed out.
FAIL: md5test -O3 -findirect-dispatch execution - source compiled test
WARNING: program timed out.
FAIL: pr21785 execution - source compiled test
FAIL: pr21785 -findirect-dispatch execution - source compiled test
WARNING: program timed out.
FAIL: pr21785 -O3 execution - source compiled test
FAIL: pr21785 -O3 -findirect-dispatch execution - source compiled test
WARNING: program timed out.
FAIL: shatest execution - source compiled test
WARNING: program timed out.
FAIL: shatest -findirect-dispatch execution - source compiled test
WARNING: program timed out.
FAIL: shatest -O3 execution - source compiled test
WARNING: program timed out.
FAIL: shatest -O3 -findirect-dispatch execution - source compiled test
=== libjava Summary for unix/-m32 ===
Running target unix
=== libjava Summary for unix ===
=== libjava Summary ===
# of expected passes 5116
# of unexpected failures 16
# of untested testcases 16
=== libmudflap tests ===
Running target unix/-m32
=== libmudflap Summary for unix/-m32 ===
# of expected passes 264
Running target unix
FAIL: libmudflap.c++/pass55-frag.cxx ( -O) execution test
=== libmudflap Summary for unix ===
# of expected passes 264
=== libmudflap Summary ===
# of expected passes 2853
# of unexpected failures 1
=== libstdc++ tests ===
Running target unix
FAIL: 22_locale/messages/members/char/1.cc execution test
FAIL: 22_locale/messages/members/char/2.cc execution test
FAIL: 22_locale/messages/members/char/wrapped_env.cc execution test
FAIL: 22_locale/messages/members/char/wrapped_locale.cc execution test
FAIL: 22_locale/messages_byname/named_equivalence.cc execution test
=== libstdc++ Summary for unix ===
# of expected passes 8632
# of unexpected failures 5
# of expected failures 46
# of unsupported tests 140
Running target unix/-m32
FAIL: 22_locale/messages/members/char/1.cc execution test
FAIL: 22_locale/messages/members/char/2.cc execution test
FAIL: 22_locale/messages/members/char/wrapped_env.cc execution test
FAIL: 22_locale/messages/members/char/wrapped_locale.cc execution test
FAIL: 22_locale/messages_byname/named_equivalence.cc execution test
=== libstdc++ Summary for unix/-m32 ===
# of expected passes 8632
# of unexpected failures 5
# of expected failures 46
# of unsupported tests 140
=== libstdc++ Summary ===
# of expected passes 17264
# of unexpected failures 10
# of expected failures 92
# of unsupported tests 280
Compiler version: 4.7.0 20110809 (experimental) [trunk revision 177581] (GCC)
Platform: x86_64-unknown-linux-gnu
configure flags: --with-arch=corei7-avx --with-cpu=corei7-avx --prefix=/usr/local --enable-clocale=gnu --with-system-zlib --enable-shared --with-demangler-in-ld --enable-cloog-backend=isl --with-ppl-include=/opt/gnu/include --with-ppl-lib=/opt/gnu/lib64 --with-cloog-include=/opt/gnu/include --with-cloog-lib=/opt/gnu/lib64 --with-fpmath=sse --enable-languages=c,c++,fortran,java,lto,objc