This is the mail archive of the
gcc-testresults@gcc.gnu.org
mailing list for the GCC project.
Results for 4.7.0 20110729 (experimental) [trunk revision 176947] (GCC) testsuite on sparc-sun-solaris2.8
- From: <ro at smtp-relay dot CeBiTec dot Uni-Bielefeld dot DE>
- To: gcc-testresults at gcc dot gnu dot org
- Date: Tue, 2 Aug 2011 10:52:17 +0200 (MEST)
- Subject: Results for 4.7.0 20110729 (experimental) [trunk revision 176947] (GCC) testsuite on sparc-sun-solaris2.8
LAST_UPDATED: Fri Jul 29 18:49:51 UTC 2011 (revision 176947)
=== acats tests ===
=== acats Summary ===
# of expected passes 2321
# of unexpected failures 0
Native configuration is sparc-sun-solaris2.8
=== g++ tests ===
Running target unix
FAIL: g++.dg/tree-prof/partition2.C compilation, -Os -fprofile-use
UNRESOLVED: g++.dg/tree-prof/partition2.C execution, -Os -fprofile-use
=== g++ Summary for unix ===
# of expected passes 27019
# of unexpected failures 1
# of expected failures 159
# of unresolved testcases 1
# of unsupported tests 436
Running target unix/-m64
FAIL: g++.dg/tree-prof/partition2.C compilation, -Os -fprofile-use
UNRESOLVED: g++.dg/tree-prof/partition2.C execution, -Os -fprofile-use
=== g++ Summary for unix/-m64 ===
# of expected passes 27631
# of unexpected failures 1
# of expected failures 159
# of unresolved testcases 1
# of unsupported tests 433
=== g++ Summary ===
# of expected passes 54650
# of unexpected failures 2
# of expected failures 318
# of unresolved testcases 2
# of unsupported tests 869
/var/gcc/regression/trunk/8-gcc-gas/build/gcc/testsuite/g++/../../g++ version 4.7.0 20110729 (experimental) [trunk revision 176947] (GCC)
=== gcc tests ===
Running target unix
FAIL: gcc.dg/tree-ssa/vrp47.c scan-tree-dump-times dom1 "x[^ ]* & y" 1
FAIL: gcc.dg/tree-ssa/vrp47.c scan-tree-dump-times vrp1 "x[^ ]* \\^ 1" 1
=== gcc Summary for unix ===
# of expected passes 71887
# of unexpected failures 2
# of expected failures 299
# of unsupported tests 1334
Running target unix/-m64
FAIL: gcc.dg/pr44194-1.c scan-rtl-dump dse1 "global deletions = 2"
FAIL: gcc.dg/graphite/run-id-pr47593.c (test for excess errors)
WARNING: gcc.dg/graphite/run-id-pr47593.c compilation failed to produce executable
FAIL: gcc.dg/tree-ssa/vrp47.c scan-tree-dump-times dom1 "x[^ ]* & y" 1
FAIL: gcc.dg/tree-ssa/vrp47.c scan-tree-dump-times vrp1 "x[^ ]* \\^ 1" 1
=== gcc Summary for unix/-m64 ===
# of expected passes 72511
# of unexpected failures 4
# of expected failures 288
# of unsupported tests 1349
=== gcc Summary ===
# of expected passes 144398
# of unexpected failures 6
# of expected failures 587
# of unsupported tests 2683
/var/gcc/regression/trunk/8-gcc-gas/build/gcc/xgcc version 4.7.0 20110729 (experimental) [trunk revision 176947] (GCC)
=== gfortran tests ===
Running target unix
=== gfortran Summary for unix ===
# of expected passes 38856
# of expected failures 55
# of unsupported tests 399
Running target unix/-m64
=== gfortran Summary for unix/-m64 ===
# of expected passes 39128
# of expected failures 55
# of unsupported tests 269
=== gfortran Summary ===
# of expected passes 77984
# of expected failures 110
# of unsupported tests 668
/var/gcc/regression/trunk/8-gcc-gas/build/gcc/testsuite/gfortran/../../gfortran version 4.7.0 20110729 (experimental) [trunk revision 176947] (GCC)
=== gnat tests ===
Running target unix
=== gnat Summary for unix ===
# of expected passes 910
# of expected failures 11
# of unsupported tests 6
Running target unix/-m64
=== gnat Summary for unix/-m64 ===
# of expected passes 910
# of expected failures 11
# of unsupported tests 6
=== gnat Summary ===
# of expected passes 1820
# of expected failures 22
# of unsupported tests 12
/var/gcc/regression/trunk/8-gcc-gas/build/gcc/gnatmake version 4.7.0 20110729 (experimental) [trunk revision 176947]
=== go tests ===
Running target unix
FAIL: ./64bit-out.go compilation, -O2 -g
FAIL: ./select5-out.go compilation, -O2 -g
FAIL: ./tmp.go compilation, -O2 -g
FAIL: go.test/test/cmplxdivide.go
FAIL: go.test/test/fixedbugs/bug273.go execution, -O2 -g
WARNING: program timed out.
WARNING: program timed out.
WARNING: program timed out.
WARNING: program timed out.
=== go Summary for unix ===
# of expected passes 2979
# of unexpected failures 5
# of expected failures 23
# of untested testcases 3
Running target unix/-m64
FAIL: ./64bit-out.go compilation, -O2 -g
FAIL: ./select5-out.go compilation, -O2 -g
FAIL: ./tmp.go compilation, -O2 -g
FAIL: go.test/test/cmplxdivide.go
WARNING: program timed out.
WARNING: program timed out.
WARNING: program timed out.
WARNING: program timed out.
=== go Summary for unix/-m64 ===
# of expected passes 2980
# of unexpected failures 4
# of expected failures 23
# of untested testcases 3
=== go Summary ===
# of expected passes 5959
# of unexpected failures 9
# of expected failures 46
# of untested testcases 6
/var/gcc/regression/trunk/8-gcc-gas/build/gcc/testsuite/go/../../gccgo version 4.7.0 20110729 (experimental) [trunk revision 176947] (GCC)
=== obj-c++ tests ===
Running target unix
=== obj-c++ Summary for unix ===
# of expected passes 1446
# of expected failures 2
# of unsupported tests 86
Running target unix/-m64
=== obj-c++ Summary for unix/-m64 ===
# of expected passes 1438
# of expected failures 10
# of unsupported tests 86
=== obj-c++ Summary ===
# of expected passes 2884
# of expected failures 12
# of unsupported tests 172
/var/gcc/regression/trunk/8-gcc-gas/build/gcc/testsuite/obj-c++/../../g++ version 4.7.0 20110729 (experimental) [trunk revision 176947] (GCC)
=== objc tests ===
Running target unix
=== objc Summary for unix ===
# of expected passes 2980
# of unsupported tests 74
Running target unix/-m64
=== objc Summary for unix/-m64 ===
# of expected passes 2980
# of unsupported tests 74
=== objc Summary ===
# of expected passes 5960
# of unsupported tests 148
/var/gcc/regression/trunk/8-gcc-gas/build/gcc/xgcc version 4.7.0 20110729 (experimental) [trunk revision 176947] (GCC)
=== boehm-gc tests ===
Running target unix
=== boehm-gc Summary for unix ===
# of expected passes 12
# of unsupported tests 1
Running target unix/-m64
=== boehm-gc Summary for unix/-m64 ===
# of expected passes 12
# of unsupported tests 1
=== boehm-gc Summary ===
# of expected passes 24
# of unsupported tests 2
=== libffi tests ===
Running target unix
=== libffi Summary for unix ===
# of expected passes 1634
# of expected failures 10
# of unsupported tests 15
Running target unix/-m64
=== libffi Summary for unix/-m64 ===
# of expected passes 1634
# of expected failures 10
# of unsupported tests 15
=== libffi Summary ===
# of expected passes 3268
# of expected failures 20
# of unsupported tests 30
=== libgo tests ===
Running target unix
FAIL: big
FAIL: exec
FAIL: http
FAIL: rand
FAIL: time
FAIL: try
FAIL: crypto/rand
FAIL: http/spdy
FAIL: testing/quick
=== libgo Summary for unix ===
# of expected passes 115
# of unexpected failures 9
# of untested testcases 2
Running target unix/-m64
FAIL: big
FAIL: exec
FAIL: http
FAIL: rand
FAIL: reflect
FAIL: time
FAIL: try
FAIL: crypto/rand
FAIL: testing/quick
=== libgo Summary for unix/-m64 ===
# of expected passes 115
# of unexpected failures 9
# of untested testcases 2
=== libgo Summary ===
# of expected passes 230
# of unexpected failures 18
# of untested testcases 4
=== libgomp tests ===
Running target unix
FAIL: libgomp.graphite/force-parallel-1.c execution test
=== libgomp Summary for unix ===
# of expected passes 2625
# of unexpected failures 1
# of unsupported tests 10
Running target unix/-m64
FAIL: libgomp.graphite/force-parallel-1.c execution test
=== libgomp Summary for unix/-m64 ===
# of expected passes 2625
# of unexpected failures 1
# of unsupported tests 10
=== libgomp Summary ===
# of expected passes 5250
# of unexpected failures 2
# of unsupported tests 20
=== libjava tests ===
Running target unix
FAIL: StackTrace2 -O3 -findirect-dispatch execution - source compiled test
=== libjava Summary for unix ===
# of expected passes 2572
# of unexpected failures 1
# of untested testcases 1
Running target unix/-m64
=== libjava Summary for unix/-m64 ===
# of expected passes 2574
=== libjava Summary ===
# of expected passes 5146
# of unexpected failures 1
# of untested testcases 1
=== libstdc++ tests ===
Running target unix
=== libstdc++ Summary for unix ===
# of expected passes 7113
# of expected failures 48
# of unsupported tests 789
Running target unix/-m64
=== libstdc++ Summary for unix/-m64 ===
# of expected passes 7113
# of expected failures 48
# of unsupported tests 789
=== libstdc++ Summary ===
# of expected passes 14226
# of expected failures 96
# of unsupported tests 1578
Compiler version: 4.7.0 20110729 (experimental) [trunk revision 176947] (GCC)
Platform: sparc-sun-solaris2.8
configure flags: --prefix=/vol/gcc --target=sparc-sun-solaris2.8 --enable-obsolete --enable-objc-gc --with-host-libstdcxx='-L/vol/gcc-4.4/lib -Wl,-Bstatic -lstdc++ -Wl,-Bdynamic -lm' --with-boot-ldflags='-static-libstdc++ -static-libgcc -L/vol/gcc-4.4/lib' --with-as=/vol/gcc/bin/gas-2.21.1 --with-gnu-as --with-gmp-include=/vol/gcc/include --with-gmp-lib=/vol/gcc/lib --with-mpfr-include=/vol/gcc/include --with-mpfr-lib=/vol/gcc/lib --with-mpc-include=/vol/gcc/include --with-mpc-lib=/vol/gcc/lib --enable-languages=all,ada,obj-c++,go --with-ppl-include=/vol/gcc/include --with-ppl-lib=/vol/gcc/lib --with-cloog-include=/vol/gcc/include --with-cloog-lib=/vol/gcc/lib --enable-cloog-backend=ppl
BOOT_CFLAGS=-g -O2