This is the mail archive of the
gcc-testresults@gcc.gnu.org
mailing list for the GCC project.
Results for 4.7.0 20110727 (experimental) [trunk revision 176816] (GCC) testsuite on x86_64-apple-darwin10.7.0
- From: sean at seanmcgovern dot ca (Sean McGovern)
- To: gcc-testresults at gcc dot gnu dot org
- Date: Wed, 27 Jul 2011 03:23:25 -0400 (EDT)
- Subject: Results for 4.7.0 20110727 (experimental) [trunk revision 176816] (GCC) testsuite on x86_64-apple-darwin10.7.0
\$ uname -a
Darwin homura 10.8.0 Darwin Kernel Version 10.8.0: Tue Jun 7 16:33:36 PDT 2011; root:xnu-1504.15.3~1/RELEASE_I386 i386
********
LAST_UPDATED: Wed Jul 27 02:35:41 UTC 2011 (revision 176816)
Native configuration is x86_64-apple-darwin10.7.0
=== g++ tests ===
Running target unix/-m32
UNRESOLVED: g++.dg/ext/label13.C compilation failed to produce executable
FAIL: g++.dg/opt/life1.C scan-assembler GLOBAL_OFFSET_TABLE
FAIL: g++.dg/torture/pr31863.C -O2 -flto -flto-partition=none (test for excess errors)
FAIL: g++.dg/torture/pr31863.C -O2 -flto (test for excess errors)
=== g++ Summary for unix/-m32 ===
# of expected passes 27513
# of unexpected failures 3
# of expected failures 158
# of unresolved testcases 1
# of unsupported tests 176
Running target unix/-m64
UNRESOLVED: g++.dg/ext/label13.C compilation failed to produce executable
FAIL: g++.dg/torture/pr31863.C -O2 -flto -flto-partition=none (test for excess errors)
FAIL: g++.dg/torture/pr31863.C -O2 -flto (test for excess errors)
FAIL: g++.dg/tree-prof/partition2.C execution, -Os -fprofile-use
=== g++ Summary for unix/-m64 ===
# of expected passes 27744
# of unexpected failures 3
# of expected failures 158
# of unresolved testcases 1
# of unsupported tests 375
=== g++ Summary ===
# of expected passes 55257
# of unexpected failures 6
# of expected failures 316
# of unresolved testcases 2
# of unsupported tests 551
/BUILD/gcc/obj-176816/gcc/testsuite/g++/../../g++ version 4.7.0 20110727 (experimental) [trunk revision 176816] (GCC)
=== gcc tests ===
Running target unix/-m32
FAIL: gcc.dg/torture/builtin-attr-1.c -O2 -flto -flto-partition=none (test for excess errors)
FAIL: gcc.dg/torture/builtin-attr-1.c -O2 -flto (test for excess errors)
FAIL: gcc.dg/tree-ssa/vrp47.c scan-tree-dump-times dom1 "x[^ ]* & y" 1
FAIL: gcc.dg/tree-ssa/vrp47.c scan-tree-dump-times vrp1 "x[^ ]* \\^ 1" 1
FAIL: gcc.target/i386/andor-2.c scan-assembler-not sete
=== gcc Summary for unix/-m32 ===
# of expected passes 77477
# of unexpected failures 5
# of expected failures 240
# of unsupported tests 1419
Running target unix/-m64
FAIL: gcc.dg/sibcall-6.c execution test
FAIL: gcc.dg/matrix/transpose-3.c execution, -fprofile-use -fipa-matrix-reorg -fdump-ipa-matrix-reorg -O3 -fwhole-program -fno-tree-fre
FAIL: gcc.dg/torture/builtin-attr-1.c -O2 -flto -flto-partition=none (test for excess errors)
FAIL: gcc.dg/torture/builtin-attr-1.c -O2 -flto (test for excess errors)
FAIL: gcc.dg/tree-ssa/vrp47.c scan-tree-dump-times dom1 "x[^ ]* & y" 1
FAIL: gcc.dg/tree-ssa/vrp47.c scan-tree-dump-times vrp1 "x[^ ]* \\^ 1" 1
FAIL: gcc.target/i386/andor-2.c scan-assembler-not sete
=== gcc Summary for unix/-m64 ===
# of expected passes 77614
# of unexpected failures 7
# of expected failures 241
# of unsupported tests 1796
=== gcc Summary ===
# of expected passes 155091
# of unexpected failures 12
# of expected failures 481
# of unsupported tests 3215
/BUILD/gcc/obj-176816/gcc/xgcc version 4.7.0 20110727 (experimental) [trunk revision 176816] (GCC)
=== libgomp tests ===
Running target unix/-m64
=== libgomp Summary for unix/-m64 ===
# of expected passes 1057
# of unsupported tests 3
Running target unix/-m32
=== libgomp Summary for unix/-m32 ===
# of expected passes 1057
# of unsupported tests 3
=== libgomp Summary ===
# of expected passes 2114
# of unsupported tests 6
=== libstdc++ tests ===
Running target unix/-m32
=== libstdc++ Summary for unix/-m32 ===
# of expected passes 7232
# of expected failures 46
# of unsupported tests 722
Running target unix/-m64
=== libstdc++ Summary for unix/-m64 ===
# of expected passes 7230
# of expected failures 46
# of unsupported tests 723
=== libstdc++ Summary ===
# of expected passes 14462
# of expected failures 92
# of unsupported tests 1445
=== libstdc++ Summary ===
Compiler version: 4.7.0 20110727 (experimental) [trunk revision 176816] (GCC)
Platform: x86_64-apple-darwin10.7.0
configure flags: --prefix=/BUILD/gcc/176816 --target=x86_64-apple-darwin10.7.0 --host=x86_64-apple-darwin10.7.0 --build=x86_64-apple-darwin10.7.0 --with-tune=core2 --with-gmp=/opt/gnu --with-mpfr=/opt/gnu --with-mpc=/opt/gnu --disable-libmudflap --disable-libssp --enable-stage1-languages=c --enable-languages=c,c++,lto --program-suffix=-trunk
BOOT_CFLAGS=-g -O2