This is the mail archive of the
gcc-testresults@gcc.gnu.org
mailing list for the GCC project.
Results for 4.7.0 20110724 (experimental) [trunk revision 176711] (GCC) testsuite on x86_64-unknown-linux-gnu
- From: intel64corei7 at gnu-34 dot sc dot intel dot com (H.J. Lu (Intel64 Core 2/i7))
- To: gcc-testresults at gcc dot gnu dot org
- Date: Sat, 23 Jul 2011 23:06:58 -0700
- Subject: Results for 4.7.0 20110724 (experimental) [trunk revision 176711] (GCC) testsuite on x86_64-unknown-linux-gnu
LAST_UPDATED: Sun Jul 24 04:16:03 UTC 2011 (revision 176711)
Native configuration is x86_64-unknown-linux-gnu
=== g++ tests ===
Running target unix
FAIL: g++.dg/tree-prof/partition2.C compilation, -Os -fprofile-use
UNRESOLVED: g++.dg/tree-prof/partition2.C execution, -Os -fprofile-use
=== g++ Summary for unix ===
# of expected passes 21077
# of expected failures 148
# of unsupported tests 154
Running target unix/-m32
FAIL: g++.dg/eh/async-unwind1.C (internal compiler error)
FAIL: g++.dg/eh/async-unwind1.C (test for excess errors)
WARNING: g++.dg/eh/async-unwind1.C compilation failed to produce executable
FAIL: g++.dg/eh/async-unwind2.C (internal compiler error)
FAIL: g++.dg/eh/async-unwind2.C (test for excess errors)
WARNING: g++.dg/eh/async-unwind2.C compilation failed to produce executable
FAIL: g++.dg/tree-ssa/pr46228.C (internal compiler error)
FAIL: g++.dg/tree-ssa/pr46228.C (test for excess errors)
FAIL: g++.dg/torture/20080625-1.C -Os (internal compiler error)
FAIL: g++.dg/torture/20080625-1.C -Os (test for excess errors)
FAIL: g++.dg/torture/pr31081-2.C -Os (internal compiler error)
FAIL: g++.dg/torture/pr31081-2.C -Os (test for excess errors)
FAIL: g++.dg/torture/pr33340.C -Os (internal compiler error)
FAIL: g++.dg/torture/pr33340.C -Os (test for excess errors)
FAIL: g++.dg/torture/pr33735.C -Os (internal compiler error)
FAIL: g++.dg/torture/pr33735.C -Os (test for excess errors)
FAIL: g++.dg/torture/pr35164-1.C -Os (internal compiler error)
FAIL: g++.dg/torture/pr35164-1.C -Os (test for excess errors)
FAIL: g++.dg/torture/pr35164-2.C -Os (internal compiler error)
FAIL: g++.dg/torture/pr35164-2.C -Os (test for excess errors)
FAIL: g++.dg/torture/pr40102.C -Os (internal compiler error)
FAIL: g++.dg/torture/pr40102.C -Os (test for excess errors)
FAIL: g++.dg/torture/pr40642.C -Os (internal compiler error)
FAIL: g++.dg/torture/pr40642.C -Os (test for excess errors)
FAIL: g++.dg/torture/pr44813.C -Os (internal compiler error)
FAIL: g++.dg/torture/pr44813.C -Os (test for excess errors)
FAIL: g++.dg/torture/pr48271.C -Os (internal compiler error)
FAIL: g++.dg/torture/pr48271.C -Os (test for excess errors)
FAIL: g++.dg/torture/pr49115.C -Os (internal compiler error)
FAIL: g++.dg/torture/pr49115.C -Os (test for excess errors)
WARNING: g++.dg/torture/pr49115.C -Os compilation failed to produce executable
FAIL: g++.dg/torture/stackalign/eh-alloca-1.C -Os (internal compiler error)
FAIL: g++.dg/torture/stackalign/eh-alloca-1.C -Os (test for excess errors)
WARNING: g++.dg/torture/stackalign/eh-alloca-1.C -Os compilation failed to produce executable
FAIL: g++.dg/torture/stackalign/eh-fastcall-1.C -Os (internal compiler error)
FAIL: g++.dg/torture/stackalign/eh-fastcall-1.C -Os (test for excess errors)
WARNING: g++.dg/torture/stackalign/eh-fastcall-1.C -Os compilation failed to produce executable
FAIL: g++.dg/torture/stackalign/eh-global-1.C -Os (internal compiler error)
FAIL: g++.dg/torture/stackalign/eh-global-1.C -Os (test for excess errors)
WARNING: g++.dg/torture/stackalign/eh-global-1.C -Os compilation failed to produce executable
FAIL: g++.dg/torture/stackalign/eh-inline-1.C -Os (internal compiler error)
FAIL: g++.dg/torture/stackalign/eh-inline-1.C -Os (test for excess errors)
WARNING: g++.dg/torture/stackalign/eh-inline-1.C -Os compilation failed to produce executable
FAIL: g++.dg/torture/stackalign/eh-inline-2.C -Os (internal compiler error)
FAIL: g++.dg/torture/stackalign/eh-inline-2.C -Os (test for excess errors)
WARNING: g++.dg/torture/stackalign/eh-inline-2.C -Os compilation failed to produce executable
FAIL: g++.dg/torture/stackalign/eh-thiscall-1.C -Os (internal compiler error)
FAIL: g++.dg/torture/stackalign/eh-thiscall-1.C -Os (test for excess errors)
WARNING: g++.dg/torture/stackalign/eh-thiscall-1.C -Os compilation failed to produce executable
FAIL: g++.dg/torture/stackalign/eh-vararg-1.C -Os (internal compiler error)
FAIL: g++.dg/torture/stackalign/eh-vararg-1.C -Os (test for excess errors)
WARNING: g++.dg/torture/stackalign/eh-vararg-1.C -Os compilation failed to produce executable
FAIL: g++.dg/torture/stackalign/eh-vararg-2.C -Os (internal compiler error)
FAIL: g++.dg/torture/stackalign/eh-vararg-2.C -Os (test for excess errors)
WARNING: g++.dg/torture/stackalign/eh-vararg-2.C -Os compilation failed to produce executable
FAIL: g++.dg/torture/stackalign/stdcall-1.C -Os (internal compiler error)
FAIL: g++.dg/torture/stackalign/stdcall-1.C -Os (test for excess errors)
FAIL: g++.dg/torture/stackalign/eh-alloca-1.C -Os (internal compiler error)
FAIL: g++.dg/torture/stackalign/eh-alloca-1.C -Os (test for excess errors)
WARNING: g++.dg/torture/stackalign/eh-alloca-1.C -Os compilation failed to produce executable
FAIL: g++.dg/torture/stackalign/eh-fastcall-1.C -Os (internal compiler error)
FAIL: g++.dg/torture/stackalign/eh-fastcall-1.C -Os (test for excess errors)
WARNING: g++.dg/torture/stackalign/eh-fastcall-1.C -Os compilation failed to produce executable
FAIL: g++.dg/torture/stackalign/eh-global-1.C -Os (internal compiler error)
FAIL: g++.dg/torture/stackalign/eh-global-1.C -Os (test for excess errors)
WARNING: g++.dg/torture/stackalign/eh-global-1.C -Os compilation failed to produce executable
FAIL: g++.dg/torture/stackalign/eh-inline-1.C -Os (internal compiler error)
FAIL: g++.dg/torture/stackalign/eh-inline-1.C -Os (test for excess errors)
WARNING: g++.dg/torture/stackalign/eh-inline-1.C -Os compilation failed to produce executable
FAIL: g++.dg/torture/stackalign/eh-inline-2.C -Os (internal compiler error)
FAIL: g++.dg/torture/stackalign/eh-inline-2.C -Os (test for excess errors)
WARNING: g++.dg/torture/stackalign/eh-inline-2.C -Os compilation failed to produce executable
FAIL: g++.dg/torture/stackalign/eh-thiscall-1.C -Os (internal compiler error)
FAIL: g++.dg/torture/stackalign/eh-thiscall-1.C -Os (test for excess errors)
WARNING: g++.dg/torture/stackalign/eh-thiscall-1.C -Os compilation failed to produce executable
FAIL: g++.dg/torture/stackalign/eh-vararg-1.C -Os (internal compiler error)
FAIL: g++.dg/torture/stackalign/eh-vararg-1.C -Os (test for excess errors)
WARNING: g++.dg/torture/stackalign/eh-vararg-1.C -Os compilation failed to produce executable
FAIL: g++.dg/torture/stackalign/eh-vararg-2.C -Os (internal compiler error)
FAIL: g++.dg/torture/stackalign/eh-vararg-2.C -Os (test for excess errors)
WARNING: g++.dg/torture/stackalign/eh-vararg-2.C -Os compilation failed to produce executable
FAIL: g++.dg/torture/stackalign/stdcall-1.C -Os (internal compiler error)
FAIL: g++.dg/torture/stackalign/stdcall-1.C -Os (test for excess errors)
FAIL: g++.dg/tree-prof/partition2.C compilation, -Os -fprofile-use
UNRESOLVED: g++.dg/tree-prof/partition2.C execution, -Os -fprofile-use
=== g++ Summary for unix/-m32 ===
# of expected passes 20537
# of unexpected failures 6
# of expected failures 148
# of unsupported tests 118
=== g++ Summary ===
# of expected passes 41614
# of unexpected failures 6
# of expected failures 296
# of unsupported tests 272
/export/gnu/import/svn/gcc-test-intel64corei7/bld/gcc/testsuite/g++/../../g++ version 4.7.0 20110724 (experimental) [trunk revision 176711] (GCC)
=== gcc tests ===
Running target unix
FAIL: gcc.c-torture/execute/builtins/strstr-asm.c compilation, -O2 -flto -flto-partition=none
UNRESOLVED: gcc.c-torture/execute/builtins/strstr-asm.c execution, -O2 -flto -flto-partition=none
FAIL: gcc.c-torture/execute/builtins/strstr-asm.c compilation, -O2 -flto
UNRESOLVED: gcc.c-torture/execute/builtins/strstr-asm.c execution, -O2 -flto
XPASS: gcc.dg/inline_3.c (test for excess errors)
XPASS: gcc.dg/inline_4.c (test for excess errors)
XPASS: gcc.dg/unroll_2.c (test for excess errors)
XPASS: gcc.dg/unroll_3.c (test for excess errors)
XPASS: gcc.dg/unroll_4.c (test for excess errors)
XPASS: gcc.dg/guality/example.c -O0 execution test
XPASS: gcc.dg/guality/example.c -O1 execution test
XPASS: gcc.dg/guality/example.c -O2 execution test
XPASS: gcc.dg/guality/guality.c -O0 execution test
XPASS: gcc.dg/guality/inline-params.c -O2 execution test
XPASS: gcc.dg/guality/inline-params.c -Os execution test
XPASS: gcc.dg/guality/pr41353-1.c -O0 line 28 j == 28 + 37
XPASS: gcc.dg/guality/pr41353-1.c -O1 line 28 j == 28 + 37
XPASS: gcc.dg/guality/pr41353-1.c -O2 line 28 j == 28 + 37
XPASS: gcc.dg/guality/pr41353-1.c -O3 -fomit-frame-pointer line 28 j == 28 + 37
XPASS: gcc.dg/guality/pr41353-1.c -O3 -g line 28 j == 28 + 37
XPASS: gcc.dg/guality/pr41353-1.c -Os line 28 j == 28 + 37
XPASS: gcc.dg/guality/pr41353-1.c -O2 -flto -flto-partition=none line 28 j == 28 + 37
XPASS: gcc.dg/guality/pr41353-1.c -O2 -flto line 28 j == 28 + 37
XPASS: gcc.dg/guality/pr41447-1.c -O0 execution test
XPASS: gcc.dg/guality/pr41447-1.c -O1 execution test
XPASS: gcc.dg/guality/pr41447-1.c -O2 execution test
XPASS: gcc.dg/guality/pr41447-1.c -Os execution test
XPASS: gcc.dg/guality/pr41616-1.c -O0 execution test
XPASS: gcc.dg/guality/pr41616-1.c -O1 execution test
XPASS: gcc.dg/guality/pr41616-1.c -O2 execution test
XPASS: gcc.dg/guality/pr41616-1.c -Os execution test
FAIL: gcc.dg/guality/pr45003-1.c -O1 line 10 a == 0x8078
FAIL: gcc.dg/guality/pr45003-1.c -O1 line 19 a == 0xffff8078
FAIL: gcc.dg/guality/pr45003-1.c -O2 line 10 a == 0x8078
FAIL: gcc.dg/guality/pr45003-1.c -O2 line 19 a == 0xffff8078
FAIL: gcc.dg/guality/pr45003-1.c -O3 -fomit-frame-pointer line 10 a == 0x8078
FAIL: gcc.dg/guality/pr45003-1.c -O3 -fomit-frame-pointer line 19 a == 0xffff8078
FAIL: gcc.dg/guality/pr45003-1.c -O3 -g line 10 a == 0x8078
FAIL: gcc.dg/guality/pr45003-1.c -O3 -g line 19 a == 0xffff8078
FAIL: gcc.dg/guality/pr45003-1.c -Os line 10 a == 0x8078
FAIL: gcc.dg/guality/pr45003-1.c -Os line 19 a == 0xffff8078
FAIL: gcc.dg/guality/pr45003-1.c -O2 -flto -flto-partition=none line 10 a == 0x8078
FAIL: gcc.dg/guality/pr45003-1.c -O2 -flto -flto-partition=none line 19 a == 0xffff8078
FAIL: gcc.dg/guality/pr45003-1.c -O2 -flto line 10 a == 0x8078
FAIL: gcc.dg/guality/pr45003-1.c -O2 -flto line 19 a == 0xffff8078
FAIL: gcc.dg/guality/pr45003-2.c -O1 line 10 a == 0x8078
FAIL: gcc.dg/guality/pr45003-2.c -O1 line 19 a == 0xffff8078
FAIL: gcc.dg/guality/pr45003-2.c -O2 line 10 a == 0x8078
FAIL: gcc.dg/guality/pr45003-2.c -O2 line 19 a == 0xffff8078
FAIL: gcc.dg/guality/pr45003-2.c -O3 -fomit-frame-pointer line 10 a == 0x8078
FAIL: gcc.dg/guality/pr45003-2.c -O3 -fomit-frame-pointer line 19 a == 0xffff8078
FAIL: gcc.dg/guality/pr45003-2.c -O3 -g line 10 a == 0x8078
FAIL: gcc.dg/guality/pr45003-2.c -O3 -g line 19 a == 0xffff8078
FAIL: gcc.dg/guality/pr45003-2.c -Os line 10 a == 0x8078
FAIL: gcc.dg/guality/pr45003-2.c -Os line 19 a == 0xffff8078
FAIL: gcc.dg/guality/pr45003-2.c -O2 -flto -flto-partition=none line 10 a == 0x8078
FAIL: gcc.dg/guality/pr45003-2.c -O2 -flto -flto-partition=none line 19 a == 0xffff8078
FAIL: gcc.dg/guality/pr45003-2.c -O2 -flto line 10 a == 0x8078
FAIL: gcc.dg/guality/pr45003-2.c -O2 -flto line 19 a == 0xffff8078
FAIL: gcc.dg/guality/pr45003-3.c -O1 line 10 a == -32648
FAIL: gcc.dg/guality/pr45003-3.c -O1 line 19 a == 0x8078
FAIL: gcc.dg/guality/pr45003-3.c -O2 line 10 a == -32648
FAIL: gcc.dg/guality/pr45003-3.c -O2 line 19 a == 0x8078
FAIL: gcc.dg/guality/pr45003-3.c -O3 -fomit-frame-pointer line 10 a == -32648
FAIL: gcc.dg/guality/pr45003-3.c -O3 -fomit-frame-pointer line 19 a == 0x8078
FAIL: gcc.dg/guality/pr45003-3.c -O3 -g line 10 a == -32648
FAIL: gcc.dg/guality/pr45003-3.c -O3 -g line 19 a == 0x8078
FAIL: gcc.dg/guality/pr45003-3.c -Os line 10 a == -32648
FAIL: gcc.dg/guality/pr45003-3.c -Os line 19 a == 0x8078
FAIL: gcc.dg/guality/pr45003-3.c -O2 -flto -flto-partition=none line 10 a == -32648
FAIL: gcc.dg/guality/pr45003-3.c -O2 -flto -flto-partition=none line 19 a == 0x8078
FAIL: gcc.dg/guality/pr45003-3.c -O2 -flto line 10 a == -32648
FAIL: gcc.dg/guality/pr45003-3.c -O2 -flto line 19 a == 0x8078
FAIL: gcc.dg/guality/sra-1.c -O1 line 43 a.i == 4
FAIL: gcc.dg/guality/sra-1.c -O1 line 43 a.j == 14
FAIL: gcc.dg/guality/vla-1.c -O1 line 17 i == 5
FAIL: gcc.dg/guality/vla-1.c -O1 line 17 sizeof (a) == 6
FAIL: gcc.dg/guality/vla-1.c -O2 -flto -flto-partition=none line 17 sizeof (a) == 6
FAIL: gcc.dg/guality/vla-1.c -O2 -flto -flto-partition=none line 24 sizeof (a) == 17 * sizeof (short)
FAIL: gcc.dg/guality/vla-1.c -O2 -flto line 17 sizeof (a) == 6
FAIL: gcc.dg/guality/vla-1.c -O2 -flto line 24 sizeof (a) == 17 * sizeof (short)
FAIL: gcc.dg/guality/vla-2.c -O2 -flto -flto-partition=none line 16 sizeof (a) == 5 * sizeof (int)
FAIL: gcc.dg/guality/vla-2.c -O2 -flto -flto-partition=none line 25 sizeof (a) == 6 * sizeof (int)
FAIL: gcc.dg/guality/vla-2.c -O2 -flto line 16 sizeof (a) == 5 * sizeof (int)
FAIL: gcc.dg/guality/vla-2.c -O2 -flto line 25 sizeof (a) == 6 * sizeof (int)
FAIL: gcc.dg/tree-ssa/vrp47.c scan-tree-dump-times dom1 "x[^ ]* & y" 1
FAIL: gcc.dg/tree-ssa/vrp47.c scan-tree-dump-times vrp1 "x[^ ]* \\^ 1" 1
FAIL: gcc.target/i386/andor-2.c scan-assembler-not sete
=== gcc Summary for unix ===
# of expected passes 85715
# of unexpected failures 64
# of unexpected successes 5
# of expected failures 305
# of unresolved testcases 2
# of unsupported tests 1373
Running target unix/-m32
FAIL: gcc.c-torture/compile/pr49474.c -Os (internal compiler error)
FAIL: gcc.c-torture/compile/pr49474.c -Os (test for excess errors)
FAIL: gcc.c-torture/execute/builtins/memcpy-chk.c compilation, -Os (internal compiler error)
UNRESOLVED: gcc.c-torture/execute/builtins/memcpy-chk.c execution, -Os
FAIL: gcc.c-torture/execute/builtins/memmove-chk.c compilation, -Os (internal compiler error)
UNRESOLVED: gcc.c-torture/execute/builtins/memmove-chk.c execution, -Os
FAIL: gcc.c-torture/execute/builtins/mempcpy-chk.c compilation, -Os (internal compiler error)
UNRESOLVED: gcc.c-torture/execute/builtins/mempcpy-chk.c execution, -Os
FAIL: gcc.c-torture/execute/builtins/memset-chk.c compilation, -Os (internal compiler error)
UNRESOLVED: gcc.c-torture/execute/builtins/memset-chk.c execution, -Os
FAIL: gcc.c-torture/execute/builtins/snprintf-chk.c compilation, -Os (internal compiler error)
UNRESOLVED: gcc.c-torture/execute/builtins/snprintf-chk.c execution, -Os
FAIL: gcc.c-torture/execute/builtins/sprintf-chk.c compilation, -Os (internal compiler error)
UNRESOLVED: gcc.c-torture/execute/builtins/sprintf-chk.c execution, -Os
FAIL: gcc.c-torture/execute/builtins/stpcpy-chk.c compilation, -Os (internal compiler error)
UNRESOLVED: gcc.c-torture/execute/builtins/stpcpy-chk.c execution, -Os
FAIL: gcc.c-torture/execute/builtins/strcat-chk.c compilation, -Os (internal compiler error)
UNRESOLVED: gcc.c-torture/execute/builtins/strcat-chk.c execution, -Os
FAIL: gcc.c-torture/execute/builtins/strcpy-chk.c compilation, -Os (internal compiler error)
UNRESOLVED: gcc.c-torture/execute/builtins/strcpy-chk.c execution, -Os
FAIL: gcc.c-torture/execute/builtins/strncat-chk.c compilation, -Os (internal compiler error)
UNRESOLVED: gcc.c-torture/execute/builtins/strncat-chk.c execution, -Os
FAIL: gcc.c-torture/execute/builtins/strncpy-chk.c compilation, -Os (internal compiler error)
UNRESOLVED: gcc.c-torture/execute/builtins/strncpy-chk.c execution, -Os
FAIL: gcc.c-torture/execute/builtins/strstr-asm.c compilation, -O2 -flto -flto-partition=none
UNRESOLVED: gcc.c-torture/execute/builtins/strstr-asm.c execution, -O2 -flto -flto-partition=none
FAIL: gcc.c-torture/execute/builtins/strstr-asm.c compilation, -O2 -flto
UNRESOLVED: gcc.c-torture/execute/builtins/strstr-asm.c execution, -O2 -flto
FAIL: gcc.c-torture/execute/builtins/vsnprintf-chk.c compilation, -Os (internal compiler error)
UNRESOLVED: gcc.c-torture/execute/builtins/vsnprintf-chk.c execution, -Os
FAIL: gcc.c-torture/execute/builtins/vsprintf-chk.c compilation, -Os (internal compiler error)
UNRESOLVED: gcc.c-torture/execute/builtins/vsprintf-chk.c execution, -Os
FAIL: gcc.c-torture/execute/built-in-setjmp.c compilation, -Os (internal compiler error)
UNRESOLVED: gcc.c-torture/execute/built-in-setjmp.c execution, -Os
FAIL: gcc.c-torture/execute/nestfunc-5.c compilation, -Os (internal compiler error)
UNRESOLVED: gcc.c-torture/execute/nestfunc-5.c execution, -Os
FAIL: gcc.c-torture/execute/nestfunc-6.c compilation, -Os (internal compiler error)
UNRESOLVED: gcc.c-torture/execute/nestfunc-6.c execution, -Os
XPASS: gcc.dg/inline_3.c (test for excess errors)
XPASS: gcc.dg/inline_4.c (test for excess errors)
FAIL: gcc.dg/pr36998.c (internal compiler error)
FAIL: gcc.dg/pr36998.c (test for excess errors)
XPASS: gcc.dg/unroll_2.c (test for excess errors)
XPASS: gcc.dg/unroll_3.c (test for excess errors)
XPASS: gcc.dg/unroll_4.c (test for excess errors)
XPASS: gcc.dg/guality/example.c -O0 execution test
XPASS: gcc.dg/guality/example.c -O1 execution test
XPASS: gcc.dg/guality/example.c -O2 execution test
XPASS: gcc.dg/guality/guality.c -O0 execution test
XPASS: gcc.dg/guality/guality.c -O1 execution test
XPASS: gcc.dg/guality/guality.c -O2 execution test
XPASS: gcc.dg/guality/guality.c -Os execution test
XPASS: gcc.dg/guality/guality.c -O2 -flto -flto-partition=none execution test
XPASS: gcc.dg/guality/guality.c -O2 -flto execution test
XPASS: gcc.dg/guality/inline-params.c -O2 execution test
XPASS: gcc.dg/guality/inline-params.c -Os execution test
FAIL: gcc.dg/guality/pr36728-1.c -O2 -flto -flto-partition=none line 12 arg1 == 1
FAIL: gcc.dg/guality/pr36728-1.c -O2 -flto -flto-partition=none line 14 arg1 == 1
FAIL: gcc.dg/guality/pr36728-1.c -O2 -flto line 12 arg1 == 1
FAIL: gcc.dg/guality/pr36728-1.c -O2 -flto line 14 arg1 == 1
XPASS: gcc.dg/guality/pr41353-1.c -O0 line 28 j == 28 + 37
XPASS: gcc.dg/guality/pr41353-1.c -O1 line 28 j == 28 + 37
XPASS: gcc.dg/guality/pr41353-1.c -O2 line 28 j == 28 + 37
XPASS: gcc.dg/guality/pr41353-1.c -O3 -fomit-frame-pointer line 28 j == 28 + 37
XPASS: gcc.dg/guality/pr41353-1.c -O3 -g line 28 j == 28 + 37
XPASS: gcc.dg/guality/pr41353-1.c -Os line 28 j == 28 + 37
XPASS: gcc.dg/guality/pr41353-1.c -O2 -flto -flto-partition=none line 28 j == 28 + 37
XPASS: gcc.dg/guality/pr41353-1.c -O2 -flto line 28 j == 28 + 37
XPASS: gcc.dg/guality/pr41447-1.c -O0 execution test
XPASS: gcc.dg/guality/pr41447-1.c -O1 execution test
XPASS: gcc.dg/guality/pr41447-1.c -Os execution test
XPASS: gcc.dg/guality/pr41616-1.c -O0 execution test
XPASS: gcc.dg/guality/pr41616-1.c -O1 execution test
XPASS: gcc.dg/guality/pr41616-1.c -O2 execution test
XPASS: gcc.dg/guality/pr41616-1.c -Os execution test
FAIL: gcc.dg/guality/vla-1.c -O2 -flto -flto-partition=none line 17 i == 5
FAIL: gcc.dg/guality/vla-1.c -O2 -flto -flto-partition=none line 17 sizeof (a) == 6
FAIL: gcc.dg/guality/vla-1.c -O2 -flto -flto-partition=none line 24 sizeof (a) == 17 * sizeof (short)
FAIL: gcc.dg/guality/vla-1.c -O2 -flto line 17 i == 5
FAIL: gcc.dg/guality/vla-1.c -O2 -flto line 17 sizeof (a) == 6
FAIL: gcc.dg/guality/vla-1.c -O2 -flto line 24 sizeof (a) == 17 * sizeof (short)
FAIL: gcc.dg/guality/vla-2.c -O2 -flto -flto-partition=none line 16 sizeof (a) == 5 * sizeof (int)
FAIL: gcc.dg/guality/vla-2.c -O2 -flto -flto-partition=none line 25 sizeof (a) == 6 * sizeof (int)
FAIL: gcc.dg/guality/vla-2.c -O2 -flto line 16 sizeof (a) == 5 * sizeof (int)
FAIL: gcc.dg/guality/vla-2.c -O2 -flto line 25 sizeof (a) == 6 * sizeof (int)
FAIL: gcc.dg/torture/stackalign/nested-5.c -Os (internal compiler error)
FAIL: gcc.dg/torture/stackalign/nested-5.c -Os (test for excess errors)
WARNING: gcc.dg/torture/stackalign/nested-5.c -Os compilation failed to produce executable
FAIL: gcc.dg/torture/stackalign/nested-6.c -Os (internal compiler error)
FAIL: gcc.dg/torture/stackalign/nested-6.c -Os (test for excess errors)
WARNING: gcc.dg/torture/stackalign/nested-6.c -Os compilation failed to produce executable
FAIL: gcc.dg/torture/stackalign/setjmp-1.c -Os (internal compiler error)
FAIL: gcc.dg/torture/stackalign/setjmp-1.c -Os (test for excess errors)
WARNING: gcc.dg/torture/stackalign/setjmp-1.c -Os compilation failed to produce executable
FAIL: gcc.dg/torture/stackalign/setjmp-2.c -Os (internal compiler error)
FAIL: gcc.dg/torture/stackalign/setjmp-2.c -Os (test for excess errors)
WARNING: gcc.dg/torture/stackalign/setjmp-2.c -Os compilation failed to produce executable
FAIL: gcc.dg/torture/stackalign/vararg-1.c -Os (internal compiler error)
FAIL: gcc.dg/torture/stackalign/vararg-1.c -Os (test for excess errors)
WARNING: gcc.dg/torture/stackalign/vararg-1.c -Os compilation failed to produce executable
FAIL: gcc.dg/torture/stackalign/vararg-2.c -Os (internal compiler error)
FAIL: gcc.dg/torture/stackalign/vararg-2.c -Os (test for excess errors)
WARNING: gcc.dg/torture/stackalign/vararg-2.c -Os compilation failed to produce executable
FAIL: gcc.dg/torture/stackalign/vararg-3.c -Os (internal compiler error)
FAIL: gcc.dg/torture/stackalign/vararg-3.c -Os (test for excess errors)
WARNING: gcc.dg/torture/stackalign/vararg-3.c -Os compilation failed to produce executable
FAIL: gcc.dg/torture/stackalign/nested-5.c -Os (internal compiler error)
FAIL: gcc.dg/torture/stackalign/nested-5.c -Os (test for excess errors)
WARNING: gcc.dg/torture/stackalign/nested-5.c -Os compilation failed to produce executable
FAIL: gcc.dg/torture/stackalign/nested-6.c -Os (internal compiler error)
FAIL: gcc.dg/torture/stackalign/nested-6.c -Os (test for excess errors)
WARNING: gcc.dg/torture/stackalign/nested-6.c -Os compilation failed to produce executable
FAIL: gcc.dg/torture/stackalign/setjmp-1.c -Os (internal compiler error)
FAIL: gcc.dg/torture/stackalign/setjmp-1.c -Os (test for excess errors)
WARNING: gcc.dg/torture/stackalign/setjmp-1.c -Os compilation failed to produce executable
FAIL: gcc.dg/torture/stackalign/setjmp-2.c -Os (internal compiler error)
FAIL: gcc.dg/torture/stackalign/setjmp-2.c -Os (test for excess errors)
WARNING: gcc.dg/torture/stackalign/setjmp-2.c -Os compilation failed to produce executable
FAIL: gcc.dg/torture/stackalign/vararg-1.c -Os (internal compiler error)
FAIL: gcc.dg/torture/stackalign/vararg-1.c -Os (test for excess errors)
WARNING: gcc.dg/torture/stackalign/vararg-1.c -Os compilation failed to produce executable
FAIL: gcc.dg/torture/stackalign/vararg-2.c -Os (internal compiler error)
FAIL: gcc.dg/torture/stackalign/vararg-2.c -Os (test for excess errors)
WARNING: gcc.dg/torture/stackalign/vararg-2.c -Os compilation failed to produce executable
FAIL: gcc.dg/torture/stackalign/vararg-3.c -Os (internal compiler error)
FAIL: gcc.dg/torture/stackalign/vararg-3.c -Os (test for excess errors)
WARNING: gcc.dg/torture/stackalign/vararg-3.c -Os compilation failed to produce executable
FAIL: gcc.dg/torture/stackalign/nested-5.c -Os (internal compiler error)
FAIL: gcc.dg/torture/stackalign/nested-5.c -Os (test for excess errors)
WARNING: gcc.dg/torture/stackalign/nested-5.c -Os compilation failed to produce executable
FAIL: gcc.dg/torture/stackalign/nested-6.c -Os (internal compiler error)
FAIL: gcc.dg/torture/stackalign/nested-6.c -Os (test for excess errors)
WARNING: gcc.dg/torture/stackalign/nested-6.c -Os compilation failed to produce executable
FAIL: gcc.dg/torture/stackalign/setjmp-1.c -Os (internal compiler error)
FAIL: gcc.dg/torture/stackalign/setjmp-1.c -Os (test for excess errors)
WARNING: gcc.dg/torture/stackalign/setjmp-1.c -Os compilation failed to produce executable
FAIL: gcc.dg/torture/stackalign/setjmp-2.c -Os (internal compiler error)
FAIL: gcc.dg/torture/stackalign/setjmp-2.c -Os (test for excess errors)
WARNING: gcc.dg/torture/stackalign/setjmp-2.c -Os compilation failed to produce executable
FAIL: gcc.dg/torture/stackalign/vararg-1.c -Os (internal compiler error)
FAIL: gcc.dg/torture/stackalign/vararg-1.c -Os (test for excess errors)
WARNING: gcc.dg/torture/stackalign/vararg-1.c -Os compilation failed to produce executable
FAIL: gcc.dg/torture/stackalign/vararg-2.c -Os (internal compiler error)
FAIL: gcc.dg/torture/stackalign/vararg-2.c -Os (test for excess errors)
WARNING: gcc.dg/torture/stackalign/vararg-2.c -Os compilation failed to produce executable
FAIL: gcc.dg/torture/stackalign/vararg-3.c -Os (internal compiler error)
FAIL: gcc.dg/torture/stackalign/vararg-3.c -Os (test for excess errors)
WARNING: gcc.dg/torture/stackalign/vararg-3.c -Os compilation failed to produce executable
FAIL: gcc.dg/torture/stackalign/nested-5.c -Os (internal compiler error)
FAIL: gcc.dg/torture/stackalign/nested-5.c -Os (test for excess errors)
WARNING: gcc.dg/torture/stackalign/nested-5.c -Os compilation failed to produce executable
FAIL: gcc.dg/torture/stackalign/nested-6.c -Os (internal compiler error)
FAIL: gcc.dg/torture/stackalign/nested-6.c -Os (test for excess errors)
WARNING: gcc.dg/torture/stackalign/nested-6.c -Os compilation failed to produce executable
FAIL: gcc.dg/torture/stackalign/setjmp-1.c -Os (internal compiler error)
FAIL: gcc.dg/torture/stackalign/setjmp-1.c -Os (test for excess errors)
WARNING: gcc.dg/torture/stackalign/setjmp-1.c -Os compilation failed to produce executable
FAIL: gcc.dg/torture/stackalign/setjmp-2.c -Os (internal compiler error)
FAIL: gcc.dg/torture/stackalign/setjmp-2.c -Os (test for excess errors)
WARNING: gcc.dg/torture/stackalign/setjmp-2.c -Os compilation failed to produce executable
FAIL: gcc.dg/torture/stackalign/vararg-1.c -Os (internal compiler error)
FAIL: gcc.dg/torture/stackalign/vararg-1.c -Os (test for excess errors)
WARNING: gcc.dg/torture/stackalign/vararg-1.c -Os compilation failed to produce executable
FAIL: gcc.dg/torture/stackalign/vararg-2.c -Os (internal compiler error)
FAIL: gcc.dg/torture/stackalign/vararg-2.c -Os (test for excess errors)
WARNING: gcc.dg/torture/stackalign/vararg-2.c -Os compilation failed to produce executable
FAIL: gcc.dg/torture/stackalign/vararg-3.c -Os (internal compiler error)
FAIL: gcc.dg/torture/stackalign/vararg-3.c -Os (test for excess errors)
WARNING: gcc.dg/torture/stackalign/vararg-3.c -Os compilation failed to produce executable
FAIL: gcc.dg/tree-ssa/vrp47.c scan-tree-dump-times dom1 "x[^ ]* & y" 1
FAIL: gcc.dg/tree-ssa/vrp47.c scan-tree-dump-times vrp1 "x[^ ]* \\^ 1" 1
FAIL: gcc.target/i386/andor-2.c scan-assembler-not sete
=== gcc Summary for unix/-m32 ===
# of expected passes 38398
# of unexpected failures 20
# of unexpected successes 5
# of expected failures 191
# of unresolved testcases 18
# of unsupported tests 383
=== gcc Summary ===
# of expected passes 124113
# of unexpected failures 84
# of unexpected successes 10
# of expected failures 496
# of unresolved testcases 20
# of unsupported tests 1756
/export/gnu/import/svn/gcc-test-intel64corei7/bld/gcc/xgcc version 4.7.0 20110724 (experimental) [trunk revision 176711] (GCC)
=== gfortran tests ===
Running target unix
=== gfortran Summary for unix ===
# of expected passes 37910
# of expected failures 38
# of unsupported tests 36
Running target unix/-m32
FAIL: gfortran.dg/auto_char_dummy_array_1.f90 -Os (internal compiler error)
FAIL: gfortran.dg/auto_char_dummy_array_1.f90 -Os (test for excess errors)
WARNING: gfortran.dg/auto_char_dummy_array_1.f90 -Os compilation failed to produce executable
FAIL: gfortran.dg/bessel_5.f90 -Os (internal compiler error)
FAIL: gfortran.dg/bessel_5.f90 -Os (test for excess errors)
WARNING: gfortran.dg/bessel_5.f90 -Os compilation failed to produce executable
FAIL: gfortran.dg/cr_lf.f90 -Os (internal compiler error)
FAIL: gfortran.dg/cr_lf.f90 -Os (test for excess errors)
WARNING: gfortran.dg/cr_lf.f90 -Os compilation failed to produce executable
FAIL: gfortran.dg/pr46297.f -O3 -g (internal compiler error)
FAIL: gfortran.dg/pr46297.f -O3 -g (test for excess errors)
WARNING: gfortran.dg/pr46297.f -O3 -g compilation failed to produce executable
FAIL: gfortran.dg/pr47008.f03 -O3 -g (internal compiler error)
FAIL: gfortran.dg/pr47008.f03 -O3 -g (test for excess errors)
WARNING: gfortran.dg/pr47008.f03 -O3 -g compilation failed to produce executable
=== gfortran Summary for unix/-m32 ===
# of expected passes 37610
# of unexpected failures 10
# of expected failures 38
# of unsupported tests 177
=== gfortran Summary ===
# of expected passes 75520
# of unexpected failures 10
# of expected failures 76
# of unsupported tests 213
/export/gnu/import/svn/gcc-test-intel64corei7/bld/gcc/testsuite/gfortran/../../gfortran version 4.7.0 20110724 (experimental) [trunk revision 176711] (GCC)
=== objc tests ===
Running target unix
=== objc Summary for unix ===
# of expected passes 1292
# of expected failures 6
Running target unix/-m32
FAIL: objc/execute/exceptions/catchall-1.m compilation, -Os -fgnu-runtime (internal compiler error)
UNRESOLVED: objc/execute/exceptions/catchall-1.m execution, -Os -fgnu-runtime
FAIL: objc/execute/exceptions/foward-1.m compilation, -Os -fgnu-runtime (internal compiler error)
UNRESOLVED: objc/execute/exceptions/foward-1.m execution, -Os -fgnu-runtime
=== objc Summary for unix/-m32 ===
# of expected passes 1288
# of unexpected failures 2
# of expected failures 6
# of unresolved testcases 2
=== objc Summary ===
# of expected passes 2580
# of unexpected failures 2
# of expected failures 12
# of unresolved testcases 2
/export/gnu/import/svn/gcc-test-intel64corei7/bld/gcc/xgcc version 4.7.0 20110724 (experimental) [trunk revision 176711] (GCC)
=== boehm-gc tests ===
Running target unix/-m32
FAIL: boehm-gc.c/thread_leak_test.c -O2 (test for excess errors)
=== boehm-gc Summary for unix/-m32 ===
# of expected passes 4
Running target unix
FAIL: boehm-gc.c/thread_leak_test.c -O2 (test for excess errors)
=== boehm-gc Summary for unix ===
# of expected passes 4
=== boehm-gc Summary ===
# of expected passes 22
# of unexpected failures 2
# of unsupported tests 2
=== libffi tests ===
Running target unix/-m32
FAIL: libffi.special/unwindtest.cc -shared-libgcc -lstdc++ (test for excess errors)
WARNING: libffi.special/unwindtest.cc -shared-libgcc -lstdc++ compilation failed to produce executable
FAIL: libffi.special/unwindtest_ffi_call.cc -shared-libgcc -lstdc++ (test for excess errors)
WARNING: libffi.special/unwindtest_ffi_call.cc -shared-libgcc -lstdc++ compilation failed to produce executable
=== libffi Summary for unix/-m32 ===
# of expected passes 18
# of unexpected failures 2
Running target unix
=== libffi Summary for unix ===
# of expected passes 24
=== libffi Summary ===
# of expected passes 3262
# of unexpected failures 2
# of expected failures 20
# of unsupported tests 30
=== libgomp tests ===
Running target unix/-m32
FAIL: libgomp.graphite/force-parallel-1.c execution test
=== libgomp Summary for unix/-m32 ===
# of expected passes 45
# of unexpected failures 1
Running target unix
FAIL: libgomp.graphite/force-parallel-1.c execution test
=== libgomp Summary for unix ===
# of expected passes 45
# of unexpected failures 1
=== libgomp Summary ===
# of expected passes 5274
# of unexpected failures 2
=== libjava tests ===
Running target unix/-m32
=== libjava Summary for unix/-m32 ===
Running target unix
=== libjava Summary for unix ===
=== libjava Summary ===
# of expected passes 5148
=== libmudflap tests ===
Running target unix/-m32
=== libmudflap Summary for unix/-m32 ===
# of expected passes 264
Running target unix
FAIL: libmudflap.c++/pass55-frag.cxx ( -O) execution test
=== libmudflap Summary for unix ===
# of expected passes 264
=== libmudflap Summary ===
# of expected passes 2861
# of unexpected failures 1
=== libstdc++ tests ===
Running target unix
=== libstdc++ Summary for unix ===
# of expected passes 8627
# of expected failures 45
# of unsupported tests 140
Running target unix/-m32
=== libstdc++ Summary for unix/-m32 ===
# of expected passes 8627
# of expected failures 45
# of unsupported tests 140
=== libstdc++ Summary ===
# of expected passes 17254
# of expected failures 90
# of unsupported tests 280
Compiler version: 4.7.0 20110724 (experimental) [trunk revision 176711] (GCC)
Platform: x86_64-unknown-linux-gnu
configure flags: --with-arch=core2 --with-cpu=core2 --enable-clocale=gnu --with-system-zlib --enable-shared --with-demangler-in-ld --enable-cloog-backend=isl --with-ppl-include=/opt/gnu/include --with-ppl-lib=/opt/gnu/lib64 --with-cloog-include=/opt/gnu/include --with-cloog-lib=/opt/gnu/lib64 --with-fpmath=sse --enable-languages=c,c++,fortran,java,lto,objc