This is the mail archive of the gcc-testresults@gcc.gnu.org mailing list for the GCC project.
Index Nav: | [Date Index] [Subject Index] [Author Index] [Thread Index] | |
---|---|---|
Message Nav: | [Date Prev] [Date Next] | [Thread Prev] [Thread Next] |
Other format: | [Raw text] |
LAST_UPDATED: Obtained from SVN: branches/gcc-4_4-branch revision 176489 Native configuration is m68k-unknown-linux-gnu === g++ tests === Running target unix FAIL: tmpdir-g++.dg-struct-layout-1/t009 cp_compat_x_tst.o-cp_compat_y_tst.o execute FAIL: tmpdir-g++.dg-struct-layout-1/t019 cp_compat_x_tst.o-cp_compat_y_tst.o execute FAIL: g++.dg/cdce3.C scan-tree-dump cdce "cdce3.C:100: note: function call is shrink-wrapped into error conditions." FAIL: g++.dg/cdce3.C scan-tree-dump cdce "cdce3.C:110: note: function call is shrink-wrapped into error conditions." FAIL: g++.dg/torture/pr36191.C -O3 -fomit-frame-pointer (test for excess errors) FAIL: g++.dg/torture/type-generic-1.C -O2 execution test FAIL: g++.dg/torture/type-generic-1.C -O3 -fomit-frame-pointer execution test FAIL: g++.dg/torture/type-generic-1.C -O3 -g execution test FAIL: g++.dg/torture/type-generic-1.C -Os execution test === g++ Summary === # of expected passes 19605 # of unexpected failures 9 # of expected failures 159 # of unsupported tests 186 /mnt/scratch/objdir44/gcc/testsuite/g++/../../g++ version 4.4.7 20110719 (prerelease) (GCC) === gcc tests === Running target unix WARNING: program timed out. FAIL: gcc.c-torture/compile/limits-externalid.c -O3 -g (test for excess errors) FAIL: gcc.c-torture/compile/limits-structnest.c -O2 (test for excess errors) FAIL: gcc.c-torture/compile/limits-structnest.c -O3 -fomit-frame-pointer (test for excess errors) FAIL: gcc.c-torture/compile/limits-structnest.c -O3 -g (test for excess errors) FAIL: gcc.c-torture/compile/limits-structnest.c -Os (test for excess errors) FAIL: gcc.c-torture/compile/pr42956.c -O1 (internal compiler error) FAIL: gcc.c-torture/compile/pr42956.c -O1 (test for excess errors) FAIL: gcc.c-torture/compile/pr42956.c -O2 (internal compiler error) FAIL: gcc.c-torture/compile/pr42956.c -O2 (test for excess errors) FAIL: gcc.c-torture/compile/pr42956.c -O3 -fomit-frame-pointer (internal compiler error) FAIL: gcc.c-torture/compile/pr42956.c -O3 -fomit-frame-pointer (test for excess errors) FAIL: gcc.c-torture/compile/pr42956.c -O3 -fomit-frame-pointer -funroll-loops (internal compiler error) FAIL: gcc.c-torture/compile/pr42956.c -O3 -fomit-frame-pointer -funroll-loops (test for excess errors) FAIL: gcc.c-torture/compile/pr42956.c -O3 -fomit-frame-pointer -funroll-all-loops -finline-functions (internal compiler error) FAIL: gcc.c-torture/compile/pr42956.c -O3 -fomit-frame-pointer -funroll-all-loops -finline-functions (test for excess errors) FAIL: gcc.c-torture/compile/pr42956.c -O3 -g (internal compiler error) FAIL: gcc.c-torture/compile/pr42956.c -O3 -g (test for excess errors) FAIL: gcc.c-torture/compile/pr42956.c -Os (internal compiler error) FAIL: gcc.c-torture/compile/pr42956.c -Os (test for excess errors) FAIL: gcc.c-torture/execute/20040709-2.c execution, -O2 FAIL: gcc.c-torture/execute/20040709-2.c execution, -O3 -fomit-frame-pointer FAIL: gcc.c-torture/execute/20040709-2.c execution, -O3 -fomit-frame-pointer -funroll-loops FAIL: gcc.c-torture/execute/20040709-2.c execution, -O3 -fomit-frame-pointer -funroll-all-loops -finline-functions FAIL: gcc.c-torture/execute/20040709-2.c execution, -O3 -g FAIL: gcc.c-torture/execute/20060420-1.c compilation, -O2 (internal compiler error) UNRESOLVED: gcc.c-torture/execute/20060420-1.c execution, -O2 FAIL: gcc.c-torture/execute/20060420-1.c compilation, -O3 -fomit-frame-pointer (internal compiler error) UNRESOLVED: gcc.c-torture/execute/20060420-1.c execution, -O3 -fomit-frame-pointer FAIL: gcc.c-torture/execute/20060420-1.c compilation, -O3 -fomit-frame-pointer -funroll-loops (internal compiler error) UNRESOLVED: gcc.c-torture/execute/20060420-1.c execution, -O3 -fomit-frame-pointer -funroll-loops FAIL: gcc.c-torture/execute/20060420-1.c compilation, -O3 -fomit-frame-pointer -funroll-all-loops -finline-functions (internal compiler error) UNRESOLVED: gcc.c-torture/execute/20060420-1.c execution, -O3 -fomit-frame-pointer -funroll-all-loops -finline-functions FAIL: gcc.c-torture/execute/20060420-1.c compilation, -O3 -g (internal compiler error) UNRESOLVED: gcc.c-torture/execute/20060420-1.c execution, -O3 -g FAIL: gcc.c-torture/execute/990127-2.c execution, -O2 FAIL: gcc.c-torture/execute/990127-2.c execution, -Os FAIL: gcc.c-torture/execute/ieee/compare-fp-1.c execution, -O0 FAIL: gcc.c-torture/execute/ieee/compare-fp-1.c execution, -O1 FAIL: gcc.c-torture/execute/ieee/compare-fp-1.c execution, -O2 FAIL: gcc.c-torture/execute/ieee/compare-fp-1.c execution, -Os FAIL: gcc.c-torture/execute/ieee/compare-fp-4.c execution, -O0 FAIL: gcc.c-torture/execute/ieee/compare-fp-4.c execution, -O1 FAIL: gcc.c-torture/execute/ieee/compare-fp-4.c execution, -O2 FAIL: gcc.c-torture/execute/ieee/compare-fp-4.c execution, -Os FAIL: gcc.c-torture/execute/ieee/copysign1.c execution, -O0 FAIL: gcc.c-torture/execute/ieee/copysign1.c execution, -O1 FAIL: gcc.c-torture/execute/ieee/copysign1.c execution, -O2 FAIL: gcc.c-torture/execute/ieee/copysign1.c execution, -O3 -fomit-frame-pointer FAIL: gcc.c-torture/execute/ieee/copysign1.c execution, -O3 -fomit-frame-pointer -funroll-loops FAIL: gcc.c-torture/execute/ieee/copysign1.c execution, -O3 -fomit-frame-pointer -funroll-all-loops -finline-functions FAIL: gcc.c-torture/execute/ieee/copysign1.c execution, -O3 -g FAIL: gcc.c-torture/execute/ieee/copysign1.c execution, -Os FAIL: gcc.c-torture/execute/ieee/copysign2.c execution, -O0 FAIL: gcc.c-torture/execute/ieee/copysign2.c execution, -O1 FAIL: gcc.c-torture/execute/ieee/copysign2.c execution, -O2 FAIL: gcc.c-torture/execute/ieee/copysign2.c execution, -O3 -fomit-frame-pointer FAIL: gcc.c-torture/execute/ieee/copysign2.c execution, -O3 -fomit-frame-pointer -funroll-loops FAIL: gcc.c-torture/execute/ieee/copysign2.c execution, -O3 -fomit-frame-pointer -funroll-all-loops -finline-functions FAIL: gcc.c-torture/execute/ieee/copysign2.c execution, -O3 -g FAIL: gcc.c-torture/execute/ieee/copysign2.c execution, -Os FAIL: tmpdir-gcc.dg-struct-layout-1/t028 c_compat_x_tst.o-c_compat_y_tst.o execute FAIL: gcc.dg/O16384.c (internal compiler error) FAIL: gcc.dg/O16384.c (test for excess errors) FAIL: gcc.dg/pr28796-2.c execution test FAIL: gcc.dg/pr37106-1.c (internal compiler error) FAIL: gcc.dg/pr37106-1.c (test for excess errors) FAIL: gcc.dg/pr37544.c execution test FAIL: gcc.dg/pr43419.c execution test FAIL: gcc.dg/pr43562.c (internal compiler error) FAIL: gcc.dg/pr43562.c (test for excess errors) FAIL: gcc.dg/torture/fp-int-convert-double.c -Os execution test FAIL: gcc.dg/torture/type-generic-1.c -O2 execution test FAIL: gcc.dg/torture/type-generic-1.c -O3 -fomit-frame-pointer execution test FAIL: gcc.dg/torture/type-generic-1.c -O3 -g execution test FAIL: gcc.dg/torture/type-generic-1.c -Os execution test FAIL: gcc.dg/tree-ssa/vrp47.c scan-tree-dump-times vrp1 "[xy][^ ]* !=" 0 FAIL: gcc.dg/tree-ssa/vrp47.c scan-tree-dump-times dom1 "x[^ ]* & y" 1 FAIL: gcc.dg/tree-ssa/vrp47.c scan-tree-dump-times vrp1 "x[^ ]* [|] y" 1 === gcc Summary === # of expected passes 50747 # of unexpected failures 73 # of expected failures 113 # of unresolved testcases 5 # of unsupported tests 568 /mnt/scratch/objdir44/gcc/xgcc version 4.4.7 20110719 (prerelease) (GCC) === libgomp tests === Running target unix FAIL: libgomp.c/autopar-1.c execution test WARNING: program timed out. FAIL: libgomp.c/pr32362-3.c execution test === libgomp Summary === # of expected passes 1013 # of unexpected failures 2 # of unsupported tests 7 === libstdc++ tests === Running target unix FAIL: 18_support/bad_exception/23591_thread-1.c execution test FAIL: 22_locale/locale/cons/12658_thread-1.cc execution test FAIL: 22_locale/locale/cons/12658_thread-2.cc execution test FAIL: 23_containers/list/pthread1.cc execution test FAIL: 23_containers/list/pthread5.cc execution test FAIL: 23_containers/map/pthread6.cc execution test FAIL: 26_numerics/complex/pow.cc execution test FAIL: 27_io/basic_ostringstream/pthread3.cc execution test FAIL: 30_threads/call_once/39909.cc (test for excess errors) WARNING: 30_threads/call_once/39909.cc compilation failed to produce executable FAIL: 30_threads/call_once/call_once1.cc (test for excess errors) WARNING: 30_threads/call_once/call_once1.cc compilation failed to produce executable FAIL: tr1/2_general_utilities/shared_ptr/thread/default_weaktoshared.cc execution test FAIL: tr1/5_numerical_facilities/special_functions/08_cyl_bessel_i/check_nan.cc execution test FAIL: tr1/5_numerical_facilities/special_functions/09_cyl_bessel_j/check_nan.cc execution test FAIL: tr1/5_numerical_facilities/special_functions/10_cyl_bessel_k/check_nan.cc execution test FAIL: tr1/5_numerical_facilities/special_functions/11_cyl_neumann/check_nan.cc execution test FAIL: tr1/5_numerical_facilities/special_functions/12_ellint_1/check_nan.cc execution test FAIL: tr1/5_numerical_facilities/special_functions/13_ellint_2/check_nan.cc execution test FAIL: tr1/5_numerical_facilities/special_functions/14_ellint_3/check_nan.cc execution test FAIL: tr1/5_numerical_facilities/special_functions/14_ellint_3/check_value.cc execution test FAIL: tr1/5_numerical_facilities/special_functions/17_hyperg/check_value.cc execution test === libstdc++ Summary === # of expected passes 6487 # of unexpected failures 20 # of expected failures 80 # of unsupported tests 18 Compiler version: 4.4.7 20110719 (prerelease) (GCC) Platform: m68k-unknown-linux-gnu configure flags: --prefix=/mnt/scratch/install44 --enable-bootstrap --enable-shared --enable-threads=posix --enable-checking=release --with-system-zlib --enable-__cxa_atexit --disable-libunwind-exceptions --enable-languages=c,c++ --enable-java-awt=gtk --disable-dssi --with-java-home=/usr/lib/jvm/java-1.5.0-gcj-1.5.0.0/jre --enable-libgcj-multifile --disable-java-maintainer-mode --with-ecj-jar=/usr/share/java/eclipse-ecj.jar --disable-libjava-multilib --disable-sjlj-exceptions --disable-libmudflap --disable-multilib BOOT_CFLAGS=-g -O2
Index Nav: | [Date Index] [Subject Index] [Author Index] [Thread Index] | |
---|---|---|
Message Nav: | [Date Prev] [Date Next] | [Thread Prev] [Thread Next] |