This is the mail archive of the
gcc-testresults@gcc.gnu.org
mailing list for the GCC project.
Results for 4.7.0 20110713 (experimental) [trunk revision 176224] (GCC) testsuite on ia64-unknown-linux-gnu
- From: Laurent GUERBY gcc66 <guerby at tic dot esiee dot fr>
- To: gcc-testresults at gcc dot gnu dot org
- Date: Wed, 13 Jul 2011 21:01:08 +0200
- Subject: Results for 4.7.0 20110713 (experimental) [trunk revision 176224] (GCC) testsuite on ia64-unknown-linux-gnu
LAST_UPDATED: Wed Jul 13 07:18:22 UTC 2011 (revision 176224)
=== acats tests ===
FAIL: cb1010c
FAIL: cb1010d
=== acats Summary ===
# of expected passes 2319
# of unexpected failures 2
Native configuration is ia64-unknown-linux-gnu
=== gcc tests ===
Running target unix
FAIL: gcc.dg/cproj-fails-with-broken-glibc.c execution test
FAIL: gcc.dg/guality/asm-1.c -O3 -fomit-frame-pointer line 14 f == 14
FAIL: gcc.dg/guality/asm-1.c -O3 -g line 14 f == 14
FAIL: gcc.dg/guality/csttest.c -O3 -fomit-frame-pointer line 29 a == (0x17ULL << 31)
FAIL: gcc.dg/guality/csttest.c -O3 -fomit-frame-pointer line 29 b == (0x7ULL << 33)
FAIL: gcc.dg/guality/csttest.c -O3 -fomit-frame-pointer line 29 c == (0x1ULL << 35)
FAIL: gcc.dg/guality/csttest.c -O3 -fomit-frame-pointer line 29 d == (0x17ULL << 15)
FAIL: gcc.dg/guality/csttest.c -O3 -fomit-frame-pointer line 29 e == (0x17ULL << 50)
FAIL: gcc.dg/guality/csttest.c -O3 -fomit-frame-pointer line 29 f == (0x37ULL << 31)
FAIL: gcc.dg/guality/csttest.c -O3 -fomit-frame-pointer line 29 g == (0x37ULL << 50)
FAIL: gcc.dg/guality/csttest.c -O3 -fomit-frame-pointer line 29 h == (0x1efULL << 33)
FAIL: gcc.dg/guality/csttest.c -O3 -fomit-frame-pointer line 29 i == (0x1efULL << 50)
FAIL: gcc.dg/guality/csttest.c -O3 -fomit-frame-pointer line 29 j == -(0x17ULL << 31)
FAIL: gcc.dg/guality/csttest.c -O3 -fomit-frame-pointer line 29 k == -(0x7ULL << 33)
FAIL: gcc.dg/guality/csttest.c -O3 -fomit-frame-pointer line 29 l == -(0x1ULL << 35)
FAIL: gcc.dg/guality/csttest.c -O3 -fomit-frame-pointer line 29 m == -(0x17ULL << 15)
FAIL: gcc.dg/guality/csttest.c -O3 -fomit-frame-pointer line 29 n == -(0x17ULL << 50)
FAIL: gcc.dg/guality/csttest.c -O3 -fomit-frame-pointer line 29 o == -(0x37ULL << 31)
FAIL: gcc.dg/guality/csttest.c -O3 -fomit-frame-pointer line 29 p == -(0x37ULL << 50)
FAIL: gcc.dg/guality/csttest.c -O3 -fomit-frame-pointer line 29 q == -(0x1efULL << 33)
FAIL: gcc.dg/guality/csttest.c -O3 -fomit-frame-pointer line 29 r == -(0x1efULL << 50)
FAIL: gcc.dg/guality/csttest.c -O3 -fomit-frame-pointer line 55 a == (0x17ULL << 31)
FAIL: gcc.dg/guality/csttest.c -O3 -fomit-frame-pointer line 55 b == (0x7ULL << 33)
FAIL: gcc.dg/guality/csttest.c -O3 -fomit-frame-pointer line 55 c == (0x1ULL << 35)
FAIL: gcc.dg/guality/csttest.c -O3 -fomit-frame-pointer line 55 d == (0x17ULL << 15)
FAIL: gcc.dg/guality/csttest.c -O3 -fomit-frame-pointer line 55 e == (0x17ULL << 50)
FAIL: gcc.dg/guality/csttest.c -O3 -fomit-frame-pointer line 55 f == (0x37ULL << 31)
FAIL: gcc.dg/guality/csttest.c -O3 -fomit-frame-pointer line 55 g == (0x37ULL << 50)
FAIL: gcc.dg/guality/csttest.c -O3 -fomit-frame-pointer line 55 h == (0x1efULL << 33)
FAIL: gcc.dg/guality/csttest.c -O3 -fomit-frame-pointer line 55 i == (0x1efULL << 50)
FAIL: gcc.dg/guality/csttest.c -O3 -fomit-frame-pointer line 55 j == -(0x17ULL << 31)
FAIL: gcc.dg/guality/csttest.c -O3 -fomit-frame-pointer line 55 k == -(0x7ULL << 33)
FAIL: gcc.dg/guality/csttest.c -O3 -fomit-frame-pointer line 55 l == -(0x1ULL << 35)
FAIL: gcc.dg/guality/csttest.c -O3 -fomit-frame-pointer line 55 m == -(0x17ULL << 15)
FAIL: gcc.dg/guality/csttest.c -O3 -fomit-frame-pointer line 55 n == -(0x17ULL << 50)
FAIL: gcc.dg/guality/csttest.c -O3 -fomit-frame-pointer line 55 o == -(0x37ULL << 31)
FAIL: gcc.dg/guality/csttest.c -O3 -fomit-frame-pointer line 55 p == -(0x37ULL << 50)
FAIL: gcc.dg/guality/csttest.c -O3 -fomit-frame-pointer line 55 q == -(0x1efULL << 33)
FAIL: gcc.dg/guality/csttest.c -O3 -fomit-frame-pointer line 55 r == -(0x1efULL << 50)
FAIL: gcc.dg/guality/csttest.c -O3 -g line 29 a == (0x17ULL << 31)
FAIL: gcc.dg/guality/csttest.c -O3 -g line 29 b == (0x7ULL << 33)
FAIL: gcc.dg/guality/csttest.c -O3 -g line 29 c == (0x1ULL << 35)
FAIL: gcc.dg/guality/csttest.c -O3 -g line 29 d == (0x17ULL << 15)
FAIL: gcc.dg/guality/csttest.c -O3 -g line 29 e == (0x17ULL << 50)
FAIL: gcc.dg/guality/csttest.c -O3 -g line 29 f == (0x37ULL << 31)
FAIL: gcc.dg/guality/csttest.c -O3 -g line 29 g == (0x37ULL << 50)
FAIL: gcc.dg/guality/csttest.c -O3 -g line 29 h == (0x1efULL << 33)
FAIL: gcc.dg/guality/csttest.c -O3 -g line 29 i == (0x1efULL << 50)
FAIL: gcc.dg/guality/csttest.c -O3 -g line 29 j == -(0x17ULL << 31)
FAIL: gcc.dg/guality/csttest.c -O3 -g line 29 k == -(0x7ULL << 33)
FAIL: gcc.dg/guality/csttest.c -O3 -g line 29 l == -(0x1ULL << 35)
FAIL: gcc.dg/guality/csttest.c -O3 -g line 29 m == -(0x17ULL << 15)
FAIL: gcc.dg/guality/csttest.c -O3 -g line 29 n == -(0x17ULL << 50)
FAIL: gcc.dg/guality/csttest.c -O3 -g line 29 o == -(0x37ULL << 31)
FAIL: gcc.dg/guality/csttest.c -O3 -g line 29 p == -(0x37ULL << 50)
FAIL: gcc.dg/guality/csttest.c -O3 -g line 29 q == -(0x1efULL << 33)
FAIL: gcc.dg/guality/csttest.c -O3 -g line 29 r == -(0x1efULL << 50)
FAIL: gcc.dg/guality/csttest.c -O3 -g line 55 a == (0x17ULL << 31)
FAIL: gcc.dg/guality/csttest.c -O3 -g line 55 b == (0x7ULL << 33)
FAIL: gcc.dg/guality/csttest.c -O3 -g line 55 c == (0x1ULL << 35)
FAIL: gcc.dg/guality/csttest.c -O3 -g line 55 d == (0x17ULL << 15)
FAIL: gcc.dg/guality/csttest.c -O3 -g line 55 e == (0x17ULL << 50)
FAIL: gcc.dg/guality/csttest.c -O3 -g line 55 f == (0x37ULL << 31)
FAIL: gcc.dg/guality/csttest.c -O3 -g line 55 g == (0x37ULL << 50)
FAIL: gcc.dg/guality/csttest.c -O3 -g line 55 h == (0x1efULL << 33)
FAIL: gcc.dg/guality/csttest.c -O3 -g line 55 i == (0x1efULL << 50)
FAIL: gcc.dg/guality/csttest.c -O3 -g line 55 j == -(0x17ULL << 31)
FAIL: gcc.dg/guality/csttest.c -O3 -g line 55 k == -(0x7ULL << 33)
FAIL: gcc.dg/guality/csttest.c -O3 -g line 55 l == -(0x1ULL << 35)
FAIL: gcc.dg/guality/csttest.c -O3 -g line 55 m == -(0x17ULL << 15)
FAIL: gcc.dg/guality/csttest.c -O3 -g line 55 n == -(0x17ULL << 50)
FAIL: gcc.dg/guality/csttest.c -O3 -g line 55 o == -(0x37ULL << 31)
FAIL: gcc.dg/guality/csttest.c -O3 -g line 55 p == -(0x37ULL << 50)
FAIL: gcc.dg/guality/csttest.c -O3 -g line 55 q == -(0x1efULL << 33)
FAIL: gcc.dg/guality/csttest.c -O3 -g line 55 r == -(0x1efULL << 50)
XPASS: gcc.dg/guality/example.c -O0 execution test
WARNING: program timed out.
XPASS: gcc.dg/guality/guality.c -O0 execution test
WARNING: program timed out.
FAIL: gcc.dg/guality/inline-params.c -O1 execution test
FAIL: gcc.dg/guality/pr36728-1.c -O0 line 12 y == 2
FAIL: gcc.dg/guality/pr36728-1.c -O1 line 12 y == 2
FAIL: gcc.dg/guality/pr36728-1.c -O1 line 14 *x == (char) 25
FAIL: gcc.dg/guality/pr36728-1.c -O1 line 14 y == 2
FAIL: gcc.dg/guality/pr36728-1.c -O2 line 12 y == 2
FAIL: gcc.dg/guality/pr36728-1.c -O3 -fomit-frame-pointer line 12 y == 2
FAIL: gcc.dg/guality/pr36728-1.c -O3 -g line 12 y == 2
FAIL: gcc.dg/guality/pr36728-1.c -O2 -flto -flto-partition=none line 12 y == 2
FAIL: gcc.dg/guality/pr36728-1.c -O2 -flto line 12 y == 2
FAIL: gcc.dg/guality/pr36728-2.c -O1 line 12 y == 2
FAIL: gcc.dg/guality/pr36728-2.c -O1 line 14 *x == (char) 25
XPASS: gcc.dg/guality/pr41353-1.c -O0 line 28 j == 28 + 37
XPASS: gcc.dg/guality/pr41353-1.c -O1 line 28 j == 28 + 37
XPASS: gcc.dg/guality/pr41353-1.c -O2 line 28 j == 28 + 37
FAIL: gcc.dg/guality/pr41353-1.c -O3 -fomit-frame-pointer line 17 vari1 == 2 * 17
FAIL: gcc.dg/guality/pr41353-1.c -O3 -fomit-frame-pointer line 17 vari2 == 3 * 17
FAIL: gcc.dg/guality/pr41353-1.c -O3 -fomit-frame-pointer line 17 vari3 == 2 * 17
FAIL: gcc.dg/guality/pr41353-1.c -O3 -fomit-frame-pointer line 17 vari4 == 3 * 17
FAIL: gcc.dg/guality/pr41353-1.c -O3 -fomit-frame-pointer line 17 vari5 == 4 * 17
FAIL: gcc.dg/guality/pr41353-1.c -O3 -fomit-frame-pointer line 17 vari6 == 5 * 17
FAIL: gcc.dg/guality/pr41353-1.c -O3 -fomit-frame-pointer line 28 i1 == 2 * 37
FAIL: gcc.dg/guality/pr41353-1.c -O3 -fomit-frame-pointer line 28 i2 == 3 * 37
FAIL: gcc.dg/guality/pr41353-1.c -O3 -fomit-frame-pointer line 39 i == 12
FAIL: gcc.dg/guality/pr41353-1.c -O3 -fomit-frame-pointer line 39 i1 == 2 * 12
FAIL: gcc.dg/guality/pr41353-1.c -O3 -fomit-frame-pointer line 39 i2 == 2 * 12
FAIL: gcc.dg/guality/pr41353-1.c -O3 -fomit-frame-pointer line 39 i3 == 3 * 12
FAIL: gcc.dg/guality/pr41353-1.c -O3 -g line 17 vari1 == 2 * 17
FAIL: gcc.dg/guality/pr41353-1.c -O3 -g line 17 vari2 == 3 * 17
FAIL: gcc.dg/guality/pr41353-1.c -O3 -g line 17 vari3 == 2 * 17
FAIL: gcc.dg/guality/pr41353-1.c -O3 -g line 17 vari4 == 3 * 17
FAIL: gcc.dg/guality/pr41353-1.c -O3 -g line 17 vari5 == 4 * 17
FAIL: gcc.dg/guality/pr41353-1.c -O3 -g line 17 vari6 == 5 * 17
FAIL: gcc.dg/guality/pr41353-1.c -O3 -g line 28 i1 == 2 * 37
FAIL: gcc.dg/guality/pr41353-1.c -O3 -g line 28 i2 == 3 * 37
FAIL: gcc.dg/guality/pr41353-1.c -O3 -g line 39 i == 12
FAIL: gcc.dg/guality/pr41353-1.c -O3 -g line 39 i1 == 2 * 12
FAIL: gcc.dg/guality/pr41353-1.c -O3 -g line 39 i2 == 2 * 12
FAIL: gcc.dg/guality/pr41353-1.c -O3 -g line 39 i3 == 3 * 12
XPASS: gcc.dg/guality/pr41353-1.c -Os line 28 j == 28 + 37
XPASS: gcc.dg/guality/pr41353-1.c -O2 -flto -flto-partition=none line 28 j == 28 + 37
XPASS: gcc.dg/guality/pr41353-1.c -O2 -flto line 28 j == 28 + 37
FAIL: gcc.dg/guality/pr41353-2.c -O3 -fomit-frame-pointer line 13 vari1 == 2 * 17
FAIL: gcc.dg/guality/pr41353-2.c -O3 -fomit-frame-pointer line 13 vari2 == 3 * 17
FAIL: gcc.dg/guality/pr41353-2.c -O3 -g line 13 vari1 == 2 * 17
FAIL: gcc.dg/guality/pr41353-2.c -O3 -g line 13 vari2 == 3 * 17
FAIL: gcc.dg/guality/pr41404-1.c -O1 line 10 *foo == 'f'
FAIL: gcc.dg/guality/pr41404-1.c -O2 line 10 *foo == 'f'
FAIL: gcc.dg/guality/pr41404-1.c -Os line 10 *foo == 'f'
FAIL: gcc.dg/guality/pr41404-1.c -O2 -flto -flto-partition=none line 10 *foo == 'f'
FAIL: gcc.dg/guality/pr41404-1.c -O2 -flto line 10 *foo == 'f'
XPASS: gcc.dg/guality/pr41447-1.c -O0 execution test
WARNING: program timed out.
XPASS: gcc.dg/guality/pr41616-1.c -O0 execution test
FAIL: gcc.dg/guality/pr43051-1.c -O1 line 39 c == &a[0]
FAIL: gcc.dg/guality/pr43077-1.c -O0 line 19 vara == 1
FAIL: gcc.dg/guality/pr43077-1.c -O1 line 42 b == 2
FAIL: gcc.dg/guality/pr43077-1.c -O3 -fomit-frame-pointer line 11 vara == 0
FAIL: gcc.dg/guality/pr43077-1.c -O3 -fomit-frame-pointer line 19 vara == 1
FAIL: gcc.dg/guality/pr43077-1.c -O3 -fomit-frame-pointer line 42 a == 1
FAIL: gcc.dg/guality/pr43077-1.c -O3 -fomit-frame-pointer line 42 vara == 1
FAIL: gcc.dg/guality/pr43077-1.c -O3 -fomit-frame-pointer line 42 varb == 2
FAIL: gcc.dg/guality/pr43077-1.c -O3 -fomit-frame-pointer line 42 varc == 3
FAIL: gcc.dg/guality/pr43077-1.c -O3 -g line 11 vara == 0
FAIL: gcc.dg/guality/pr43077-1.c -O3 -g line 19 vara == 1
FAIL: gcc.dg/guality/pr43077-1.c -O3 -g line 42 a == 1
FAIL: gcc.dg/guality/pr43077-1.c -O3 -g line 42 vara == 1
FAIL: gcc.dg/guality/pr43077-1.c -O3 -g line 42 varb == 2
FAIL: gcc.dg/guality/pr43077-1.c -O3 -g line 42 varc == 3
FAIL: gcc.dg/guality/pr43177.c -O3 -fomit-frame-pointer line 15 x == 7
FAIL: gcc.dg/guality/pr43177.c -O3 -fomit-frame-pointer line 24 x == 7
FAIL: gcc.dg/guality/pr43177.c -O3 -g line 15 x == 7
FAIL: gcc.dg/guality/pr43177.c -O3 -g line 24 x == 7
FAIL: gcc.dg/guality/pr43329-1.c -O3 -fomit-frame-pointer line 12 argx == 25
FAIL: gcc.dg/guality/pr43329-1.c -O3 -fomit-frame-pointer line 12 varx == 25
FAIL: gcc.dg/guality/pr43329-1.c -O3 -g line 12 argx == 25
FAIL: gcc.dg/guality/pr43329-1.c -O3 -g line 12 varx == 25
FAIL: gcc.dg/guality/pr43479.c -O3 -fomit-frame-pointer line 13 h == 9
FAIL: gcc.dg/guality/pr43479.c -O3 -fomit-frame-pointer line 18 j == 8
FAIL: gcc.dg/guality/pr43479.c -O3 -fomit-frame-pointer line 18 h == 9
FAIL: gcc.dg/guality/pr43479.c -O3 -g line 13 h == 9
FAIL: gcc.dg/guality/pr43479.c -O3 -g line 18 j == 8
FAIL: gcc.dg/guality/pr43479.c -O3 -g line 18 h == 9
FAIL: gcc.dg/guality/pr43593.c -O1 line 16 j == &i
FAIL: gcc.dg/guality/pr43593.c -O2 line 16 j == &i
FAIL: gcc.dg/guality/pr43593.c -O3 -fomit-frame-pointer line 16 j == &i
FAIL: gcc.dg/guality/pr43593.c -O3 -g line 16 j == &i
FAIL: gcc.dg/guality/pr43593.c -Os line 16 j == &i
FAIL: gcc.dg/guality/pr43593.c -O2 -flto -flto-partition=none line 16 j == &i
FAIL: gcc.dg/guality/pr43593.c -O2 -flto line 16 j == &i
FAIL: gcc.dg/guality/pr45882.c -O3 -fomit-frame-pointer line 16 b == 7
FAIL: gcc.dg/guality/pr45882.c -O3 -fomit-frame-pointer line 16 c == 11
FAIL: gcc.dg/guality/pr45882.c -O3 -fomit-frame-pointer line 16 d == 112
FAIL: gcc.dg/guality/pr45882.c -O3 -fomit-frame-pointer line 16 e == 142
FAIL: gcc.dg/guality/pr45882.c -O3 -g line 16 b == 7
FAIL: gcc.dg/guality/pr45882.c -O3 -g line 16 c == 11
FAIL: gcc.dg/guality/pr45882.c -O3 -g line 16 d == 112
FAIL: gcc.dg/guality/pr45882.c -O3 -g line 16 e == 142
FAIL: gcc.dg/guality/sra-1.c -O1 line 21 a.j == 14
FAIL: gcc.dg/guality/sra-1.c -O2 line 21 a.j == 14
FAIL: gcc.dg/guality/sra-1.c -Os line 21 a.j == 14
FAIL: gcc.dg/guality/sra-1.c -O2 -flto -flto-partition=none line 21 a.j == 14
FAIL: gcc.dg/guality/sra-1.c -O2 -flto line 21 a.j == 14
FAIL: gcc.dg/guality/vla-1.c -O0 line 17 sizeof (a) == 6
FAIL: gcc.dg/guality/vla-1.c -O0 line 24 sizeof (a) == 17 * sizeof (short)
FAIL: gcc.dg/guality/vla-1.c -O1 line 17 sizeof (a) == 6
FAIL: gcc.dg/guality/vla-1.c -O1 line 24 sizeof (a) == 17 * sizeof (short)
FAIL: gcc.dg/guality/vla-1.c -O2 line 17 sizeof (a) == 6
FAIL: gcc.dg/guality/vla-1.c -O2 line 24 sizeof (a) == 17 * sizeof (short)
FAIL: gcc.dg/guality/vla-1.c -O3 -fomit-frame-pointer line 17 i == 5
FAIL: gcc.dg/guality/vla-1.c -O3 -fomit-frame-pointer line 17 sizeof (a) == 6
FAIL: gcc.dg/guality/vla-1.c -O3 -fomit-frame-pointer line 24 i == 5
FAIL: gcc.dg/guality/vla-1.c -O3 -fomit-frame-pointer line 24 sizeof (a) == 17 * sizeof (short)
FAIL: gcc.dg/guality/vla-1.c -O3 -g line 17 i == 5
FAIL: gcc.dg/guality/vla-1.c -O3 -g line 17 sizeof (a) == 6
FAIL: gcc.dg/guality/vla-1.c -O3 -g line 24 i == 5
FAIL: gcc.dg/guality/vla-1.c -O3 -g line 24 sizeof (a) == 17 * sizeof (short)
FAIL: gcc.dg/guality/vla-1.c -Os line 17 sizeof (a) == 6
FAIL: gcc.dg/guality/vla-1.c -Os line 24 sizeof (a) == 17 * sizeof (short)
FAIL: gcc.dg/guality/vla-1.c -O2 -flto -flto-partition=none line 17 sizeof (a) == 6
FAIL: gcc.dg/guality/vla-1.c -O2 -flto -flto-partition=none line 24 sizeof (a) == 17 * sizeof (short)
FAIL: gcc.dg/guality/vla-1.c -O2 -flto line 17 sizeof (a) == 6
FAIL: gcc.dg/guality/vla-1.c -O2 -flto line 24 sizeof (a) == 17 * sizeof (short)
FAIL: gcc.dg/guality/vla-2.c -O0 line 16 sizeof (a) == 5 * sizeof (int)
FAIL: gcc.dg/guality/vla-2.c -O0 line 25 sizeof (a) == 6 * sizeof (int)
FAIL: gcc.dg/guality/vla-2.c -O1 line 16 sizeof (a) == 5 * sizeof (int)
FAIL: gcc.dg/guality/vla-2.c -O1 line 25 sizeof (a) == 6 * sizeof (int)
FAIL: gcc.dg/guality/vla-2.c -O2 line 16 sizeof (a) == 5 * sizeof (int)
FAIL: gcc.dg/guality/vla-2.c -O2 line 25 sizeof (a) == 6 * sizeof (int)
FAIL: gcc.dg/guality/vla-2.c -O3 -fomit-frame-pointer line 16 sizeof (a) == 5 * sizeof (int)
FAIL: gcc.dg/guality/vla-2.c -O3 -fomit-frame-pointer line 25 sizeof (a) == 6 * sizeof (int)
FAIL: gcc.dg/guality/vla-2.c -O3 -g line 16 sizeof (a) == 5 * sizeof (int)
FAIL: gcc.dg/guality/vla-2.c -O3 -g line 25 sizeof (a) == 6 * sizeof (int)
FAIL: gcc.dg/guality/vla-2.c -Os line 16 sizeof (a) == 5 * sizeof (int)
FAIL: gcc.dg/guality/vla-2.c -Os line 25 sizeof (a) == 6 * sizeof (int)
FAIL: gcc.dg/guality/vla-2.c -O2 -flto -flto-partition=none line 16 sizeof (a) == 5 * sizeof (int)
FAIL: gcc.dg/guality/vla-2.c -O2 -flto -flto-partition=none line 25 sizeof (a) == 6 * sizeof (int)
FAIL: gcc.dg/guality/vla-2.c -O2 -flto line 16 sizeof (a) == 5 * sizeof (int)
FAIL: gcc.dg/guality/vla-2.c -O2 -flto line 25 sizeof (a) == 6 * sizeof (int)
XPASS: gcc.dg/tree-ssa/20040204-1.c scan-tree-dump-times optimized "link_error" 0
XPASS: gcc.dg/tree-ssa/loop-1.c scan-assembler-times foo 5
FAIL: gcc.dg/tree-ssa/vrp47.c scan-tree-dump-times dom1 "x[^ ]* & y" 1
XPASS: gcc.dg/vect/pr33804.c scan-tree-dump-times vect "vectorized 1 loops" 1
XPASS: gcc.dg/vect/pr33804.c scan-tree-dump-times vect "vectorizing stmts using SLP" 1
XPASS: gcc.dg/vect/pr33953.c scan-tree-dump-times vect "vectorized 1 loops" 1
XPASS: gcc.dg/vect/pr33953.c scan-tree-dump-times vect "vectorizing stmts using SLP" 1
FAIL: gcc.dg/vect/vect-120.c scan-tree-dump-times vect "vectorized 1 loops" 1
XPASS: gcc.dg/vect/vect-35.c scan-tree-dump-times vect "vectorized 2 loops" 1
XPASS: gcc.dg/vect/vect-outer-5.c scan-tree-dump-times vect "zero step in outer loop." 1
XPASS: gcc.dg/vect/pr33804.c -flto scan-tree-dump-times vect "vectorized 1 loops" 1
XPASS: gcc.dg/vect/pr33804.c -flto scan-tree-dump-times vect "vectorizing stmts using SLP" 1
XPASS: gcc.dg/vect/pr33953.c -flto scan-tree-dump-times vect "vectorized 1 loops" 1
XPASS: gcc.dg/vect/pr33953.c -flto scan-tree-dump-times vect "vectorizing stmts using SLP" 1
FAIL: gcc.dg/vect/vect-120.c -flto scan-tree-dump-times vect "vectorized 1 loops" 1
XPASS: gcc.dg/vect/vect-35.c -flto scan-tree-dump-times vect "vectorized 2 loops" 1
XPASS: gcc.dg/vect/vect-outer-5.c -flto scan-tree-dump-times vect "zero step in outer loop." 1
XPASS: gcc.dg/vect/no-scevccp-outer-21.c scan-tree-dump-times vect "OUTER LOOP VECTORIZED." 1
XPASS: gcc.dg/vect/if-cvt-stores-vect-ifcvt-18.c scan-tree-dump-times vect "vectorized 1 loops" 1
=== gcc Summary ===
# of expected passes 73299
# of unexpected failures 208
# of unexpected successes 26
# of expected failures 351
# of unsupported tests 1123
/home/guerby/build/gcc/xgcc version 4.7.0 20110713 (experimental) [trunk revision 176224] (GCC)
=== gfortran tests ===
Running target unix
=== gfortran Summary ===
# of expected passes 39172
# of expected failures 49
# of unsupported tests 61
/home/guerby/build/gcc/testsuite/gfortran/../../gfortran version 4.7.0 20110713 (experimental) [trunk revision 176224] (GCC)
=== g++ tests ===
Running target unix
FAIL: g++.dg/cpp0x/constexpr-rom.C scan-assembler rodata
FAIL: g++.dg/inherit/covariant7.C scan-tree-dump class "48 .*c6::_ZTcv0_n32_v0_n24_NV2c62f2Ev"
FAIL: g++.dg/inherit/covariant7.C scan-tree-dump class "56 .*c6::f2"
FAIL: g++.dg/inherit/covariant7.C scan-tree-dump class "168 .*c6::_ZTv0_n32_NV2c62f2Ev"
FAIL: g++.dg/guality/redeclaration1.C -O0 line 17 i == 24
FAIL: g++.dg/guality/redeclaration1.C -O1 line 17 i == 24
FAIL: g++.dg/guality/redeclaration1.C -O2 line 17 i == 24
FAIL: g++.dg/guality/redeclaration1.C -O3 -fomit-frame-pointer line 14 i == 42
FAIL: g++.dg/guality/redeclaration1.C -O3 -fomit-frame-pointer line 17 i == 24
FAIL: g++.dg/guality/redeclaration1.C -O3 -g line 14 i == 42
FAIL: g++.dg/guality/redeclaration1.C -O3 -g line 17 i == 24
FAIL: g++.dg/guality/redeclaration1.C -Os line 17 i == 24
=== g++ Summary ===
# of expected passes 26613
# of unexpected failures 12
# of expected failures 156
# of unsupported tests 407
/home/guerby/build/gcc/testsuite/g++/../../g++ version 4.7.0 20110713 (experimental) [trunk revision 176224] (GCC)
=== gnat tests ===
Running target unix
FAIL: gnat.dg/specs/debug1.ads scan-assembler-times byte\\t0x1\\t# DW_AT_artificial 4
=== gnat Summary ===
# of expected passes 913
# of unexpected failures 1
# of expected failures 11
# of unsupported tests 3
/home/guerby/build/gcc/gnatmake version 4.7.0 20110713 (experimental) [trunk revision 176224]
=== objc tests ===
Running target unix
=== objc Summary ===
# of expected passes 2978
# of unsupported tests 75
/home/guerby/build/gcc/xgcc version 4.7.0 20110713 (experimental) [trunk revision 176224] (GCC)
=== boehm-gc tests ===
Running target unix
FAIL: boehm-gc.c/thread_leak_test.c -O2 (test for excess errors)
=== boehm-gc Summary ===
# of expected passes 11
# of unexpected failures 1
# of unsupported tests 1
=== libffi tests ===
Running target unix
=== libffi Summary ===
# of expected passes 1634
# of expected failures 10
# of unsupported tests 15
=== libgomp tests ===
Running target unix
=== libgomp Summary ===
# of expected passes 2592
=== libjava tests ===
Running target unix
FAIL: getlocalvartable output
FAIL: Throw_3 -O3 output - source compiled test
FAIL: Throw_3 -O3 -findirect-dispatch output - source compiled test
=== libjava Summary ===
# of expected passes 2571
# of unexpected failures 3
=== libmudflap tests ===
Running target unix
FAIL: libmudflap.c++/pass55-frag.cxx ( -O) execution test
=== libmudflap Summary ===
# of expected passes 1893
# of unexpected failures 1
=== libstdc++ tests ===
Running target unix
=== libstdc++ Summary ===
# of expected passes 7783
# of expected failures 45
# of unsupported tests 443
Compiler version: 4.7.0 20110713 (experimental) [trunk revision 176224] (GCC)
Platform: ia64-unknown-linux-gnu
configure flags: --disable-nls --enable-__cxa_atexit --enable-threads=posix --enable-languages=all,ada --prefix=/n/66/guerby/install-trunk-176224