This is the mail archive of the
gcc-testresults@gcc.gnu.org
mailing list for the GCC project.
Results for 4.6.2 20110708 (prerelease) [gcc-4_6-branch revision 176024] (GCC) testsuite on i386-pc-solaris2.11
- From: Rainer Orth <ro at CeBiTec dot Uni-Bielefeld dot DE>
- To: gcc-testresults at gcc dot gnu dot org
- Date: Mon, 11 Jul 2011 11:58:45 +0200 (MEST)
- Subject: Results for 4.6.2 20110708 (prerelease) [gcc-4_6-branch revision 176024] (GCC) testsuite on i386-pc-solaris2.11
LAST_UPDATED: Fri Jul 8 15:59:02 UTC 2011 (revision 176024)
=== acats tests ===
=== acats Summary ===
# of expected passes 2321
# of unexpected failures 0
Native configuration is i386-pc-solaris2.11
=== g++ tests ===
Running target unix
=== g++ Summary for unix ===
# of expected passes 26957
# of expected failures 165
# of unsupported tests 190
Running target unix/-m64
=== g++ Summary for unix/-m64 ===
# of expected passes 27189
# of expected failures 165
# of unsupported tests 389
=== g++ Summary ===
# of expected passes 54146
# of expected failures 330
# of unsupported tests 579
/var/gcc/regression/gcc-4.6-branch/11-gcc-gas/build/gcc/testsuite/g++/../../g++ version 4.6.2 20110708 (prerelease) [gcc-4_6-branch revision 176024] (GCC)
=== gcc tests ===
Running target unix
FAIL: gcc.dg/lto/20110201-1 c_lto_20110201-1_0.o-c_lto_20110201-1_0.o link, -O0 -flto
UNRESOLVED: gcc.dg/lto/20110201-1 c_lto_20110201-1_0.o-c_lto_20110201-1_0.o execute -O0 -flto
=== gcc Summary for unix ===
# of expected passes 76273
# of unexpected failures 1
# of expected failures 213
# of unresolved testcases 1
# of unsupported tests 788
Running target unix/-m64
=== gcc Summary for unix/-m64 ===
# of expected passes 76358
# of expected failures 212
# of unsupported tests 1203
=== gcc Summary ===
# of expected passes 152631
# of unexpected failures 1
# of expected failures 425
# of unresolved testcases 1
# of unsupported tests 1991
/var/gcc/regression/gcc-4.6-branch/11-gcc-gas/build/gcc/xgcc version 4.6.2 20110708 (prerelease) [gcc-4_6-branch revision 176024] (GCC)
=== gfortran tests ===
Running target unix
=== gfortran Summary for unix ===
# of expected passes 38417
# of expected failures 41
# of unsupported tests 228
Running target unix/-m64
=== gfortran Summary for unix/-m64 ===
# of expected passes 38714
# of expected failures 41
# of unsupported tests 88
=== gfortran Summary ===
# of expected passes 77131
# of expected failures 82
# of unsupported tests 316
/var/gcc/regression/gcc-4.6-branch/11-gcc-gas/build/gcc/testsuite/gfortran/../../gfortran version 4.6.2 20110708 (prerelease) [gcc-4_6-branch revision 176024] (GCC)
=== gnat tests ===
Running target unix
=== gnat Summary for unix ===
# of expected passes 870
# of expected failures 10
# of unsupported tests 3
Running target unix/-m64
=== gnat Summary for unix/-m64 ===
# of expected passes 870
# of expected failures 10
# of unsupported tests 3
=== gnat Summary ===
# of expected passes 1740
# of expected failures 20
# of unsupported tests 6
/var/gcc/regression/gcc-4.6-branch/11-gcc-gas/build/gcc/gnatmake version 4.6.2 20110708 (prerelease) [gcc-4_6-branch revision 176024]
=== objc tests ===
Running target unix
=== objc Summary for unix ===
# of expected passes 2920
# of expected failures 6
# of unsupported tests 74
Running target unix/-m64
=== objc Summary for unix/-m64 ===
# of expected passes 2910
# of expected failures 16
# of unsupported tests 74
=== objc Summary ===
# of expected passes 5830
# of expected failures 22
# of unsupported tests 148
/var/gcc/regression/gcc-4.6-branch/11-gcc-gas/build/gcc/xgcc version 4.6.2 20110708 (prerelease) [gcc-4_6-branch revision 176024] (GCC)
=== libffi tests ===
Running target unix
=== libffi Summary for unix ===
# of expected passes 1634
# of expected failures 10
# of unsupported tests 15
Running target unix/-m64
=== libffi Summary for unix/-m64 ===
# of expected passes 1634
# of expected failures 10
# of unsupported tests 15
=== libffi Summary ===
# of expected passes 3268
# of expected failures 20
# of unsupported tests 30
=== libgomp tests ===
Running target unix
=== libgomp Summary for unix ===
# of expected passes 2586
# of unsupported tests 3
Running target unix/-m64
=== libgomp Summary for unix/-m64 ===
# of expected passes 2586
# of unsupported tests 3
=== libgomp Summary ===
# of expected passes 5172
# of unsupported tests 6
=== libjava tests ===
Running target unix
=== libjava Summary for unix ===
# of expected passes 2574
Running target unix/-m64
=== libjava Summary for unix/-m64 ===
# of expected passes 2574
=== libjava Summary ===
# of expected passes 5148
=== libstdc++ tests ===
Running target unix
=== libstdc++ Summary for unix ===
# of expected passes 7393
# of expected failures 82
# of unsupported tests 460
Running target unix/-m64
=== libstdc++ Summary for unix/-m64 ===
# of expected passes 7393
# of expected failures 82
# of unsupported tests 460
=== libstdc++ Summary ===
# of expected passes 14786
# of expected failures 164
# of unsupported tests 920
Compiler version: 4.6.2 20110708 (prerelease) [gcc-4_6-branch revision 176024] (GCC)
Platform: i386-pc-solaris2.11
configure flags: --prefix=/vol/gcc --target=i386-pc-solaris2.11 --with-as=/vol/gcc/bin/gas-2.21.1 --with-gnu-as --with-gmp-include=/vol/gcc/include --with-gmp-lib=/vol/gcc/lib --with-mpfr-include=/vol/gcc/include --with-mpfr-lib=/vol/gcc/lib --with-mpc-include=/vol/gcc/include --with-mpc-lib=/vol/gcc/lib --enable-languages=all,ada --without-ppl --without-cloog
BOOT_CFLAGS=-g -O2