This is the mail archive of the
gcc-testresults@gcc.gnu.org
mailing list for the GCC project.
Results for 4.7.0 20110708 (experimental) [trunk revision 176045] (GCC) testsuite on sparcv9-sun-solaris2.10
- From: ro at CeBiTec dot Uni-Bielefeld dot DE (Rainer Orth)
- To: gcc-testresults at gcc dot gnu dot org
- Date: Mon, 11 Jul 2011 11:58:07 +0200 (CEST)
- Subject: Results for 4.7.0 20110708 (experimental) [trunk revision 176045] (GCC) testsuite on sparcv9-sun-solaris2.10
LAST_UPDATED: Fri Jul 8 15:57:17 UTC 2011 (revision 176045)
=== acats tests ===
=== acats Summary ===
# of expected passes 2321
# of unexpected failures 0
Native configuration is sparcv9-sun-solaris2.10
=== g++ tests ===
Running target unix
FAIL: g++.dg/lto/20091219 cp_lto_20091219_0.o-cp_lto_20091219_0.o link, -O3 -flto
UNRESOLVED: g++.dg/lto/20091219 cp_lto_20091219_0.o-cp_lto_20091219_0.o execute -O3 -flto
=== g++ Summary for unix ===
# of expected passes 27540
# of unexpected failures 1
# of expected failures 157
# of unresolved testcases 1
# of unsupported tests 431
Running target unix/-m32
FAIL: g++.dg/lto/20091219 cp_lto_20091219_0.o-cp_lto_20091219_0.o link, -O3 -flto
UNRESOLVED: g++.dg/lto/20091219 cp_lto_20091219_0.o-cp_lto_20091219_0.o execute -O3 -flto
=== g++ Summary for unix/-m32 ===
# of expected passes 26928
# of unexpected failures 1
# of expected failures 157
# of unresolved testcases 1
# of unsupported tests 434
=== g++ Summary ===
# of expected passes 54468
# of unexpected failures 2
# of expected failures 314
# of unresolved testcases 2
# of unsupported tests 865
/var/gcc/regression/trunk/10-gcc-64/build/gcc/testsuite/g++/../../g++ version 4.7.0 20110708 (experimental) [trunk revision 176045] (GCC)
=== gcc tests ===
Running target unix
FAIL: gcc.c-torture/compile/limits-exprparen.c -O0 (internal compiler error)
FAIL: gcc.c-torture/compile/limits-exprparen.c -O0 (test for excess errors)
FAIL: gcc.c-torture/compile/limits-exprparen.c -O1 (internal compiler error)
FAIL: gcc.c-torture/compile/limits-exprparen.c -O1 (test for excess errors)
FAIL: gcc.c-torture/compile/limits-exprparen.c -O2 (internal compiler error)
FAIL: gcc.c-torture/compile/limits-exprparen.c -O2 (test for excess errors)
FAIL: gcc.c-torture/compile/limits-exprparen.c -O3 -fomit-frame-pointer (internal compiler error)
FAIL: gcc.c-torture/compile/limits-exprparen.c -O3 -fomit-frame-pointer (test for excess errors)
FAIL: gcc.c-torture/compile/limits-exprparen.c -O3 -g (internal compiler error)
FAIL: gcc.c-torture/compile/limits-exprparen.c -O3 -g (test for excess errors)
FAIL: gcc.c-torture/compile/limits-exprparen.c -Os (internal compiler error)
FAIL: gcc.c-torture/compile/limits-exprparen.c -Os (test for excess errors)
FAIL: gcc.c-torture/compile/limits-exprparen.c -O2 -flto -flto-partition=none (internal compiler error)
FAIL: gcc.c-torture/compile/limits-exprparen.c -O2 -flto -flto-partition=none (test for excess errors)
FAIL: gcc.c-torture/compile/limits-exprparen.c -O2 -flto (internal compiler error)
FAIL: gcc.c-torture/compile/limits-exprparen.c -O2 -flto (test for excess errors)
FAIL: gcc.dg/pr44194-1.c scan-rtl-dump dse1 "global deletions = 2"
FAIL: gcc.dg/tree-ssa/vrp47.c scan-tree-dump-times dom1 "x[^ ]* & y" 1
=== gcc Summary for unix ===
# of expected passes 72163
# of unexpected failures 18
# of expected failures 280
# of unsupported tests 1311
Running target unix/-m32
FAIL: gcc.c-torture/compile/limits-exprparen.c -O0 (internal compiler error)
FAIL: gcc.c-torture/compile/limits-exprparen.c -O0 (test for excess errors)
FAIL: gcc.c-torture/compile/limits-exprparen.c -O1 (internal compiler error)
FAIL: gcc.c-torture/compile/limits-exprparen.c -O1 (test for excess errors)
FAIL: gcc.c-torture/compile/limits-exprparen.c -O2 (internal compiler error)
FAIL: gcc.c-torture/compile/limits-exprparen.c -O2 (test for excess errors)
FAIL: gcc.c-torture/compile/limits-exprparen.c -O3 -fomit-frame-pointer (internal compiler error)
FAIL: gcc.c-torture/compile/limits-exprparen.c -O3 -fomit-frame-pointer (test for excess errors)
FAIL: gcc.c-torture/compile/limits-exprparen.c -O3 -g (internal compiler error)
FAIL: gcc.c-torture/compile/limits-exprparen.c -O3 -g (test for excess errors)
FAIL: gcc.c-torture/compile/limits-exprparen.c -Os (internal compiler error)
FAIL: gcc.c-torture/compile/limits-exprparen.c -Os (test for excess errors)
FAIL: gcc.c-torture/compile/limits-exprparen.c -O2 -flto -flto-partition=none (internal compiler error)
FAIL: gcc.c-torture/compile/limits-exprparen.c -O2 -flto -flto-partition=none (test for excess errors)
FAIL: gcc.c-torture/compile/limits-exprparen.c -O2 -flto (internal compiler error)
FAIL: gcc.c-torture/compile/limits-exprparen.c -O2 -flto (test for excess errors)
FAIL: gcc.dg/tree-ssa/vrp47.c scan-tree-dump-times dom1 "x[^ ]* & y" 1
FAIL: gcc.dg/vect/slp-multitypes-2.c execution test
FAIL: gcc.dg/vect/slp-multitypes-2.c -flto execution test
=== gcc Summary for unix/-m32 ===
# of expected passes 71505
# of unexpected failures 19
# of expected failures 289
# of unsupported tests 1319
=== gcc Summary ===
# of expected passes 143668
# of unexpected failures 37
# of expected failures 569
# of unsupported tests 2630
/var/gcc/regression/trunk/10-gcc-64/build/gcc/xgcc version 4.7.0 20110708 (experimental) [trunk revision 176045] (GCC)
=== gfortran tests ===
Running target unix
FAIL: gfortran.dg/coarray_lock_3.f90 -O (test for errors, line 72)
=== gfortran Summary for unix ===
# of expected passes 39194
# of unexpected failures 1
# of expected failures 43
# of unsupported tests 98
Running target unix/-m32
FAIL: gfortran.dg/coarray_lock_3.f90 -O (test for errors, line 72)
=== gfortran Summary for unix/-m32 ===
# of expected passes 38867
# of unexpected failures 1
# of expected failures 43
# of unsupported tests 259
=== gfortran Summary ===
# of expected passes 78061
# of unexpected failures 2
# of expected failures 86
# of unsupported tests 357
/var/gcc/regression/trunk/10-gcc-64/build/gcc/testsuite/gfortran/../../gfortran version 4.7.0 20110708 (experimental) [trunk revision 176045] (GCC)
=== gnat tests ===
Running target unix/-m32
=== gnat Summary for unix/-m32 ===
# of expected passes 908
# of expected failures 11
# of unsupported tests 6
Running target unix
=== gnat Summary for unix ===
# of expected passes 908
# of expected failures 11
# of unsupported tests 6
=== gnat Summary ===
# of expected passes 1816
# of expected failures 22
# of unsupported tests 12
/var/gcc/regression/trunk/10-gcc-64/build/gcc/gnatmake version 4.7.0 20110708 (experimental) [trunk revision 176045]
=== go tests ===
Running target unix
FAIL: ./64bit-out.go compilation, -O2 -g
FAIL: ./select5-out.go compilation, -O2 -g
FAIL: ./tmp.go compilation, -O2 -g
FAIL: go.test/test/cmplxdivide.go
WARNING: program timed out.
WARNING: program timed out.
WARNING: program timed out.
WARNING: program timed out.
=== go Summary for unix ===
# of expected passes 2980
# of unexpected failures 4
# of expected failures 23
# of untested testcases 3
Running target unix/-m32
FAIL: ./64bit-out.go compilation, -O2 -g
FAIL: ./select5-out.go compilation, -O2 -g
FAIL: ./tmp.go compilation, -O2 -g
FAIL: go.test/test/fixedbugs/bug273.go execution, -O2 -g
WARNING: program timed out.
WARNING: program timed out.
WARNING: program timed out.
=== go Summary for unix/-m32 ===
# of expected passes 2980
# of unexpected failures 4
# of expected failures 23
# of untested testcases 3
=== go Summary ===
# of expected passes 5960
# of unexpected failures 8
# of expected failures 46
# of untested testcases 6
/var/gcc/regression/trunk/10-gcc-64/build/gcc/testsuite/go/../../gccgo version 4.7.0 20110708 (experimental) [trunk revision 176045] (GCC)
=== obj-c++ tests ===
Running target unix/-m32
=== obj-c++ Summary for unix/-m32 ===
# of expected passes 1446
# of expected failures 2
# of unsupported tests 86
Running target unix
=== obj-c++ Summary for unix ===
# of expected passes 1438
# of expected failures 10
# of unsupported tests 86
=== obj-c++ Summary ===
# of expected passes 2884
# of expected failures 12
# of unsupported tests 172
/var/gcc/regression/trunk/10-gcc-64/build/gcc/testsuite/obj-c++/../../g++ version 4.7.0 20110708 (experimental) [trunk revision 176045] (GCC)
=== objc tests ===
Running target unix
=== objc Summary for unix ===
# of expected passes 2980
# of unsupported tests 74
Running target unix/-m32
=== objc Summary for unix/-m32 ===
# of expected passes 2980
# of unsupported tests 74
=== objc Summary ===
# of expected passes 5960
# of unsupported tests 148
/var/gcc/regression/trunk/10-gcc-64/build/gcc/xgcc version 4.7.0 20110708 (experimental) [trunk revision 176045] (GCC)
=== boehm-gc tests ===
Running target unix/-m32
=== boehm-gc Summary for unix/-m32 ===
# of expected passes 12
# of unsupported tests 1
Running target unix
=== boehm-gc Summary for unix ===
# of expected passes 12
# of unsupported tests 1
=== boehm-gc Summary ===
# of expected passes 24
# of unsupported tests 2
=== libffi tests ===
Running target unix/-m32
=== libffi Summary for unix/-m32 ===
# of expected passes 1634
# of expected failures 10
# of unsupported tests 15
Running target unix
=== libffi Summary for unix ===
# of expected passes 1634
# of expected failures 10
# of unsupported tests 15
=== libffi Summary ===
# of expected passes 3268
# of expected failures 20
# of unsupported tests 30
=== libgo tests ===
Running target unix
FAIL: big
FAIL: rand
FAIL: reflect
FAIL: time
FAIL: try
FAIL: compress/flate
FAIL: crypto/rand
FAIL: testing/quick
=== libgo Summary for unix ===
# of expected passes 116
# of unexpected failures 8
# of untested testcases 2
Running target unix/-m32
FAIL: big
FAIL: rand
FAIL: time
FAIL: try
FAIL: compress/flate
FAIL: compress/lzw
FAIL: compress/zlib
FAIL: crypto/rand
FAIL: testing/quick
=== libgo Summary for unix/-m32 ===
# of expected passes 115
# of unexpected failures 9
# of untested testcases 2
=== libgo Summary ===
# of expected passes 231
# of unexpected failures 17
# of untested testcases 4
/var/gcc/regression/trunk/10-gcc-64/build/./gcc/gccgo version 4.7.0 20110708 (experimental) [trunk revision 176045] (GCC)
=== libgomp tests ===
Running target unix/-m32
=== libgomp Summary for unix/-m32 ===
# of expected passes 2586
# of unsupported tests 3
Running target unix
=== libgomp Summary for unix ===
# of expected passes 2586
# of unsupported tests 3
=== libgomp Summary ===
# of expected passes 5172
# of unsupported tests 6
=== libjava tests ===
Running target unix/-m32
=== libjava Summary for unix/-m32 ===
# of expected passes 2574
Running target unix
=== libjava Summary for unix ===
# of expected passes 2574
=== libjava Summary ===
# of expected passes 5148
=== libstdc++ tests ===
Running target unix
=== libstdc++ Summary for unix ===
# of expected passes 7685
# of expected failures 46
# of unsupported tests 474
Running target unix/-m32
=== libstdc++ Summary for unix/-m32 ===
# of expected passes 7685
# of expected failures 46
# of unsupported tests 474
=== libstdc++ Summary ===
# of expected passes 15370
# of expected failures 92
# of unsupported tests 948
Compiler version: 4.7.0 20110708 (experimental) [trunk revision 176045] (GCC)
Platform: sparcv9-sun-solaris2.10
configure flags: --prefix=/vol/gcc --target=sparcv9-sun-solaris2.10 --enable-objc-gc --with-gmp-include=/vol/gcc/include --with-gmp-lib=/vol/gcc/lib/sparcv9 --with-mpfr-include=/vol/gcc/include --with-mpfr-lib=/vol/gcc/lib/sparcv9 --with-mpc-include=/vol/gcc/include --with-mpc-lib=/vol/gcc/lib/sparcv9 --enable-languages=all,ada,obj-c++,go --without-ppl --without-cloog --build=sparcv9-sun-solaris2.10 --host=sparcv9-sun-solaris2.10
BOOT_CFLAGS=-g -O2