This is the mail archive of the gcc-testresults@gcc.gnu.org mailing list for the GCC project.


Index Nav: [Date Index] [Subject Index] [Author Index] [Thread Index]
Message Nav: [Date Prev] [Date Next] [Thread Prev] [Thread Next]
Other format: [Raw text]

Results for 4.7.0 20110709 (experimental) [trunk revision 176080] (GCC) testsuite on armv7l-unknown-linux-gnueabi


LAST_UPDATED: Sat Jul  9 14:49:51 UTC 2011 (revision 176080)

Native configuration is armv7l-unknown-linux-gnueabi

		=== libgomp tests ===


Running target unix
FAIL: libgomp.c++/ctor-3.C  -O0  execution test
FAIL: libgomp.c++/ctor-3.C  -O1  execution test
FAIL: libgomp.c++/ctor-3.C  -O2  execution test
FAIL: libgomp.c++/ctor-3.C  -O3 -fomit-frame-pointer  execution test
FAIL: libgomp.c++/ctor-3.C  -O3 -fomit-frame-pointer -funroll-loops  execution test
FAIL: libgomp.c++/ctor-3.C  -O3 -fomit-frame-pointer -funroll-all-loops -finline-functions  execution test
FAIL: libgomp.c++/ctor-3.C  -O3 -g  execution test
FAIL: libgomp.c++/ctor-3.C  -Os  execution test
FAIL: libgomp.graphite/force-parallel-1.c scan-tree-dump-times graphite "1 loops carried no dependency" 2
FAIL: libgomp.graphite/force-parallel-1.c scan-tree-dump-times optimized "loopfn" 5

		=== libgomp Summary ===

# of expected passes		1097
# of unexpected failures	10
# of unsupported tests		1
		=== libmudflap tests ===


Running target unix
FAIL: libmudflap.c++/pass55-frag.cxx ( -O) execution test
WARNING: program timed out.
FAIL: libmudflap.cth/pass40-frag.c execution test
FAIL: libmudflap.cth/pass40-frag.c output pattern test
WARNING: program timed out.
FAIL: libmudflap.cth/pass40-frag.c (-static -DSTATIC) execution test
FAIL: libmudflap.cth/pass40-frag.c (-static -DSTATIC) output pattern test
WARNING: program timed out.
FAIL: libmudflap.cth/pass40-frag.c (-O2) execution test
FAIL: libmudflap.cth/pass40-frag.c (-O2) output pattern test
WARNING: program timed out.
FAIL: libmudflap.cth/pass40-frag.c (-O3) execution test
FAIL: libmudflap.cth/pass40-frag.c (-O3) output pattern test

		=== libmudflap Summary ===

# of expected passes		1885
# of unexpected failures	9
		=== libstdc++ tests ===


Running target unix

		=== libstdc++ Summary ===

# of expected passes		7778
# of expected failures		45
# of unsupported tests		443
		=== gcc tests ===


Running target unix
FAIL: gcc.c-torture/compile/920928-2.c  -Os  (internal compiler error)
FAIL: gcc.c-torture/compile/920928-2.c  -Os  (test for excess errors)
WARNING: program timed out.
FAIL: gcc.c-torture/compile/limits-fndefn.c  -O3 -g  (test for excess errors)
FAIL: gcc.c-torture/execute/builtins/strstr-asm.c compilation,  -O2 -flto -flto-partition=none 
UNRESOLVED: gcc.c-torture/execute/builtins/strstr-asm.c execution,  -O2 -flto -flto-partition=none 
FAIL: gcc.c-torture/execute/builtins/strstr-asm.c compilation,  -O2 -flto 
UNRESOLVED: gcc.c-torture/execute/builtins/strstr-asm.c execution,  -O2 -flto 
FAIL: gcc.c-torture/execute/920302-1.c compilation,  -O1  (internal compiler error)
UNRESOLVED: gcc.c-torture/execute/920302-1.c execution,  -O1 
FAIL: gcc.c-torture/execute/920302-1.c compilation,  -O2  (internal compiler error)
UNRESOLVED: gcc.c-torture/execute/920302-1.c execution,  -O2 
FAIL: gcc.c-torture/execute/920302-1.c compilation,  -O3 -fomit-frame-pointer  (internal compiler error)
UNRESOLVED: gcc.c-torture/execute/920302-1.c execution,  -O3 -fomit-frame-pointer 
FAIL: gcc.c-torture/execute/920302-1.c compilation,  -O3 -fomit-frame-pointer -funroll-loops  (internal compiler error)
UNRESOLVED: gcc.c-torture/execute/920302-1.c execution,  -O3 -fomit-frame-pointer -funroll-loops 
FAIL: gcc.c-torture/execute/920302-1.c compilation,  -O3 -fomit-frame-pointer -funroll-all-loops -finline-functions  (internal compiler error)
UNRESOLVED: gcc.c-torture/execute/920302-1.c execution,  -O3 -fomit-frame-pointer -funroll-all-loops -finline-functions 
FAIL: gcc.c-torture/execute/920302-1.c compilation,  -O3 -g  (internal compiler error)
UNRESOLVED: gcc.c-torture/execute/920302-1.c execution,  -O3 -g 
FAIL: gcc.c-torture/execute/920302-1.c compilation,  -Os  (internal compiler error)
UNRESOLVED: gcc.c-torture/execute/920302-1.c execution,  -Os 
FAIL: gcc.c-torture/execute/920302-1.c compilation,  -O2 -flto -flto-partition=none  (internal compiler error)
UNRESOLVED: gcc.c-torture/execute/920302-1.c execution,  -O2 -flto -flto-partition=none 
FAIL: gcc.c-torture/execute/920302-1.c compilation,  -O2 -flto  (internal compiler error)
UNRESOLVED: gcc.c-torture/execute/920302-1.c execution,  -O2 -flto 
FAIL: gcc.c-torture/execute/920501-7.c execution,  -O2 
FAIL: gcc.c-torture/execute/920501-7.c execution,  -O3 -fomit-frame-pointer 
FAIL: gcc.c-torture/execute/920501-7.c execution,  -O3 -g 
FAIL: gcc.c-torture/execute/920501-7.c execution,  -Os 
FAIL: gcc.c-torture/execute/920501-7.c execution,  -O2 -flto -flto-partition=none 
FAIL: gcc.c-torture/execute/920501-7.c execution,  -O2 -flto 
FAIL: gcc.c-torture/execute/comp-goto-2.c execution,  -O2 
FAIL: gcc.c-torture/execute/comp-goto-2.c execution,  -O3 -fomit-frame-pointer 
FAIL: gcc.c-torture/execute/comp-goto-2.c execution,  -O3 -g 
FAIL: gcc.c-torture/execute/comp-goto-2.c execution,  -Os 
FAIL: gcc.c-torture/execute/comp-goto-2.c execution,  -O2 -flto -flto-partition=none 
FAIL: gcc.c-torture/execute/comp-goto-2.c execution,  -O2 -flto 
FAIL: gcc.dg/20021014-1.c (test for excess errors)
UNRESOLVED: gcc.dg/20021014-1.c compilation failed to produce executable
FAIL: gcc.dg/c99-stdint-1.c (test for excess errors)
FAIL: gcc.dg/c99-stdint-7.c (test for excess errors)
FAIL: gcc.dg/nest.c (test for excess errors)
UNRESOLVED: gcc.dg/nest.c compilation failed to produce executable
FAIL: gcc.dg/nested-func-4.c (test for excess errors)
UNRESOLVED: gcc.dg/nested-func-4.c compilation failed to produce executable
FAIL: gcc.dg/non-local-goto-2.c execution test
FAIL: gcc.dg/pr32450.c (test for excess errors)
UNRESOLVED: gcc.dg/pr32450.c compilation failed to produce executable
FAIL: gcc.dg/pr43643.c (test for excess errors)
UNRESOLVED: gcc.dg/pr43643.c compilation failed to produce executable
FAIL: gcc.dg/uninit-13.c unconditional (test for warnings, line 8)
FAIL: gcc.dg/uninit-13.c (test for excess errors)
FAIL: gcc.dg/torture/stackalign/builtin-apply-4.c  -O2 -flto -flto-partition=none  execution test
FAIL: gcc.dg/torture/stackalign/builtin-apply-4.c  -O2 -flto  execution test
FAIL: gcc.dg/torture/stackalign/comp-goto-1.c  -O2  execution test
FAIL: gcc.dg/torture/stackalign/comp-goto-1.c  -O3 -fomit-frame-pointer  execution test
FAIL: gcc.dg/torture/stackalign/comp-goto-1.c  -O3 -g  execution test
FAIL: gcc.dg/torture/stackalign/comp-goto-1.c  -Os  execution test
FAIL: gcc.dg/torture/stackalign/comp-goto-1.c  -O2 -flto -flto-partition=none  execution test
FAIL: gcc.dg/torture/stackalign/comp-goto-1.c  -O2 -flto  execution test
FAIL: gcc.dg/torture/stackalign/non-local-goto-2.c  -O1  execution test
FAIL: gcc.dg/torture/stackalign/non-local-goto-2.c  -O2  execution test
FAIL: gcc.dg/torture/stackalign/non-local-goto-2.c  -O3 -fomit-frame-pointer  execution test
FAIL: gcc.dg/torture/stackalign/non-local-goto-2.c  -O3 -fomit-frame-pointer -funroll-loops  execution test
FAIL: gcc.dg/torture/stackalign/non-local-goto-2.c  -O3 -fomit-frame-pointer -funroll-all-loops -finline-functions  execution test
FAIL: gcc.dg/torture/stackalign/non-local-goto-2.c  -O3 -g  execution test
FAIL: gcc.dg/torture/stackalign/non-local-goto-2.c  -Os  execution test
FAIL: gcc.dg/torture/stackalign/non-local-goto-2.c  -O2 -flto -flto-partition=none  execution test
FAIL: gcc.dg/torture/stackalign/non-local-goto-2.c  -O2 -flto  execution test
FAIL: gcc.dg/torture/stackalign/non-local-goto-4.c  -O2  execution test
FAIL: gcc.dg/torture/stackalign/non-local-goto-4.c  -O3 -fomit-frame-pointer  execution test
FAIL: gcc.dg/torture/stackalign/non-local-goto-4.c  -O3 -g  execution test
FAIL: gcc.dg/torture/stackalign/non-local-goto-4.c  -Os  execution test
FAIL: gcc.dg/torture/stackalign/non-local-goto-4.c  -O2 -flto -flto-partition=none  execution test
FAIL: gcc.dg/torture/stackalign/non-local-goto-4.c  -O2 -flto  execution test
FAIL: gcc.dg/torture/stackalign/builtin-apply-4.c  -O2 -flto -flto-partition=none  execution test
FAIL: gcc.dg/torture/stackalign/builtin-apply-4.c  -O2 -flto  execution test
FAIL: gcc.dg/torture/stackalign/comp-goto-1.c  -O2  execution test
FAIL: gcc.dg/torture/stackalign/comp-goto-1.c  -O3 -fomit-frame-pointer  execution test
FAIL: gcc.dg/torture/stackalign/comp-goto-1.c  -O3 -g  execution test
FAIL: gcc.dg/torture/stackalign/comp-goto-1.c  -Os  execution test
FAIL: gcc.dg/torture/stackalign/comp-goto-1.c  -O2 -flto -flto-partition=none  execution test
FAIL: gcc.dg/torture/stackalign/comp-goto-1.c  -O2 -flto  execution test
FAIL: gcc.dg/torture/stackalign/non-local-goto-4.c  -O2  execution test
FAIL: gcc.dg/torture/stackalign/non-local-goto-4.c  -O3 -fomit-frame-pointer  execution test
FAIL: gcc.dg/torture/stackalign/non-local-goto-4.c  -O3 -g  execution test
FAIL: gcc.dg/torture/stackalign/non-local-goto-4.c  -Os  execution test
FAIL: gcc.dg/torture/stackalign/non-local-goto-4.c  -O2 -flto -flto-partition=none  execution test
FAIL: gcc.dg/torture/stackalign/non-local-goto-4.c  -O2 -flto  execution test
FAIL: gcc.dg/torture/tls/run-gd.c  -O0  -pie -fpie  (test for excess errors)
UNRESOLVED: gcc.dg/torture/tls/run-gd.c  -O0  -pie -fpie  compilation failed to produce executable
FAIL: gcc.dg/torture/tls/run-gd.c  -O1  -pie -fpie  (test for excess errors)
UNRESOLVED: gcc.dg/torture/tls/run-gd.c  -O1  -pie -fpie  compilation failed to produce executable
FAIL: gcc.dg/torture/tls/run-gd.c  -O2  -pie -fpie  (test for excess errors)
UNRESOLVED: gcc.dg/torture/tls/run-gd.c  -O2  -pie -fpie  compilation failed to produce executable
FAIL: gcc.dg/torture/tls/run-gd.c  -O3 -fomit-frame-pointer  -pie -fpie  (test for excess errors)
UNRESOLVED: gcc.dg/torture/tls/run-gd.c  -O3 -fomit-frame-pointer  -pie -fpie  compilation failed to produce executable
FAIL: gcc.dg/torture/tls/run-gd.c  -O3 -g  -pie -fpie  (test for excess errors)
UNRESOLVED: gcc.dg/torture/tls/run-gd.c  -O3 -g  -pie -fpie  compilation failed to produce executable
FAIL: gcc.dg/torture/tls/run-gd.c  -Os  -pie -fpie  (test for excess errors)
UNRESOLVED: gcc.dg/torture/tls/run-gd.c  -Os  -pie -fpie  compilation failed to produce executable
FAIL: gcc.dg/torture/tls/run-gd.c  -O0  -pie -fPIE  (test for excess errors)
UNRESOLVED: gcc.dg/torture/tls/run-gd.c  -O0  -pie -fPIE  compilation failed to produce executable
FAIL: gcc.dg/torture/tls/run-gd.c  -O1  -pie -fPIE  (test for excess errors)
UNRESOLVED: gcc.dg/torture/tls/run-gd.c  -O1  -pie -fPIE  compilation failed to produce executable
FAIL: gcc.dg/torture/tls/run-gd.c  -O2  -pie -fPIE  (test for excess errors)
UNRESOLVED: gcc.dg/torture/tls/run-gd.c  -O2  -pie -fPIE  compilation failed to produce executable
FAIL: gcc.dg/torture/tls/run-gd.c  -O3 -fomit-frame-pointer  -pie -fPIE  (test for excess errors)
UNRESOLVED: gcc.dg/torture/tls/run-gd.c  -O3 -fomit-frame-pointer  -pie -fPIE  compilation failed to produce executable
FAIL: gcc.dg/torture/tls/run-gd.c  -O3 -g  -pie -fPIE  (test for excess errors)
UNRESOLVED: gcc.dg/torture/tls/run-gd.c  -O3 -g  -pie -fPIE  compilation failed to produce executable
FAIL: gcc.dg/torture/tls/run-gd.c  -Os  -pie -fPIE  (test for excess errors)
UNRESOLVED: gcc.dg/torture/tls/run-gd.c  -Os  -pie -fPIE  compilation failed to produce executable
FAIL: gcc.dg/torture/tls/run-gd.c  -O2 -flto -flto-partition=none  (test for excess errors)
UNRESOLVED: gcc.dg/torture/tls/run-gd.c  -O2 -flto -flto-partition=none  compilation failed to produce executable
FAIL: gcc.dg/torture/tls/run-gd.c  -O2 -flto  (test for excess errors)
UNRESOLVED: gcc.dg/torture/tls/run-gd.c  -O2 -flto  compilation failed to produce executable
FAIL: gcc.dg/torture/tls/run-ie.c  -O0  -pie -fpie  (test for excess errors)
UNRESOLVED: gcc.dg/torture/tls/run-ie.c  -O0  -pie -fpie  compilation failed to produce executable
FAIL: gcc.dg/torture/tls/run-ie.c  -O1  -pie -fpie  (test for excess errors)
UNRESOLVED: gcc.dg/torture/tls/run-ie.c  -O1  -pie -fpie  compilation failed to produce executable
FAIL: gcc.dg/torture/tls/run-ie.c  -O2  -pie -fpie  (test for excess errors)
UNRESOLVED: gcc.dg/torture/tls/run-ie.c  -O2  -pie -fpie  compilation failed to produce executable
FAIL: gcc.dg/torture/tls/run-ie.c  -O3 -fomit-frame-pointer  -pie -fpie  (test for excess errors)
UNRESOLVED: gcc.dg/torture/tls/run-ie.c  -O3 -fomit-frame-pointer  -pie -fpie  compilation failed to produce executable
FAIL: gcc.dg/torture/tls/run-ie.c  -O3 -g  -pie -fpie  (test for excess errors)
UNRESOLVED: gcc.dg/torture/tls/run-ie.c  -O3 -g  -pie -fpie  compilation failed to produce executable
FAIL: gcc.dg/torture/tls/run-ie.c  -Os  -pie -fpie  (test for excess errors)
UNRESOLVED: gcc.dg/torture/tls/run-ie.c  -Os  -pie -fpie  compilation failed to produce executable
FAIL: gcc.dg/torture/tls/run-ie.c  -O0  -pie -fPIE  (test for excess errors)
UNRESOLVED: gcc.dg/torture/tls/run-ie.c  -O0  -pie -fPIE  compilation failed to produce executable
FAIL: gcc.dg/torture/tls/run-ie.c  -O1  -pie -fPIE  (test for excess errors)
UNRESOLVED: gcc.dg/torture/tls/run-ie.c  -O1  -pie -fPIE  compilation failed to produce executable
FAIL: gcc.dg/torture/tls/run-ie.c  -O2  -pie -fPIE  (test for excess errors)
UNRESOLVED: gcc.dg/torture/tls/run-ie.c  -O2  -pie -fPIE  compilation failed to produce executable
FAIL: gcc.dg/torture/tls/run-ie.c  -O3 -fomit-frame-pointer  -pie -fPIE  (test for excess errors)
UNRESOLVED: gcc.dg/torture/tls/run-ie.c  -O3 -fomit-frame-pointer  -pie -fPIE  compilation failed to produce executable
FAIL: gcc.dg/torture/tls/run-ie.c  -O3 -g  -pie -fPIE  (test for excess errors)
UNRESOLVED: gcc.dg/torture/tls/run-ie.c  -O3 -g  -pie -fPIE  compilation failed to produce executable
FAIL: gcc.dg/torture/tls/run-ie.c  -Os  -pie -fPIE  (test for excess errors)
UNRESOLVED: gcc.dg/torture/tls/run-ie.c  -Os  -pie -fPIE  compilation failed to produce executable
FAIL: gcc.dg/torture/tls/run-ie.c  -O2 -flto -flto-partition=none  (test for excess errors)
UNRESOLVED: gcc.dg/torture/tls/run-ie.c  -O2 -flto -flto-partition=none  compilation failed to produce executable
FAIL: gcc.dg/torture/tls/run-ie.c  -O2 -flto  (test for excess errors)
UNRESOLVED: gcc.dg/torture/tls/run-ie.c  -O2 -flto  compilation failed to produce executable
FAIL: gcc.dg/torture/tls/run-ld.c  -O0  -pie -fpie  (test for excess errors)
UNRESOLVED: gcc.dg/torture/tls/run-ld.c  -O0  -pie -fpie  compilation failed to produce executable
FAIL: gcc.dg/torture/tls/run-ld.c  -O1  -pie -fpie  (test for excess errors)
UNRESOLVED: gcc.dg/torture/tls/run-ld.c  -O1  -pie -fpie  compilation failed to produce executable
FAIL: gcc.dg/torture/tls/run-ld.c  -O2  -pie -fpie  (test for excess errors)
UNRESOLVED: gcc.dg/torture/tls/run-ld.c  -O2  -pie -fpie  compilation failed to produce executable
FAIL: gcc.dg/torture/tls/run-ld.c  -O3 -fomit-frame-pointer  -pie -fpie  (test for excess errors)
UNRESOLVED: gcc.dg/torture/tls/run-ld.c  -O3 -fomit-frame-pointer  -pie -fpie  compilation failed to produce executable
FAIL: gcc.dg/torture/tls/run-ld.c  -O3 -g  -pie -fpie  (test for excess errors)
UNRESOLVED: gcc.dg/torture/tls/run-ld.c  -O3 -g  -pie -fpie  compilation failed to produce executable
FAIL: gcc.dg/torture/tls/run-ld.c  -Os  -pie -fpie  (test for excess errors)
UNRESOLVED: gcc.dg/torture/tls/run-ld.c  -Os  -pie -fpie  compilation failed to produce executable
FAIL: gcc.dg/torture/tls/run-ld.c  -O0  -pie -fPIE  (test for excess errors)
UNRESOLVED: gcc.dg/torture/tls/run-ld.c  -O0  -pie -fPIE  compilation failed to produce executable
FAIL: gcc.dg/torture/tls/run-ld.c  -O1  -pie -fPIE  (test for excess errors)
UNRESOLVED: gcc.dg/torture/tls/run-ld.c  -O1  -pie -fPIE  compilation failed to produce executable
FAIL: gcc.dg/torture/tls/run-ld.c  -O2  -pie -fPIE  (test for excess errors)
UNRESOLVED: gcc.dg/torture/tls/run-ld.c  -O2  -pie -fPIE  compilation failed to produce executable
FAIL: gcc.dg/torture/tls/run-ld.c  -O3 -fomit-frame-pointer  -pie -fPIE  (test for excess errors)
UNRESOLVED: gcc.dg/torture/tls/run-ld.c  -O3 -fomit-frame-pointer  -pie -fPIE  compilation failed to produce executable
FAIL: gcc.dg/torture/tls/run-ld.c  -O3 -g  -pie -fPIE  (test for excess errors)
UNRESOLVED: gcc.dg/torture/tls/run-ld.c  -O3 -g  -pie -fPIE  compilation failed to produce executable
FAIL: gcc.dg/torture/tls/run-ld.c  -Os  -pie -fPIE  (test for excess errors)
UNRESOLVED: gcc.dg/torture/tls/run-ld.c  -Os  -pie -fPIE  compilation failed to produce executable
FAIL: gcc.dg/torture/tls/run-ld.c  -O2 -flto -flto-partition=none  (test for excess errors)
UNRESOLVED: gcc.dg/torture/tls/run-ld.c  -O2 -flto -flto-partition=none  compilation failed to produce executable
FAIL: gcc.dg/torture/tls/run-ld.c  -O2 -flto  (test for excess errors)
UNRESOLVED: gcc.dg/torture/tls/run-ld.c  -O2 -flto  compilation failed to produce executable
FAIL: gcc.dg/torture/tls/run-le.c  -O0  -pie -fpie  (test for excess errors)
UNRESOLVED: gcc.dg/torture/tls/run-le.c  -O0  -pie -fpie  compilation failed to produce executable
FAIL: gcc.dg/torture/tls/run-le.c  -O1  -pie -fpie  (test for excess errors)
UNRESOLVED: gcc.dg/torture/tls/run-le.c  -O1  -pie -fpie  compilation failed to produce executable
FAIL: gcc.dg/torture/tls/run-le.c  -O2  -pie -fpie  (test for excess errors)
UNRESOLVED: gcc.dg/torture/tls/run-le.c  -O2  -pie -fpie  compilation failed to produce executable
FAIL: gcc.dg/torture/tls/run-le.c  -O3 -fomit-frame-pointer  -pie -fpie  (test for excess errors)
UNRESOLVED: gcc.dg/torture/tls/run-le.c  -O3 -fomit-frame-pointer  -pie -fpie  compilation failed to produce executable
FAIL: gcc.dg/torture/tls/run-le.c  -O3 -g  -pie -fpie  (test for excess errors)
UNRESOLVED: gcc.dg/torture/tls/run-le.c  -O3 -g  -pie -fpie  compilation failed to produce executable
FAIL: gcc.dg/torture/tls/run-le.c  -Os  -pie -fpie  (test for excess errors)
UNRESOLVED: gcc.dg/torture/tls/run-le.c  -Os  -pie -fpie  compilation failed to produce executable
FAIL: gcc.dg/torture/tls/run-le.c  -O0  -pie -fPIE  (test for excess errors)
UNRESOLVED: gcc.dg/torture/tls/run-le.c  -O0  -pie -fPIE  compilation failed to produce executable
FAIL: gcc.dg/torture/tls/run-le.c  -O1  -pie -fPIE  (test for excess errors)
UNRESOLVED: gcc.dg/torture/tls/run-le.c  -O1  -pie -fPIE  compilation failed to produce executable
FAIL: gcc.dg/torture/tls/run-le.c  -O2  -pie -fPIE  (test for excess errors)
UNRESOLVED: gcc.dg/torture/tls/run-le.c  -O2  -pie -fPIE  compilation failed to produce executable
FAIL: gcc.dg/torture/tls/run-le.c  -O3 -fomit-frame-pointer  -pie -fPIE  (test for excess errors)
UNRESOLVED: gcc.dg/torture/tls/run-le.c  -O3 -fomit-frame-pointer  -pie -fPIE  compilation failed to produce executable
FAIL: gcc.dg/torture/tls/run-le.c  -O3 -g  -pie -fPIE  (test for excess errors)
UNRESOLVED: gcc.dg/torture/tls/run-le.c  -O3 -g  -pie -fPIE  compilation failed to produce executable
FAIL: gcc.dg/torture/tls/run-le.c  -Os  -pie -fPIE  (test for excess errors)
UNRESOLVED: gcc.dg/torture/tls/run-le.c  -Os  -pie -fPIE  compilation failed to produce executable
FAIL: gcc.dg/torture/tls/run-le.c  -O2 -flto -flto-partition=none  (test for excess errors)
UNRESOLVED: gcc.dg/torture/tls/run-le.c  -O2 -flto -flto-partition=none  compilation failed to produce executable
FAIL: gcc.dg/torture/tls/run-le.c  -O2 -flto  (test for excess errors)
UNRESOLVED: gcc.dg/torture/tls/run-le.c  -O2 -flto  compilation failed to produce executable
FAIL: gcc.dg/torture/tls/thr-init-1.c  -O0  -pie -fpie  (test for excess errors)
UNRESOLVED: gcc.dg/torture/tls/thr-init-1.c  -O0  -pie -fpie  compilation failed to produce executable
FAIL: gcc.dg/torture/tls/thr-init-1.c  -O1  -pie -fpie  (test for excess errors)
UNRESOLVED: gcc.dg/torture/tls/thr-init-1.c  -O1  -pie -fpie  compilation failed to produce executable
FAIL: gcc.dg/torture/tls/thr-init-1.c  -O2  -pie -fpie  (test for excess errors)
UNRESOLVED: gcc.dg/torture/tls/thr-init-1.c  -O2  -pie -fpie  compilation failed to produce executable
FAIL: gcc.dg/torture/tls/thr-init-1.c  -O3 -fomit-frame-pointer  -pie -fpie  (test for excess errors)
UNRESOLVED: gcc.dg/torture/tls/thr-init-1.c  -O3 -fomit-frame-pointer  -pie -fpie  compilation failed to produce executable
FAIL: gcc.dg/torture/tls/thr-init-1.c  -O3 -g  -pie -fpie  (test for excess errors)
UNRESOLVED: gcc.dg/torture/tls/thr-init-1.c  -O3 -g  -pie -fpie  compilation failed to produce executable
FAIL: gcc.dg/torture/tls/thr-init-1.c  -Os  -pie -fpie  (test for excess errors)
UNRESOLVED: gcc.dg/torture/tls/thr-init-1.c  -Os  -pie -fpie  compilation failed to produce executable
FAIL: gcc.dg/torture/tls/thr-init-1.c  -O0  -pie -fPIE  (test for excess errors)
UNRESOLVED: gcc.dg/torture/tls/thr-init-1.c  -O0  -pie -fPIE  compilation failed to produce executable
FAIL: gcc.dg/torture/tls/thr-init-1.c  -O1  -pie -fPIE  (test for excess errors)
UNRESOLVED: gcc.dg/torture/tls/thr-init-1.c  -O1  -pie -fPIE  compilation failed to produce executable
FAIL: gcc.dg/torture/tls/thr-init-1.c  -O2  -pie -fPIE  (test for excess errors)
UNRESOLVED: gcc.dg/torture/tls/thr-init-1.c  -O2  -pie -fPIE  compilation failed to produce executable
FAIL: gcc.dg/torture/tls/thr-init-1.c  -O3 -fomit-frame-pointer  -pie -fPIE  (test for excess errors)
UNRESOLVED: gcc.dg/torture/tls/thr-init-1.c  -O3 -fomit-frame-pointer  -pie -fPIE  compilation failed to produce executable
FAIL: gcc.dg/torture/tls/thr-init-1.c  -O3 -g  -pie -fPIE  (test for excess errors)
UNRESOLVED: gcc.dg/torture/tls/thr-init-1.c  -O3 -g  -pie -fPIE  compilation failed to produce executable
FAIL: gcc.dg/torture/tls/thr-init-1.c  -Os  -pie -fPIE  (test for excess errors)
UNRESOLVED: gcc.dg/torture/tls/thr-init-1.c  -Os  -pie -fPIE  compilation failed to produce executable
FAIL: gcc.dg/torture/tls/thr-init-2.c  -O0  -pie -fpie  (test for excess errors)
UNRESOLVED: gcc.dg/torture/tls/thr-init-2.c  -O0  -pie -fpie  compilation failed to produce executable
FAIL: gcc.dg/torture/tls/thr-init-2.c  -O1  -pie -fpie  (test for excess errors)
UNRESOLVED: gcc.dg/torture/tls/thr-init-2.c  -O1  -pie -fpie  compilation failed to produce executable
FAIL: gcc.dg/torture/tls/thr-init-2.c  -O2  -pie -fpie  (test for excess errors)
UNRESOLVED: gcc.dg/torture/tls/thr-init-2.c  -O2  -pie -fpie  compilation failed to produce executable
FAIL: gcc.dg/torture/tls/thr-init-2.c  -O3 -fomit-frame-pointer  -pie -fpie  (test for excess errors)
UNRESOLVED: gcc.dg/torture/tls/thr-init-2.c  -O3 -fomit-frame-pointer  -pie -fpie  compilation failed to produce executable
FAIL: gcc.dg/torture/tls/thr-init-2.c  -O3 -g  -pie -fpie  (test for excess errors)
UNRESOLVED: gcc.dg/torture/tls/thr-init-2.c  -O3 -g  -pie -fpie  compilation failed to produce executable
FAIL: gcc.dg/torture/tls/thr-init-2.c  -Os  -pie -fpie  (test for excess errors)
UNRESOLVED: gcc.dg/torture/tls/thr-init-2.c  -Os  -pie -fpie  compilation failed to produce executable
FAIL: gcc.dg/torture/tls/thr-init-2.c  -O0  -pie -fPIE  (test for excess errors)
UNRESOLVED: gcc.dg/torture/tls/thr-init-2.c  -O0  -pie -fPIE  compilation failed to produce executable
FAIL: gcc.dg/torture/tls/thr-init-2.c  -O1  -pie -fPIE  (test for excess errors)
UNRESOLVED: gcc.dg/torture/tls/thr-init-2.c  -O1  -pie -fPIE  compilation failed to produce executable
FAIL: gcc.dg/torture/tls/thr-init-2.c  -O2  -pie -fPIE  (test for excess errors)
UNRESOLVED: gcc.dg/torture/tls/thr-init-2.c  -O2  -pie -fPIE  compilation failed to produce executable
FAIL: gcc.dg/torture/tls/thr-init-2.c  -O3 -fomit-frame-pointer  -pie -fPIE  (test for excess errors)
UNRESOLVED: gcc.dg/torture/tls/thr-init-2.c  -O3 -fomit-frame-pointer  -pie -fPIE  compilation failed to produce executable
FAIL: gcc.dg/torture/tls/thr-init-2.c  -O3 -g  -pie -fPIE  (test for excess errors)
UNRESOLVED: gcc.dg/torture/tls/thr-init-2.c  -O3 -g  -pie -fPIE  compilation failed to produce executable
FAIL: gcc.dg/torture/tls/thr-init-2.c  -Os  -pie -fPIE  (test for excess errors)
UNRESOLVED: gcc.dg/torture/tls/thr-init-2.c  -Os  -pie -fPIE  compilation failed to produce executable
FAIL: gcc.dg/torture/tls/tls-test.c  -O0  -pie -fpie  (test for excess errors)
UNRESOLVED: gcc.dg/torture/tls/tls-test.c  -O0  -pie -fpie  compilation failed to produce executable
FAIL: gcc.dg/torture/tls/tls-test.c  -O1  -pie -fpie  (test for excess errors)
UNRESOLVED: gcc.dg/torture/tls/tls-test.c  -O1  -pie -fpie  compilation failed to produce executable
FAIL: gcc.dg/torture/tls/tls-test.c  -O2  -pie -fpie  (test for excess errors)
UNRESOLVED: gcc.dg/torture/tls/tls-test.c  -O2  -pie -fpie  compilation failed to produce executable
FAIL: gcc.dg/torture/tls/tls-test.c  -O3 -fomit-frame-pointer  -pie -fpie  (test for excess errors)
UNRESOLVED: gcc.dg/torture/tls/tls-test.c  -O3 -fomit-frame-pointer  -pie -fpie  compilation failed to produce executable
FAIL: gcc.dg/torture/tls/tls-test.c  -O3 -g  -pie -fpie  (test for excess errors)
UNRESOLVED: gcc.dg/torture/tls/tls-test.c  -O3 -g  -pie -fpie  compilation failed to produce executable
FAIL: gcc.dg/torture/tls/tls-test.c  -Os  -pie -fpie  (test for excess errors)
UNRESOLVED: gcc.dg/torture/tls/tls-test.c  -Os  -pie -fpie  compilation failed to produce executable
FAIL: gcc.dg/torture/tls/tls-test.c  -O0  -pie -fPIE  (test for excess errors)
UNRESOLVED: gcc.dg/torture/tls/tls-test.c  -O0  -pie -fPIE  compilation failed to produce executable
FAIL: gcc.dg/torture/tls/tls-test.c  -O1  -pie -fPIE  (test for excess errors)
UNRESOLVED: gcc.dg/torture/tls/tls-test.c  -O1  -pie -fPIE  compilation failed to produce executable
FAIL: gcc.dg/torture/tls/tls-test.c  -O2  -pie -fPIE  (test for excess errors)
UNRESOLVED: gcc.dg/torture/tls/tls-test.c  -O2  -pie -fPIE  compilation failed to produce executable
FAIL: gcc.dg/torture/tls/tls-test.c  -O3 -fomit-frame-pointer  -pie -fPIE  (test for excess errors)
UNRESOLVED: gcc.dg/torture/tls/tls-test.c  -O3 -fomit-frame-pointer  -pie -fPIE  compilation failed to produce executable
FAIL: gcc.dg/torture/tls/tls-test.c  -O3 -g  -pie -fPIE  (test for excess errors)
UNRESOLVED: gcc.dg/torture/tls/tls-test.c  -O3 -g  -pie -fPIE  compilation failed to produce executable
FAIL: gcc.dg/torture/tls/tls-test.c  -Os  -pie -fPIE  (test for excess errors)
UNRESOLVED: gcc.dg/torture/tls/tls-test.c  -Os  -pie -fPIE  compilation failed to produce executable
FAIL: gcc.dg/torture/tls/tls-test.c  -O2 -flto -flto-partition=none  (test for excess errors)
UNRESOLVED: gcc.dg/torture/tls/tls-test.c  -O2 -flto -flto-partition=none  compilation failed to produce executable
FAIL: gcc.dg/torture/tls/tls-test.c  -O2 -flto  (test for excess errors)
UNRESOLVED: gcc.dg/torture/tls/tls-test.c  -O2 -flto  compilation failed to produce executable
XPASS: gcc.dg/tree-ssa/20040204-1.c scan-tree-dump-times optimized "link_error" 0
FAIL: gcc.dg/tree-ssa/pr42585.c scan-tree-dump-times optimized "struct _fat_ptr _ans" 0
FAIL: gcc.dg/tree-ssa/pr42585.c scan-tree-dump-times optimized "struct _fat_ptr _T2" 0
FAIL: gcc.dg/tree-ssa/sra-12.c scan-tree-dump-times release_ssa "l;" 0
FAIL: gcc.dg/tree-ssa/vrp47.c scan-tree-dump-times dom1 "x[^ ]* & y" 1
FAIL: gcc.dg/vect/vect-120.c scan-tree-dump-times vect "vectorized 1 loops" 1
FAIL: gcc.dg/vect/vect-multitypes-11.c scan-tree-dump-times vect "vectorized 1 loops" 1
FAIL: gcc.dg/vect/vect-multitypes-12.c scan-tree-dump-times vect "vectorized 1 loops" 1
FAIL: gcc.dg/vect/vect-reduc-dot-s16b.c scan-tree-dump-times vect "vectorized 1 loops" 0
FAIL: gcc.dg/vect/vect-reduc-pattern-1a.c scan-tree-dump-times vect "vectorized 1 loops" 0
FAIL: gcc.dg/vect/vect-reduc-pattern-1b.c scan-tree-dump-times vect "vectorized 1 loops" 0
FAIL: gcc.dg/vect/vect-reduc-pattern-1c.c scan-tree-dump-times vect "vectorized 1 loops" 0
FAIL: gcc.dg/vect/vect-reduc-pattern-2a.c scan-tree-dump-times vect "vectorized 1 loops" 0
FAIL: gcc.dg/vect/vect-reduc-pattern-2b.c scan-tree-dump-times vect "vectorized 1 loops" 0
XPASS: gcc.dg/vect/slp-reduc-3.c scan-tree-dump-times vect "vectorizing stmts using SLP" 1
FAIL: gcc.dg/vect/vect-120.c -flto scan-tree-dump-times vect "vectorized 1 loops" 1
FAIL: gcc.dg/vect/vect-multitypes-11.c -flto scan-tree-dump-times vect "vectorized 1 loops" 1
FAIL: gcc.dg/vect/vect-multitypes-12.c -flto scan-tree-dump-times vect "vectorized 1 loops" 1
FAIL: gcc.dg/vect/vect-reduc-dot-s16b.c -flto scan-tree-dump-times vect "vectorized 1 loops" 0
FAIL: gcc.dg/vect/vect-reduc-pattern-1a.c -flto scan-tree-dump-times vect "vectorized 1 loops" 0
FAIL: gcc.dg/vect/vect-reduc-pattern-1b.c -flto scan-tree-dump-times vect "vectorized 1 loops" 0
FAIL: gcc.dg/vect/vect-reduc-pattern-1c.c -flto scan-tree-dump-times vect "vectorized 1 loops" 0
FAIL: gcc.dg/vect/vect-reduc-pattern-2a.c -flto scan-tree-dump-times vect "vectorized 1 loops" 0
FAIL: gcc.dg/vect/vect-reduc-pattern-2b.c -flto scan-tree-dump-times vect "vectorized 1 loops" 0
XPASS: gcc.dg/vect/slp-reduc-3.c -flto scan-tree-dump-times vect "vectorizing stmts using SLP" 1
FAIL: gcc.dg/vect/wrapv-vect-reduc-pattern-2c.c scan-tree-dump-times vect "vectorized 1 loops" 0
XPASS: gcc.dg/vect/no-scevccp-outer-16.c scan-tree-dump-times vect "OUTER LOOP VECTORIZED." 1
XPASS: gcc.dg/vect/no-scevccp-outer-17.c scan-tree-dump-times vect "OUTER LOOP VECTORIZED." 1
XPASS: gcc.dg/vect/no-scevccp-outer-19.c scan-tree-dump-times vect "OUTER LOOP VECTORIZED." 1
XPASS: gcc.dg/vect/no-scevccp-outer-21.c scan-tree-dump-times vect "OUTER LOOP VECTORIZED." 1
FAIL: gcc.dg/vect/O3-pr39675-2.c (internal compiler error)
FAIL: gcc.dg/vect/O3-pr39675-2.c (test for excess errors)
FAIL: gcc.target/arm/pr42575.c scan-assembler-not mov
FAIL: gcc.target/arm/sibcall-1.c scan-assembler \\tb\\tfunc2(\\\\(PLT\\\\))?\\n
FAIL: gcc.target/arm/vfp-1.c scan-assembler fsts.+ \\\\[r0, #0\\\\]\\n

		=== gcc Summary ===

# of expected passes		76911
# of unexpected failures	195
# of unexpected successes	7
# of expected failures		235
# of unresolved testcases	110
# of unsupported tests		1019
/var/builds/opt/trunk/objdir/gcc/xgcc  version 4.7.0 20110709 (experimental) [trunk revision 176080] (GCC) 

		=== g++ tests ===


Running target unix
FAIL: g++.dg/abi/local1.C execution test
FAIL: 23:is 1:should be 2
FAIL: g++.dg/gcov/gcov-2.C gcov: 1 failures in line counts, 0 in branch percentages, 0 in return percentages
FAIL: g++.dg/gomp/clause-2.C  (test for errors, line 32)
WARNING: program timed out.
WARNING: program timed out.
FAIL: g++.dg/vect/pr36648.cc scan-tree-dump-times vect "vectorized 1 loops" 1
FAIL: g++.dg/vect/pr36648.cc scan-tree-dump-times vect "vectorizing stmts using SLP" 1
FAIL: g++.old-deja/g++.law/profile1.C (test for excess errors)
UNRESOLVED: g++.old-deja/g++.law/profile1.C compilation failed to produce executable

		=== g++ Summary ===

# of expected passes		27015
# of unexpected failures	7
# of expected failures		156
# of unresolved testcases	1
# of unsupported tests		387
/var/builds/opt/trunk/objdir/gcc/testsuite/g++/../../g++  version 4.7.0 20110709 (experimental) [trunk revision 176080] (GCC) 


Compiler version: 4.7.0 20110709 (experimental) [trunk revision 176080] (GCC) 
Platform: armv7l-unknown-linux-gnueabi
configure flags: --prefix=/opt/install-gcc-trunk --enable-languages=c,c++ --with-cpu=cortex-a9 --with-fpu=vfpv3 --with-float=softfp

Build Logs: http://rcn-ee.homeip.net:81/dl/gcc/


Index Nav: [Date Index] [Subject Index] [Author Index] [Thread Index]
Message Nav: [Date Prev] [Date Next] [Thread Prev] [Thread Next]