This is the mail archive of the
gcc-testresults@gcc.gnu.org
mailing list for the GCC project.
Results for 4.7.0 20110707 (experimental) (GCC) testsuite on x86_64-unknown-linux-gnu
- From: hjl at gnu-33 dot sc dot intel dot com (H.J. Lu)
- To: gcc-testresults at gcc dot gnu dot org
- Date: Fri, 08 Jul 2011 09:23:55 -0700
- Subject: Results for 4.7.0 20110707 (experimental) (GCC) testsuite on x86_64-unknown-linux-gnu
Native configuration is x86_64-unknown-linux-gnu
=== gcc tests ===
Running target unix/-mx32
FAIL: gcc.c-torture/compile/limits-exprparen.c -O0 (internal compiler error)
FAIL: gcc.c-torture/compile/limits-exprparen.c -O0 (test for excess errors)
FAIL: gcc.c-torture/compile/limits-exprparen.c -O1 (internal compiler error)
FAIL: gcc.c-torture/compile/limits-exprparen.c -O1 (test for excess errors)
FAIL: gcc.c-torture/compile/limits-exprparen.c -O2 (internal compiler error)
FAIL: gcc.c-torture/compile/limits-exprparen.c -O2 (test for excess errors)
FAIL: gcc.c-torture/compile/limits-exprparen.c -O3 -fomit-frame-pointer (internal compiler error)
FAIL: gcc.c-torture/compile/limits-exprparen.c -O3 -fomit-frame-pointer (test for excess errors)
FAIL: gcc.c-torture/compile/limits-exprparen.c -O3 -g (internal compiler error)
FAIL: gcc.c-torture/compile/limits-exprparen.c -O3 -g (test for excess errors)
FAIL: gcc.c-torture/compile/limits-exprparen.c -Os (internal compiler error)
FAIL: gcc.c-torture/compile/limits-exprparen.c -Os (test for excess errors)
FAIL: gcc.c-torture/compile/limits-exprparen.c -O2 -flto -flto-partition=none (internal compiler error)
FAIL: gcc.c-torture/compile/limits-exprparen.c -O2 -flto -flto-partition=none (test for excess errors)
FAIL: gcc.c-torture/compile/limits-exprparen.c -O2 -flto (internal compiler error)
FAIL: gcc.c-torture/compile/limits-exprparen.c -O2 -flto (test for excess errors)
FAIL: gcc.c-torture/execute/builtins/mempcpy-chk.c compilation, -O1 (internal compiler error)
UNRESOLVED: gcc.c-torture/execute/builtins/mempcpy-chk.c execution, -O1
FAIL: gcc.c-torture/execute/builtins/mempcpy-chk.c compilation, -O2 (internal compiler error)
UNRESOLVED: gcc.c-torture/execute/builtins/mempcpy-chk.c execution, -O2
FAIL: gcc.c-torture/execute/builtins/mempcpy-chk.c compilation, -O3 -fomit-frame-pointer (internal compiler error)
UNRESOLVED: gcc.c-torture/execute/builtins/mempcpy-chk.c execution, -O3 -fomit-frame-pointer
FAIL: gcc.c-torture/execute/builtins/mempcpy-chk.c compilation, -O3 -fomit-frame-pointer -funroll-loops (internal compiler error)
UNRESOLVED: gcc.c-torture/execute/builtins/mempcpy-chk.c execution, -O3 -fomit-frame-pointer -funroll-loops
FAIL: gcc.c-torture/execute/builtins/mempcpy-chk.c compilation, -O3 -fomit-frame-pointer -funroll-all-loops -finline-functions (internal compiler error)
UNRESOLVED: gcc.c-torture/execute/builtins/mempcpy-chk.c execution, -O3 -fomit-frame-pointer -funroll-all-loops -finline-functions
FAIL: gcc.c-torture/execute/builtins/mempcpy-chk.c compilation, -O3 -g (internal compiler error)
UNRESOLVED: gcc.c-torture/execute/builtins/mempcpy-chk.c execution, -O3 -g
FAIL: gcc.c-torture/execute/builtins/mempcpy-chk.c compilation, -Os (internal compiler error)
UNRESOLVED: gcc.c-torture/execute/builtins/mempcpy-chk.c execution, -Os
FAIL: gcc.c-torture/execute/builtins/mempcpy-chk.c compilation, -O2 -flto -flto-partition=none (internal compiler error)
UNRESOLVED: gcc.c-torture/execute/builtins/mempcpy-chk.c execution, -O2 -flto -flto-partition=none
FAIL: gcc.c-torture/execute/builtins/mempcpy-chk.c compilation, -O2 -flto (internal compiler error)
UNRESOLVED: gcc.c-torture/execute/builtins/mempcpy-chk.c execution, -O2 -flto
FAIL: gcc.c-torture/execute/builtins/stpcpy-chk.c compilation, -O1 (internal compiler error)
UNRESOLVED: gcc.c-torture/execute/builtins/stpcpy-chk.c execution, -O1
FAIL: gcc.c-torture/execute/builtins/stpcpy-chk.c compilation, -O2 (internal compiler error)
UNRESOLVED: gcc.c-torture/execute/builtins/stpcpy-chk.c execution, -O2
FAIL: gcc.c-torture/execute/builtins/stpcpy-chk.c compilation, -O3 -fomit-frame-pointer (internal compiler error)
UNRESOLVED: gcc.c-torture/execute/builtins/stpcpy-chk.c execution, -O3 -fomit-frame-pointer
FAIL: gcc.c-torture/execute/builtins/stpcpy-chk.c compilation, -O3 -fomit-frame-pointer -funroll-loops (internal compiler error)
UNRESOLVED: gcc.c-torture/execute/builtins/stpcpy-chk.c execution, -O3 -fomit-frame-pointer -funroll-loops
FAIL: gcc.c-torture/execute/builtins/stpcpy-chk.c compilation, -O3 -fomit-frame-pointer -funroll-all-loops -finline-functions (internal compiler error)
UNRESOLVED: gcc.c-torture/execute/builtins/stpcpy-chk.c execution, -O3 -fomit-frame-pointer -funroll-all-loops -finline-functions
FAIL: gcc.c-torture/execute/builtins/stpcpy-chk.c compilation, -O3 -g (internal compiler error)
UNRESOLVED: gcc.c-torture/execute/builtins/stpcpy-chk.c execution, -O3 -g
FAIL: gcc.c-torture/execute/builtins/stpcpy-chk.c compilation, -Os (internal compiler error)
UNRESOLVED: gcc.c-torture/execute/builtins/stpcpy-chk.c execution, -Os
FAIL: gcc.c-torture/execute/builtins/stpcpy-chk.c compilation, -O2 -flto -flto-partition=none (internal compiler error)
UNRESOLVED: gcc.c-torture/execute/builtins/stpcpy-chk.c execution, -O2 -flto -flto-partition=none
FAIL: gcc.c-torture/execute/builtins/stpcpy-chk.c compilation, -O2 -flto (internal compiler error)
UNRESOLVED: gcc.c-torture/execute/builtins/stpcpy-chk.c execution, -O2 -flto
FAIL: gcc.c-torture/execute/builtins/strstr-asm.c compilation, -O2 -flto -flto-partition=none
UNRESOLVED: gcc.c-torture/execute/builtins/strstr-asm.c execution, -O2 -flto -flto-partition=none
FAIL: gcc.c-torture/execute/builtins/strstr-asm.c compilation, -O2 -flto
UNRESOLVED: gcc.c-torture/execute/builtins/strstr-asm.c execution, -O2 -flto
FAIL: gcc.c-torture/execute/loop-2c.c compilation, -O1 (internal compiler error)
UNRESOLVED: gcc.c-torture/execute/loop-2c.c execution, -O1
FAIL: gcc.c-torture/execute/loop-2c.c compilation, -O2 (internal compiler error)
UNRESOLVED: gcc.c-torture/execute/loop-2c.c execution, -O2
FAIL: gcc.c-torture/execute/loop-2c.c compilation, -O3 -fomit-frame-pointer (internal compiler error)
UNRESOLVED: gcc.c-torture/execute/loop-2c.c execution, -O3 -fomit-frame-pointer
FAIL: gcc.c-torture/execute/loop-2c.c compilation, -O3 -fomit-frame-pointer -funroll-loops (internal compiler error)
UNRESOLVED: gcc.c-torture/execute/loop-2c.c execution, -O3 -fomit-frame-pointer -funroll-loops
FAIL: gcc.c-torture/execute/loop-2c.c compilation, -O3 -fomit-frame-pointer -funroll-all-loops -finline-functions (internal compiler error)
UNRESOLVED: gcc.c-torture/execute/loop-2c.c execution, -O3 -fomit-frame-pointer -funroll-all-loops -finline-functions
FAIL: gcc.c-torture/execute/loop-2c.c compilation, -O3 -g (internal compiler error)
UNRESOLVED: gcc.c-torture/execute/loop-2c.c execution, -O3 -g
FAIL: gcc.c-torture/execute/loop-2c.c compilation, -O2 -flto -flto-partition=none (internal compiler error)
UNRESOLVED: gcc.c-torture/execute/loop-2c.c execution, -O2 -flto -flto-partition=none
FAIL: gcc.c-torture/execute/loop-2c.c compilation, -O2 -flto (internal compiler error)
UNRESOLVED: gcc.c-torture/execute/loop-2c.c execution, -O2 -flto
FAIL: gcc.c-torture/execute/loop-2d.c compilation, -O1 (internal compiler error)
UNRESOLVED: gcc.c-torture/execute/loop-2d.c execution, -O1
FAIL: gcc.c-torture/execute/loop-2d.c compilation, -O2 (internal compiler error)
UNRESOLVED: gcc.c-torture/execute/loop-2d.c execution, -O2
FAIL: gcc.c-torture/execute/loop-2d.c compilation, -O3 -fomit-frame-pointer (internal compiler error)
UNRESOLVED: gcc.c-torture/execute/loop-2d.c execution, -O3 -fomit-frame-pointer
FAIL: gcc.c-torture/execute/loop-2d.c compilation, -O3 -fomit-frame-pointer -funroll-loops (internal compiler error)
UNRESOLVED: gcc.c-torture/execute/loop-2d.c execution, -O3 -fomit-frame-pointer -funroll-loops
FAIL: gcc.c-torture/execute/loop-2d.c compilation, -O3 -fomit-frame-pointer -funroll-all-loops -finline-functions (internal compiler error)
UNRESOLVED: gcc.c-torture/execute/loop-2d.c execution, -O3 -fomit-frame-pointer -funroll-all-loops -finline-functions
FAIL: gcc.c-torture/execute/loop-2d.c compilation, -O3 -g (internal compiler error)
UNRESOLVED: gcc.c-torture/execute/loop-2d.c execution, -O3 -g
FAIL: gcc.c-torture/execute/loop-2d.c compilation, -O2 -flto -flto-partition=none (internal compiler error)
UNRESOLVED: gcc.c-torture/execute/loop-2d.c execution, -O2 -flto -flto-partition=none
FAIL: gcc.c-torture/execute/loop-2d.c compilation, -O2 -flto (internal compiler error)
UNRESOLVED: gcc.c-torture/execute/loop-2d.c execution, -O2 -flto
FAIL: gcc.c-torture/execute/pr36093.c compilation, -O3 -fomit-frame-pointer (internal compiler error)
UNRESOLVED: gcc.c-torture/execute/pr36093.c execution, -O3 -fomit-frame-pointer
FAIL: gcc.c-torture/execute/pr36093.c compilation, -O3 -fomit-frame-pointer -funroll-loops (internal compiler error)
UNRESOLVED: gcc.c-torture/execute/pr36093.c execution, -O3 -fomit-frame-pointer -funroll-loops
FAIL: gcc.c-torture/execute/pr36093.c compilation, -O3 -fomit-frame-pointer -funroll-all-loops -finline-functions (internal compiler error)
UNRESOLVED: gcc.c-torture/execute/pr36093.c execution, -O3 -fomit-frame-pointer -funroll-all-loops -finline-functions
FAIL: gcc.c-torture/execute/pr36093.c compilation, -O3 -g (internal compiler error)
UNRESOLVED: gcc.c-torture/execute/pr36093.c execution, -O3 -g
FAIL: gcc.c-torture/execute/va-arg-24.c compilation, -O1 (internal compiler error)
UNRESOLVED: gcc.c-torture/execute/va-arg-24.c execution, -O1
FAIL: gcc.dg/20020201-1.c execution test
XPASS: gcc.dg/inline_3.c (test for excess errors)
XPASS: gcc.dg/inline_4.c (test for excess errors)
FAIL: gcc.dg/packed-array.c (internal compiler error)
FAIL: gcc.dg/packed-array.c (test for excess errors)
WARNING: gcc.dg/packed-array.c compilation failed to produce executable
FAIL: gcc.dg/pr33017.c (internal compiler error)
FAIL: gcc.dg/pr33017.c (test for excess errors)
WARNING: gcc.dg/pr33017.c compilation failed to produce executable
FAIL: gcc.dg/pr45991.c (internal compiler error)
FAIL: gcc.dg/pr45991.c (test for excess errors)
FAIL: gcc.dg/pr47793.c execution test
FAIL: gcc.dg/pr47793.c scan-file .
FAIL: gcc.dg/pr48770.c execution test
XPASS: gcc.dg/unroll_2.c (test for excess errors)
XPASS: gcc.dg/unroll_3.c (test for excess errors)
XPASS: gcc.dg/unroll_4.c (test for excess errors)
FAIL: gcc.dg/graphite/interchange-14.c scan-tree-dump-times graphite "will be interchanged" 1
FAIL: gcc.dg/graphite/interchange-15.c scan-tree-dump-times graphite "will be interchanged" 1
FAIL: gcc.dg/graphite/interchange-mvt.c scan-tree-dump-times graphite "will be interchanged" 1
XPASS: gcc.dg/guality/example.c -O0 execution test
XPASS: gcc.dg/guality/guality.c -O0 execution test
FAIL: gcc.dg/guality/inline-params.c -O1 execution test
XPASS: gcc.dg/guality/pr41353-1.c -O0 line 28 j == 28 + 37
XPASS: gcc.dg/guality/pr41353-1.c -O1 line 28 j == 28 + 37
XPASS: gcc.dg/guality/pr41353-1.c -O2 line 28 j == 28 + 37
XPASS: gcc.dg/guality/pr41353-1.c -O3 -fomit-frame-pointer line 28 j == 28 + 37
XPASS: gcc.dg/guality/pr41353-1.c -O3 -g line 28 j == 28 + 37
XPASS: gcc.dg/guality/pr41353-1.c -Os line 28 j == 28 + 37
XPASS: gcc.dg/guality/pr41353-1.c -O2 -flto -flto-partition=none line 28 j == 28 + 37
XPASS: gcc.dg/guality/pr41353-1.c -O2 -flto line 28 j == 28 + 37
XPASS: gcc.dg/guality/pr41447-1.c -O0 execution test
XPASS: gcc.dg/guality/pr41447-1.c -O1 execution test
XPASS: gcc.dg/guality/pr41447-1.c -O2 execution test
XPASS: gcc.dg/guality/pr41447-1.c -Os execution test
XPASS: gcc.dg/guality/pr41616-1.c -O0 execution test
XPASS: gcc.dg/guality/pr41616-1.c -O1 execution test
XPASS: gcc.dg/guality/pr41616-1.c -O2 execution test
XPASS: gcc.dg/guality/pr41616-1.c -Os execution test
FAIL: gcc.dg/guality/pr43051-1.c -O1 line 34 c == &a[0]
FAIL: gcc.dg/guality/pr43051-1.c -O1 line 36 e == &a[1]
FAIL: gcc.dg/guality/pr43051-1.c -O1 line 39 c == &a[0]
FAIL: gcc.dg/guality/pr43051-1.c -O1 line 41 e == &a[1]
FAIL: gcc.dg/guality/pr43051-1.c -O2 line 34 c == &a[0]
FAIL: gcc.dg/guality/pr43051-1.c -O2 line 36 e == &a[1]
FAIL: gcc.dg/guality/pr43051-1.c -O2 line 39 c == &a[0]
FAIL: gcc.dg/guality/pr43051-1.c -O2 line 41 e == &a[1]
FAIL: gcc.dg/guality/pr43051-1.c -O3 -fomit-frame-pointer line 34 c == &a[0]
FAIL: gcc.dg/guality/pr43051-1.c -O3 -fomit-frame-pointer line 36 e == &a[1]
FAIL: gcc.dg/guality/pr43051-1.c -O3 -fomit-frame-pointer line 39 c == &a[0]
FAIL: gcc.dg/guality/pr43051-1.c -O3 -fomit-frame-pointer line 41 e == &a[1]
FAIL: gcc.dg/guality/pr43051-1.c -O3 -fomit-frame-pointer -funroll-loops line 36 e == &a[1]
FAIL: gcc.dg/guality/pr43051-1.c -O3 -fomit-frame-pointer -funroll-loops line 41 e == &a[1]
FAIL: gcc.dg/guality/pr43051-1.c -O3 -fomit-frame-pointer -funroll-all-loops -finline-functions line 36 e == &a[1]
FAIL: gcc.dg/guality/pr43051-1.c -O3 -fomit-frame-pointer -funroll-all-loops -finline-functions line 41 e == &a[1]
FAIL: gcc.dg/guality/pr43051-1.c -O3 -g line 34 c == &a[0]
FAIL: gcc.dg/guality/pr43051-1.c -O3 -g line 36 e == &a[1]
FAIL: gcc.dg/guality/pr43051-1.c -O3 -g line 39 c == &a[0]
FAIL: gcc.dg/guality/pr43051-1.c -O3 -g line 41 e == &a[1]
FAIL: gcc.dg/guality/pr43051-1.c -Os line 36 e == &a[1]
FAIL: gcc.dg/guality/pr43051-1.c -Os line 41 e == &a[1]
FAIL: gcc.dg/guality/pr43051-1.c -O2 -flto -flto-partition=none line 34 c == &a[0]
FAIL: gcc.dg/guality/pr43051-1.c -O2 -flto -flto-partition=none line 36 e == &a[1]
FAIL: gcc.dg/guality/pr43051-1.c -O2 -flto -flto-partition=none line 39 c == &a[0]
FAIL: gcc.dg/guality/pr43051-1.c -O2 -flto -flto-partition=none line 41 e == &a[1]
FAIL: gcc.dg/guality/pr43051-1.c -O2 -flto line 34 c == &a[0]
FAIL: gcc.dg/guality/pr43051-1.c -O2 -flto line 36 e == &a[1]
FAIL: gcc.dg/guality/pr43051-1.c -O2 -flto line 39 c == &a[0]
FAIL: gcc.dg/guality/pr43051-1.c -O2 -flto line 41 e == &a[1]
FAIL: gcc.dg/guality/sra-1.c -O1 line 43 a.i == 4
FAIL: gcc.dg/guality/sra-1.c -O1 line 43 a.j == 14
FAIL: gcc.dg/guality/vla-1.c -O0 line 17 sizeof (a) == 6
FAIL: gcc.dg/guality/vla-1.c -O0 line 24 sizeof (a) == 17 * sizeof (short)
FAIL: gcc.dg/guality/vla-1.c -O1 line 17 sizeof (a) == 6
FAIL: gcc.dg/guality/vla-1.c -O1 line 24 sizeof (a) == 17 * sizeof (short)
FAIL: gcc.dg/guality/vla-1.c -O2 line 17 sizeof (a) == 6
FAIL: gcc.dg/guality/vla-1.c -O2 line 24 sizeof (a) == 17 * sizeof (short)
FAIL: gcc.dg/guality/vla-1.c -O3 -fomit-frame-pointer line 17 sizeof (a) == 6
FAIL: gcc.dg/guality/vla-1.c -O3 -fomit-frame-pointer line 24 sizeof (a) == 17 * sizeof (short)
FAIL: gcc.dg/guality/vla-1.c -O3 -g line 17 sizeof (a) == 6
FAIL: gcc.dg/guality/vla-1.c -O3 -g line 24 sizeof (a) == 17 * sizeof (short)
FAIL: gcc.dg/guality/vla-1.c -Os line 17 sizeof (a) == 6
FAIL: gcc.dg/guality/vla-1.c -Os line 24 sizeof (a) == 17 * sizeof (short)
FAIL: gcc.dg/guality/vla-1.c -O2 -flto -flto-partition=none line 17 sizeof (a) == 6
FAIL: gcc.dg/guality/vla-1.c -O2 -flto -flto-partition=none line 24 sizeof (a) == 17 * sizeof (short)
FAIL: gcc.dg/guality/vla-1.c -O2 -flto line 17 sizeof (a) == 6
FAIL: gcc.dg/guality/vla-1.c -O2 -flto line 24 sizeof (a) == 17 * sizeof (short)
FAIL: gcc.dg/guality/vla-2.c -O0 line 16 sizeof (a) == 5 * sizeof (int)
FAIL: gcc.dg/guality/vla-2.c -O0 line 25 sizeof (a) == 6 * sizeof (int)
FAIL: gcc.dg/guality/vla-2.c -O1 line 16 sizeof (a) == 5 * sizeof (int)
FAIL: gcc.dg/guality/vla-2.c -O1 line 25 sizeof (a) == 6 * sizeof (int)
FAIL: gcc.dg/guality/vla-2.c -O2 line 16 sizeof (a) == 5 * sizeof (int)
FAIL: gcc.dg/guality/vla-2.c -O2 line 25 sizeof (a) == 6 * sizeof (int)
FAIL: gcc.dg/guality/vla-2.c -O3 -fomit-frame-pointer line 16 sizeof (a) == 5 * sizeof (int)
FAIL: gcc.dg/guality/vla-2.c -O3 -fomit-frame-pointer line 25 sizeof (a) == 6 * sizeof (int)
FAIL: gcc.dg/guality/vla-2.c -O3 -g line 16 sizeof (a) == 5 * sizeof (int)
FAIL: gcc.dg/guality/vla-2.c -O3 -g line 25 sizeof (a) == 6 * sizeof (int)
FAIL: gcc.dg/guality/vla-2.c -Os line 16 sizeof (a) == 5 * sizeof (int)
FAIL: gcc.dg/guality/vla-2.c -Os line 25 sizeof (a) == 6 * sizeof (int)
FAIL: gcc.dg/guality/vla-2.c -O2 -flto -flto-partition=none line 16 sizeof (a) == 5 * sizeof (int)
FAIL: gcc.dg/guality/vla-2.c -O2 -flto -flto-partition=none line 25 sizeof (a) == 6 * sizeof (int)
FAIL: gcc.dg/guality/vla-2.c -O2 -flto line 16 sizeof (a) == 5 * sizeof (int)
FAIL: gcc.dg/guality/vla-2.c -O2 -flto line 25 sizeof (a) == 6 * sizeof (int)
FAIL: gcc.dg/matrix/transpose-1.c execution, -fprofile-generate -O3 -fno-tree-fre
UNRESOLVED: gcc.dg/matrix/transpose-1.c compilation, -fprofile-use -fipa-matrix-reorg -fdump-ipa-matrix-reorg -O3 -fwhole-program -fno-tree-fre
UNRESOLVED: gcc.dg/matrix/transpose-1.c execution, -fprofile-use -fipa-matrix-reorg -fdump-ipa-matrix-reorg -O3 -fwhole-program -fno-tree-fre
FAIL: gcc.dg/matrix/transpose-2.c execution, -fprofile-generate -O3 -fno-tree-fre
UNRESOLVED: gcc.dg/matrix/transpose-2.c compilation, -fprofile-use -fipa-matrix-reorg -fdump-ipa-matrix-reorg -O3 -fwhole-program -fno-tree-fre
UNRESOLVED: gcc.dg/matrix/transpose-2.c execution, -fprofile-use -fipa-matrix-reorg -fdump-ipa-matrix-reorg -O3 -fwhole-program -fno-tree-fre
FAIL: gcc.dg/matrix/transpose-3.c execution, -fprofile-generate -O3 -fno-tree-fre
UNRESOLVED: gcc.dg/matrix/transpose-3.c compilation, -fprofile-use -fipa-matrix-reorg -fdump-ipa-matrix-reorg -O3 -fwhole-program -fno-tree-fre
UNRESOLVED: gcc.dg/matrix/transpose-3.c execution, -fprofile-use -fipa-matrix-reorg -fdump-ipa-matrix-reorg -O3 -fwhole-program -fno-tree-fre
FAIL: gcc.dg/matrix/transpose-4.c execution, -fprofile-generate -O3 -fno-tree-fre
UNRESOLVED: gcc.dg/matrix/transpose-4.c compilation, -fprofile-use -fipa-matrix-reorg -fdump-ipa-matrix-reorg -O3 -fwhole-program -fno-tree-fre
UNRESOLVED: gcc.dg/matrix/transpose-4.c execution, -fprofile-use -fipa-matrix-reorg -fdump-ipa-matrix-reorg -O3 -fwhole-program -fno-tree-fre
FAIL: gcc.dg/matrix/transpose-5.c execution, -fprofile-generate -O3 -fno-tree-fre
UNRESOLVED: gcc.dg/matrix/transpose-5.c compilation, -fprofile-use -fipa-matrix-reorg -fdump-ipa-matrix-reorg -O3 -fwhole-program -fno-tree-fre
UNRESOLVED: gcc.dg/matrix/transpose-5.c execution, -fprofile-use -fipa-matrix-reorg -fdump-ipa-matrix-reorg -O3 -fwhole-program -fno-tree-fre
FAIL: gcc.dg/matrix/transpose-6.c execution, -fprofile-generate -O3 -fno-tree-fre
UNRESOLVED: gcc.dg/matrix/transpose-6.c compilation, -fprofile-use -fipa-matrix-reorg -fdump-ipa-matrix-reorg -O3 -fwhole-program -fno-tree-fre
UNRESOLVED: gcc.dg/matrix/transpose-6.c execution, -fprofile-use -fipa-matrix-reorg -fdump-ipa-matrix-reorg -O3 -fwhole-program -fno-tree-fre
FAIL: gcc.dg/tree-prof/bb-reorg.c execution, -fprofile-generate -D_PROFILE_GENERATE
UNRESOLVED: gcc.dg/tree-prof/bb-reorg.c compilation, -fprofile-use -D_PROFILE_USE
UNRESOLVED: gcc.dg/tree-prof/bb-reorg.c execution, -fprofile-use -D_PROFILE_USE
FAIL: gcc.dg/tree-prof/ic-misattribution-1.c execution, -fprofile-generate -D_PROFILE_GENERATE
UNRESOLVED: gcc.dg/tree-prof/ic-misattribution-1.c compilation, -fprofile-use -D_PROFILE_USE
UNRESOLVED: gcc.dg/tree-prof/ic-misattribution-1.c execution, -fprofile-use -D_PROFILE_USE
FAIL: gcc.dg/tree-prof/ic-misattribution-1a.c execution, -fprofile-generate -D_PROFILE_GENERATE
UNRESOLVED: gcc.dg/tree-prof/ic-misattribution-1a.c compilation, -fprofile-use -D_PROFILE_USE
UNRESOLVED: gcc.dg/tree-prof/ic-misattribution-1a.c execution, -fprofile-use -D_PROFILE_USE
FAIL: gcc.dg/tree-prof/indir-call-prof.c execution, -fprofile-generate -D_PROFILE_GENERATE
UNRESOLVED: gcc.dg/tree-prof/indir-call-prof.c compilation, -fprofile-use -D_PROFILE_USE
UNRESOLVED: gcc.dg/tree-prof/indir-call-prof.c execution, -fprofile-use -D_PROFILE_USE
FAIL: gcc.dg/tree-prof/inliner-1.c execution, -fprofile-generate -D_PROFILE_GENERATE
UNRESOLVED: gcc.dg/tree-prof/inliner-1.c compilation, -fprofile-use -D_PROFILE_USE
UNRESOLVED: gcc.dg/tree-prof/inliner-1.c execution, -fprofile-use -D_PROFILE_USE
FAIL: gcc.dg/tree-prof/pr34999.c execution, -fprofile-generate -D_PROFILE_GENERATE
UNRESOLVED: gcc.dg/tree-prof/pr34999.c compilation, -fprofile-use -D_PROFILE_USE
UNRESOLVED: gcc.dg/tree-prof/pr34999.c execution, -fprofile-use -D_PROFILE_USE
FAIL: gcc.dg/tree-prof/pr45354.c execution, -fprofile-generate -D_PROFILE_GENERATE
UNRESOLVED: gcc.dg/tree-prof/pr45354.c compilation, -fprofile-use -D_PROFILE_USE
UNRESOLVED: gcc.dg/tree-prof/pr45354.c execution, -fprofile-use -D_PROFILE_USE
FAIL: gcc.dg/tree-prof/pr47187.c execution, -fprofile-generate -D_PROFILE_GENERATE
UNRESOLVED: gcc.dg/tree-prof/pr47187.c compilation, -fprofile-use -D_PROFILE_USE
UNRESOLVED: gcc.dg/tree-prof/pr47187.c execution, -fprofile-use -D_PROFILE_USE
FAIL: gcc.dg/tree-prof/pr49299-1.c execution, -fprofile-generate -D_PROFILE_GENERATE
UNRESOLVED: gcc.dg/tree-prof/pr49299-1.c compilation, -fprofile-use -D_PROFILE_USE
UNRESOLVED: gcc.dg/tree-prof/pr49299-1.c execution, -fprofile-use -D_PROFILE_USE
FAIL: gcc.dg/tree-prof/pr49299-2.c execution, -fprofile-generate -D_PROFILE_GENERATE
UNRESOLVED: gcc.dg/tree-prof/pr49299-2.c compilation, -fprofile-use -D_PROFILE_USE
UNRESOLVED: gcc.dg/tree-prof/pr49299-2.c execution, -fprofile-use -D_PROFILE_USE
FAIL: gcc.dg/tree-prof/prof-robust-1.c execution, -fprofile-generate -D_PROFILE_GENERATE
UNRESOLVED: gcc.dg/tree-prof/prof-robust-1.c compilation, -fprofile-use -D_PROFILE_USE
UNRESOLVED: gcc.dg/tree-prof/prof-robust-1.c execution, -fprofile-use -D_PROFILE_USE
FAIL: gcc.dg/tree-prof/stringop-1.c execution, -fprofile-generate -D_PROFILE_GENERATE
UNRESOLVED: gcc.dg/tree-prof/stringop-1.c compilation, -fprofile-use -D_PROFILE_USE
UNRESOLVED: gcc.dg/tree-prof/stringop-1.c execution, -fprofile-use -D_PROFILE_USE
FAIL: gcc.dg/tree-prof/stringop-2.c execution, -fprofile-generate -D_PROFILE_GENERATE
UNRESOLVED: gcc.dg/tree-prof/stringop-2.c compilation, -fprofile-use -D_PROFILE_USE
UNRESOLVED: gcc.dg/tree-prof/stringop-2.c execution, -fprofile-use -D_PROFILE_USE
FAIL: gcc.dg/tree-prof/tracer-1.c execution, -fprofile-generate -D_PROFILE_GENERATE
UNRESOLVED: gcc.dg/tree-prof/tracer-1.c compilation, -fprofile-use -D_PROFILE_USE
UNRESOLVED: gcc.dg/tree-prof/tracer-1.c execution, -fprofile-use -D_PROFILE_USE
FAIL: gcc.dg/tree-prof/update-cunroll-2.c execution, -fprofile-generate -D_PROFILE_GENERATE
UNRESOLVED: gcc.dg/tree-prof/update-cunroll-2.c compilation, -fprofile-use -D_PROFILE_USE
UNRESOLVED: gcc.dg/tree-prof/update-cunroll-2.c execution, -fprofile-use -D_PROFILE_USE
FAIL: gcc.dg/tree-prof/update-loopch.c execution, -fprofile-generate -D_PROFILE_GENERATE
UNRESOLVED: gcc.dg/tree-prof/update-loopch.c compilation, -fprofile-use -D_PROFILE_USE
UNRESOLVED: gcc.dg/tree-prof/update-loopch.c execution, -fprofile-use -D_PROFILE_USE
FAIL: gcc.dg/tree-prof/update-tailcall.c execution, -fprofile-generate -D_PROFILE_GENERATE
UNRESOLVED: gcc.dg/tree-prof/update-tailcall.c compilation, -fprofile-use -D_PROFILE_USE
UNRESOLVED: gcc.dg/tree-prof/update-tailcall.c execution, -fprofile-use -D_PROFILE_USE
FAIL: gcc.dg/tree-prof/val-prof-1.c execution, -fprofile-generate -D_PROFILE_GENERATE
UNRESOLVED: gcc.dg/tree-prof/val-prof-1.c compilation, -fprofile-use -D_PROFILE_USE
UNRESOLVED: gcc.dg/tree-prof/val-prof-1.c execution, -fprofile-use -D_PROFILE_USE
FAIL: gcc.dg/tree-prof/val-prof-2.c execution, -fprofile-generate -D_PROFILE_GENERATE
UNRESOLVED: gcc.dg/tree-prof/val-prof-2.c compilation, -fprofile-use -D_PROFILE_USE
UNRESOLVED: gcc.dg/tree-prof/val-prof-2.c execution, -fprofile-use -D_PROFILE_USE
FAIL: gcc.dg/tree-prof/val-prof-3.c execution, -fprofile-generate -D_PROFILE_GENERATE
UNRESOLVED: gcc.dg/tree-prof/val-prof-3.c compilation, -fprofile-use -D_PROFILE_USE
UNRESOLVED: gcc.dg/tree-prof/val-prof-3.c execution, -fprofile-use -D_PROFILE_USE
FAIL: gcc.dg/tree-prof/val-prof-4.c execution, -fprofile-generate -D_PROFILE_GENERATE
UNRESOLVED: gcc.dg/tree-prof/val-prof-4.c compilation, -fprofile-use -D_PROFILE_USE
UNRESOLVED: gcc.dg/tree-prof/val-prof-4.c execution, -fprofile-use -D_PROFILE_USE
FAIL: gcc.dg/tree-prof/val-prof-5.c execution, -fprofile-generate -D_PROFILE_GENERATE
UNRESOLVED: gcc.dg/tree-prof/val-prof-5.c compilation, -fprofile-use -D_PROFILE_USE
UNRESOLVED: gcc.dg/tree-prof/val-prof-5.c execution, -fprofile-use -D_PROFILE_USE
FAIL: gcc.dg/tree-prof/val-prof-6.c execution, -fprofile-generate -D_PROFILE_GENERATE
UNRESOLVED: gcc.dg/tree-prof/val-prof-6.c compilation, -fprofile-use -D_PROFILE_USE
UNRESOLVED: gcc.dg/tree-prof/val-prof-6.c execution, -fprofile-use -D_PROFILE_USE
FAIL: gcc.dg/tree-prof/val-prof-7.c execution, -fprofile-generate -D_PROFILE_GENERATE
UNRESOLVED: gcc.dg/tree-prof/val-prof-7.c compilation, -fprofile-use -D_PROFILE_USE
UNRESOLVED: gcc.dg/tree-prof/val-prof-7.c execution, -fprofile-use -D_PROFILE_USE
FAIL: gcc.dg/tree-prof/wcoverage-mismatch.c execution, -fprofile-generate -D_PROFILE_GENERATE
UNRESOLVED: gcc.dg/tree-prof/wcoverage-mismatch.c compilation, -fprofile-use -D_PROFILE_USE
UNRESOLVED: gcc.dg/tree-prof/wcoverage-mismatch.c execution, -fprofile-use -D_PROFILE_USE
FAIL: gcc.dg/tree-ssa/vrp47.c scan-tree-dump-times dom1 "x[^ ]* & y" 1
FAIL: gcc.dg/vect/vect-33.c (internal compiler error)
FAIL: gcc.dg/vect/vect-33.c (test for excess errors)
FAIL: gcc.dg/vect/vect-33.c -flto (internal compiler error)
FAIL: gcc.dg/vect/vect-33.c -flto (test for excess errors)
FAIL: gcc.misc-tests/bprob-1.c execution, -fprofile-arcs
UNRESOLVED: gcc.misc-tests/bprob-1.c compilation, -fprofile-use
UNRESOLVED: gcc.misc-tests/bprob-1.c execution, -fprofile-use
FAIL: gcc.misc-tests/bprob-2.c execution, -fprofile-arcs
UNRESOLVED: gcc.misc-tests/bprob-2.c compilation, -fprofile-use
UNRESOLVED: gcc.misc-tests/bprob-2.c execution, -fprofile-use
FAIL: gcc.misc-tests/gcov-1.c execution test
FAIL: 14:is #####:should be 11
FAIL: 15:is #####:should be 10
FAIL: 17:is #####:should be 1
FAIL: gcc.misc-tests/gcov-1.c gcov: 3 failures in line counts, 0 in branch percentages, 0 in return percentages
FAIL: gcc.misc-tests/gcov-10.c execution test
FAIL: 10:is #####:should be 11
FAIL: gcc.misc-tests/gcov-10.c gcov: 1 failures in line counts, 0 in branch percentages, 0 in return percentages
FAIL: gcc.misc-tests/gcov-10b.c execution test
FAIL: 10:is #####:should be 11
FAIL: gcc.misc-tests/gcov-10b.c gcov: 1 failures in line counts, 0 in branch percentages, 0 in return percentages
FAIL: gcc.misc-tests/gcov-11.c execution test
FAIL: 11:is #####:should be 10
FAIL: 18:is #####:should be 11
FAIL: gcc.misc-tests/gcov-11.c gcov: 2 failures in line counts, 0 in branch percentages, 0 in return percentages
FAIL: gcc.misc-tests/gcov-2.c execution test
FAIL: 14:is #####:should be 11
FAIL: 15:is #####:should be 10
FAIL: 17:is #####:should be 1
FAIL: gcc.misc-tests/gcov-2.c gcov: 3 failures in line counts, 0 in branch percentages, 0 in return percentages
FAIL: gcc.misc-tests/gcov-3.c execution test
FAIL: 40:is #####:should be 1
FAIL: 45:is #####:should be 1
FAIL: gcc.misc-tests/gcov-3.c gcov: 2 failures in line counts, 0 in branch percentages, 0 in return percentages
FAIL: gcc.misc-tests/gcov-4.c execution test
FAIL: 33:is #####:should be 1
FAIL: 39:is #####:should be 1
FAIL: 41:is #####:should be 1
FAIL: 55:is #####:should be 3
FAIL: 57:is #####:should be 9
FAIL: 58:is #####:should be 3
FAIL: 65:is #####:should be 6
FAIL: 69:is #####:should be 81
FAIL: 70:is #####:should be 6
FAIL: 95:is #####:should be 2
FAIL: 96:is #####:should be 1
FAIL: 97:is #####:should be 1
FAIL: 99:is #####:should be 1
FAIL: 106:is #####:should be 15
FAIL: 107:is #####:should be 14
FAIL: 108:is #####:should be 1
FAIL: 110:is #####:should be 1
FAIL: 132:is #####:should be 5
FAIL: 133:is #####:should be 3
FAIL: 134:is #####:should be 3
FAIL: 138:is #####:should be 2
FAIL: 139:is #####:should be 1
FAIL: 141:is #####:should be 1
FAIL: 142:is #####:should be 5
FAIL: 143:is #####:should be 1
FAIL: 144:is #####:should be 5
FAIL: 145:is #####:should be 1
FAIL: 146:is #####:should be 1
FAIL: 147:is #####:should be 5
FAIL: 154:is #####:should be 6
FAIL: 155:is #####:should be 1
FAIL: 156:is #####:should be 6
FAIL: 158:is #####:should be 6
FAIL: 159:is #####:should be 3
FAIL: 160:is #####:should be 6
FAIL: 161:is #####:should be 2
FAIL: 162:is #####:should be 4
FAIL: 164:is #####:should be 4
FAIL: 171:is #####:should be 11
FAIL: 172:is #####:should be 1
FAIL: 173:is #####:should be 11
FAIL: 174:is #####:should be 5
FAIL: 175:is #####:should be 2
FAIL: 176:is #####:should be 1
FAIL: 177:is #####:should be 11
FAIL: 178:is #####:should be 3
FAIL: 179:is #####:should be 11
FAIL: 218:is #####:should be 5
FAIL: 220:is #####:should be 5
FAIL: 223:is #####:should be 1
FAIL: 230:is #####:should be 3
FAIL: 231:is #####:should be 1
FAIL: 232:is #####:should be 2
FAIL: 235:is #####:should be 1
FAIL: 236:is #####:should be 1
FAIL: 239:is #####:should be 4
FAIL: gcc.misc-tests/gcov-4.c gcov: 56 failures in line counts, 0 in branch percentages, 0 in return percentages
FAIL: gcc.misc-tests/gcov-4b.c execution test
FAIL: 26: expected branch percentages not found: 25
FAIL: 37: expected branch percentages not found: 30
FAIL: 39: expected branch percentages not found: 32
FAIL: 41: expected branch percentages not found: 27
FAIL: 69: expected branch percentages not found: 50
FAIL: 81: expected branch percentages not found: 7
FAIL: 108: expected branch percentages not found: 40
FAIL: 110: expected branch percentages not found: 0
FAIL: 116: expected branch percentages not found: 50
FAIL: 121: expected branch percentages not found: 20
FAIL: 124: expected branch percentages not found: 20
FAIL: 134: expected branch percentages not found: 0
FAIL: 135: expected branch percentages not found: 17
FAIL: 138: expected branch percentages not found: 0
FAIL: 141: expected branch percentages not found: 50
FAIL: 144: expected branch percentages not found: 33
FAIL: 147: expected branch percentages not found: 0
FAIL: 157: expected branch percentages not found: 27 50 25
FAIL: 160: expected branch percentages not found: 45
FAIL: 162: expected branch percentages not found: 40
FAIL: 164: expected branch percentages not found: 50
FAIL: 167: expected branch percentages not found: 9 10 11
FAIL: 211: expected branch percentages not found: 20 0 40 20
FAIL: 222: expected branch percentages not found: 33
FAIL: gcc.misc-tests/gcov-4b.c gcov: 0 failures in line counts, 24 in branch percentages, 0 in return percentages
FAIL: gcc.misc-tests/gcov-5b.c execution test
FAIL: gcc.misc-tests/gcov-6.c execution test
FAIL: 17:is #####:should be 5
FAIL: 20:is #####:should be 1
FAIL: 22:is #####:should be 4
FAIL: 31:is #####:should be 1
FAIL: 35:is #####:should be 4
FAIL: 18: expected branch percentages not found: 20
FAIL: 21: expected return percentages not found: 0
FAIL: 32: expected return percentages not found: 100
FAIL: 36: expected return percentages not found: 75
FAIL: gcc.misc-tests/gcov-6.c gcov: 5 failures in line counts, 1 in branch percentages, 3 in return percentages
FAIL: gcc.misc-tests/gcov-7.c execution test
FAIL: 20:is #####:should be 3
FAIL: 24:is #####:should be 1
FAIL: 28:is #####:should be 2
FAIL: 33:is #####:should be 3
FAIL: 37:is #####:should be 1
FAIL: 41:is #####:should be 2
FAIL: 43:is #####:should be 1
FAIL: 46:is #####:should be 1
FAIL: 78:is #####:should be 2
FAIL: 81:is #####:should be 3
FAIL: 83:is #####:should be 1
FAIL: 23: expected branch percentages not found: 33
FAIL: 36: expected branch percentages not found: 33
FAIL: 77: expected branch percentages not found: 33
FAIL: 42: expected return percentages not found: 50
FAIL: 44: expected return percentages not found: 100
FAIL: 82: expected return percentages not found: 33
FAIL: 84: expected return percentages not found: 0
FAIL: gcc.misc-tests/gcov-7.c gcov: 11 failures in line counts, 3 in branch percentages, 4 in return percentages
FAIL: gcc.misc-tests/gcov-8.c execution test
FAIL: 20: expected branch percentages not found: 1
FAIL: 28: expected branch percentages not found: 0
FAIL: 30: expected branch percentages not found: 1
FAIL: 47: expected branch percentages not found: 0
FAIL: gcc.misc-tests/gcov-8.c gcov: 0 failures in line counts, 4 in branch percentages, 0 in return percentages
FAIL: gcc.misc-tests/gcov-9.c execution test
FAIL: 10:is #####:should be 11
FAIL: gcc.misc-tests/gcov-9.c gcov: 1 failures in line counts, 0 in branch percentages, 0 in return percentages
XPASS: gcc.target/i386/builtin-apply-mmx.c execution test
FAIL: gcc.target/i386/pr39543-3.c (test for excess errors)
FAIL: gcc.target/i386/pr43766.c scan-assembler-not lea[lq]?[ \\t]
=== gcc Summary ===
# of expected passes 80845
# of unexpected failures 324
# of unexpected successes 24
# of expected failures 272
# of unresolved testcases 107
# of unsupported tests 1178
/export/build/gnu/gcc-x32/build-x86_64-linux/gcc/xgcc version 4.7.0 20110707 (experimental) (GCC)
=== gfortran tests ===
Running target unix/-mx32
FAIL: gfortran.dg/coarray_lock_3.f90 -O (test for errors, line 72)
=== gfortran Summary ===
# of expected passes 39384
# of unexpected failures 1
# of expected failures 53
# of unsupported tests 63
/export/build/gnu/gcc-x32/build-x86_64-linux/gcc/testsuite/gfortran/../../gfortran version 4.7.0 20110707 (experimental) (GCC)
=== g++ tests ===
Running target unix/-mx32
FAIL: g++.dg/bprob/g++-bprob-1.C execution, -g -fprofile-arcs
UNRESOLVED: g++.dg/bprob/g++-bprob-1.C compilation, -g -fprofile-use
UNRESOLVED: g++.dg/bprob/g++-bprob-1.C execution, -g -fprofile-use
FAIL: g++.dg/bprob/g++-bprob-1.C execution, -O0 -fprofile-arcs
UNRESOLVED: g++.dg/bprob/g++-bprob-1.C compilation, -O0 -fprofile-use
UNRESOLVED: g++.dg/bprob/g++-bprob-1.C execution, -O0 -fprofile-use
FAIL: g++.dg/bprob/g++-bprob-1.C execution, -O1 -fprofile-arcs
UNRESOLVED: g++.dg/bprob/g++-bprob-1.C compilation, -O1 -fprofile-use
UNRESOLVED: g++.dg/bprob/g++-bprob-1.C execution, -O1 -fprofile-use
FAIL: g++.dg/bprob/g++-bprob-1.C execution, -O2 -fprofile-arcs
UNRESOLVED: g++.dg/bprob/g++-bprob-1.C compilation, -O2 -fprofile-use
UNRESOLVED: g++.dg/bprob/g++-bprob-1.C execution, -O2 -fprofile-use
FAIL: g++.dg/bprob/g++-bprob-1.C execution, -O3 -fprofile-arcs
UNRESOLVED: g++.dg/bprob/g++-bprob-1.C compilation, -O3 -fprofile-use
UNRESOLVED: g++.dg/bprob/g++-bprob-1.C execution, -O3 -fprofile-use
FAIL: g++.dg/bprob/g++-bprob-1.C execution, -O3 -g -fprofile-arcs
UNRESOLVED: g++.dg/bprob/g++-bprob-1.C compilation, -O3 -g -fprofile-use
UNRESOLVED: g++.dg/bprob/g++-bprob-1.C execution, -O3 -g -fprofile-use
FAIL: g++.dg/bprob/g++-bprob-1.C execution, -Os -fprofile-arcs
UNRESOLVED: g++.dg/bprob/g++-bprob-1.C compilation, -Os -fprofile-use
UNRESOLVED: g++.dg/bprob/g++-bprob-1.C execution, -Os -fprofile-use
FAIL: g++.dg/bprob/g++-bprob-2.C execution, -g -fprofile-arcs
UNRESOLVED: g++.dg/bprob/g++-bprob-2.C compilation, -g -fprofile-use
UNRESOLVED: g++.dg/bprob/g++-bprob-2.C execution, -g -fprofile-use
FAIL: g++.dg/bprob/g++-bprob-2.C execution, -O0 -fprofile-arcs
UNRESOLVED: g++.dg/bprob/g++-bprob-2.C compilation, -O0 -fprofile-use
UNRESOLVED: g++.dg/bprob/g++-bprob-2.C execution, -O0 -fprofile-use
FAIL: g++.dg/bprob/g++-bprob-2.C execution, -O1 -fprofile-arcs
UNRESOLVED: g++.dg/bprob/g++-bprob-2.C compilation, -O1 -fprofile-use
UNRESOLVED: g++.dg/bprob/g++-bprob-2.C execution, -O1 -fprofile-use
FAIL: g++.dg/bprob/g++-bprob-2.C execution, -O2 -fprofile-arcs
UNRESOLVED: g++.dg/bprob/g++-bprob-2.C compilation, -O2 -fprofile-use
UNRESOLVED: g++.dg/bprob/g++-bprob-2.C execution, -O2 -fprofile-use
FAIL: g++.dg/bprob/g++-bprob-2.C execution, -O3 -fprofile-arcs
UNRESOLVED: g++.dg/bprob/g++-bprob-2.C compilation, -O3 -fprofile-use
UNRESOLVED: g++.dg/bprob/g++-bprob-2.C execution, -O3 -fprofile-use
FAIL: g++.dg/bprob/g++-bprob-2.C execution, -O3 -g -fprofile-arcs
UNRESOLVED: g++.dg/bprob/g++-bprob-2.C compilation, -O3 -g -fprofile-use
UNRESOLVED: g++.dg/bprob/g++-bprob-2.C execution, -O3 -g -fprofile-use
FAIL: g++.dg/bprob/g++-bprob-2.C execution, -Os -fprofile-arcs
UNRESOLVED: g++.dg/bprob/g++-bprob-2.C compilation, -Os -fprofile-use
UNRESOLVED: g++.dg/bprob/g++-bprob-2.C execution, -Os -fprofile-use
FAIL: g++.dg/other/profile1.C execution test
FAIL: g++.dg/gcov/gcov-1.C execution test
FAIL: 33:is #####:should be 1
FAIL: 39:is #####:should be 1
FAIL: 41:is #####:should be 1
FAIL: 55:is #####:should be 3
FAIL: 58:is #####:should be 9
FAIL: 59:is #####:should be 3
FAIL: 66:is #####:should be 6
FAIL: 73:is #####:should be 81
FAIL: 74:is #####:should be 6
FAIL: 100:is #####:should be 2
FAIL: 102:is #####:should be 1
FAIL: 103:is #####:should be 1
FAIL: 105:is #####:should be 1
FAIL: 113:is #####:should be 15
FAIL: 115:is #####:should be 14
FAIL: 116:is #####:should be 1
FAIL: 118:is #####:should be 1
FAIL: 141:is #####:should be 5
FAIL: 143:is #####:should be 3
FAIL: 145:is #####:should be 3
FAIL: 150:is #####:should be 2
FAIL: 152:is #####:should be 1
FAIL: 154:is #####:should be 1
FAIL: 156:is #####:should be 5
FAIL: 158:is #####:should be 1
FAIL: 160:is #####:should be 5
FAIL: 162:is #####:should be 1
FAIL: 164:is #####:should be 1
FAIL: 165:is #####:should be 5
FAIL: 173:is #####:should be 6
FAIL: 175:is #####:should be 1
FAIL: 177:is #####:should be 6
FAIL: 181:is #####:should be 6
FAIL: 183:is #####:should be 3
FAIL: 185:is #####:should be 6
FAIL: 187:is #####:should be 2
FAIL: 189:is #####:should be 4
FAIL: 192:is #####:should be 4
FAIL: 200:is #####:should be 11
FAIL: 202:is #####:should be 1
FAIL: 204:is #####:should be 11
FAIL: 206:is #####:should be 5
FAIL: 208:is #####:should be 2
FAIL: 210:is #####:should be 1
FAIL: 212:is #####:should be 11
FAIL: 214:is #####:should be 3
FAIL: 215:is #####:should be 11
FAIL: 254:is #####:should be 5
FAIL: 257:is #####:should be 5
FAIL: 261:is #####:should be 1
FAIL: 269:is #####:should be 3
FAIL: 271:is #####:should be 1
FAIL: 272:is #####:should be 2
FAIL: 275:is #####:should be 1
FAIL: 276:is #####:should be 1
FAIL: 279:is #####:should be 4
FAIL: 57: expected branch percentages not found: 25
FAIL: 68: expected branch percentages not found: 30
FAIL: 70: expected branch percentages not found: 32
FAIL: 72: expected branch percentages not found: 27
FAIL: 101: expected branch percentages not found: 50
FAIL: 114: expected branch percentages not found: 7
FAIL: 142: expected branch percentages not found: 40
FAIL: 144: expected branch percentages not found: 0
FAIL: 151: expected branch percentages not found: 50
FAIL: 157: expected branch percentages not found: 20
FAIL: 161: expected branch percentages not found: 20
FAIL: 163: expected branch percentages not found: 0
FAIL: 174: expected branch percentages not found: 17
FAIL: 178: expected branch percentages not found: 0
FAIL: 182: expected branch percentages not found: 50
FAIL: 186: expected branch percentages not found: 33
FAIL: 190: expected branch percentages not found: 0
FAIL: 201: expected branch percentages not found: 27 50 25
FAIL: 205: expected branch percentages not found: 45
FAIL: 207: expected branch percentages not found: 40
FAIL: 209: expected branch percentages not found: 50
FAIL: 213: expected branch percentages not found: 9 10 11
FAIL: 258: expected branch percentages not found: 20 0 40 20
FAIL: 270: expected branch percentages not found: 33
FAIL: g++.dg/gcov/gcov-1.C gcov: 56 failures in line counts, 24 in branch percentages, 0 in return percentages
FAIL: g++.dg/gcov/gcov-2.C execution test
FAIL: 10:is #####:should be 1
FAIL: 15:is #####:should be 1
FAIL: 23:is #####:should be 2
FAIL: 24:is #####:should be 1
FAIL: 29:is #####:should be 1
FAIL: g++.dg/gcov/gcov-2.C gcov: 5 failures in line counts, 0 in branch percentages, 0 in return percentages
FAIL: g++.dg/gcov/gcov-3.C execution test
FAIL: 14:is #####:should be 1
FAIL: g++.dg/gcov/gcov-3.C gcov: 1 failures in line counts, 0 in branch percentages, 0 in return percentages
FAIL: g++.dg/gcov/gcov-4.C execution test
FAIL: g++.dg/gcov/gcov-5.C execution test
FAIL: 26:is #####:should be 1
FAIL: 35:is #####:should be 1
FAIL: g++.dg/gcov/gcov-5.C gcov: 2 failures in line counts, 0 in branch percentages, 0 in return percentages
FAIL: g++.dg/tree-prof/indir-call-prof-2.C execution, -g -fprofile-generate
UNRESOLVED: g++.dg/tree-prof/indir-call-prof-2.C compilation, -g -fprofile-use
UNRESOLVED: g++.dg/tree-prof/indir-call-prof-2.C execution, -g -fprofile-use
FAIL: g++.dg/tree-prof/indir-call-prof-2.C execution, -O0 -fprofile-generate
UNRESOLVED: g++.dg/tree-prof/indir-call-prof-2.C compilation, -O0 -fprofile-use
UNRESOLVED: g++.dg/tree-prof/indir-call-prof-2.C execution, -O0 -fprofile-use
FAIL: g++.dg/tree-prof/indir-call-prof-2.C execution, -O1 -fprofile-generate
UNRESOLVED: g++.dg/tree-prof/indir-call-prof-2.C compilation, -O1 -fprofile-use
UNRESOLVED: g++.dg/tree-prof/indir-call-prof-2.C execution, -O1 -fprofile-use
FAIL: g++.dg/tree-prof/indir-call-prof-2.C execution, -O2 -fprofile-generate
UNRESOLVED: g++.dg/tree-prof/indir-call-prof-2.C compilation, -O2 -fprofile-use
UNRESOLVED: g++.dg/tree-prof/indir-call-prof-2.C execution, -O2 -fprofile-use
FAIL: g++.dg/tree-prof/indir-call-prof-2.C execution, -O3 -fprofile-generate
UNRESOLVED: g++.dg/tree-prof/indir-call-prof-2.C compilation, -O3 -fprofile-use
UNRESOLVED: g++.dg/tree-prof/indir-call-prof-2.C execution, -O3 -fprofile-use
FAIL: g++.dg/tree-prof/indir-call-prof-2.C execution, -O3 -g -fprofile-generate
UNRESOLVED: g++.dg/tree-prof/indir-call-prof-2.C compilation, -O3 -g -fprofile-use
UNRESOLVED: g++.dg/tree-prof/indir-call-prof-2.C execution, -O3 -g -fprofile-use
FAIL: g++.dg/tree-prof/indir-call-prof-2.C execution, -Os -fprofile-generate
UNRESOLVED: g++.dg/tree-prof/indir-call-prof-2.C compilation, -Os -fprofile-use
UNRESOLVED: g++.dg/tree-prof/indir-call-prof-2.C execution, -Os -fprofile-use
FAIL: g++.dg/tree-prof/indir-call-prof.C execution, -g -fprofile-generate
UNRESOLVED: g++.dg/tree-prof/indir-call-prof.C compilation, -g -fprofile-use
UNRESOLVED: g++.dg/tree-prof/indir-call-prof.C execution, -g -fprofile-use
FAIL: g++.dg/tree-prof/indir-call-prof.C execution, -O0 -fprofile-generate
UNRESOLVED: g++.dg/tree-prof/indir-call-prof.C compilation, -O0 -fprofile-use
UNRESOLVED: g++.dg/tree-prof/indir-call-prof.C execution, -O0 -fprofile-use
FAIL: g++.dg/tree-prof/indir-call-prof.C execution, -O1 -fprofile-generate
UNRESOLVED: g++.dg/tree-prof/indir-call-prof.C compilation, -O1 -fprofile-use
UNRESOLVED: g++.dg/tree-prof/indir-call-prof.C execution, -O1 -fprofile-use
FAIL: g++.dg/tree-prof/indir-call-prof.C execution, -O2 -fprofile-generate
UNRESOLVED: g++.dg/tree-prof/indir-call-prof.C compilation, -O2 -fprofile-use
UNRESOLVED: g++.dg/tree-prof/indir-call-prof.C execution, -O2 -fprofile-use
FAIL: g++.dg/tree-prof/indir-call-prof.C execution, -O3 -fprofile-generate
UNRESOLVED: g++.dg/tree-prof/indir-call-prof.C compilation, -O3 -fprofile-use
UNRESOLVED: g++.dg/tree-prof/indir-call-prof.C execution, -O3 -fprofile-use
FAIL: g++.dg/tree-prof/indir-call-prof.C execution, -O3 -g -fprofile-generate
UNRESOLVED: g++.dg/tree-prof/indir-call-prof.C compilation, -O3 -g -fprofile-use
UNRESOLVED: g++.dg/tree-prof/indir-call-prof.C execution, -O3 -g -fprofile-use
FAIL: g++.dg/tree-prof/indir-call-prof.C execution, -Os -fprofile-generate
UNRESOLVED: g++.dg/tree-prof/indir-call-prof.C compilation, -Os -fprofile-use
UNRESOLVED: g++.dg/tree-prof/indir-call-prof.C execution, -Os -fprofile-use
FAIL: g++.dg/tree-prof/inline_mismatch_args.C execution, -g -fprofile-generate
UNRESOLVED: g++.dg/tree-prof/inline_mismatch_args.C compilation, -g -fprofile-use
UNRESOLVED: g++.dg/tree-prof/inline_mismatch_args.C execution, -g -fprofile-use
FAIL: g++.dg/tree-prof/inline_mismatch_args.C execution, -O0 -fprofile-generate
UNRESOLVED: g++.dg/tree-prof/inline_mismatch_args.C compilation, -O0 -fprofile-use
UNRESOLVED: g++.dg/tree-prof/inline_mismatch_args.C execution, -O0 -fprofile-use
FAIL: g++.dg/tree-prof/inline_mismatch_args.C execution, -O1 -fprofile-generate
UNRESOLVED: g++.dg/tree-prof/inline_mismatch_args.C compilation, -O1 -fprofile-use
UNRESOLVED: g++.dg/tree-prof/inline_mismatch_args.C execution, -O1 -fprofile-use
FAIL: g++.dg/tree-prof/inline_mismatch_args.C execution, -O2 -fprofile-generate
UNRESOLVED: g++.dg/tree-prof/inline_mismatch_args.C compilation, -O2 -fprofile-use
UNRESOLVED: g++.dg/tree-prof/inline_mismatch_args.C execution, -O2 -fprofile-use
FAIL: g++.dg/tree-prof/inline_mismatch_args.C execution, -O3 -fprofile-generate
UNRESOLVED: g++.dg/tree-prof/inline_mismatch_args.C compilation, -O3 -fprofile-use
UNRESOLVED: g++.dg/tree-prof/inline_mismatch_args.C execution, -O3 -fprofile-use
FAIL: g++.dg/tree-prof/inline_mismatch_args.C execution, -O3 -g -fprofile-generate
UNRESOLVED: g++.dg/tree-prof/inline_mismatch_args.C compilation, -O3 -g -fprofile-use
UNRESOLVED: g++.dg/tree-prof/inline_mismatch_args.C execution, -O3 -g -fprofile-use
FAIL: g++.dg/tree-prof/inline_mismatch_args.C execution, -Os -fprofile-generate
UNRESOLVED: g++.dg/tree-prof/inline_mismatch_args.C compilation, -Os -fprofile-use
UNRESOLVED: g++.dg/tree-prof/inline_mismatch_args.C execution, -Os -fprofile-use
FAIL: g++.dg/tree-prof/partition1.C execution, -g -fprofile-generate
UNRESOLVED: g++.dg/tree-prof/partition1.C compilation, -g -fprofile-use
UNRESOLVED: g++.dg/tree-prof/partition1.C execution, -g -fprofile-use
FAIL: g++.dg/tree-prof/partition1.C execution, -O0 -fprofile-generate
UNRESOLVED: g++.dg/tree-prof/partition1.C compilation, -O0 -fprofile-use
UNRESOLVED: g++.dg/tree-prof/partition1.C execution, -O0 -fprofile-use
FAIL: g++.dg/tree-prof/partition1.C execution, -O1 -fprofile-generate
UNRESOLVED: g++.dg/tree-prof/partition1.C compilation, -O1 -fprofile-use
UNRESOLVED: g++.dg/tree-prof/partition1.C execution, -O1 -fprofile-use
FAIL: g++.dg/tree-prof/partition1.C execution, -O2 -fprofile-generate
UNRESOLVED: g++.dg/tree-prof/partition1.C compilation, -O2 -fprofile-use
UNRESOLVED: g++.dg/tree-prof/partition1.C execution, -O2 -fprofile-use
FAIL: g++.dg/tree-prof/partition1.C execution, -O3 -fprofile-generate
UNRESOLVED: g++.dg/tree-prof/partition1.C compilation, -O3 -fprofile-use
UNRESOLVED: g++.dg/tree-prof/partition1.C execution, -O3 -fprofile-use
FAIL: g++.dg/tree-prof/partition1.C execution, -O3 -g -fprofile-generate
UNRESOLVED: g++.dg/tree-prof/partition1.C compilation, -O3 -g -fprofile-use
UNRESOLVED: g++.dg/tree-prof/partition1.C execution, -O3 -g -fprofile-use
FAIL: g++.dg/tree-prof/partition1.C execution, -Os -fprofile-generate
UNRESOLVED: g++.dg/tree-prof/partition1.C compilation, -Os -fprofile-use
UNRESOLVED: g++.dg/tree-prof/partition1.C execution, -Os -fprofile-use
FAIL: g++.dg/tree-prof/partition2.C execution, -g -fprofile-generate
UNRESOLVED: g++.dg/tree-prof/partition2.C compilation, -g -fprofile-use
UNRESOLVED: g++.dg/tree-prof/partition2.C execution, -g -fprofile-use
FAIL: g++.dg/tree-prof/partition2.C execution, -O0 -fprofile-generate
UNRESOLVED: g++.dg/tree-prof/partition2.C compilation, -O0 -fprofile-use
UNRESOLVED: g++.dg/tree-prof/partition2.C execution, -O0 -fprofile-use
FAIL: g++.dg/tree-prof/partition2.C execution, -O1 -fprofile-generate
UNRESOLVED: g++.dg/tree-prof/partition2.C compilation, -O1 -fprofile-use
UNRESOLVED: g++.dg/tree-prof/partition2.C execution, -O1 -fprofile-use
FAIL: g++.dg/tree-prof/partition2.C execution, -O2 -fprofile-generate
UNRESOLVED: g++.dg/tree-prof/partition2.C compilation, -O2 -fprofile-use
UNRESOLVED: g++.dg/tree-prof/partition2.C execution, -O2 -fprofile-use
FAIL: g++.dg/tree-prof/partition2.C execution, -O3 -fprofile-generate
UNRESOLVED: g++.dg/tree-prof/partition2.C compilation, -O3 -fprofile-use
UNRESOLVED: g++.dg/tree-prof/partition2.C execution, -O3 -fprofile-use
FAIL: g++.dg/tree-prof/partition2.C execution, -O3 -g -fprofile-generate
UNRESOLVED: g++.dg/tree-prof/partition2.C compilation, -O3 -g -fprofile-use
UNRESOLVED: g++.dg/tree-prof/partition2.C execution, -O3 -g -fprofile-use
FAIL: g++.dg/tree-prof/partition2.C execution, -Os -fprofile-generate
UNRESOLVED: g++.dg/tree-prof/partition2.C compilation, -Os -fprofile-use
UNRESOLVED: g++.dg/tree-prof/partition2.C execution, -Os -fprofile-use
FAIL: g++.dg/tree-prof/partition3.C execution, -g -fprofile-generate
UNRESOLVED: g++.dg/tree-prof/partition3.C compilation, -g -fprofile-use
UNRESOLVED: g++.dg/tree-prof/partition3.C execution, -g -fprofile-use
FAIL: g++.dg/tree-prof/partition3.C execution, -O0 -fprofile-generate
UNRESOLVED: g++.dg/tree-prof/partition3.C compilation, -O0 -fprofile-use
UNRESOLVED: g++.dg/tree-prof/partition3.C execution, -O0 -fprofile-use
FAIL: g++.dg/tree-prof/partition3.C execution, -O1 -fprofile-generate
UNRESOLVED: g++.dg/tree-prof/partition3.C compilation, -O1 -fprofile-use
UNRESOLVED: g++.dg/tree-prof/partition3.C execution, -O1 -fprofile-use
FAIL: g++.dg/tree-prof/partition3.C execution, -O2 -fprofile-generate
UNRESOLVED: g++.dg/tree-prof/partition3.C compilation, -O2 -fprofile-use
UNRESOLVED: g++.dg/tree-prof/partition3.C execution, -O2 -fprofile-use
FAIL: g++.dg/tree-prof/partition3.C execution, -O3 -fprofile-generate
UNRESOLVED: g++.dg/tree-prof/partition3.C compilation, -O3 -fprofile-use
UNRESOLVED: g++.dg/tree-prof/partition3.C execution, -O3 -fprofile-use
FAIL: g++.dg/tree-prof/partition3.C execution, -O3 -g -fprofile-generate
UNRESOLVED: g++.dg/tree-prof/partition3.C compilation, -O3 -g -fprofile-use
UNRESOLVED: g++.dg/tree-prof/partition3.C execution, -O3 -g -fprofile-use
FAIL: g++.dg/tree-prof/partition3.C execution, -Os -fprofile-generate
UNRESOLVED: g++.dg/tree-prof/partition3.C compilation, -Os -fprofile-use
UNRESOLVED: g++.dg/tree-prof/partition3.C execution, -Os -fprofile-use
FAIL: g++.old-deja/g++.robertl/eb83.C execution test
=== g++ Summary ===
# of expected passes 27865
# of unexpected failures 155
# of expected failures 156
# of unresolved testcases 112
# of unsupported tests 337
/export/build/gnu/gcc-x32/build-x86_64-linux/gcc/testsuite/g++/../../g++ version 4.7.0 20110707 (experimental) (GCC)
=== objc tests ===
Running target unix/-mx32
=== objc Summary ===
# of expected passes 2974
# of expected failures 6
# of unsupported tests 74
/export/build/gnu/gcc-x32/build-x86_64-linux/gcc/xgcc version 4.7.0 20110707 (experimental) (GCC)
=== libgomp tests ===
Running target unix/-mx32
FAIL: libgomp.graphite/force-parallel-1.c execution test
FAIL: libgomp.graphite/force-parallel-1.c scan-tree-dump-times graphite "1 loops carried no dependency" 2
=== libgomp Summary ===
# of expected passes 2636
# of unexpected failures 2
=== libmudflap tests ===
Running target unix/-mx32
FAIL: libmudflap.c++/pass55-frag.cxx ( -O) execution test
=== libmudflap Summary ===
# of expected passes 1426
# of unexpected failures 1
=== libstdc++ tests ===
Running target unix/-mx32
FAIL: libstdc++-abi/abi_check
FAIL: abi/demangle/abi_examples/01.cc execution test
FAIL: abi/demangle/abi_examples/02.cc execution test
FAIL: abi/demangle/abi_examples/04.cc execution test
FAIL: abi/demangle/abi_examples/05.cc execution test
FAIL: abi/demangle/abi_examples/10.cc execution test
FAIL: abi/demangle/abi_examples/11.cc execution test
FAIL: abi/demangle/abi_examples/12.cc execution test
FAIL: abi/demangle/abi_examples/13.cc execution test
FAIL: abi/demangle/abi_examples/14.cc execution test
FAIL: abi/demangle/abi_examples/16.cc execution test
FAIL: abi/demangle/abi_examples/18.cc execution test
FAIL: abi/demangle/abi_examples/19.cc execution test
FAIL: abi/demangle/abi_examples/20.cc execution test
FAIL: abi/demangle/abi_examples/21.cc execution test
FAIL: abi/demangle/abi_examples/22.cc execution test
FAIL: abi/demangle/abi_examples/24.cc execution test
FAIL: abi/demangle/abi_text/01.cc execution test
FAIL: abi/demangle/abi_text/02.cc execution test
FAIL: abi/demangle/abi_text/03.cc execution test
FAIL: abi/demangle/abi_text/04.cc execution test
FAIL: abi/demangle/abi_text/05.cc execution test
FAIL: abi/demangle/abi_text/07.cc execution test
FAIL: abi/demangle/abi_text/08.cc execution test
FAIL: abi/demangle/abi_text/11.cc execution test
FAIL: abi/demangle/abi_text/12.cc execution test
FAIL: abi/demangle/cxx0x/rref.cc execution test
FAIL: abi/demangle/regression/3111-1.cc execution test
FAIL: abi/demangle/regression/3111-2.cc execution test
FAIL: abi/demangle/regression/7986-01.cc execution test
FAIL: abi/demangle/regression/7986-02.cc execution test
FAIL: abi/demangle/regression/7986-03.cc execution test
FAIL: abi/demangle/regression/7986-04.cc execution test
FAIL: abi/demangle/regression/7986-05.cc execution test
FAIL: abi/demangle/regression/7986-06.cc execution test
FAIL: abi/demangle/regression/7986-07.cc execution test
FAIL: abi/demangle/regression/7986-08.cc execution test
FAIL: abi/demangle/regression/7986-11.cc execution test
FAIL: abi/demangle/regression/7986-12.cc execution test
FAIL: abi/demangle/regression/8897.cc execution test
FAIL: abi/demangle/regression/cw-01.cc execution test
FAIL: abi/demangle/regression/cw-03.cc execution test
FAIL: abi/demangle/regression/cw-04.cc execution test
FAIL: abi/demangle/regression/cw-07.cc execution test
FAIL: abi/demangle/regression/cw-08.cc execution test
FAIL: abi/demangle/regression/cw-09.cc execution test
FAIL: abi/demangle/regression/cw-12.cc execution test
FAIL: abi/demangle/regression/cw-13.cc execution test
FAIL: abi/demangle/regression/cw-14.cc execution test
FAIL: abi/demangle/regression/cw-16.cc execution test
FAIL: abi/pr42230.cc execution test
=== libstdc++ Summary ===
# of expected passes 8544
# of unexpected failures 51
# of expected failures 45
# of unsupported tests 120
Compiler version: 4.7.0 20110707 (experimental) (GCC)
Platform: x86_64-unknown-linux-gnu
configure flags: --enable-clocale=gnu --with-system-zlib --with-demangler-in-ld --enable-languages=c,c++,fortran,objc --prefix=/usr/gcc-4.7.0-x32 --with-local-prefix=/usr/local --enable-gnu-indirect-function --with-multilib-list=m32,m64,mx32 --enable-cloog-backend=isl --with-ppl-include=/opt/gnu/include --with-ppl-lib=/opt/gnu/lib64 --with-cloog-include=/opt/gnu/include --with-cloog-lib=/opt/gnu/lib64 --with-fpmath=sse