This is the mail archive of the gcc-testresults@gcc.gnu.org mailing list for the GCC project.


Index Nav: [Date Index] [Subject Index] [Author Index] [Thread Index]
Message Nav: [Date Prev] [Date Next] [Thread Prev] [Thread Next]
Other format: [Raw text]

Results for 4.7.0 20110706 (experimental) (GCC) testsuite on s390-ibm-linux-gnu z196


LAST_UPDATED: Wed Jul  6 00:39:48 UTC 2011 (revision 175900)

Native configuration is s390-ibm-linux-gnu z196

		=== g++ tests ===


Running target unix
FAIL: c-c++-common/dfp/convert-int-max.c (internal compiler error)
FAIL: c-c++-common/dfp/convert-int-max.c (test for excess errors)
WARNING: c-c++-common/dfp/convert-int-max.c compilation failed to produce executable
FAIL: c-c++-common/dfp/convert-int.c (internal compiler error)
FAIL: c-c++-common/dfp/convert-int.c (test for excess errors)
WARNING: c-c++-common/dfp/convert-int.c compilation failed to produce executable

		=== g++ Summary ===

# of expected passes		27241
# of unexpected failures	4
# of expected failures		156
# of unsupported tests		413
-z196/gcc/testsuite/g++/../../g++  version 4.7.0 20110706 (experimental) (GCC) 

		=== gcc tests ===


Running target unix
FAIL: c-c++-common/dfp/convert-int-max.c (internal compiler error)
FAIL: c-c++-common/dfp/convert-int-max.c (test for excess errors)
WARNING: c-c++-common/dfp/convert-int-max.c compilation failed to produce executable
FAIL: c-c++-common/dfp/convert-int.c (internal compiler error)
FAIL: c-c++-common/dfp/convert-int.c (test for excess errors)
WARNING: c-c++-common/dfp/convert-int.c compilation failed to produce executable
FAIL: gcc.dg/binop-xor1.c scan-tree-dump-times optimized "<bb[^>]*>" 5
FAIL: gcc.dg/binop-xor1.c scan-tree-dump-times optimized "\\^" 1
FAIL: gcc.dg/binop-xor3.c scan-tree-dump-times optimized "<bb[^>]*>" 1
FAIL: gcc.dg/binop-xor3.c scan-tree-dump-times optimized "\\^" 1
FAIL: gcc.dg/c99-stdint-1.c (test for excess errors)
FAIL: gcc.dg/lower-subreg-1.c scan-rtl-dump subreg1 "Splitting reg"
FAIL: gcc.dg/uninit-13.c unconditional (test for warnings, line 8)
FAIL: gcc.dg/uninit-13.c (test for excess errors)
FAIL: gcc.dg/uninit-pred-8_b.c bogus warning (test for bogus messages, line 20)
XPASS: gcc.dg/guality/example.c  -O0  execution test
XPASS: gcc.dg/guality/example.c  -O1  execution test
XPASS: gcc.dg/guality/example.c  -Os  execution test
XPASS: gcc.dg/guality/guality.c  -O0  execution test
XPASS: gcc.dg/guality/guality.c  -O1  execution test
XPASS: gcc.dg/guality/guality.c  -O2  execution test
XPASS: gcc.dg/guality/guality.c  -Os  execution test
XPASS: gcc.dg/guality/guality.c  -O2 -flto -flto-partition=none  execution test
XPASS: gcc.dg/guality/guality.c  -O2 -flto  execution test
XPASS: gcc.dg/guality/inline-params.c  -O2  execution test
XPASS: gcc.dg/guality/inline-params.c  -Os  execution test
XPASS: gcc.dg/guality/pr41353-1.c  -O0  line 28 j == 28 + 37
XPASS: gcc.dg/guality/pr41353-1.c  -O1  line 28 j == 28 + 37
XPASS: gcc.dg/guality/pr41353-1.c  -O2  line 28 j == 28 + 37
XPASS: gcc.dg/guality/pr41353-1.c  -O3 -fomit-frame-pointer  line 28 j == 28 + 37
XPASS: gcc.dg/guality/pr41353-1.c  -O3 -g  line 28 j == 28 + 37
XPASS: gcc.dg/guality/pr41353-1.c  -Os  line 28 j == 28 + 37
XPASS: gcc.dg/guality/pr41353-1.c  -O2 -flto -flto-partition=none  line 28 j == 28 + 37
XPASS: gcc.dg/guality/pr41353-1.c  -O2 -flto  line 28 j == 28 + 37
XPASS: gcc.dg/guality/pr41447-1.c  -O0  execution test
XPASS: gcc.dg/guality/pr41447-1.c  -O1  execution test
XPASS: gcc.dg/guality/pr41447-1.c  -O2  execution test
XPASS: gcc.dg/guality/pr41447-1.c  -Os  execution test
XPASS: gcc.dg/guality/pr41616-1.c  -O0  execution test
XPASS: gcc.dg/guality/pr41616-1.c  -O1  execution test
XPASS: gcc.dg/guality/pr41616-1.c  -O2  execution test
XPASS: gcc.dg/guality/pr41616-1.c  -Os  execution test
FAIL: gcc.dg/guality/vla-1.c  -O2 -flto -flto-partition=none  line 17 sizeof (a) == 6
FAIL: gcc.dg/guality/vla-1.c  -O2 -flto -flto-partition=none  line 24 sizeof (a) == 17 * sizeof (short)
FAIL: gcc.dg/guality/vla-1.c  -O2 -flto  line 17 sizeof (a) == 6
FAIL: gcc.dg/guality/vla-1.c  -O2 -flto  line 24 sizeof (a) == 17 * sizeof (short)
FAIL: gcc.dg/guality/vla-2.c  -O2 -flto -flto-partition=none  line 16 sizeof (a) == 5 * sizeof (int)
FAIL: gcc.dg/guality/vla-2.c  -O2 -flto -flto-partition=none  line 25 sizeof (a) == 6 * sizeof (int)
FAIL: gcc.dg/guality/vla-2.c  -O2 -flto  line 16 sizeof (a) == 5 * sizeof (int)
FAIL: gcc.dg/guality/vla-2.c  -O2 -flto  line 25 sizeof (a) == 6 * sizeof (int)
FAIL: gcc.dg/torture/tls/run-gd.c  -O0  (internal compiler error)
FAIL: gcc.dg/torture/tls/run-gd.c  -O0  (test for excess errors)
WARNING: gcc.dg/torture/tls/run-gd.c  -O0  compilation failed to produce executable
FAIL: gcc.dg/torture/tls/run-gd.c  -O1  (internal compiler error)
FAIL: gcc.dg/torture/tls/run-gd.c  -O1  (test for excess errors)
WARNING: gcc.dg/torture/tls/run-gd.c  -O1  compilation failed to produce executable
FAIL: gcc.dg/torture/tls/run-gd.c  -O2  (internal compiler error)
FAIL: gcc.dg/torture/tls/run-gd.c  -O2  (test for excess errors)
WARNING: gcc.dg/torture/tls/run-gd.c  -O2  compilation failed to produce executable
FAIL: gcc.dg/torture/tls/run-gd.c  -O3 -fomit-frame-pointer  (internal compiler error)
FAIL: gcc.dg/torture/tls/run-gd.c  -O3 -fomit-frame-pointer  (test for excess errors)
WARNING: gcc.dg/torture/tls/run-gd.c  -O3 -fomit-frame-pointer  compilation failed to produce executable
FAIL: gcc.dg/torture/tls/run-gd.c  -O3 -g  (internal compiler error)
FAIL: gcc.dg/torture/tls/run-gd.c  -O3 -g  (test for excess errors)
WARNING: gcc.dg/torture/tls/run-gd.c  -O3 -g  compilation failed to produce executable
FAIL: gcc.dg/torture/tls/run-gd.c  -Os  (internal compiler error)
FAIL: gcc.dg/torture/tls/run-gd.c  -Os  (test for excess errors)
WARNING: gcc.dg/torture/tls/run-gd.c  -Os  compilation failed to produce executable
FAIL: gcc.dg/torture/tls/run-gd.c  -O2 -flto -flto-partition=none  (internal compiler error)
FAIL: gcc.dg/torture/tls/run-gd.c  -O2 -flto -flto-partition=none  (test for excess errors)
WARNING: gcc.dg/torture/tls/run-gd.c  -O2 -flto -flto-partition=none  compilation failed to produce executable
FAIL: gcc.dg/torture/tls/run-gd.c  -O2 -flto  (internal compiler error)
FAIL: gcc.dg/torture/tls/run-gd.c  -O2 -flto  (test for excess errors)
WARNING: gcc.dg/torture/tls/run-gd.c  -O2 -flto  compilation failed to produce executable
FAIL: gcc.dg/torture/tls/run-ld.c  -O0  (internal compiler error)
FAIL: gcc.dg/torture/tls/run-ld.c  -O0  (test for excess errors)
WARNING: gcc.dg/torture/tls/run-ld.c  -O0  compilation failed to produce executable
FAIL: gcc.dg/torture/tls/run-ld.c  -O1  (internal compiler error)
FAIL: gcc.dg/torture/tls/run-ld.c  -O1  (test for excess errors)
WARNING: gcc.dg/torture/tls/run-ld.c  -O1  compilation failed to produce executable
FAIL: gcc.dg/torture/tls/run-ld.c  -O2  (internal compiler error)
FAIL: gcc.dg/torture/tls/run-ld.c  -O2  (test for excess errors)
WARNING: gcc.dg/torture/tls/run-ld.c  -O2  compilation failed to produce executable
FAIL: gcc.dg/torture/tls/run-ld.c  -O3 -fomit-frame-pointer  (internal compiler error)
FAIL: gcc.dg/torture/tls/run-ld.c  -O3 -fomit-frame-pointer  (test for excess errors)
WARNING: gcc.dg/torture/tls/run-ld.c  -O3 -fomit-frame-pointer  compilation failed to produce executable
FAIL: gcc.dg/torture/tls/run-ld.c  -O3 -g  (internal compiler error)
FAIL: gcc.dg/torture/tls/run-ld.c  -O3 -g  (test for excess errors)
WARNING: gcc.dg/torture/tls/run-ld.c  -O3 -g  compilation failed to produce executable
FAIL: gcc.dg/torture/tls/run-ld.c  -Os  (internal compiler error)
FAIL: gcc.dg/torture/tls/run-ld.c  -Os  (test for excess errors)
WARNING: gcc.dg/torture/tls/run-ld.c  -Os  compilation failed to produce executable
FAIL: gcc.dg/torture/tls/run-ld.c  -O2 -flto -flto-partition=none  (internal compiler error)
FAIL: gcc.dg/torture/tls/run-ld.c  -O2 -flto -flto-partition=none  (test for excess errors)
WARNING: gcc.dg/torture/tls/run-ld.c  -O2 -flto -flto-partition=none  compilation failed to produce executable
FAIL: gcc.dg/torture/tls/run-ld.c  -O2 -flto  (internal compiler error)
FAIL: gcc.dg/torture/tls/run-ld.c  -O2 -flto  (test for excess errors)
WARNING: gcc.dg/torture/tls/run-ld.c  -O2 -flto  compilation failed to produce executable
XPASS: gcc.dg/tree-ssa/20030807-7.c scan-tree-dump-times vrp1 "if " 1
XPASS: gcc.dg/tree-ssa/20040204-1.c scan-tree-dump-times optimized "link_error" 0
FAIL: gcc.dg/tree-ssa/ssa-dom-thread-4.c scan-tree-dump-times dom1 "Threaded" 3
FAIL: gcc.target/s390/20090223-1.c (test for excess errors)

		=== gcc Summary ===

# of expected passes		71495
# of unexpected failures	55
# of unexpected successes	29
# of expected failures		121
# of unsupported tests		1189
-z196/gcc/xgcc  version 4.7.0 20110706 (experimental) (GCC) 

		=== gfortran tests ===


Running target unix
FAIL: gfortran.dg/coarray_lock_3.f90  -O   (test for errors, line 72)
FAIL: gfortran.dg/reassoc_4.f  -O  scan-tree-dump-times reassoc1 "[0-9] \\* " 22

		=== gfortran Summary ===

# of expected passes		38351
# of unexpected failures	2
# of expected failures		41
# of unsupported tests		234
-z196/gcc/testsuite/gfortran/../../gfortran  version 4.7.0 20110706 (experimental) (GCC) 

		=== objc tests ===


Running target unix

		=== objc Summary ===

# of expected passes		2980
# of unsupported tests		74
-z196/gcc/xgcc  version 4.7.0 20110706 (experimental) (GCC) 

		=== libgomp tests ===


Running target unix

		=== libgomp Summary ===

# of expected passes		2590
# of unsupported tests		1
		=== libmudflap tests ===


Running target unix
FAIL: libmudflap.c/fail40-frag.c output pattern test
FAIL: libmudflap.c/pass-stratcliff.c (test for excess errors)
FAIL: libmudflap.c/pass51-frag.c execution test
FAIL: libmudflap.c/pass51-frag.c execution test
FAIL: libmudflap.c/fail40-frag.c (-static) output pattern test
FAIL: libmudflap.c/pass-stratcliff.c (-static) (test for excess errors)
FAIL: libmudflap.c/pass51-frag.c (-static) execution test
FAIL: libmudflap.c/pass51-frag.c (-static) execution test
FAIL: libmudflap.c/fail40-frag.c (-O2) output pattern test
FAIL: libmudflap.c/pass-stratcliff.c (-O2) (test for excess errors)
FAIL: libmudflap.c/pass51-frag.c (-O2) execution test
FAIL: libmudflap.c/pass51-frag.c (-O2) execution test
FAIL: libmudflap.c/fail40-frag.c (-O3) output pattern test
FAIL: libmudflap.c/pass-stratcliff.c (-O3) (test for excess errors)
FAIL: libmudflap.c/pass51-frag.c (-O3) execution test
FAIL: libmudflap.c/pass51-frag.c (-O3) execution test
FAIL: libmudflap.c++/pass41-frag.cxx (-static) (test for excess errors)
WARNING: libmudflap.c++/pass41-frag.cxx (-static) compilation failed to produce executable

		=== libmudflap Summary ===

# of expected passes		1876
# of unexpected failures	17
		=== libstdc++ tests ===


Running target unix

		=== libstdc++ Summary ===

# of expected passes		8595
# of expected failures		45
# of unsupported tests		120

Version: 4.7.0 20110706 (experimental) (GCC) 
Platform: s390-ibm-linux-gnu z196
configure flags: --prefix=/build/build-system/build/20110705/gcc-head/install-s390-z196 --enable-shared --with-system-zlib --enable-threads=posix --enable-__cxa_atexit --enable-checking --enable-languages=c,c++,objc,fortran --with-mode=zarch --with-arch=z196


Index Nav: [Date Index] [Subject Index] [Author Index] [Thread Index]
Message Nav: [Date Prev] [Date Next] [Thread Prev] [Thread Next]