This is the mail archive of the
gcc-testresults@gcc.gnu.org
mailing list for the GCC project.
Results for 4.7.0 20110701 (experimental) [trunk revision 175758] (GCC) testsuite on alpha-dec-osf5.1b
- From: <ro at smtp-relay dot CeBiTec dot Uni-Bielefeld dot DE>
- To: gcc-testresults at gcc dot gnu dot org
- Date: Mon, 4 Jul 2011 11:43:12 +0200 (MEST)
- Subject: Results for 4.7.0 20110701 (experimental) [trunk revision 175758] (GCC) testsuite on alpha-dec-osf5.1b
LAST_UPDATED: Fri Jul 1 16:02:01 UTC 2011 (revision 175758)
Native configuration is alpha-dec-osf5.1b
=== boehm-gc tests ===
Running target unix
=== boehm-gc Summary ===
# of expected passes 12
# of unsupported tests 1
=== libffi tests ===
Running target unix
=== libffi Summary ===
# of expected passes 1634
# of expected failures 10
# of unsupported tests 15
=== libgomp tests ===
Running target unix
=== libgomp Summary ===
# of expected passes 2586
# of unsupported tests 3
=== libjava tests ===
Running target unix
=== libjava Summary ===
# of expected passes 2574
=== libstdc++ tests ===
Running target unix
=== libstdc++ Summary ===
# of expected passes 7021
# of expected failures 44
# of unsupported tests 795
=== libstdc++ Summary ===
=== acats tests ===
FAIL: c250002
FAIL: cd5011m
FAIL: cxa5a03
FAIL: cxg2017
FAIL: cxg2020
=== acats Summary ===
# of expected passes 2316
# of unexpected failures 5
=== g++ tests ===
Running target unix
FAIL: tmpdir-g++.dg-struct-layout-1/t027 cp_compat_x_tst.o-cp_compat_y_tst.o execute
FAIL: g++.dg/abi/local1.C execution test
FAIL: g++.dg/abi/thunk5.C scan-assembler weak.*ZTv
WARNING: g++.dg/ext/label13.C compilation failed to produce executable
FAIL: g++.dg/other/unused1.C scan-assembler (string|ascii?)z?[\\t ]"printer("|\\\\\\\\0)
FAIL: g++.dg/rtti/anon-ns1.C scan-assembler "*N[^"]+1AE"
FAIL: g++.dg/tree-ssa/pr8781.C scan-tree-dump fre1 "Replacing call target with f"
FAIL: g++.dg/tls/diag-1.C (internal compiler error)
FAIL: g++.dg/tls/diag-1.C (test for excess errors)
=== g++ Summary ===
# of expected passes 25137
# of unexpected failures 8
# of expected failures 159
# of unsupported tests 487
/var/gcc/regression/trunk/5.1b-gcc/build/gcc/testsuite/g++/../../g++ version 4.7.0 20110701 (experimental) [trunk revision 175758] (GCC)
=== gcc tests ===
Running target unix
FAIL: tmpdir-gcc.dg-struct-layout-1/t025 c_compat_x_tst.o-c_compat_y_tst.o execute
FAIL: tmpdir-gcc.dg-struct-layout-1/t027 c_compat_x_tst.o-c_compat_y_tst.o execute
FAIL: tmpdir-gcc.dg-struct-layout-1/t028 c_compat_x_tst.o-c_compat_y_tst.o execute
FAIL: gcc.dg/array-quals-1.c scan-assembler-not \\\\.data(?!\\\\.rel\\\\.ro)
FAIL: gcc.dg/pr44194-1.c scan-rtl-dump dse1 "global deletions = 2"
XPASS: gcc.dg/tree-ssa/20030807-7.c scan-tree-dump-times vrp1 "if " 1
FAIL: gcc.dg/tree-ssa/pr42585.c scan-tree-dump-times optimized "struct _fat_ptr _ans" 0
FAIL: gcc.dg/tree-ssa/pr42585.c scan-tree-dump-times optimized "struct _fat_ptr _T2" 0
FAIL: gcc.dg/tree-ssa/vrp47.c scan-tree-dump-times dom1 "x[^ ]* & y" 1
=== gcc Summary ===
# of expected passes 58063
# of unexpected failures 8
# of unexpected successes 1
# of expected failures 103
# of unsupported tests 1045
/var/gcc/regression/trunk/5.1b-gcc/build/gcc/xgcc version 4.7.0 20110701 (experimental) [trunk revision 175758] (GCC)
=== gfortran tests ===
Running target unix
FAIL: gfortran.dg/bessel_6.f90 -O0 execution test
FAIL: gfortran.dg/bessel_6.f90 -O1 execution test
FAIL: gfortran.dg/bessel_6.f90 -O2 execution test
FAIL: gfortran.dg/bessel_6.f90 -O3 -fomit-frame-pointer execution test
FAIL: gfortran.dg/bessel_6.f90 -O3 -fomit-frame-pointer -funroll-loops execution test
FAIL: gfortran.dg/bessel_6.f90 -O3 -fomit-frame-pointer -funroll-all-loops -finline-functions execution test
FAIL: gfortran.dg/bessel_6.f90 -O3 -g execution test
FAIL: gfortran.dg/bessel_6.f90 -Os execution test
FAIL: gfortran.dg/coarray_lock_3.f90 -O (test for errors, line 72)
FAIL: gfortran.dg/large_real_kind_2.F90 -O0 execution test
FAIL: gfortran.dg/large_real_kind_2.F90 -O1 execution test
FAIL: gfortran.dg/large_real_kind_2.F90 -O2 execution test
FAIL: gfortran.dg/large_real_kind_2.F90 -O3 -fomit-frame-pointer execution test
FAIL: gfortran.dg/large_real_kind_2.F90 -O3 -fomit-frame-pointer -funroll-loops execution test
FAIL: gfortran.dg/large_real_kind_2.F90 -O3 -fomit-frame-pointer -funroll-all-loops -finline-functions execution test
FAIL: gfortran.dg/large_real_kind_2.F90 -O3 -g execution test
FAIL: gfortran.dg/large_real_kind_2.F90 -Os execution test
FAIL: gfortran.dg/nint_2.f90 -O0 execution test
FAIL: gfortran.dg/pr25923.f90 -O (test for warnings, line 22)
FAIL: gfortran.dg/pr45636.f90 -O scan-tree-dump-times forwprop2 "memset" 0
FAIL: gfortran.dg/realloc_on_assign_5.f03 -O0 execution test
FAIL: gfortran.dg/realloc_on_assign_5.f03 -O1 execution test
FAIL: gfortran.dg/realloc_on_assign_5.f03 -O2 execution test
FAIL: gfortran.dg/realloc_on_assign_5.f03 -O3 -fomit-frame-pointer execution test
FAIL: gfortran.dg/realloc_on_assign_5.f03 -O3 -fomit-frame-pointer -funroll-loops execution test
FAIL: gfortran.dg/realloc_on_assign_5.f03 -O3 -fomit-frame-pointer -funroll-all-loops -finline-functions execution test
FAIL: gfortran.dg/realloc_on_assign_5.f03 -O3 -g execution test
FAIL: gfortran.dg/realloc_on_assign_5.f03 -Os execution test
=== gfortran Summary ===
# of expected passes 38854
# of unexpected failures 28
# of expected failures 41
# of unsupported tests 80
/var/gcc/regression/trunk/5.1b-gcc/build/gcc/testsuite/gfortran/../../gfortran version 4.7.0 20110701 (experimental) [trunk revision 175758] (GCC)
=== gnat tests ===
Running target unix
=== gnat Summary ===
# of expected passes 910
# of expected failures 11
# of unsupported tests 4
/var/gcc/regression/trunk/5.1b-gcc/build/gcc/gnatmake version 4.7.0 20110701 (experimental) [trunk revision 175758]
=== obj-c++ tests ===
Running target unix
=== obj-c++ Summary ===
# of expected passes 1396
# of expected failures 10
# of unsupported tests 69
/var/gcc/regression/trunk/5.1b-gcc/build/gcc/testsuite/obj-c++/../../g++ version 4.7.0 20110701 (experimental) [trunk revision 175758] (GCC)
=== objc tests ===
Running target unix
=== objc Summary ===
# of expected passes 2904
# of unsupported tests 66
/var/gcc/regression/trunk/5.1b-gcc/build/gcc/xgcc version 4.7.0 20110701 (experimental) [trunk revision 175758] (GCC)
Compiler version: 4.7.0 20110701 (experimental) [trunk revision 175758] (GCC)
Platform: alpha-dec-osf5.1b
configure flags: --prefix=/vol/gcc --target=alpha-dec-osf5.1b --enable-checking=release --enable-objc-gc --enable-obsolete --with-gmp-include=/vol/gcc/include --with-gmp-lib=/vol/gcc/lib --with-mpfr-include=/vol/gcc/include --with-mpfr-lib=/vol/gcc/lib --with-mpc-include=/vol/gcc/include --with-mpc-lib=/vol/gcc/lib --enable-languages=all,ada,obj-c++ --build=alpha-dec-osf5.1b --host=alpha-dec-osf5.1b
BOOT_CFLAGS=-g -O2