This is the mail archive of the
gcc-testresults@gcc.gnu.org
mailing list for the GCC project.
Results for 4.7.0 20110702 (experimental) [trunk revision 175780] (GCC) testsuite on x86_64-apple-darwin10.7.0
- From: sean at seanmcgovern dot ca (Sean McGovern)
- To: gcc-testresults at gcc dot gnu dot org
- Date: Sun, 3 Jul 2011 05:20:11 -0400 (EDT)
- Subject: Results for 4.7.0 20110702 (experimental) [trunk revision 175780] (GCC) testsuite on x86_64-apple-darwin10.7.0
LAST_UPDATED: Sat Jul 2 16:52:03 UTC 2011 (revision 175780)
Native configuration is x86_64-apple-darwin10.7.0
=== gcc tests ===
Running target unix/-m32
XPASS: gcc.dg/tree-ssa/20030807-7.c scan-tree-dump-times vrp1 "if " 1
FAIL: gcc.dg/tree-ssa/vrp47.c scan-tree-dump-times dom1 "x[^ ]* & y" 1
=== gcc Summary for unix/-m32 ===
# of expected passes 64208
# of unexpected failures 1
# of unexpected successes 1
# of expected failures 179
# of unsupported tests 1350
Running target unix/-m64
FAIL: gcc.dg/matrix/transpose-3.c execution, -fprofile-use -fipa-matrix-reorg -fdump-ipa-matrix-reorg -O3 -fwhole-program -fno-tree-fre
XPASS: gcc.dg/tree-ssa/20030807-7.c scan-tree-dump-times vrp1 "if " 1
FAIL: gcc.dg/tree-ssa/vrp47.c scan-tree-dump-times dom1 "x[^ ]* & y" 1
=== gcc Summary for unix/-m64 ===
# of expected passes 64506
# of unexpected failures 2
# of unexpected successes 1
# of expected failures 180
# of unsupported tests 1645
=== gcc Summary ===
# of expected passes 128714
# of unexpected failures 3
# of unexpected successes 2
# of expected failures 359
# of unsupported tests 2995
/BUILD/gcc/obj-175780/gcc/xgcc version 4.7.0 20110702 (experimental) [trunk revision 175780] (GCC)
=== libgomp tests ===
Running target unix/-m64
=== libgomp Summary for unix/-m64 ===
# of expected passes 262
# of unsupported tests 3
Running target unix/-m32
=== libgomp Summary for unix/-m32 ===
# of expected passes 262
# of unsupported tests 3
=== libgomp Summary ===
# of expected passes 524
# of unsupported tests 6
Compiler version: 4.7.0 20110702 (experimental) [trunk revision 175780] (GCC)
Platform: x86_64-apple-darwin10.7.0
configure flags: --prefix=/BUILD/gcc/175780 --target=x86_64-apple-darwin10.7.0 --host=x86_64-apple-darwin10.7.0 --build=x86_64-apple-darwin10.7.0 --with-tune=core2 --with-gmp=/opt/gnu --with-mpfr=/opt/gnu --with-mpc=/opt/gnu --disable-libmudflap --disable-libssp --enable-stage1-languages=c --enable-languages=c --program-suffix=-trunk
BOOT_CFLAGS=-g -O2