This is the mail archive of the gcc-testresults@gcc.gnu.org mailing list for the GCC project.


Index Nav: [Date Index] [Subject Index] [Author Index] [Thread Index]
Message Nav: [Date Prev] [Date Next] [Thread Prev] [Thread Next]
Other format: [Raw text]

Results for 4.7.0 20110630 (experimental) [trunk revision 175738] (GCC) testsuite on hppa64-hp-hpux11.11


Native configuration is hppa64-hp-hpux11.11

		=== g++ tests ===


Running target unix
WARNING: program timed out.

		=== g++ Summary ===

# of expected passes		25357
# of expected failures		158
# of unsupported tests		594
/test/gnu/gcc/objdir/gcc/testsuite/g++/../../g++  version 4.7.0 20110630 (experimental) [trunk revision 175738] (GCC) 

		=== gcc tests ===


Running target unix
WARNING: program timed out.
FAIL: gcc.dg/lto/20090116 c_lto_20090116_0.o-c_lto_20090116_0.o link, -O1 -flto -flto-partition=1to1 -fPIC (internal compiler error)
UNRESOLVED: gcc.dg/lto/20090116 c_lto_20090116_0.o-c_lto_20090116_0.o execute -O1 -flto -flto-partition=1to1 -fPIC
FAIL: gcc.dg/torture/pr43879_1.c  -O1  execution test
FAIL: gcc.dg/torture/pr43879_1.c  -O2  execution test
FAIL: gcc.dg/torture/pr43879_1.c  -O3 -fomit-frame-pointer  execution test
FAIL: gcc.dg/torture/pr43879_1.c  -O3 -g  execution test
FAIL: gcc.dg/torture/pr43879_1.c  -Os  execution test
XPASS: gcc.dg/tree-ssa/20030807-7.c scan-tree-dump-times vrp1 "if " 1
FAIL: gcc.dg/tree-ssa/vrp47.c scan-tree-dump-times dom1 "x[^ ]* & y" 1

		=== gcc Summary ===

# of expected passes		67397
# of unexpected failures	7
# of unexpected successes	1
# of expected failures		112
# of unresolved testcases	1
# of unsupported tests		1270
/test/gnu/gcc/objdir/gcc/xgcc  version 4.7.0 20110630 (experimental) [trunk revision 175738] (GCC) 

		=== gfortran tests ===


Running target unix
FAIL: gfortran.dg/coarray_lock_3.f90  -O   (test for errors, line 72)
FAIL: gfortran.dg/pr25923.f90  -O   (test for warnings, line 22)

		=== gfortran Summary ===

# of expected passes		37968
# of unexpected failures	2
# of expected failures		41
# of unsupported tests		363
/test/gnu/gcc/objdir/gcc/testsuite/gfortran/../../gfortran  version 4.7.0 20110630 (experimental) [trunk revision 175738] (GCC) 

		=== obj-c++ tests ===


Running target unix

		=== obj-c++ Summary ===

# of expected passes		1438
# of expected failures		10
# of unsupported tests		86
/test/gnu/gcc/objdir/gcc/testsuite/obj-c++/../../g++  version 4.7.0 20110630 (experimental) [trunk revision 175738] (GCC) 

		=== objc tests ===


Running target unix

		=== objc Summary ===

# of expected passes		2978
# of unsupported tests		75
/test/gnu/gcc/objdir/gcc/xgcc  version 4.7.0 20110630 (experimental) [trunk revision 175738] (GCC) 

		=== libgomp tests ===


Running target unix

		=== libgomp Summary ===

# of expected passes		2572
# of unsupported tests		10
		=== libstdc++ tests ===


Running target unix

		=== libstdc++ Summary ===

# of expected passes		7033
# of expected failures		45
# of unsupported tests		781

Compiler version: 4.7.0 20110630 (experimental) [trunk revision 175738] (GCC) 
Platform: hppa64-hp-hpux11.11
configure flags:Test Run By dave on Fri Jul  1 14:22:25 2011


Index Nav: [Date Index] [Subject Index] [Author Index] [Thread Index]
Message Nav: [Date Prev] [Date Next] [Thread Prev] [Thread Next]