This is the mail archive of the gcc-testresults@gcc.gnu.org mailing list for the GCC project.


Index Nav: [Date Index] [Subject Index] [Author Index] [Thread Index]
Message Nav: [Date Prev] [Date Next] [Thread Prev] [Thread Next]
Other format: [Raw text]

Results for 4.6.1 (Blastwave.org Inc. Wed Jun 29 15:53:20 GMT 2011) testsuite on i386-pc-solaris2.8


# uname -a
SunOS titan 5.8 Generic_127722-03 i86pc i386 i86pc

# which gcc
/opt/bw/bin/gcc
# gcc --version
gcc (Blastwave.org Inc. Thu May  6 02:24:12 GMT 2011) 4.5.3
Copyright (C) 2010 Free Software Foundation, Inc.
This is free software; see the source for copying conditions.  There is NO
warranty; not even for MERCHANTABILITY or FITNESS FOR A PARTICULAR PURPOSE.

# which gas
/opt/bw/bin/gas

# gas --version
GNU assembler (Blastwave.org Inc. Wed Jun 29 03:24:53 GMT 2011) 2.21.1
Copyright 2011 Free Software Foundation, Inc.
This program is free software; you may redistribute it under the terms of
the GNU General Public License version 3 or later.
This program has absolutely no warranty.
This assembler was configured for a target of `i386-pc-solaris2.8'.

# cat /etc/release
                       Solaris 8 2/02 s28x_u7wos_08a INTEL
           Copyright 2002 Sun Microsystems, Inc.  All Rights Reserved.
                           Assembled 18 December 2001
# date
Fri Jul  1 23:36:07 GMT 2011
# /export/medusa/dclarke/build/GCC/4.6.1/gcc-4.6.1/contrib/test_summary
cat <<'EOF' |
LAST_UPDATED: Obtained from SVN: tags/gcc_4_6_1_release revision 175473

                === acats tests ===

                === acats Summary ===
# of expected passes            2321
# of unexpected failures        0
Native configuration is i386-pc-solaris2.8

                === g++ tests ===


Running target unix
FAIL: g++.dg/ext/visibility/fvisibility-inlines-hidden-2.C scan-not-hidden
FAIL: g++.dg/ext/visibility/fvisibility-inlines-hidden-3.C scan-not-hidden
FAIL: g++.dg/ext/visibility/fvisibility-inlines-hidden-3.C scan-not-hidden
FAIL: g++.dg/ext/visibility/fvisibility-override1.C scan-not-hidden
FAIL: g++.dg/ext/visibility/fvisibility-override2.C scan-not-hidden
FAIL: g++.dg/ext/visibility/guard1.C scan-not-hidden
FAIL: g++.dg/ext/visibility/ms-compat-1.C scan-not-hidden
FAIL: g++.dg/ext/visibility/ms-compat-1.C scan-not-hidden
FAIL: g++.dg/ext/visibility/ms-compat-1.C scan-not-hidden
FAIL: g++.dg/ext/visibility/namespace1.C scan-not-hidden
FAIL: g++.dg/ext/visibility/new1.C scan-not-hidden
FAIL: g++.dg/ext/visibility/template1.C scan-not-hidden
FAIL: g++.dg/ext/visibility/template1.C scan-not-hidden
FAIL: g++.dg/ext/visibility/template2.C scan-not-hidden
FAIL: g++.dg/ext/visibility/template2.C scan-not-hidden
FAIL: g++.dg/ext/visibility/template3.C scan-not-hidden
FAIL: g++.dg/ext/visibility/template3.C scan-not-hidden
FAIL: g++.dg/ext/visibility/template4.C scan-not-hidden
FAIL: g++.dg/ext/visibility/template4.C scan-not-hidden
FAIL: g++.dg/ext/visibility/template4.C scan-not-hidden
FAIL: g++.dg/ext/visibility/template4.C scan-not-hidden
FAIL: g++.dg/ext/visibility/template6.C scan-not-hidden
FAIL: g++.dg/ext/visibility/typeinfo1.C scan-not-hidden
FAIL: g++.dg/ext/visibility/typeinfo1.C scan-not-hidden
FAIL: g++.dg/ext/visibility/typeinfo2.C scan-not-hidden
FAIL: g++.dg/ext/visibility/typeinfo3.C scan-not-hidden
FAIL: g++.dg/ext/visibility/typeinfo3.C scan-not-hidden
FAIL: g++.dg/ext/visibility/warn3.C scan-not-hidden
FAIL: g++.old-deja/g++.mike/visibility-1.C scan-not-hidden

                === g++ Summary ===

# of expected passes            26793
# of unexpected failures        29
# of expected failures          166
# of unsupported tests          202
/opt/bw/src/GCC/gcc-4.6.1_SunOS5.8_i386.003/gcc/testsuite/g++/../../g++ 
version 4.6.1 (Blastwave.org Inc. Wed Jun 29 15:53:20 GMT 2011)

                === gcc tests ===


Running target unix
FAIL: gcc.c-torture/compile/limits-exprparen.c  -O0  (internal compiler
error)
FAIL: gcc.c-torture/compile/limits-exprparen.c  -O0  (test for excess errors)
FAIL: gcc.c-torture/compile/limits-exprparen.c  -O1  (internal compiler
error)
FAIL: gcc.c-torture/compile/limits-exprparen.c  -O1  (test for excess errors)
FAIL: gcc.c-torture/compile/limits-exprparen.c  -O2  (internal compiler
error)
FAIL: gcc.c-torture/compile/limits-exprparen.c  -O2  (test for excess errors)
FAIL: gcc.c-torture/compile/limits-exprparen.c  -O3 -fomit-frame-pointer 
(internal compiler error)
FAIL: gcc.c-torture/compile/limits-exprparen.c  -O3 -fomit-frame-pointer 
(test for excess errors)
FAIL: gcc.c-torture/compile/limits-exprparen.c  -O3 -g  (internal compiler
error)
FAIL: gcc.c-torture/compile/limits-exprparen.c  -O3 -g  (test for excess
errors)
FAIL: gcc.c-torture/compile/limits-exprparen.c  -Os  (internal compiler
error)
FAIL: gcc.c-torture/compile/limits-exprparen.c  -Os  (test for excess errors)
FAIL: gcc.c-torture/compile/limits-exprparen.c  -O2 -flto
-flto-partition=none  (internal compiler error)
FAIL: gcc.c-torture/compile/limits-exprparen.c  -O2 -flto
-flto-partition=none  (test for excess errors)
FAIL: gcc.c-torture/compile/limits-exprparen.c  -O2 -flto  (internal
compiler error)
FAIL: gcc.c-torture/compile/limits-exprparen.c  -O2 -flto  (test for
excess errors)
WARNING: program timed out.
FAIL: gcc.c-torture/compile/pr37669-2.c  -Os  (test for excess errors)
FAIL: gcc.dg/visibility-d.c scan-not-hidden
FAIL: gcc.dg/visibility-d.c scan-not-hidden
FAIL: gcc.dg/visibility-d.c scan-not-hidden
FAIL: gcc.dg/visibility-d.c scan-not-hidden
FAIL: gcc.dg/visibility-d.c scan-not-hidden
FAIL: gcc.dg/visibility-d.c scan-not-hidden
FAIL: gcc.dg/visibility-d.c scan-not-hidden
FAIL: gcc.dg/visibility-d.c scan-not-hidden
FAIL: gcc.dg/visibility-d.c scan-not-hidden
FAIL: gcc.dg/visibility-d.c scan-not-hidden
FAIL: gcc.dg/visibility-d.c scan-not-hidden
FAIL: gcc.dg/visibility-d.c scan-not-hidden
FAIL: gcc.dg/visibility-d.c scan-not-hidden
FAIL: gcc.dg/visibility-d.c scan-not-hidden
FAIL: gcc.dg/visibility-d.c scan-not-hidden
FAIL: gcc.dg/visibility-d.c scan-not-hidden
FAIL: gcc.dg/visibility-d.c scan-not-hidden
FAIL: gcc.dg/visibility-d.c scan-not-hidden
FAIL: gcc.dg/visibility-d.c scan-not-hidden
FAIL: gcc.dg/visibility-d.c scan-not-hidden
FAIL: gcc.dg/visibility-d.c scan-not-hidden
FAIL: gcc.dg/visibility-d.c scan-not-hidden
FAIL: gcc.dg/visibility-d.c scan-not-hidden
FAIL: gcc.dg/visibility-d.c scan-not-hidden
FAIL: gcc.dg/visibility-d.c scan-not-hidden
FAIL: gcc.dg/visibility-d.c scan-not-hidden
FAIL: gcc.dg/visibility-d.c scan-not-hidden
FAIL: gcc.dg/visibility-d.c scan-not-hidden
FAIL: gcc.dg/visibility-d.c scan-not-hidden
FAIL: gcc.dg/visibility-d.c scan-not-hidden
FAIL: gcc.dg/lto/20110201-1 c_lto_20110201-1_0.o-c_lto_20110201-1_0.o
link,  -O0 -flto
UNRESOLVED: gcc.dg/lto/20110201-1
c_lto_20110201-1_0.o-c_lto_20110201-1_0.o execute  -O0 -flto
FAIL: gcc.dg/vect/pr48377.c execution test

                === gcc Summary ===

# of expected passes            75173
# of unexpected failures        49
# of expected failures          212
# of unresolved testcases       1
# of unsupported tests          1029
/opt/bw/src/GCC/gcc-4.6.1_SunOS5.8_i386.003/gcc/xgcc  version 4.6.1
(Blastwave.org Inc. Wed Jun 29 15:53:20 GMT 2011)

                === gfortran tests ===


Running target unix

                === gfortran Summary ===

# of expected passes            37571
# of expected failures          41
# of unsupported tests          373
/opt/bw/src/GCC/gcc-4.6.1_SunOS5.8_i386.003/gcc/testsuite/gfortran/../../gfortran
 version 4.6.1 (Blastwave.org Inc. Wed Jun 29 15:53:20 GMT 2011)

                === gnat tests ===


Running target unix

                === gnat Summary ===

# of expected passes            867
# of expected failures          10
# of unsupported tests          4
/opt/bw/src/GCC/gcc-4.6.1_SunOS5.8_i386.003/gcc/gnatmake version 4.6.1

                === objc tests ===


Running target unix

                === objc Summary ===

# of expected passes            2872
# of expected failures          6
# of unsupported tests          98
/opt/bw/src/GCC/gcc-4.6.1_SunOS5.8_i386.003/gcc/xgcc  version 4.6.1
(Blastwave.org Inc. Wed Jun 29 15:53:20 GMT 2011)

                === libgomp tests ===


Running target unix

                === libgomp Summary ===

# of expected passes            2586
# of unsupported tests          3
                === libstdc++ tests ===


Running target unix

                === libstdc++ Summary ===

# of expected passes            6871
# of expected failures          84
# of unsupported tests          742

Compiler version: 4.6.1 (Blastwave.org Inc. Wed Jun 29 15:53:20 GMT 2011)
Platform: i386-pc-solaris2.8
configure flags: --host=i386-pc-solaris2.8 --build=i386-pc-solaris2.8
--with-as=/opt/bw/bin/gas --without-gnu-ld --with-ld=/usr/ccs/bin/ld
--with-cpu=i386 --enable-stage1-languages=c --enable-nls
--enable-threads=posix --prefix=/opt/bw --enable-shared
--libdir=/opt/bw/lib/i386 --enable-multilib
--with-gmp-include=/opt/bw/include --with-gmp-lib=/opt/bw/lib/i386
--with-mpfr-include=/opt/bw/include --with-mpfr-lib=/opt/bw/lib/i386
--with-mpc-include=/opt/bw/include --with-mpc-lib=/opt/bw/lib/i386
--with-pkgversion='Blastwave.org Inc. Wed Jun 29 15:53:20 GMT 2011'
--with-bugurl=http://www.blastwave.org/support
--enable-languages=c,c++,objc,fortran,ada --enable-bootstrap
EOF

--
+-------------------------+---------------------------------+
| Dennis Clarke           |  Elected Member of the LAST     |
| dclarke@blastwave.org   |  OpenSolaris Governance Board   |
+-------------------------+---------------------------------+
|      Need open source?  Need a compiler?  Use GCC !       |
+-----------------------------------------------------------+



Index Nav: [Date Index] [Subject Index] [Author Index] [Thread Index]
Message Nav: [Date Prev] [Date Next] [Thread Prev] [Thread Next]