This is the mail archive of the gcc-testresults@gcc.gnu.org mailing list for the GCC project.


Index Nav: [Date Index] [Subject Index] [Author Index] [Thread Index]
Message Nav: [Date Prev] [Date Next] [Thread Prev] [Thread Next]
Other format: [Raw text]

Results for 4.6.1 (Blastwave.org Inc. Wed Jun 29 13:04:16 GMT 2011) testsuite on sparc-sun-solaris2.8


# uname -a
SunOS mimas 5.8 Generic_127721-03 sun4u sparc SUNW,UltraAX-i2 Solaris
# which gcc
/opt/bw/bin/gcc
#
# gcc --version
gcc (Blastwave.org Inc. Thu May  6 04:43:19 GMT 2011) 4.5.3
Copyright (C) 2010 Free Software Foundation, Inc.
This is free software; see the source for copying conditions.  There is NO
warranty; not even for MERCHANTABILITY or FITNESS FOR A PARTICULAR PURPOSE.

#
# which as
/usr/ccs/bin/as

# which ld
/usr/ccs/bin/ld


# cat /etc/release
                       Solaris 8 2/04 s28s_hw4wos_05a SPARC
           Copyright 2004 Sun Microsystems, Inc.  All Rights Reserved.
                            Assembled 08 January 2004
# date
Fri Jul  1 23:35:02 GMT 2011
#
# /export/medusa/dclarke/build/GCC/4.6.1/gcc-4.6.1/contrib/test_summary
cat <<'EOF' |
LAST_UPDATED: Obtained from SVN: tags/gcc_4_6_1_release revision 175473

                === acats tests ===

                === acats Summary ===
# of expected passes            2321
# of unexpected failures        0
Native configuration is sparc-sun-solaris2.8

                === g++ tests ===


Running target unix
FAIL: g++.dg/cpp0x/lambda/lambda-eh2.C execution test
FAIL: g++.dg/lto/20091219 cp_lto_20091219_0.o-cp_lto_20091219_0.o link,
-O3 -flto
UNRESOLVED: g++.dg/lto/20091219 cp_lto_20091219_0.o-cp_lto_20091219_0.o
execute -O3 -flto
FAIL: g++.dg/torture/pr31863.C  -O2 -flto  (test for excess errors)

                === g++ Summary ===

# of expected passes            26219
# of unexpected failures        3
# of expected failures          166
# of unresolved testcases       1
# of unsupported tests          494
/opt/bw/src/GCC/gcc-4.6.1_SunOS5.8_sparc.002/gcc/testsuite/g++/../../g++ 
version 4.6.1 (Blastwave.org Inc. Wed Jun 29 13:04:16 GMT 2011)

                === gcc tests ===


Running target unix
FAIL: gcc.c-torture/compile/limits-exprparen.c  -O0  (internal compiler
error)
FAIL: gcc.c-torture/compile/limits-exprparen.c  -O0  (test for excess errors)
FAIL: gcc.c-torture/compile/limits-exprparen.c  -O1  (internal compiler
error)
FAIL: gcc.c-torture/compile/limits-exprparen.c  -O1  (test for excess errors)
FAIL: gcc.c-torture/compile/limits-exprparen.c  -O2  (internal compiler
error)
FAIL: gcc.c-torture/compile/limits-exprparen.c  -O2  (test for excess errors)
FAIL: gcc.c-torture/compile/limits-exprparen.c  -O3 -fomit-frame-pointer 
(internal compiler error)
FAIL: gcc.c-torture/compile/limits-exprparen.c  -O3 -fomit-frame-pointer 
(test for excess errors)
FAIL: gcc.c-torture/compile/limits-exprparen.c  -O3 -g  (internal compiler
error)
FAIL: gcc.c-torture/compile/limits-exprparen.c  -O3 -g  (test for excess
errors)
FAIL: gcc.c-torture/compile/limits-exprparen.c  -Os  (internal compiler
error)
FAIL: gcc.c-torture/compile/limits-exprparen.c  -Os  (test for excess errors)
FAIL: gcc.c-torture/compile/limits-exprparen.c  -O2 -flto
-flto-partition=none  (internal compiler error)
FAIL: gcc.c-torture/compile/limits-exprparen.c  -O2 -flto
-flto-partition=none  (test for excess errors)
FAIL: gcc.c-torture/compile/limits-exprparen.c  -O2 -flto  (internal
compiler error)
FAIL: gcc.c-torture/compile/limits-exprparen.c  -O2 -flto  (test for
excess errors)
FAIL: gcc.c-torture/execute/20101013-1.c execution,  -O2
FAIL: gcc.c-torture/execute/20101013-1.c execution,  -O3 -fomit-frame-pointer
FAIL: gcc.c-torture/execute/20101013-1.c execution,  -O3
-fomit-frame-pointer -funroll-loops
FAIL: gcc.c-torture/execute/20101013-1.c execution,  -O3
-fomit-frame-pointer -funroll-all-loops -finline-functions
FAIL: gcc.c-torture/execute/20101013-1.c execution,  -O3 -g
FAIL: gcc.c-torture/execute/20101013-1.c execution,  -O2 -flto
-flto-partition=none
FAIL: gcc.c-torture/execute/20101013-1.c execution,  -O2 -flto
FAIL: gcc.dg/lto/20110201-1 c_lto_20110201-1_0.o-c_lto_20110201-1_0.o
link,  -O0 -flto
UNRESOLVED: gcc.dg/lto/20110201-1
c_lto_20110201-1_0.o-c_lto_20110201-1_0.o execute  -O0 -flto
FAIL: gcc.dg/vect/pr48377.c execution test

                === gcc Summary ===

# of expected passes            69715
# of unexpected failures        25
# of expected failures          235
# of unresolved testcases       1
# of unsupported tests          1229
/opt/bw/src/GCC/gcc-4.6.1_SunOS5.8_sparc.002/gcc/xgcc  version 4.6.1
(Blastwave.org Inc. Wed Jun 29 13:04:16 GMT 2011)

                === gfortran tests ===


Running target unix

                === gfortran Summary ===

# of expected passes            38017
# of expected failures          43
# of unsupported tests          404
/opt/bw/src/GCC/gcc-4.6.1_SunOS5.8_sparc.002/gcc/testsuite/gfortran/../../gfortran
 version 4.6.1 (Blastwave.org Inc. Wed Jun 29 13:04:16 GMT 2011)

                === gnat tests ===


Running target unix

                === gnat Summary ===

# of expected passes            868
# of expected failures          10
# of unsupported tests          4
/opt/bw/src/GCC/gcc-4.6.1_SunOS5.8_sparc.002/gcc/gnatmake version 4.6.1

                === objc tests ===


Running target unix

                === objc Summary ===

# of expected passes            2916
# of expected failures          10
# of unsupported tests          74
/opt/bw/src/GCC/gcc-4.6.1_SunOS5.8_sparc.002/gcc/xgcc  version 4.6.1
(Blastwave.org Inc. Wed Jun 29 13:04:16 GMT 2011)

                === libgomp tests ===


Running target unix

                === libgomp Summary ===

# of expected passes            2572
# of unsupported tests          10
                === libstdc++ tests ===


Running target unix

                === libstdc++ Summary ===

# of expected passes            6843
# of expected failures          84
# of unsupported tests          755

Compiler version: 4.6.1 (Blastwave.org Inc. Wed Jun 29 13:04:16 GMT 2011)
Platform: sparc-sun-solaris2.8
configure flags: --host=sparc-sun-solaris2.8 --build=sparc-sun-solaris2.8
--with-as=/usr/ccs/bin/as --without-gnu-ld --with-ld=/usr/ccs/bin/ld
--with-cpu=v7 --enable-stage1-languages=c --enable-nls
--enable-threads=posix --prefix=/opt/bw --enable-shared
--libdir=/opt/bw/lib/sparcv8 --enable-multilib
--with-gmp-include=/opt/bw/include --with-gmp-lib=/opt/bw/lib/sparcv8
--with-mpfr-include=/opt/bw/include --with-mpfr-lib=/opt/bw/lib/sparcv8
--with-mpc-include=/opt/bw/include --with-mpc-lib=/opt/bw/lib/sparcv8
--with-pkgversion='Blastwave.org Inc. Wed Jun 29 13:04:16 GMT 2011'
--with-bugurl=http://www.blastwave.org/support
--enable-languages=c,c++,objc,fortran,ada --enable-bootstrap
EOF

+-------------------------+---------------------------------+
| Dennis Clarke           |  Elected Member of the LAST     |
| dclarke@blastwave.org   |  OpenSolaris Governance Board   |
+-------------------------+---------------------------------+
|     Will the real open source UNIX please stand up ?      |
+-----------------------------------------------------------+



Index Nav: [Date Index] [Subject Index] [Author Index] [Thread Index]
Message Nav: [Date Prev] [Date Next] [Thread Prev] [Thread Next]