This is the mail archive of the gcc-testresults@gcc.gnu.org mailing list for the GCC project.


Index Nav: [Date Index] [Subject Index] [Author Index] [Thread Index]
Message Nav: [Date Prev] [Date Next] [Thread Prev] [Thread Next]
Other format: [Raw text]

Results for 4.6.0 (GCC) testsuite on sparc-sun-solaris2.10


It could have been the mishmash of libraries and tools on this box, but I 
couldn't build gcc 4.6.0 with gcc 3.4.6 (no cimag etc.) or SunStudio 5.9 cc 
(balked at lto), so used SunStudio 5.9 cc to bootstrap stage1, installed it in 
a separate directory (~/gcc/local), then started over with that gcc and 
eventually completed the full build, check, and install of 4.6.0 C, C++, and 
lto.
LAST_UPDATED: Obtained from SVN: tags/gcc_4_6_0_release revision 171513

Native configuration is sparc-sun-solaris2.10

		=== gcc tests ===


Running target unix
FAIL: gcc.dg/lto/20110201-1 c_lto_20110201-1_0.o-c_lto_20110201-1_0.o link,  -O0 -flto 
UNRESOLVED: gcc.dg/lto/20110201-1 c_lto_20110201-1_0.o-c_lto_20110201-1_0.o execute  -O0 -flto 
FAIL: gcc.dg/special/gcsec-1.c (test for excess errors)
UNRESOLVED: gcc.dg/special/gcsec-1.c compilation failed to produce executable

		=== gcc Summary ===

# of expected passes		69447
# of unexpected failures	2
# of expected failures		237
# of unresolved testcases	2
# of unsupported tests		1153
/home/faculty/daugher/gcc/build/gcc/xgcc  version 4.6.0 (GCC) 

		=== g++ tests ===


Running target unix
FAIL: g++.dg/eh/gcsec1.C (test for excess errors)
UNRESOLVED: g++.dg/eh/gcsec1.C compilation failed to produce executable

		=== g++ Summary ===

# of expected passes		26175
# of unexpected failures	1
# of expected failures		162
# of unresolved testcases	1
# of unsupported tests		426
/home/faculty/daugher/gcc/build/gcc/testsuite/g++/../../g++  version 4.6.0 (GCC) 

		=== libgomp tests ===


Running target unix

		=== libgomp Summary ===

# of expected passes		1011
# of unsupported tests		9
		=== libstdc++ tests ===


Running target unix

		=== libstdc++ Summary ===

# of expected passes		7358
# of expected failures		82
# of unsupported tests		460

Compiler version: 4.6.0 (GCC) 
Platform: sparc-sun-solaris2.10
configure flags: --prefix=/home/faculty/daugher/gcc/local --enable-languages=c++ --with-gnu-as


Index Nav: [Date Index] [Subject Index] [Author Index] [Thread Index]
Message Nav: [Date Prev] [Date Next] [Thread Prev] [Thread Next]