This is the mail archive of the
gcc-testresults@gcc.gnu.org
mailing list for the GCC project.
Results for 4.7.0 20110619 (experimental) [trunk revision 175188] (GCC) testsuite on armv7l-unknown-linux-gnueabi
- From: Robert Nelson <robertcnelson at gmail dot com>
- To: gcc-testresults at gcc dot gnu dot org
- Date: Mon, 20 Jun 2011 00:00:09 -0500
- Subject: Results for 4.7.0 20110619 (experimental) [trunk revision 175188] (GCC) testsuite on armv7l-unknown-linux-gnueabi
LAST_UPDATED: Sun Jun 19 16:50:31 UTC 2011 (revision 175188)
Native configuration is armv7l-unknown-linux-gnueabi
=== libgomp tests ===
Running target unix
FAIL: libgomp.c++/ctor-3.C -O0 execution test
FAIL: libgomp.c++/ctor-3.C -O1 execution test
FAIL: libgomp.c++/ctor-3.C -O2 execution test
FAIL: libgomp.c++/ctor-3.C -O3 -fomit-frame-pointer execution test
FAIL: libgomp.c++/ctor-3.C -O3 -fomit-frame-pointer -funroll-loops execution test
FAIL: libgomp.c++/ctor-3.C -O3 -fomit-frame-pointer -funroll-all-loops -finline-functions execution test
FAIL: libgomp.c++/ctor-3.C -O3 -g execution test
FAIL: libgomp.c++/ctor-3.C -Os execution test
=== libgomp Summary ===
# of expected passes 1099
# of unexpected failures 8
# of unsupported tests 1
=== libmudflap tests ===
Running target unix
FAIL: libmudflap.c/fail40-frag.c output pattern test
FAIL: libmudflap.c/pass51-frag.c execution test
FAIL: libmudflap.c/pass51-frag.c execution test
FAIL: libmudflap.c/fail40-frag.c (-static) output pattern test
FAIL: libmudflap.c/pass51-frag.c (-static) execution test
FAIL: libmudflap.c/pass51-frag.c (-static) execution test
FAIL: libmudflap.c/fail40-frag.c (-O2) output pattern test
FAIL: libmudflap.c/pass51-frag.c (-O2) execution test
FAIL: libmudflap.c/pass51-frag.c (-O2) execution test
FAIL: libmudflap.c/fail40-frag.c (-O3) output pattern test
FAIL: libmudflap.c/pass51-frag.c (-O3) execution test
FAIL: libmudflap.c/pass51-frag.c (-O3) execution test
FAIL: libmudflap.c++/pass55-frag.cxx ( -O) execution test
WARNING: program timed out.
FAIL: libmudflap.cth/pass40-frag.c execution test
FAIL: libmudflap.cth/pass40-frag.c output pattern test
WARNING: program timed out.
FAIL: libmudflap.cth/pass40-frag.c (-static -DSTATIC) execution test
FAIL: libmudflap.cth/pass40-frag.c (-static -DSTATIC) output pattern test
WARNING: program timed out.
FAIL: libmudflap.cth/pass40-frag.c (-O2) execution test
FAIL: libmudflap.cth/pass40-frag.c (-O2) output pattern test
WARNING: program timed out.
FAIL: libmudflap.cth/pass40-frag.c (-O3) execution test
FAIL: libmudflap.cth/pass40-frag.c (-O3) output pattern test
=== libmudflap Summary ===
# of expected passes 1873
# of unexpected failures 21
=== libstdc++ tests ===
Running target unix
=== libstdc++ Summary ===
# of expected passes 7754
# of expected failures 45
# of unsupported tests 443
=== gcc tests ===
Running target unix
WARNING: program timed out.
FAIL: gcc.c-torture/compile/limits-fndefn.c -O3 -g (test for excess errors)
FAIL: gcc.c-torture/execute/builtins/strstr-asm.c compilation, -O2 -flto -flto-partition=none
UNRESOLVED: gcc.c-torture/execute/builtins/strstr-asm.c execution, -O2 -flto -flto-partition=none
FAIL: gcc.c-torture/execute/builtins/strstr-asm.c compilation, -O2 -flto
UNRESOLVED: gcc.c-torture/execute/builtins/strstr-asm.c execution, -O2 -flto
FAIL: gcc.c-torture/execute/920302-1.c compilation, -O1 (internal compiler error)
UNRESOLVED: gcc.c-torture/execute/920302-1.c execution, -O1
FAIL: gcc.c-torture/execute/920302-1.c compilation, -O2 (internal compiler error)
UNRESOLVED: gcc.c-torture/execute/920302-1.c execution, -O2
FAIL: gcc.c-torture/execute/920302-1.c compilation, -O3 -fomit-frame-pointer (internal compiler error)
UNRESOLVED: gcc.c-torture/execute/920302-1.c execution, -O3 -fomit-frame-pointer
FAIL: gcc.c-torture/execute/920302-1.c compilation, -O3 -fomit-frame-pointer -funroll-loops (internal compiler error)
UNRESOLVED: gcc.c-torture/execute/920302-1.c execution, -O3 -fomit-frame-pointer -funroll-loops
FAIL: gcc.c-torture/execute/920302-1.c compilation, -O3 -fomit-frame-pointer -funroll-all-loops -finline-functions (internal compiler error)
UNRESOLVED: gcc.c-torture/execute/920302-1.c execution, -O3 -fomit-frame-pointer -funroll-all-loops -finline-functions
FAIL: gcc.c-torture/execute/920302-1.c compilation, -O3 -g (internal compiler error)
UNRESOLVED: gcc.c-torture/execute/920302-1.c execution, -O3 -g
FAIL: gcc.c-torture/execute/920302-1.c compilation, -Os (internal compiler error)
UNRESOLVED: gcc.c-torture/execute/920302-1.c execution, -Os
FAIL: gcc.c-torture/execute/920302-1.c compilation, -O2 -flto -flto-partition=none (internal compiler error)
UNRESOLVED: gcc.c-torture/execute/920302-1.c execution, -O2 -flto -flto-partition=none
FAIL: gcc.c-torture/execute/920302-1.c compilation, -O2 -flto (internal compiler error)
UNRESOLVED: gcc.c-torture/execute/920302-1.c execution, -O2 -flto
FAIL: gcc.c-torture/execute/920501-7.c execution, -O2
FAIL: gcc.c-torture/execute/920501-7.c execution, -O3 -fomit-frame-pointer
FAIL: gcc.c-torture/execute/920501-7.c execution, -O3 -g
FAIL: gcc.c-torture/execute/920501-7.c execution, -Os
FAIL: gcc.c-torture/execute/920501-7.c execution, -O2 -flto -flto-partition=none
FAIL: gcc.c-torture/execute/920501-7.c execution, -O2 -flto
FAIL: gcc.c-torture/execute/comp-goto-2.c execution, -O2
FAIL: gcc.c-torture/execute/comp-goto-2.c execution, -O3 -fomit-frame-pointer
FAIL: gcc.c-torture/execute/comp-goto-2.c execution, -O3 -g
FAIL: gcc.c-torture/execute/comp-goto-2.c execution, -Os
FAIL: gcc.c-torture/execute/comp-goto-2.c execution, -O2 -flto -flto-partition=none
FAIL: gcc.c-torture/execute/comp-goto-2.c execution, -O2 -flto
FAIL: gcc.c-torture/execute/strct-stdarg-1.c execution, -O1
FAIL: gcc.c-torture/execute/strct-stdarg-1.c execution, -O2
FAIL: gcc.c-torture/execute/strct-stdarg-1.c execution, -O3 -fomit-frame-pointer
FAIL: gcc.c-torture/execute/strct-stdarg-1.c execution, -O3 -fomit-frame-pointer -funroll-loops
FAIL: gcc.c-torture/execute/strct-stdarg-1.c execution, -O3 -fomit-frame-pointer -funroll-all-loops -finline-functions
FAIL: gcc.c-torture/execute/strct-stdarg-1.c execution, -O3 -g
FAIL: gcc.c-torture/execute/strct-stdarg-1.c execution, -Os
FAIL: gcc.c-torture/execute/strct-stdarg-1.c execution, -O2 -flto -flto-partition=none
FAIL: gcc.c-torture/execute/strct-stdarg-1.c execution, -O2 -flto
FAIL: gcc.dg/c99-stdint-1.c (test for excess errors)
FAIL: gcc.dg/c99-stdint-7.c (test for excess errors)
XPASS: gcc.dg/inline_1.c (test for excess errors)
XPASS: gcc.dg/inline_2.c (test for excess errors)
FAIL: gcc.dg/memcpy-3.c scan-tree-dump-not optimized "memcpy"
FAIL: gcc.dg/memcpy-3.c scan-tree-dump-times optimized "MEM" 1
FAIL: gcc.dg/non-local-goto-2.c execution test
FAIL: gcc.dg/uninit-13.c unconditional (test for warnings, line 8)
FAIL: gcc.dg/uninit-13.c (test for excess errors)
XPASS: gcc.dg/unroll_1.c (test for excess errors)
FAIL: gcc.dg/torture/stackalign/builtin-apply-4.c -O2 -flto -flto-partition=none execution test
FAIL: gcc.dg/torture/stackalign/builtin-apply-4.c -O2 -flto execution test
FAIL: gcc.dg/torture/stackalign/comp-goto-1.c -O2 execution test
FAIL: gcc.dg/torture/stackalign/comp-goto-1.c -O3 -fomit-frame-pointer execution test
FAIL: gcc.dg/torture/stackalign/comp-goto-1.c -O3 -g execution test
FAIL: gcc.dg/torture/stackalign/comp-goto-1.c -Os execution test
FAIL: gcc.dg/torture/stackalign/comp-goto-1.c -O2 -flto -flto-partition=none execution test
FAIL: gcc.dg/torture/stackalign/comp-goto-1.c -O2 -flto execution test
FAIL: gcc.dg/torture/stackalign/non-local-goto-2.c -O1 execution test
FAIL: gcc.dg/torture/stackalign/non-local-goto-2.c -O2 execution test
FAIL: gcc.dg/torture/stackalign/non-local-goto-2.c -O3 -fomit-frame-pointer execution test
FAIL: gcc.dg/torture/stackalign/non-local-goto-2.c -O3 -fomit-frame-pointer -funroll-loops execution test
FAIL: gcc.dg/torture/stackalign/non-local-goto-2.c -O3 -fomit-frame-pointer -funroll-all-loops -finline-functions execution test
FAIL: gcc.dg/torture/stackalign/non-local-goto-2.c -O3 -g execution test
FAIL: gcc.dg/torture/stackalign/non-local-goto-2.c -Os execution test
FAIL: gcc.dg/torture/stackalign/non-local-goto-2.c -O2 -flto -flto-partition=none execution test
FAIL: gcc.dg/torture/stackalign/non-local-goto-2.c -O2 -flto execution test
FAIL: gcc.dg/torture/stackalign/non-local-goto-4.c -O2 execution test
FAIL: gcc.dg/torture/stackalign/non-local-goto-4.c -O3 -fomit-frame-pointer execution test
FAIL: gcc.dg/torture/stackalign/non-local-goto-4.c -O3 -g execution test
FAIL: gcc.dg/torture/stackalign/non-local-goto-4.c -Os execution test
FAIL: gcc.dg/torture/stackalign/non-local-goto-4.c -O2 -flto -flto-partition=none execution test
FAIL: gcc.dg/torture/stackalign/non-local-goto-4.c -O2 -flto execution test
FAIL: gcc.dg/torture/stackalign/builtin-apply-4.c -O2 -flto -flto-partition=none execution test
FAIL: gcc.dg/torture/stackalign/builtin-apply-4.c -O2 -flto execution test
FAIL: gcc.dg/torture/stackalign/comp-goto-1.c -O2 execution test
FAIL: gcc.dg/torture/stackalign/comp-goto-1.c -O3 -fomit-frame-pointer execution test
FAIL: gcc.dg/torture/stackalign/comp-goto-1.c -O3 -g execution test
FAIL: gcc.dg/torture/stackalign/comp-goto-1.c -Os execution test
FAIL: gcc.dg/torture/stackalign/comp-goto-1.c -O2 -flto -flto-partition=none execution test
FAIL: gcc.dg/torture/stackalign/comp-goto-1.c -O2 -flto execution test
FAIL: gcc.dg/torture/stackalign/non-local-goto-4.c -O2 execution test
FAIL: gcc.dg/torture/stackalign/non-local-goto-4.c -O3 -fomit-frame-pointer execution test
FAIL: gcc.dg/torture/stackalign/non-local-goto-4.c -O3 -g execution test
FAIL: gcc.dg/torture/stackalign/non-local-goto-4.c -Os execution test
FAIL: gcc.dg/torture/stackalign/non-local-goto-4.c -O2 -flto -flto-partition=none execution test
FAIL: gcc.dg/torture/stackalign/non-local-goto-4.c -O2 -flto execution test
FAIL: gcc.dg/torture/tls/run-gd.c -O2 -flto -flto-partition=none (test for excess errors)
UNRESOLVED: gcc.dg/torture/tls/run-gd.c -O2 -flto -flto-partition=none compilation failed to produce executable
FAIL: gcc.dg/torture/tls/run-gd.c -O2 -flto (test for excess errors)
UNRESOLVED: gcc.dg/torture/tls/run-gd.c -O2 -flto compilation failed to produce executable
FAIL: gcc.dg/torture/tls/run-ie.c -O2 -flto -flto-partition=none (test for excess errors)
UNRESOLVED: gcc.dg/torture/tls/run-ie.c -O2 -flto -flto-partition=none compilation failed to produce executable
FAIL: gcc.dg/torture/tls/run-ie.c -O2 -flto (test for excess errors)
UNRESOLVED: gcc.dg/torture/tls/run-ie.c -O2 -flto compilation failed to produce executable
FAIL: gcc.dg/torture/tls/run-ld.c -O2 -flto -flto-partition=none (test for excess errors)
UNRESOLVED: gcc.dg/torture/tls/run-ld.c -O2 -flto -flto-partition=none compilation failed to produce executable
FAIL: gcc.dg/torture/tls/run-ld.c -O2 -flto (test for excess errors)
UNRESOLVED: gcc.dg/torture/tls/run-ld.c -O2 -flto compilation failed to produce executable
FAIL: gcc.dg/torture/tls/run-le.c -O0 -pie -fpie (test for excess errors)
FAIL: gcc.dg/torture/tls/run-le.c -O0 -pie -fpie execution test
FAIL: gcc.dg/torture/tls/run-le.c -O1 -pie -fpie (test for excess errors)
FAIL: gcc.dg/torture/tls/run-le.c -O1 -pie -fpie execution test
FAIL: gcc.dg/torture/tls/run-le.c -O2 -pie -fpie (test for excess errors)
FAIL: gcc.dg/torture/tls/run-le.c -O2 -pie -fpie execution test
FAIL: gcc.dg/torture/tls/run-le.c -O3 -fomit-frame-pointer -pie -fpie (test for excess errors)
FAIL: gcc.dg/torture/tls/run-le.c -O3 -fomit-frame-pointer -pie -fpie execution test
FAIL: gcc.dg/torture/tls/run-le.c -O3 -g -pie -fpie (test for excess errors)
FAIL: gcc.dg/torture/tls/run-le.c -O3 -g -pie -fpie execution test
FAIL: gcc.dg/torture/tls/run-le.c -Os -pie -fpie (test for excess errors)
FAIL: gcc.dg/torture/tls/run-le.c -Os -pie -fpie execution test
FAIL: gcc.dg/torture/tls/run-le.c -O0 -pie -fPIE (test for excess errors)
FAIL: gcc.dg/torture/tls/run-le.c -O0 -pie -fPIE execution test
FAIL: gcc.dg/torture/tls/run-le.c -O1 -pie -fPIE (test for excess errors)
FAIL: gcc.dg/torture/tls/run-le.c -O1 -pie -fPIE execution test
FAIL: gcc.dg/torture/tls/run-le.c -O2 -pie -fPIE (test for excess errors)
FAIL: gcc.dg/torture/tls/run-le.c -O2 -pie -fPIE execution test
FAIL: gcc.dg/torture/tls/run-le.c -O3 -fomit-frame-pointer -pie -fPIE (test for excess errors)
FAIL: gcc.dg/torture/tls/run-le.c -O3 -fomit-frame-pointer -pie -fPIE execution test
FAIL: gcc.dg/torture/tls/run-le.c -O3 -g -pie -fPIE (test for excess errors)
FAIL: gcc.dg/torture/tls/run-le.c -O3 -g -pie -fPIE execution test
FAIL: gcc.dg/torture/tls/run-le.c -Os -pie -fPIE (test for excess errors)
FAIL: gcc.dg/torture/tls/run-le.c -Os -pie -fPIE execution test
FAIL: gcc.dg/torture/tls/run-le.c -O2 -flto -flto-partition=none (test for excess errors)
UNRESOLVED: gcc.dg/torture/tls/run-le.c -O2 -flto -flto-partition=none compilation failed to produce executable
FAIL: gcc.dg/torture/tls/run-le.c -O2 -flto (test for excess errors)
UNRESOLVED: gcc.dg/torture/tls/run-le.c -O2 -flto compilation failed to produce executable
FAIL: gcc.dg/torture/tls/thr-init-1.c -O0 -pie -fpie (test for excess errors)
FAIL: gcc.dg/torture/tls/thr-init-1.c -O0 -pie -fpie execution test
FAIL: gcc.dg/torture/tls/thr-init-1.c -O1 -pie -fpie (test for excess errors)
FAIL: gcc.dg/torture/tls/thr-init-1.c -O1 -pie -fpie execution test
FAIL: gcc.dg/torture/tls/thr-init-1.c -O2 -pie -fpie (test for excess errors)
FAIL: gcc.dg/torture/tls/thr-init-1.c -O2 -pie -fpie execution test
FAIL: gcc.dg/torture/tls/thr-init-1.c -O3 -fomit-frame-pointer -pie -fpie (test for excess errors)
FAIL: gcc.dg/torture/tls/thr-init-1.c -O3 -fomit-frame-pointer -pie -fpie execution test
FAIL: gcc.dg/torture/tls/thr-init-1.c -O3 -g -pie -fpie (test for excess errors)
FAIL: gcc.dg/torture/tls/thr-init-1.c -O3 -g -pie -fpie execution test
FAIL: gcc.dg/torture/tls/thr-init-1.c -Os -pie -fpie (test for excess errors)
FAIL: gcc.dg/torture/tls/thr-init-1.c -Os -pie -fpie execution test
FAIL: gcc.dg/torture/tls/thr-init-1.c -O0 -pie -fPIE (test for excess errors)
FAIL: gcc.dg/torture/tls/thr-init-1.c -O0 -pie -fPIE execution test
FAIL: gcc.dg/torture/tls/thr-init-1.c -O1 -pie -fPIE (test for excess errors)
FAIL: gcc.dg/torture/tls/thr-init-1.c -O1 -pie -fPIE execution test
FAIL: gcc.dg/torture/tls/thr-init-1.c -O2 -pie -fPIE (test for excess errors)
FAIL: gcc.dg/torture/tls/thr-init-1.c -O2 -pie -fPIE execution test
FAIL: gcc.dg/torture/tls/thr-init-1.c -O3 -fomit-frame-pointer -pie -fPIE (test for excess errors)
FAIL: gcc.dg/torture/tls/thr-init-1.c -O3 -fomit-frame-pointer -pie -fPIE execution test
FAIL: gcc.dg/torture/tls/thr-init-1.c -O3 -g -pie -fPIE (test for excess errors)
FAIL: gcc.dg/torture/tls/thr-init-1.c -O3 -g -pie -fPIE execution test
FAIL: gcc.dg/torture/tls/thr-init-1.c -Os -pie -fPIE (test for excess errors)
FAIL: gcc.dg/torture/tls/thr-init-1.c -Os -pie -fPIE execution test
FAIL: gcc.dg/torture/tls/thr-init-2.c -O0 -pie -fpie (test for excess errors)
FAIL: gcc.dg/torture/tls/thr-init-2.c -O0 -pie -fpie execution test
FAIL: gcc.dg/torture/tls/thr-init-2.c -O1 -pie -fpie (test for excess errors)
FAIL: gcc.dg/torture/tls/thr-init-2.c -O1 -pie -fpie execution test
FAIL: gcc.dg/torture/tls/thr-init-2.c -O2 -pie -fpie (test for excess errors)
FAIL: gcc.dg/torture/tls/thr-init-2.c -O2 -pie -fpie execution test
FAIL: gcc.dg/torture/tls/thr-init-2.c -O3 -fomit-frame-pointer -pie -fpie (test for excess errors)
FAIL: gcc.dg/torture/tls/thr-init-2.c -O3 -fomit-frame-pointer -pie -fpie execution test
FAIL: gcc.dg/torture/tls/thr-init-2.c -O3 -g -pie -fpie (test for excess errors)
FAIL: gcc.dg/torture/tls/thr-init-2.c -O3 -g -pie -fpie execution test
FAIL: gcc.dg/torture/tls/thr-init-2.c -Os -pie -fpie (test for excess errors)
FAIL: gcc.dg/torture/tls/thr-init-2.c -Os -pie -fpie execution test
FAIL: gcc.dg/torture/tls/thr-init-2.c -O0 -pie -fPIE (test for excess errors)
FAIL: gcc.dg/torture/tls/thr-init-2.c -O0 -pie -fPIE execution test
FAIL: gcc.dg/torture/tls/thr-init-2.c -O1 -pie -fPIE (test for excess errors)
FAIL: gcc.dg/torture/tls/thr-init-2.c -O1 -pie -fPIE execution test
FAIL: gcc.dg/torture/tls/thr-init-2.c -O2 -pie -fPIE (test for excess errors)
FAIL: gcc.dg/torture/tls/thr-init-2.c -O2 -pie -fPIE execution test
FAIL: gcc.dg/torture/tls/thr-init-2.c -O3 -fomit-frame-pointer -pie -fPIE (test for excess errors)
FAIL: gcc.dg/torture/tls/thr-init-2.c -O3 -fomit-frame-pointer -pie -fPIE execution test
FAIL: gcc.dg/torture/tls/thr-init-2.c -O3 -g -pie -fPIE (test for excess errors)
FAIL: gcc.dg/torture/tls/thr-init-2.c -O3 -g -pie -fPIE execution test
FAIL: gcc.dg/torture/tls/thr-init-2.c -Os -pie -fPIE (test for excess errors)
FAIL: gcc.dg/torture/tls/thr-init-2.c -Os -pie -fPIE execution test
FAIL: gcc.dg/torture/tls/tls-test.c -O0 -pie -fpie (test for excess errors)
FAIL: gcc.dg/torture/tls/tls-test.c -O0 -pie -fpie execution test
FAIL: gcc.dg/torture/tls/tls-test.c -O1 -pie -fpie (test for excess errors)
FAIL: gcc.dg/torture/tls/tls-test.c -O1 -pie -fpie execution test
FAIL: gcc.dg/torture/tls/tls-test.c -O2 -pie -fpie (test for excess errors)
FAIL: gcc.dg/torture/tls/tls-test.c -O2 -pie -fpie execution test
FAIL: gcc.dg/torture/tls/tls-test.c -O3 -fomit-frame-pointer -pie -fpie (test for excess errors)
FAIL: gcc.dg/torture/tls/tls-test.c -O3 -fomit-frame-pointer -pie -fpie execution test
FAIL: gcc.dg/torture/tls/tls-test.c -O3 -g -pie -fpie (test for excess errors)
FAIL: gcc.dg/torture/tls/tls-test.c -O3 -g -pie -fpie execution test
FAIL: gcc.dg/torture/tls/tls-test.c -Os -pie -fpie (test for excess errors)
FAIL: gcc.dg/torture/tls/tls-test.c -Os -pie -fpie execution test
FAIL: gcc.dg/torture/tls/tls-test.c -O0 -pie -fPIE (test for excess errors)
FAIL: gcc.dg/torture/tls/tls-test.c -O0 -pie -fPIE execution test
FAIL: gcc.dg/torture/tls/tls-test.c -O1 -pie -fPIE (test for excess errors)
FAIL: gcc.dg/torture/tls/tls-test.c -O1 -pie -fPIE execution test
FAIL: gcc.dg/torture/tls/tls-test.c -O2 -pie -fPIE (test for excess errors)
FAIL: gcc.dg/torture/tls/tls-test.c -O2 -pie -fPIE execution test
FAIL: gcc.dg/torture/tls/tls-test.c -O3 -fomit-frame-pointer -pie -fPIE (test for excess errors)
FAIL: gcc.dg/torture/tls/tls-test.c -O3 -fomit-frame-pointer -pie -fPIE execution test
FAIL: gcc.dg/torture/tls/tls-test.c -O3 -g -pie -fPIE (test for excess errors)
FAIL: gcc.dg/torture/tls/tls-test.c -O3 -g -pie -fPIE execution test
FAIL: gcc.dg/torture/tls/tls-test.c -Os -pie -fPIE (test for excess errors)
FAIL: gcc.dg/torture/tls/tls-test.c -Os -pie -fPIE execution test
FAIL: gcc.dg/torture/tls/tls-test.c -O2 -flto -flto-partition=none (test for excess errors)
UNRESOLVED: gcc.dg/torture/tls/tls-test.c -O2 -flto -flto-partition=none compilation failed to produce executable
FAIL: gcc.dg/torture/tls/tls-test.c -O2 -flto (test for excess errors)
UNRESOLVED: gcc.dg/torture/tls/tls-test.c -O2 -flto compilation failed to produce executable
XPASS: gcc.dg/tree-ssa/20030807-7.c scan-tree-dump-times vrp1 "if " 1
XPASS: gcc.dg/tree-ssa/20040204-1.c scan-tree-dump-times optimized "link_error" 0
FAIL: gcc.dg/tree-ssa/pr42585.c scan-tree-dump-times optimized "struct _fat_ptr _ans" 0
FAIL: gcc.dg/tree-ssa/pr42585.c scan-tree-dump-times optimized "struct _fat_ptr _T2" 0
FAIL: gcc.dg/tree-ssa/vrp47.c scan-tree-dump-times dom1 "x[^ ]* & y" 1
FAIL: gcc.dg/vect/vect-multitypes-11.c scan-tree-dump-times vect "vectorized 1 loops" 1
FAIL: gcc.dg/vect/vect-multitypes-12.c scan-tree-dump-times vect "vectorized 1 loops" 1
FAIL: gcc.dg/vect/vect-reduc-dot-s16b.c scan-tree-dump-times vect "vectorized 1 loops" 0
FAIL: gcc.dg/vect/vect-reduc-pattern-1a.c scan-tree-dump-times vect "vectorized 1 loops" 0
FAIL: gcc.dg/vect/vect-reduc-pattern-1b.c scan-tree-dump-times vect "vectorized 1 loops" 0
FAIL: gcc.dg/vect/vect-reduc-pattern-1c.c scan-tree-dump-times vect "vectorized 1 loops" 0
FAIL: gcc.dg/vect/vect-reduc-pattern-2a.c scan-tree-dump-times vect "vectorized 1 loops" 0
FAIL: gcc.dg/vect/vect-reduc-pattern-2b.c scan-tree-dump-times vect "vectorized 1 loops" 0
XPASS: gcc.dg/vect/slp-reduc-3.c scan-tree-dump-times vect "vectorizing stmts using SLP" 1
FAIL: gcc.dg/vect/vect-multitypes-11.c -flto scan-tree-dump-times vect "vectorized 1 loops" 1
FAIL: gcc.dg/vect/vect-multitypes-12.c -flto scan-tree-dump-times vect "vectorized 1 loops" 1
FAIL: gcc.dg/vect/vect-reduc-dot-s16b.c -flto scan-tree-dump-times vect "vectorized 1 loops" 0
FAIL: gcc.dg/vect/vect-reduc-pattern-1a.c -flto scan-tree-dump-times vect "vectorized 1 loops" 0
FAIL: gcc.dg/vect/vect-reduc-pattern-1b.c -flto scan-tree-dump-times vect "vectorized 1 loops" 0
FAIL: gcc.dg/vect/vect-reduc-pattern-1c.c -flto scan-tree-dump-times vect "vectorized 1 loops" 0
FAIL: gcc.dg/vect/vect-reduc-pattern-2a.c -flto scan-tree-dump-times vect "vectorized 1 loops" 0
FAIL: gcc.dg/vect/vect-reduc-pattern-2b.c -flto scan-tree-dump-times vect "vectorized 1 loops" 0
XPASS: gcc.dg/vect/slp-reduc-3.c -flto scan-tree-dump-times vect "vectorizing stmts using SLP" 1
FAIL: gcc.dg/vect/wrapv-vect-reduc-pattern-2c.c scan-tree-dump-times vect "vectorized 1 loops" 0
XPASS: gcc.dg/vect/no-scevccp-outer-16.c scan-tree-dump-times vect "OUTER LOOP VECTORIZED." 1
XPASS: gcc.dg/vect/no-scevccp-outer-17.c scan-tree-dump-times vect "OUTER LOOP VECTORIZED." 1
XPASS: gcc.dg/vect/no-scevccp-outer-19.c scan-tree-dump-times vect "OUTER LOOP VECTORIZED." 1
XPASS: gcc.dg/vect/no-scevccp-outer-21.c scan-tree-dump-times vect "OUTER LOOP VECTORIZED." 1
FAIL: gcc.target/arm/pr42093.c scan-assembler-not tbb
FAIL: gcc.target/arm/pr42575.c scan-assembler-not mov
=== gcc Summary ===
# of expected passes 76777
# of unexpected failures 205
# of unexpected successes 11
# of expected failures 230
# of unresolved testcases 21
# of unsupported tests 1018
/var/builds/opt/trunk/objdir/gcc/xgcc version 4.7.0 20110619 (experimental) [trunk revision 175188] (GCC)
=== g++ tests ===
Running target unix
FAIL: g++.dg/abi/local1.C execution test
FAIL: g++.dg/cpp0x/lambda/lambda-eh2.C execution test
FAIL: 23:is 1:should be 2
FAIL: g++.dg/gcov/gcov-2.C gcov: 1 failures in line counts, 0 in branch percentages, 0 in return percentages
FAIL: g++.dg/gomp/clause-2.C (test for errors, line 32)
WARNING: program timed out.
WARNING: program timed out.
FAIL: g++.dg/torture/pr43879-1_1.C -O1 execution test
FAIL: g++.dg/torture/pr43879-1_1.C -O2 execution test
FAIL: g++.dg/torture/pr43879-1_1.C -O3 -fomit-frame-pointer execution test
FAIL: g++.dg/torture/pr43879-1_1.C -O3 -g execution test
FAIL: g++.dg/torture/pr43879-1_1.C -Os execution test
FAIL: g++.dg/vect/pr36648.cc scan-tree-dump-times vect "vectorized 1 loops" 1
FAIL: g++.dg/vect/pr36648.cc scan-tree-dump-times vect "vectorizing stmts using SLP" 1
=== g++ Summary ===
# of expected passes 26845
# of unexpected failures 12
# of expected failures 155
# of unsupported tests 387
/var/builds/opt/trunk/objdir/gcc/testsuite/g++/../../g++ version 4.7.0 20110619 (experimental) [trunk revision 175188] (GCC)
Compiler version: 4.7.0 20110619 (experimental) [trunk revision 175188] (GCC)
Platform: armv7l-unknown-linux-gnueabi
configure flags: --prefix=/opt/install-gcc-trunk --enable-languages=c,c++ --with-cpu=cortex-a8 --with-fpu=vfpv3 --with-float=softfp
Build Logs: http://rcn-ee.homeip.net:81/dl/gcc/