This is the mail archive of the
gcc-testresults@gcc.gnu.org
mailing list for the GCC project.
Results for 4.7.0 20110615 (experimental) [trunk revision 175083] (GCC) testsuite on m32r-unknown-rtems4.11
- From: Joel Sherrill <joel at rtems dot org>
- To: gcc-testresults at gcc dot gnu dot org
- Date: Fri, 17 Jun 2011 16:42:14 -0500
- Subject: Results for 4.7.0 20110615 (experimental) [trunk revision 175083] (GCC) testsuite on m32r-unknown-rtems4.11
LAST_UPDATED: Wed Jun 15 21:08:27 UTC 2011 (revision 175083)
Target is m32r-unknown-rtems4.11
Host is x86_64-unknown-linux-gnu
=== gcc tests ===
Running target rtems-m32r-m32rsim
FAIL: gcc.c-torture/compile/limits-exprparen.c -O0 (internal compiler error)
FAIL: gcc.c-torture/compile/limits-exprparen.c -O0 (test for excess errors)
FAIL: gcc.c-torture/compile/limits-exprparen.c -O1 (internal compiler error)
FAIL: gcc.c-torture/compile/limits-exprparen.c -O1 (test for excess errors)
FAIL: gcc.c-torture/compile/limits-exprparen.c -O2 (internal compiler error)
FAIL: gcc.c-torture/compile/limits-exprparen.c -O2 (test for excess errors)
FAIL: gcc.c-torture/compile/limits-exprparen.c -O3 -fomit-frame-pointer (internal compiler error)
FAIL: gcc.c-torture/compile/limits-exprparen.c -O3 -fomit-frame-pointer (test for excess errors)
FAIL: gcc.c-torture/compile/limits-exprparen.c -O3 -g (internal compiler error)
FAIL: gcc.c-torture/compile/limits-exprparen.c -O3 -g (test for excess errors)
FAIL: gcc.c-torture/compile/limits-exprparen.c -Os (internal compiler error)
FAIL: gcc.c-torture/compile/limits-exprparen.c -Os (test for excess errors)
FAIL: gcc.c-torture/compile/limits-exprparen.c -O2 -flto -flto-partition=none (internal compiler error)
FAIL: gcc.c-torture/compile/limits-exprparen.c -O2 -flto -flto-partition=none (test for excess errors)
FAIL: gcc.c-torture/compile/limits-exprparen.c -O2 -flto (internal compiler error)
FAIL: gcc.c-torture/compile/limits-exprparen.c -O2 -flto (test for excess errors)
FAIL: gcc.c-torture/execute/builtins/20010124-1.c compilation, -O2 -flto -flto-partition=none
UNRESOLVED: gcc.c-torture/execute/builtins/20010124-1.c execution, -O2 -flto -flto-partition=none
FAIL: gcc.c-torture/execute/builtins/20010124-1.c compilation, -O2 -flto
UNRESOLVED: gcc.c-torture/execute/builtins/20010124-1.c execution, -O2 -flto
FAIL: gcc.c-torture/execute/builtins/memcpy-chk.c compilation, -O2 -flto -flto-partition=none
UNRESOLVED: gcc.c-torture/execute/builtins/memcpy-chk.c execution, -O2 -flto -flto-partition=none
FAIL: gcc.c-torture/execute/builtins/memcpy-chk.c compilation, -O2 -flto
UNRESOLVED: gcc.c-torture/execute/builtins/memcpy-chk.c execution, -O2 -flto
FAIL: gcc.c-torture/execute/builtins/memmove-chk.c compilation, -O2 -flto -flto-partition=none
UNRESOLVED: gcc.c-torture/execute/builtins/memmove-chk.c execution, -O2 -flto -flto-partition=none
FAIL: gcc.c-torture/execute/builtins/memmove-chk.c compilation, -O2 -flto
UNRESOLVED: gcc.c-torture/execute/builtins/memmove-chk.c execution, -O2 -flto
FAIL: gcc.c-torture/execute/builtins/memops-asm.c compilation, -O2 -flto -flto-partition=none
UNRESOLVED: gcc.c-torture/execute/builtins/memops-asm.c execution, -O2 -flto -flto-partition=none
FAIL: gcc.c-torture/execute/builtins/memops-asm.c compilation, -O2 -flto
UNRESOLVED: gcc.c-torture/execute/builtins/memops-asm.c execution, -O2 -flto
FAIL: gcc.c-torture/execute/builtins/mempcpy-chk.c compilation, -O2 -flto -flto-partition=none
UNRESOLVED: gcc.c-torture/execute/builtins/mempcpy-chk.c execution, -O2 -flto -flto-partition=none
FAIL: gcc.c-torture/execute/builtins/mempcpy-chk.c compilation, -O2 -flto
UNRESOLVED: gcc.c-torture/execute/builtins/mempcpy-chk.c execution, -O2 -flto
FAIL: gcc.c-torture/execute/builtins/memset-chk.c compilation, -O2 -flto -flto-partition=none
UNRESOLVED: gcc.c-torture/execute/builtins/memset-chk.c execution, -O2 -flto -flto-partition=none
FAIL: gcc.c-torture/execute/builtins/memset-chk.c compilation, -O2 -flto
UNRESOLVED: gcc.c-torture/execute/builtins/memset-chk.c execution, -O2 -flto
FAIL: gcc.c-torture/execute/builtins/memset.c compilation, -O2 -flto -flto-partition=none
UNRESOLVED: gcc.c-torture/execute/builtins/memset.c execution, -O2 -flto -flto-partition=none
FAIL: gcc.c-torture/execute/builtins/memset.c compilation, -O2 -flto
UNRESOLVED: gcc.c-torture/execute/builtins/memset.c execution, -O2 -flto
FAIL: gcc.c-torture/execute/builtins/pr22237.c compilation, -O2 -flto -flto-partition=none
UNRESOLVED: gcc.c-torture/execute/builtins/pr22237.c execution, -O2 -flto -flto-partition=none
FAIL: gcc.c-torture/execute/builtins/pr22237.c compilation, -O2 -flto
UNRESOLVED: gcc.c-torture/execute/builtins/pr22237.c execution, -O2 -flto
FAIL: gcc.c-torture/execute/builtins/pr23484-chk.c compilation, -O2 -flto -flto-partition=none
UNRESOLVED: gcc.c-torture/execute/builtins/pr23484-chk.c execution, -O2 -flto -flto-partition=none
FAIL: gcc.c-torture/execute/builtins/pr23484-chk.c compilation, -O2 -flto
UNRESOLVED: gcc.c-torture/execute/builtins/pr23484-chk.c execution, -O2 -flto
FAIL: gcc.c-torture/execute/builtins/snprintf-chk.c compilation, -O2 -flto -flto-partition=none
UNRESOLVED: gcc.c-torture/execute/builtins/snprintf-chk.c execution, -O2 -flto -flto-partition=none
FAIL: gcc.c-torture/execute/builtins/snprintf-chk.c compilation, -O2 -flto
UNRESOLVED: gcc.c-torture/execute/builtins/snprintf-chk.c execution, -O2 -flto
FAIL: gcc.c-torture/execute/builtins/sprintf-chk.c compilation, -O2 -flto -flto-partition=none
UNRESOLVED: gcc.c-torture/execute/builtins/sprintf-chk.c execution, -O2 -flto -flto-partition=none
FAIL: gcc.c-torture/execute/builtins/sprintf-chk.c compilation, -O2 -flto
UNRESOLVED: gcc.c-torture/execute/builtins/sprintf-chk.c execution, -O2 -flto
FAIL: gcc.c-torture/execute/builtins/stpcpy-chk.c compilation, -O2 -flto -flto-partition=none
UNRESOLVED: gcc.c-torture/execute/builtins/stpcpy-chk.c execution, -O2 -flto -flto-partition=none
FAIL: gcc.c-torture/execute/builtins/stpcpy-chk.c compilation, -O2 -flto
UNRESOLVED: gcc.c-torture/execute/builtins/stpcpy-chk.c execution, -O2 -flto
FAIL: gcc.c-torture/execute/builtins/strcat-chk.c compilation, -O2 -flto -flto-partition=none
UNRESOLVED: gcc.c-torture/execute/builtins/strcat-chk.c execution, -O2 -flto -flto-partition=none
FAIL: gcc.c-torture/execute/builtins/strcat-chk.c compilation, -O2 -flto
UNRESOLVED: gcc.c-torture/execute/builtins/strcat-chk.c execution, -O2 -flto
FAIL: gcc.c-torture/execute/builtins/strcmp.c compilation, -O2 -flto -flto-partition=none
UNRESOLVED: gcc.c-torture/execute/builtins/strcmp.c execution, -O2 -flto -flto-partition=none
FAIL: gcc.c-torture/execute/builtins/strcmp.c compilation, -O2 -flto
UNRESOLVED: gcc.c-torture/execute/builtins/strcmp.c execution, -O2 -flto
FAIL: gcc.c-torture/execute/builtins/strcpy-2.c compilation, -O2 -flto -flto-partition=none
UNRESOLVED: gcc.c-torture/execute/builtins/strcpy-2.c execution, -O2 -flto -flto-partition=none
FAIL: gcc.c-torture/execute/builtins/strcpy-2.c compilation, -O2 -flto
UNRESOLVED: gcc.c-torture/execute/builtins/strcpy-2.c execution, -O2 -flto
FAIL: gcc.c-torture/execute/builtins/strcpy-chk.c compilation, -O2 -flto -flto-partition=none
UNRESOLVED: gcc.c-torture/execute/builtins/strcpy-chk.c execution, -O2 -flto -flto-partition=none
FAIL: gcc.c-torture/execute/builtins/strcpy-chk.c compilation, -O2 -flto
UNRESOLVED: gcc.c-torture/execute/builtins/strcpy-chk.c execution, -O2 -flto
FAIL: gcc.c-torture/execute/builtins/strcpy.c compilation, -O2 -flto -flto-partition=none
UNRESOLVED: gcc.c-torture/execute/builtins/strcpy.c execution, -O2 -flto -flto-partition=none
FAIL: gcc.c-torture/execute/builtins/strcpy.c compilation, -O2 -flto
UNRESOLVED: gcc.c-torture/execute/builtins/strcpy.c execution, -O2 -flto
FAIL: gcc.c-torture/execute/builtins/strlen-2.c compilation, -O2 -flto -flto-partition=none
UNRESOLVED: gcc.c-torture/execute/builtins/strlen-2.c execution, -O2 -flto -flto-partition=none
FAIL: gcc.c-torture/execute/builtins/strlen-2.c compilation, -O2 -flto
UNRESOLVED: gcc.c-torture/execute/builtins/strlen-2.c execution, -O2 -flto
FAIL: gcc.c-torture/execute/builtins/strlen-3.c compilation, -O2 -flto -flto-partition=none
UNRESOLVED: gcc.c-torture/execute/builtins/strlen-3.c execution, -O2 -flto -flto-partition=none
FAIL: gcc.c-torture/execute/builtins/strlen-3.c compilation, -O2 -flto
UNRESOLVED: gcc.c-torture/execute/builtins/strlen-3.c execution, -O2 -flto
FAIL: gcc.c-torture/execute/builtins/strlen.c compilation, -O2 -flto -flto-partition=none
UNRESOLVED: gcc.c-torture/execute/builtins/strlen.c execution, -O2 -flto -flto-partition=none
FAIL: gcc.c-torture/execute/builtins/strlen.c compilation, -O2 -flto
UNRESOLVED: gcc.c-torture/execute/builtins/strlen.c execution, -O2 -flto
FAIL: gcc.c-torture/execute/builtins/strncat-chk.c compilation, -O2 -flto -flto-partition=none
UNRESOLVED: gcc.c-torture/execute/builtins/strncat-chk.c execution, -O2 -flto -flto-partition=none
FAIL: gcc.c-torture/execute/builtins/strncat-chk.c compilation, -O2 -flto
UNRESOLVED: gcc.c-torture/execute/builtins/strncat-chk.c execution, -O2 -flto
FAIL: gcc.c-torture/execute/builtins/strncpy-chk.c compilation, -O2 -flto -flto-partition=none
UNRESOLVED: gcc.c-torture/execute/builtins/strncpy-chk.c execution, -O2 -flto -flto-partition=none
FAIL: gcc.c-torture/execute/builtins/strncpy-chk.c compilation, -O2 -flto
UNRESOLVED: gcc.c-torture/execute/builtins/strncpy-chk.c execution, -O2 -flto
FAIL: gcc.c-torture/execute/builtins/strncpy.c compilation, -O2 -flto -flto-partition=none
UNRESOLVED: gcc.c-torture/execute/builtins/strncpy.c execution, -O2 -flto -flto-partition=none
FAIL: gcc.c-torture/execute/builtins/strncpy.c compilation, -O2 -flto
UNRESOLVED: gcc.c-torture/execute/builtins/strncpy.c execution, -O2 -flto
FAIL: gcc.c-torture/execute/builtins/vsnprintf-chk.c compilation, -O2 -flto -flto-partition=none
UNRESOLVED: gcc.c-torture/execute/builtins/vsnprintf-chk.c execution, -O2 -flto -flto-partition=none
FAIL: gcc.c-torture/execute/builtins/vsnprintf-chk.c compilation, -O2 -flto
UNRESOLVED: gcc.c-torture/execute/builtins/vsnprintf-chk.c execution, -O2 -flto
FAIL: gcc.c-torture/execute/builtins/vsprintf-chk.c compilation, -O2 -flto -flto-partition=none
UNRESOLVED: gcc.c-torture/execute/builtins/vsprintf-chk.c execution, -O2 -flto -flto-partition=none
FAIL: gcc.c-torture/execute/builtins/vsprintf-chk.c compilation, -O2 -flto
UNRESOLVED: gcc.c-torture/execute/builtins/vsprintf-chk.c execution, -O2 -flto
FAIL: gcc.c-torture/execute/20000706-1.c execution, -Os
FAIL: gcc.c-torture/execute/20101011-1.c execution, -O0
FAIL: gcc.c-torture/execute/20101011-1.c execution, -O1
FAIL: gcc.c-torture/execute/20101011-1.c execution, -O2
FAIL: gcc.c-torture/execute/20101011-1.c execution, -O3 -fomit-frame-pointer
FAIL: gcc.c-torture/execute/20101011-1.c execution, -O3 -g
FAIL: gcc.c-torture/execute/20101011-1.c execution, -Os
FAIL: gcc.c-torture/execute/20101011-1.c execution, -O2 -flto -flto-partition=none
FAIL: gcc.c-torture/execute/20101011-1.c execution, -O2 -flto
XPASS: gcc.c-torture/execute/981130-1.c execution, -O0
XPASS: gcc.c-torture/execute/981130-1.c execution, -O1
XPASS: gcc.c-torture/execute/981130-1.c execution, -O2
XPASS: gcc.c-torture/execute/981130-1.c execution, -Os
XPASS: gcc.c-torture/execute/981130-1.c execution, -O2 -flto -flto-partition=none
XPASS: gcc.c-torture/execute/981130-1.c execution, -O2 -flto
FAIL: gcc.c-torture/execute/stdarg-3.c execution, -Os
FAIL: gcc.c-torture/execute/strct-stdarg-1.c execution, -O1
FAIL: gcc.c-torture/execute/strct-stdarg-1.c execution, -O2
FAIL: gcc.c-torture/execute/strct-stdarg-1.c execution, -O3 -fomit-frame-pointer
FAIL: gcc.c-torture/execute/strct-stdarg-1.c execution, -O3 -fomit-frame-pointer -funroll-loops
FAIL: gcc.c-torture/execute/strct-stdarg-1.c execution, -O3 -fomit-frame-pointer -funroll-all-loops -finline-functions
FAIL: gcc.c-torture/execute/strct-stdarg-1.c execution, -O3 -g
FAIL: gcc.c-torture/execute/strct-stdarg-1.c execution, -Os
FAIL: gcc.c-torture/execute/strct-stdarg-1.c execution, -O2 -flto -flto-partition=none
FAIL: gcc.c-torture/execute/strct-stdarg-1.c execution, -O2 -flto
FAIL: gcc.c-torture/execute/va-arg-22.c execution, -Os
FAIL: gcc.dg/cpp/pragma-3.c (test for excess errors)
ERROR: gcc.dg/cpp/pragma-3.c: error executing dg-final: couldn't open "pragma-3.i": no such file or directory
UNRESOLVED: gcc.dg/cpp/pragma-3.c: error executing dg-final: couldn't open "pragma-3.i": no such file or directory
FAIL: gcc.dg/20040123-1.c scan-assembler abort
FAIL: gcc.dg/binop-xor1.c scan-tree-dump-times optimized "<bb[^>]*>" 5
FAIL: gcc.dg/binop-xor1.c scan-tree-dump-times optimized "\\^" 1
FAIL: gcc.dg/binop-xor3.c scan-tree-dump-times optimized "<bb[^>]*>" 1
FAIL: gcc.dg/binop-xor3.c scan-tree-dump-times optimized "\\^" 1
FAIL: gcc.dg/initpri1.c execution test
FAIL: gcc.dg/initpri3.c execution test
XPASS: gcc.dg/inline_1.c (test for excess errors)
XPASS: gcc.dg/inline_2.c (test for excess errors)
FAIL: gcc.dg/memcpy-3.c scan-tree-dump-not optimized "memcpy"
FAIL: gcc.dg/memcpy-3.c scan-tree-dump-times optimized "MEM" 1
FAIL: gcc.dg/pr47793.c (test for excess errors)
WARNING: gcc.dg/pr47793.c compilation failed to produce executable
ERROR: gcc.dg/pr47793.c: error executing dg-final: couldn't open "pr47793.gcda": no such file or directory
UNRESOLVED: gcc.dg/pr47793.c: error executing dg-final: couldn't open "pr47793.gcda": no such file or directory
FAIL: gcc.dg/stack-usage-1.c (test for excess errors)
FAIL: gcc.dg/stack-usage-1.c scan-file foo\\t(256|264)\\tstatic
FAIL: gcc.dg/stack-usage-2.c (test for bogus messages, line 9)
FAIL: gcc.dg/stack-usage-2.c (test for warnings, line 16)
FAIL: gcc.dg/stack-usage-2.c (test for warnings, line 26)
FAIL: gcc.dg/stack-usage-2.c (test for warnings, line 33)
XPASS: gcc.dg/unroll_1.c (test for excess errors)
FAIL: gcc.dg/graphite/id-pr46845.c (internal compiler error)
FAIL: gcc.dg/graphite/id-pr46845.c (test for excess errors)
FAIL: gcc.dg/graphite/run-id-1.c execution test
FAIL: gcc.dg/graphite/interchange-1.c execution test
FAIL: gcc.dg/graphite/interchange-10.c execution test
FAIL: gcc.dg/graphite/interchange-11.c execution test
FAIL: gcc.dg/graphite/interchange-15.c execution test
FAIL: gcc.dg/graphite/interchange-2.c execution test
FAIL: gcc.dg/graphite/interchange-3.c execution test
FAIL: gcc.dg/graphite/interchange-4.c execution test
FAIL: gcc.dg/graphite/interchange-7.c execution test
FAIL: gcc.dg/graphite/interchange-mvt.c execution test
FAIL: gcc.dg/graphite/pr46185.c execution test
FAIL: gcc.dg/lto/20110201-1 c_lto_20110201-1_0.o-c_lto_20110201-1_0.o link, -O0 -flto
UNRESOLVED: gcc.dg/lto/20110201-1 c_lto_20110201-1_0.o-c_lto_20110201-1_0.o execute -O0 -flto
FAIL: gcc.dg/matrix/transpose-1.c compilation, -fprofile-generate -O3 -fno-tree-fre
UNRESOLVED: gcc.dg/matrix/transpose-1.c execution, -fprofile-generate -O3 -fno-tree-fre
UNRESOLVED: gcc.dg/matrix/transpose-1.c compilation, -fprofile-use -fipa-matrix-reorg -fdump-ipa-matrix-reorg -O3 -fwhole-program -fno-tree-fre
UNRESOLVED: gcc.dg/matrix/transpose-1.c execution, -fprofile-use -fipa-matrix-reorg -fdump-ipa-matrix-reorg -O3 -fwhole-program -fno-tree-fre
FAIL: gcc.dg/matrix/transpose-2.c compilation, -fprofile-generate -O3 -fno-tree-fre
UNRESOLVED: gcc.dg/matrix/transpose-2.c execution, -fprofile-generate -O3 -fno-tree-fre
UNRESOLVED: gcc.dg/matrix/transpose-2.c compilation, -fprofile-use -fipa-matrix-reorg -fdump-ipa-matrix-reorg -O3 -fwhole-program -fno-tree-fre
UNRESOLVED: gcc.dg/matrix/transpose-2.c execution, -fprofile-use -fipa-matrix-reorg -fdump-ipa-matrix-reorg -O3 -fwhole-program -fno-tree-fre
FAIL: gcc.dg/matrix/transpose-3.c compilation, -fprofile-generate -O3 -fno-tree-fre
UNRESOLVED: gcc.dg/matrix/transpose-3.c execution, -fprofile-generate -O3 -fno-tree-fre
UNRESOLVED: gcc.dg/matrix/transpose-3.c compilation, -fprofile-use -fipa-matrix-reorg -fdump-ipa-matrix-reorg -O3 -fwhole-program -fno-tree-fre
UNRESOLVED: gcc.dg/matrix/transpose-3.c execution, -fprofile-use -fipa-matrix-reorg -fdump-ipa-matrix-reorg -O3 -fwhole-program -fno-tree-fre
FAIL: gcc.dg/matrix/transpose-4.c compilation, -fprofile-generate -O3 -fno-tree-fre
UNRESOLVED: gcc.dg/matrix/transpose-4.c execution, -fprofile-generate -O3 -fno-tree-fre
UNRESOLVED: gcc.dg/matrix/transpose-4.c compilation, -fprofile-use -fipa-matrix-reorg -fdump-ipa-matrix-reorg -O3 -fwhole-program -fno-tree-fre
UNRESOLVED: gcc.dg/matrix/transpose-4.c execution, -fprofile-use -fipa-matrix-reorg -fdump-ipa-matrix-reorg -O3 -fwhole-program -fno-tree-fre
FAIL: gcc.dg/matrix/transpose-5.c compilation, -fprofile-generate -O3 -fno-tree-fre
UNRESOLVED: gcc.dg/matrix/transpose-5.c execution, -fprofile-generate -O3 -fno-tree-fre
UNRESOLVED: gcc.dg/matrix/transpose-5.c compilation, -fprofile-use -fipa-matrix-reorg -fdump-ipa-matrix-reorg -O3 -fwhole-program -fno-tree-fre
UNRESOLVED: gcc.dg/matrix/transpose-5.c execution, -fprofile-use -fipa-matrix-reorg -fdump-ipa-matrix-reorg -O3 -fwhole-program -fno-tree-fre
FAIL: gcc.dg/matrix/transpose-6.c compilation, -fprofile-generate -O3 -fno-tree-fre
UNRESOLVED: gcc.dg/matrix/transpose-6.c execution, -fprofile-generate -O3 -fno-tree-fre
UNRESOLVED: gcc.dg/matrix/transpose-6.c compilation, -fprofile-use -fipa-matrix-reorg -fdump-ipa-matrix-reorg -O3 -fwhole-program -fno-tree-fre
UNRESOLVED: gcc.dg/matrix/transpose-6.c execution, -fprofile-use -fipa-matrix-reorg -fdump-ipa-matrix-reorg -O3 -fwhole-program -fno-tree-fre
FAIL: gcc.dg/torture/pr39903-1.c -Os execution test
FAIL: gcc.dg/tree-prof/bb-reorg.c compilation, -fprofile-generate -D_PROFILE_GENERATE
UNRESOLVED: gcc.dg/tree-prof/bb-reorg.c execution, -fprofile-generate -D_PROFILE_GENERATE
UNRESOLVED: gcc.dg/tree-prof/bb-reorg.c compilation, -fprofile-use -D_PROFILE_USE
UNRESOLVED: gcc.dg/tree-prof/bb-reorg.c execution, -fprofile-use -D_PROFILE_USE
FAIL: gcc.dg/tree-prof/ic-misattribution-1.c compilation, -fprofile-generate -D_PROFILE_GENERATE
UNRESOLVED: gcc.dg/tree-prof/ic-misattribution-1.c execution, -fprofile-generate -D_PROFILE_GENERATE
UNRESOLVED: gcc.dg/tree-prof/ic-misattribution-1.c compilation, -fprofile-use -D_PROFILE_USE
UNRESOLVED: gcc.dg/tree-prof/ic-misattribution-1.c execution, -fprofile-use -D_PROFILE_USE
FAIL: gcc.dg/tree-prof/ic-misattribution-1a.c compilation, -fprofile-generate -D_PROFILE_GENERATE
UNRESOLVED: gcc.dg/tree-prof/ic-misattribution-1a.c execution, -fprofile-generate -D_PROFILE_GENERATE
UNRESOLVED: gcc.dg/tree-prof/ic-misattribution-1a.c compilation, -fprofile-use -D_PROFILE_USE
UNRESOLVED: gcc.dg/tree-prof/ic-misattribution-1a.c execution, -fprofile-use -D_PROFILE_USE
FAIL: gcc.dg/tree-prof/indir-call-prof.c compilation, -fprofile-generate -D_PROFILE_GENERATE
UNRESOLVED: gcc.dg/tree-prof/indir-call-prof.c execution, -fprofile-generate -D_PROFILE_GENERATE
UNRESOLVED: gcc.dg/tree-prof/indir-call-prof.c compilation, -fprofile-use -D_PROFILE_USE
UNRESOLVED: gcc.dg/tree-prof/indir-call-prof.c execution, -fprofile-use -D_PROFILE_USE
FAIL: gcc.dg/tree-prof/inliner-1.c compilation, -fprofile-generate -D_PROFILE_GENERATE
UNRESOLVED: gcc.dg/tree-prof/inliner-1.c execution, -fprofile-generate -D_PROFILE_GENERATE
UNRESOLVED: gcc.dg/tree-prof/inliner-1.c compilation, -fprofile-use -D_PROFILE_USE
UNRESOLVED: gcc.dg/tree-prof/inliner-1.c execution, -fprofile-use -D_PROFILE_USE
FAIL: gcc.dg/tree-prof/pr34999.c compilation, -fprofile-generate -D_PROFILE_GENERATE
UNRESOLVED: gcc.dg/tree-prof/pr34999.c execution, -fprofile-generate -D_PROFILE_GENERATE
UNRESOLVED: gcc.dg/tree-prof/pr34999.c compilation, -fprofile-use -D_PROFILE_USE
UNRESOLVED: gcc.dg/tree-prof/pr34999.c execution, -fprofile-use -D_PROFILE_USE
FAIL: gcc.dg/tree-prof/pr45354.c compilation, -fprofile-generate -D_PROFILE_GENERATE
UNRESOLVED: gcc.dg/tree-prof/pr45354.c execution, -fprofile-generate -D_PROFILE_GENERATE
UNRESOLVED: gcc.dg/tree-prof/pr45354.c compilation, -fprofile-use -D_PROFILE_USE
UNRESOLVED: gcc.dg/tree-prof/pr45354.c execution, -fprofile-use -D_PROFILE_USE
FAIL: gcc.dg/tree-prof/pr47187.c compilation, -fprofile-generate -D_PROFILE_GENERATE
UNRESOLVED: gcc.dg/tree-prof/pr47187.c execution, -fprofile-generate -D_PROFILE_GENERATE
UNRESOLVED: gcc.dg/tree-prof/pr47187.c compilation, -fprofile-use -D_PROFILE_USE
UNRESOLVED: gcc.dg/tree-prof/pr47187.c execution, -fprofile-use -D_PROFILE_USE
FAIL: gcc.dg/tree-prof/pr49299-1.c compilation, -fprofile-generate -D_PROFILE_GENERATE
UNRESOLVED: gcc.dg/tree-prof/pr49299-1.c execution, -fprofile-generate -D_PROFILE_GENERATE
UNRESOLVED: gcc.dg/tree-prof/pr49299-1.c compilation, -fprofile-use -D_PROFILE_USE
UNRESOLVED: gcc.dg/tree-prof/pr49299-1.c execution, -fprofile-use -D_PROFILE_USE
FAIL: gcc.dg/tree-prof/pr49299-2.c compilation, -fprofile-generate -D_PROFILE_GENERATE
UNRESOLVED: gcc.dg/tree-prof/pr49299-2.c execution, -fprofile-generate -D_PROFILE_GENERATE
UNRESOLVED: gcc.dg/tree-prof/pr49299-2.c compilation, -fprofile-use -D_PROFILE_USE
UNRESOLVED: gcc.dg/tree-prof/pr49299-2.c execution, -fprofile-use -D_PROFILE_USE
FAIL: gcc.dg/tree-prof/prof-robust-1.c compilation, -fprofile-generate -D_PROFILE_GENERATE
UNRESOLVED: gcc.dg/tree-prof/prof-robust-1.c execution, -fprofile-generate -D_PROFILE_GENERATE
UNRESOLVED: gcc.dg/tree-prof/prof-robust-1.c compilation, -fprofile-use -D_PROFILE_USE
UNRESOLVED: gcc.dg/tree-prof/prof-robust-1.c execution, -fprofile-use -D_PROFILE_USE
FAIL: gcc.dg/tree-prof/stringop-1.c compilation, -fprofile-generate -D_PROFILE_GENERATE
UNRESOLVED: gcc.dg/tree-prof/stringop-1.c execution, -fprofile-generate -D_PROFILE_GENERATE
UNRESOLVED: gcc.dg/tree-prof/stringop-1.c compilation, -fprofile-use -D_PROFILE_USE
UNRESOLVED: gcc.dg/tree-prof/stringop-1.c execution, -fprofile-use -D_PROFILE_USE
FAIL: gcc.dg/tree-prof/stringop-2.c compilation, -fprofile-generate -D_PROFILE_GENERATE
UNRESOLVED: gcc.dg/tree-prof/stringop-2.c execution, -fprofile-generate -D_PROFILE_GENERATE
UNRESOLVED: gcc.dg/tree-prof/stringop-2.c compilation, -fprofile-use -D_PROFILE_USE
UNRESOLVED: gcc.dg/tree-prof/stringop-2.c execution, -fprofile-use -D_PROFILE_USE
FAIL: gcc.dg/tree-prof/tracer-1.c compilation, -fprofile-generate -D_PROFILE_GENERATE
UNRESOLVED: gcc.dg/tree-prof/tracer-1.c execution, -fprofile-generate -D_PROFILE_GENERATE
UNRESOLVED: gcc.dg/tree-prof/tracer-1.c compilation, -fprofile-use -D_PROFILE_USE
UNRESOLVED: gcc.dg/tree-prof/tracer-1.c execution, -fprofile-use -D_PROFILE_USE
FAIL: gcc.dg/tree-prof/update-cunroll-2.c compilation, -fprofile-generate -D_PROFILE_GENERATE
UNRESOLVED: gcc.dg/tree-prof/update-cunroll-2.c execution, -fprofile-generate -D_PROFILE_GENERATE
UNRESOLVED: gcc.dg/tree-prof/update-cunroll-2.c compilation, -fprofile-use -D_PROFILE_USE
UNRESOLVED: gcc.dg/tree-prof/update-cunroll-2.c execution, -fprofile-use -D_PROFILE_USE
FAIL: gcc.dg/tree-prof/update-loopch.c compilation, -fprofile-generate -D_PROFILE_GENERATE
UNRESOLVED: gcc.dg/tree-prof/update-loopch.c execution, -fprofile-generate -D_PROFILE_GENERATE
UNRESOLVED: gcc.dg/tree-prof/update-loopch.c compilation, -fprofile-use -D_PROFILE_USE
UNRESOLVED: gcc.dg/tree-prof/update-loopch.c execution, -fprofile-use -D_PROFILE_USE
FAIL: gcc.dg/tree-prof/update-tailcall.c compilation, -fprofile-generate -D_PROFILE_GENERATE
UNRESOLVED: gcc.dg/tree-prof/update-tailcall.c execution, -fprofile-generate -D_PROFILE_GENERATE
UNRESOLVED: gcc.dg/tree-prof/update-tailcall.c compilation, -fprofile-use -D_PROFILE_USE
UNRESOLVED: gcc.dg/tree-prof/update-tailcall.c execution, -fprofile-use -D_PROFILE_USE
FAIL: gcc.dg/tree-prof/val-prof-1.c compilation, -fprofile-generate -D_PROFILE_GENERATE
UNRESOLVED: gcc.dg/tree-prof/val-prof-1.c execution, -fprofile-generate -D_PROFILE_GENERATE
UNRESOLVED: gcc.dg/tree-prof/val-prof-1.c compilation, -fprofile-use -D_PROFILE_USE
UNRESOLVED: gcc.dg/tree-prof/val-prof-1.c execution, -fprofile-use -D_PROFILE_USE
FAIL: gcc.dg/tree-prof/val-prof-2.c compilation, -fprofile-generate -D_PROFILE_GENERATE
UNRESOLVED: gcc.dg/tree-prof/val-prof-2.c execution, -fprofile-generate -D_PROFILE_GENERATE
UNRESOLVED: gcc.dg/tree-prof/val-prof-2.c compilation, -fprofile-use -D_PROFILE_USE
UNRESOLVED: gcc.dg/tree-prof/val-prof-2.c execution, -fprofile-use -D_PROFILE_USE
FAIL: gcc.dg/tree-prof/val-prof-3.c compilation, -fprofile-generate -D_PROFILE_GENERATE
UNRESOLVED: gcc.dg/tree-prof/val-prof-3.c execution, -fprofile-generate -D_PROFILE_GENERATE
UNRESOLVED: gcc.dg/tree-prof/val-prof-3.c compilation, -fprofile-use -D_PROFILE_USE
UNRESOLVED: gcc.dg/tree-prof/val-prof-3.c execution, -fprofile-use -D_PROFILE_USE
FAIL: gcc.dg/tree-prof/val-prof-4.c compilation, -fprofile-generate -D_PROFILE_GENERATE
UNRESOLVED: gcc.dg/tree-prof/val-prof-4.c execution, -fprofile-generate -D_PROFILE_GENERATE
UNRESOLVED: gcc.dg/tree-prof/val-prof-4.c compilation, -fprofile-use -D_PROFILE_USE
UNRESOLVED: gcc.dg/tree-prof/val-prof-4.c execution, -fprofile-use -D_PROFILE_USE
FAIL: gcc.dg/tree-prof/val-prof-5.c compilation, -fprofile-generate -D_PROFILE_GENERATE
UNRESOLVED: gcc.dg/tree-prof/val-prof-5.c execution, -fprofile-generate -D_PROFILE_GENERATE
UNRESOLVED: gcc.dg/tree-prof/val-prof-5.c compilation, -fprofile-use -D_PROFILE_USE
UNRESOLVED: gcc.dg/tree-prof/val-prof-5.c execution, -fprofile-use -D_PROFILE_USE
FAIL: gcc.dg/tree-prof/val-prof-6.c compilation, -fprofile-generate -D_PROFILE_GENERATE
UNRESOLVED: gcc.dg/tree-prof/val-prof-6.c execution, -fprofile-generate -D_PROFILE_GENERATE
UNRESOLVED: gcc.dg/tree-prof/val-prof-6.c compilation, -fprofile-use -D_PROFILE_USE
UNRESOLVED: gcc.dg/tree-prof/val-prof-6.c execution, -fprofile-use -D_PROFILE_USE
FAIL: gcc.dg/tree-prof/wcoverage-mismatch.c compilation, -fprofile-generate -D_PROFILE_GENERATE
UNRESOLVED: gcc.dg/tree-prof/wcoverage-mismatch.c execution, -fprofile-generate -D_PROFILE_GENERATE
UNRESOLVED: gcc.dg/tree-prof/wcoverage-mismatch.c compilation, -fprofile-use -D_PROFILE_USE
UNRESOLVED: gcc.dg/tree-prof/wcoverage-mismatch.c execution, -fprofile-use -D_PROFILE_USE
XPASS: gcc.dg/tree-ssa/20030807-7.c scan-tree-dump-times vrp1 "if " 1
XPASS: gcc.dg/tree-ssa/20040204-1.c scan-tree-dump-times optimized "link_error" 0
FAIL: gcc.dg/tree-ssa/pr42585.c scan-tree-dump-times optimized "struct _fat_ptr _ans" 0
FAIL: gcc.dg/tree-ssa/pr42585.c scan-tree-dump-times optimized "struct _fat_ptr _T2" 0
FAIL: gcc.dg/tree-ssa/ssa-dom-thread-4.c scan-tree-dump-times dom1 "Threaded" 3
FAIL: gcc.dg/tree-ssa/vrp47.c scan-tree-dump-times vrp1 "[xy][^ ]* !=" 0
FAIL: gcc.dg/tree-ssa/vrp47.c scan-tree-dump-times dom1 "x[^ ]* & y" 1
FAIL: gcc.dg/tree-ssa/vrp47.c scan-tree-dump-times vrp1 "x[^ ]* [|] y" 1
=== gcc Summary ===
# of expected passes 68444
# of unexpected failures 154
# of unexpected successes 11
# of expected failures 97
# of unresolved testcases 143
# of unsupported tests 1099
/home2/joel/build/b-m32r-gcc/gcc/xgcc version 4.7.0 20110615 (experimental) [trunk revision 175083] (GCC)
Host is x86_64-unknown-linux-gnu
=== g++ tests ===
Running target rtems-m32r-m32rsim
FAIL: g++.dg/cpp0x/initlist25.C execution test
WARNING: program timed out.
FAIL: g++.dg/eh/omit-frame-pointer.C execution test
FAIL: g++.dg/init/dtor3.C execution test
FAIL: g++.dg/rtti/typeid4.C execution test
FAIL: g++.dg/template/friend10.C execution test
FAIL: g++.dg/special/conpr-1.C execution test
FAIL: g++.dg/special/conpr-2.C execution test
FAIL: g++.dg/special/conpr-3.C execution test
FAIL: g++.dg/special/conpr-4.C execution test
FAIL: g++.dg/special/initp1.C execution test
FAIL: g++.dg/special/initpri1.C execution test
FAIL: g++.dg/torture/pr43879-1_1.C -O1 execution test
FAIL: g++.dg/torture/pr43879-1_1.C -O2 execution test
FAIL: g++.dg/torture/pr43879-1_1.C -O3 -fomit-frame-pointer execution test
FAIL: g++.dg/torture/pr43879-1_1.C -O3 -g execution test
FAIL: g++.dg/torture/pr43879-1_1.C -Os execution test
FAIL: g++.dg/tree-prof/indir-call-prof-2.C compilation, -fprofile-generate
UNRESOLVED: g++.dg/tree-prof/indir-call-prof-2.C execution, -fprofile-generate
UNRESOLVED: g++.dg/tree-prof/indir-call-prof-2.C compilation, -fprofile-use
UNRESOLVED: g++.dg/tree-prof/indir-call-prof-2.C execution, -fprofile-use
FAIL: g++.dg/tree-prof/indir-call-prof.C compilation, -fprofile-generate
UNRESOLVED: g++.dg/tree-prof/indir-call-prof.C execution, -fprofile-generate
UNRESOLVED: g++.dg/tree-prof/indir-call-prof.C compilation, -fprofile-use
UNRESOLVED: g++.dg/tree-prof/indir-call-prof.C execution, -fprofile-use
FAIL: g++.dg/tree-prof/inline_mismatch_args.C compilation, -fprofile-generate
UNRESOLVED: g++.dg/tree-prof/inline_mismatch_args.C execution, -fprofile-generate
UNRESOLVED: g++.dg/tree-prof/inline_mismatch_args.C compilation, -fprofile-use
UNRESOLVED: g++.dg/tree-prof/inline_mismatch_args.C execution, -fprofile-use
FAIL: g++.old-deja/g++.benjamin/15071.C execution test
FAIL: g++.old-deja/g++.brendan/copy9.C execution test
FAIL: g++.old-deja/g++.brendan/nest21.C execution test
FAIL: g++.old-deja/g++.brendan/ptolemy2.C execution test
FAIL: g++.old-deja/g++.jason/2371.C execution test
FAIL: g++.old-deja/g++.jason/template24.C execution test
FAIL: g++.old-deja/g++.jason/template31.C execution test
FAIL: g++.old-deja/g++.law/arg8.C execution test
FAIL: g++.old-deja/g++.law/code-gen5.C execution test
FAIL: g++.old-deja/g++.law/ctors12.C execution test
FAIL: g++.old-deja/g++.law/cvt2.C execution test
FAIL: g++.old-deja/g++.law/virtual3.C execution test
FAIL: g++.old-deja/g++.mike/eh2.C execution test
FAIL: g++.old-deja/g++.mike/net34.C execution test
FAIL: g++.old-deja/g++.mike/net46.C execution test
FAIL: g++.old-deja/g++.mike/p2736.C execution test
FAIL: g++.old-deja/g++.mike/p658.C execution test
FAIL: g++.old-deja/g++.mike/p783b.C execution test
FAIL: g++.old-deja/g++.mike/p9732b.C execution test
FAIL: g++.old-deja/g++.other/dtor11.C execution test
FAIL: g++.old-deja/g++.other/headers1.C execution test
FAIL: g++.old-deja/g++.other/inline8.C execution test
FAIL: g++.old-deja/g++.other/sibcall1.C execution test
FAIL: g++.old-deja/g++.other/unchanging1.C execution test
FAIL: g++.old-deja/g++.robertl/eb115.C execution test
FAIL: g++.old-deja/g++.robertl/eb31.C execution test
FAIL: g++.old-deja/g++.robertl/eb41.C execution test
FAIL: g++.old-deja/g++.robertl/eb46.C execution test
FAIL: g++.old-deja/g++.robertl/eb54.C execution test
FAIL: g++.old-deja/g++.robertl/eb66.C execution test
FAIL: g++.old-deja/g++.robertl/eb73.C execution test
FAIL: g++.old-deja/g++.robertl/eb77.C execution test
=== g++ Summary ===
# of expected passes 25956
# of unexpected failures 51
# of expected failures 156
# of unresolved testcases 9
# of unsupported tests 456
/home2/joel/build/b-m32r-gcc/gcc/testsuite/g++/../../g++ version 4.7.0 20110615 (experimental) [trunk revision 175083] (GCC)
Compiler version: 4.7.0 20110615 (experimental) [trunk revision 175083] (GCC)
Platform: m32r-unknown-rtems4.11
configure flags: --with-ppl=/users/joel/test-gcc/install-svn --disable-werror --enable-threads=rtems --with-gnu-as --enable-multilib --enable-newlib-mb --enable-newlib-iconv --with-gnu-ld --with-newlib --verbose --with-system-zlib --disable-nls --enable-version-specific-runtime-libs --enable-languages=c,c++ --target=m32r-rtems4.11 --prefix=/users/joel/test-gcc/install-svn